Jul 27 04:12:19.348895 np0000005867 nova-conductor[95956]: DEBUG cotyledon.oslo_config_glue [-] oslo_messaging_rabbit.rabbit_qos_prefetch_count = 0 {{(pid=95956) log_opt_values /opt/stack/data/venv/lib/python3.12/site-packages/oslo_config/cfg.py:3253}}
Jul 27 04:12:19.348895 np0000005867 nova-conductor[95956]: DEBUG cotyledon.oslo_config_glue [-] oslo_messaging_rabbit.rabbit_quorum_delivery_limit = 0 {{(pid=95956) log_opt_values /opt/stack/data/venv/lib/python3.12/site-packages/oslo_config/cfg.py:3253}}
Jul 27 04:12:19.348895 np0000005867 nova-conductor[95956]: DEBUG cotyledon.oslo_config_glue [-] oslo_messaging_rabbit.rabbit_quorum_max_memory_bytes = 0 {{(pid=95956) log_opt_values /opt/stack/data/venv/lib/python3.12/site-packages/oslo_config/cfg.py:3253}}
Jul 27 04:12:19.348895 np0000005867 nova-conductor[95956]: DEBUG cotyledon.oslo_config_glue [-] oslo_messaging_rabbit.rabbit_quorum_max_memory_length = 0 {{(pid=95956) log_opt_values /opt/stack/data/venv/lib/python3.12/site-packages/oslo_config/cfg.py:3253}}
Jul 27 04:12:19.348895 np0000005867 nova-conductor[95956]: DEBUG cotyledon.oslo_config_glue [-] oslo_messaging_rabbit.rabbit_quorum_queue = False {{(pid=95956) log_opt_values /opt/stack/data/venv/lib/python3.12/site-packages/oslo_config/cfg.py:3253}}
Jul 27 04:12:19.348895 np0000005867 nova-conductor[95956]: DEBUG cotyledon.oslo_config_glue [-] oslo_messaging_rabbit.rabbit_retry_backoff = 2 {{(pid=95956) log_opt_values /opt/stack/data/venv/lib/python3.12/site-packages/oslo_config/cfg.py:3253}}
Jul 27 04:12:19.348895 np0000005867 nova-conductor[95956]: DEBUG cotyledon.oslo_config_glue [-] oslo_messaging_rabbit.rabbit_retry_interval = 1 {{(pid=95956) log_opt_values /opt/stack/data/venv/lib/python3.12/site-packages/oslo_config/cfg.py:3253}}
Jul 27 04:12:19.348895 np0000005867 nova-conductor[95956]: DEBUG cotyledon.oslo_config_glue [-] oslo_messaging_rabbit.rabbit_stream_fanout = False {{(pid=95956) log_opt_values /opt/stack/data/venv/lib/python3.12/site-packages/oslo_config/cfg.py:3253}}
Jul 27 04:12:19.349240 np0000005867 nova-conductor[95956]: DEBUG cotyledon.oslo_config_glue [-] oslo_messaging_rabbit.rabbit_transient_queues_ttl = 1800 {{(pid=95956) log_opt_values /opt/stack/data/venv/lib/python3.12/site-packages/oslo_config/cfg.py:3253}}
Jul 27 04:12:19.349240 np0000005867 nova-conductor[95956]: DEBUG cotyledon.oslo_config_glue [-] oslo_messaging_rabbit.rabbit_transient_quorum_queue = False {{(pid=95956) log_opt_values /opt/stack/data/venv/lib/python3.12/site-packages/oslo_config/cfg.py:3253}}
Jul 27 04:12:19.349240 np0000005867 nova-conductor[95956]: DEBUG cotyledon.oslo_config_glue [-] oslo_messaging_rabbit.rpc_conn_pool_size = 30 {{(pid=95956) log_opt_values /opt/stack/data/venv/lib/python3.12/site-packages/oslo_config/cfg.py:3253}}
Jul 27 04:12:19.349240 np0000005867 nova-conductor[95956]: DEBUG cotyledon.oslo_config_glue [-] oslo_messaging_rabbit.ssl = False {{(pid=95956) log_opt_values /opt/stack/data/venv/lib/python3.12/site-packages/oslo_config/cfg.py:3253}}
Jul 27 04:12:19.349240 np0000005867 nova-conductor[95956]: DEBUG cotyledon.oslo_config_glue [-] oslo_messaging_rabbit.ssl_ca_file = {{(pid=95956) log_opt_values /opt/stack/data/venv/lib/python3.12/site-packages/oslo_config/cfg.py:3253}}
Jul 27 04:12:19.349240 np0000005867 nova-conductor[95956]: DEBUG cotyledon.oslo_config_glue [-] oslo_messaging_rabbit.ssl_cert_file = {{(pid=95956) log_opt_values /opt/stack/data/venv/lib/python3.12/site-packages/oslo_config/cfg.py:3253}}
Jul 27 04:12:19.349240 np0000005867 nova-conductor[95956]: DEBUG cotyledon.oslo_config_glue [-] oslo_messaging_rabbit.ssl_enforce_fips_mode = False {{(pid=95956) log_opt_values /opt/stack/data/venv/lib/python3.12/site-packages/oslo_config/cfg.py:3253}}
Jul 27 04:12:19.349240 np0000005867 nova-conductor[95956]: DEBUG cotyledon.oslo_config_glue [-] oslo_messaging_rabbit.ssl_enforce_hostname_verification = True {{(pid=95956) log_opt_values /opt/stack/data/venv/lib/python3.12/site-packages/oslo_config/cfg.py:3253}}
Jul 27 04:12:19.349240 np0000005867 nova-conductor[95956]: DEBUG cotyledon.oslo_config_glue [-] oslo_messaging_rabbit.ssl_key_file = {{(pid=95956) log_opt_values /opt/stack/data/venv/lib/python3.12/site-packages/oslo_config/cfg.py:3253}}
Jul 27 04:12:19.349558 np0000005867 nova-conductor[95956]: DEBUG cotyledon.oslo_config_glue [-] oslo_messaging_rabbit.ssl_version = {{(pid=95956) log_opt_values /opt/stack/data/venv/lib/python3.12/site-packages/oslo_config/cfg.py:3253}}
Jul 27 04:12:19.349558 np0000005867 nova-conductor[95956]: DEBUG cotyledon.oslo_config_glue [-] oslo_messaging_rabbit.use_queue_manager = False {{(pid=95956) log_opt_values /opt/stack/data/venv/lib/python3.12/site-packages/oslo_config/cfg.py:3253}}
Jul 27 04:12:19.349558 np0000005867 nova-conductor[95956]: DEBUG cotyledon.oslo_config_glue [-] oslo_messaging_notifications.driver = ['messagingv2'] {{(pid=95956) log_opt_values /opt/stack/data/venv/lib/python3.12/site-packages/oslo_config/cfg.py:3253}}
Jul 27 04:12:19.349558 np0000005867 nova-conductor[95956]: DEBUG cotyledon.oslo_config_glue [-] oslo_messaging_notifications.retry = -1 {{(pid=95956) log_opt_values /opt/stack/data/venv/lib/python3.12/site-packages/oslo_config/cfg.py:3253}}
Jul 27 04:12:19.349558 np0000005867 nova-conductor[95956]: DEBUG cotyledon.oslo_config_glue [-] oslo_messaging_notifications.topics = ['notifications'] {{(pid=95956) log_opt_values /opt/stack/data/venv/lib/python3.12/site-packages/oslo_config/cfg.py:3253}}
Jul 27 04:12:19.349558 np0000005867 nova-conductor[95956]: DEBUG cotyledon.oslo_config_glue [-] oslo_messaging_notifications.transport_url = **** {{(pid=95956) log_opt_values /opt/stack/data/venv/lib/python3.12/site-packages/oslo_config/cfg.py:3253}}
Jul 27 04:12:19.349558 np0000005867 nova-conductor[95956]: DEBUG cotyledon.oslo_config_glue [-] oslo_limit.auth_section = None {{(pid=95956) log_opt_values /opt/stack/data/venv/lib/python3.12/site-packages/oslo_config/cfg.py:3253}}
Jul 27 04:12:19.349558 np0000005867 nova-conductor[95956]: DEBUG cotyledon.oslo_config_glue [-] oslo_limit.auth_type = None {{(pid=95956) log_opt_values /opt/stack/data/venv/lib/python3.12/site-packages/oslo_config/cfg.py:3253}}
Jul 27 04:12:19.349558 np0000005867 nova-conductor[95956]: DEBUG cotyledon.oslo_config_glue [-] oslo_limit.cafile = None {{(pid=95956) log_opt_values /opt/stack/data/venv/lib/python3.12/site-packages/oslo_config/cfg.py:3253}}
Jul 27 04:12:19.349840 np0000005867 nova-conductor[95956]: DEBUG cotyledon.oslo_config_glue [-] oslo_limit.certfile = None {{(pid=95956) log_opt_values /opt/stack/data/venv/lib/python3.12/site-packages/oslo_config/cfg.py:3253}}
Jul 27 04:12:19.349840 np0000005867 nova-conductor[95956]: DEBUG cotyledon.oslo_config_glue [-] oslo_limit.collect_timing = False {{(pid=95956) log_opt_values /opt/stack/data/venv/lib/python3.12/site-packages/oslo_config/cfg.py:3253}}
Jul 27 04:12:19.349840 np0000005867 nova-conductor[95956]: DEBUG cotyledon.oslo_config_glue [-] oslo_limit.connect_retries = None {{(pid=95956) log_opt_values /opt/stack/data/venv/lib/python3.12/site-packages/oslo_config/cfg.py:3253}}
Jul 27 04:12:19.349840 np0000005867 nova-conductor[95956]: DEBUG cotyledon.oslo_config_glue [-] oslo_limit.connect_retry_delay = None {{(pid=95956) log_opt_values /opt/stack/data/venv/lib/python3.12/site-packages/oslo_config/cfg.py:3253}}
Jul 27 04:12:19.349840 np0000005867 nova-conductor[95956]: DEBUG cotyledon.oslo_config_glue [-] oslo_limit.endpoint_id = None {{(pid=95956) log_opt_values /opt/stack/data/venv/lib/python3.12/site-packages/oslo_config/cfg.py:3253}}
Jul 27 04:12:19.349840 np0000005867 nova-conductor[95956]: DEBUG cotyledon.oslo_config_glue [-] oslo_limit.endpoint_interface = public {{(pid=95956) log_opt_values /opt/stack/data/venv/lib/python3.12/site-packages/oslo_config/cfg.py:3253}}
Jul 27 04:12:19.349840 np0000005867 nova-conductor[95956]: DEBUG cotyledon.oslo_config_glue [-] oslo_limit.endpoint_override = None {{(pid=95956) log_opt_values /opt/stack/data/venv/lib/python3.12/site-packages/oslo_config/cfg.py:3253}}
Jul 27 04:12:19.349840 np0000005867 nova-conductor[95956]: DEBUG cotyledon.oslo_config_glue [-] oslo_limit.endpoint_region_name = None {{(pid=95956) log_opt_values /opt/stack/data/venv/lib/python3.12/site-packages/oslo_config/cfg.py:3253}}
Jul 27 04:12:19.349840 np0000005867 nova-conductor[95956]: DEBUG cotyledon.oslo_config_glue [-] oslo_limit.endpoint_service_name = None {{(pid=95956) log_opt_values /opt/stack/data/venv/lib/python3.12/site-packages/oslo_config/cfg.py:3253}}
Jul 27 04:12:19.350516 np0000005867 nova-conductor[95956]: DEBUG cotyledon.oslo_config_glue [-] oslo_limit.endpoint_service_type = None {{(pid=95956) log_opt_values /opt/stack/data/venv/lib/python3.12/site-packages/oslo_config/cfg.py:3253}}
Jul 27 04:12:19.350516 np0000005867 nova-conductor[95956]: DEBUG cotyledon.oslo_config_glue [-] oslo_limit.insecure = False {{(pid=95956) log_opt_values /opt/stack/data/venv/lib/python3.12/site-packages/oslo_config/cfg.py:3253}}
Jul 27 04:12:19.350516 np0000005867 nova-conductor[95956]: DEBUG cotyledon.oslo_config_glue [-] oslo_limit.keyfile = None {{(pid=95956) log_opt_values /opt/stack/data/venv/lib/python3.12/site-packages/oslo_config/cfg.py:3253}}
Jul 27 04:12:19.350516 np0000005867 nova-conductor[95956]: DEBUG cotyledon.oslo_config_glue [-] oslo_limit.max_version = None {{(pid=95956) log_opt_values /opt/stack/data/venv/lib/python3.12/site-packages/oslo_config/cfg.py:3253}}
Jul 27 04:12:19.350516 np0000005867 nova-conductor[95956]: DEBUG cotyledon.oslo_config_glue [-] oslo_limit.min_version = None {{(pid=95956) log_opt_values /opt/stack/data/venv/lib/python3.12/site-packages/oslo_config/cfg.py:3253}}
Jul 27 04:12:19.350516 np0000005867 nova-conductor[95956]: DEBUG cotyledon.oslo_config_glue [-] oslo_limit.region_name = None {{(pid=95956) log_opt_values /opt/stack/data/venv/lib/python3.12/site-packages/oslo_config/cfg.py:3253}}
Jul 27 04:12:19.350516 np0000005867 nova-conductor[95956]: DEBUG cotyledon.oslo_config_glue [-] oslo_limit.retriable_status_codes = None {{(pid=95956) log_opt_values /opt/stack/data/venv/lib/python3.12/site-packages/oslo_config/cfg.py:3253}}
Jul 27 04:12:19.350516 np0000005867 nova-conductor[95956]: DEBUG cotyledon.oslo_config_glue [-] oslo_limit.service_name = None {{(pid=95956) log_opt_values /opt/stack/data/venv/lib/python3.12/site-packages/oslo_config/cfg.py:3253}}
Jul 27 04:12:19.350516 np0000005867 nova-conductor[95956]: DEBUG cotyledon.oslo_config_glue [-] oslo_limit.service_type = None {{(pid=95956) log_opt_values /opt/stack/data/venv/lib/python3.12/site-packages/oslo_config/cfg.py:3253}}
Jul 27 04:12:19.351165 np0000005867 nova-conductor[95956]: DEBUG cotyledon.oslo_config_glue [-] oslo_limit.split_loggers = False {{(pid=95956) log_opt_values /opt/stack/data/venv/lib/python3.12/site-packages/oslo_config/cfg.py:3253}}
Jul 27 04:12:19.351165 np0000005867 nova-conductor[95956]: DEBUG cotyledon.oslo_config_glue [-] oslo_limit.status_code_retries = None {{(pid=95956) log_opt_values /opt/stack/data/venv/lib/python3.12/site-packages/oslo_config/cfg.py:3253}}
Jul 27 04:12:19.351165 np0000005867 nova-conductor[95956]: DEBUG cotyledon.oslo_config_glue [-] oslo_limit.status_code_retry_delay = None {{(pid=95956) log_opt_values /opt/stack/data/venv/lib/python3.12/site-packages/oslo_config/cfg.py:3253}}
Jul 27 04:12:19.351165 np0000005867 nova-conductor[95956]: DEBUG cotyledon.oslo_config_glue [-] oslo_limit.timeout = None {{(pid=95956) log_opt_values /opt/stack/data/venv/lib/python3.12/site-packages/oslo_config/cfg.py:3253}}
Jul 27 04:12:19.351165 np0000005867 nova-conductor[95956]: DEBUG cotyledon.oslo_config_glue [-] oslo_limit.valid_interfaces = None {{(pid=95956) log_opt_values /opt/stack/data/venv/lib/python3.12/site-packages/oslo_config/cfg.py:3253}}
Jul 27 04:12:19.351165 np0000005867 nova-conductor[95956]: DEBUG cotyledon.oslo_config_glue [-] oslo_limit.version = None {{(pid=95956) log_opt_values /opt/stack/data/venv/lib/python3.12/site-packages/oslo_config/cfg.py:3253}}
Jul 27 04:12:19.351165 np0000005867 nova-conductor[95956]: DEBUG cotyledon.oslo_config_glue [-] oslo_reports.file_event_handler = None {{(pid=95956) log_opt_values /opt/stack/data/venv/lib/python3.12/site-packages/oslo_config/cfg.py:3253}}
Jul 27 04:12:19.351165 np0000005867 nova-conductor[95956]: DEBUG cotyledon.oslo_config_glue [-] oslo_reports.file_event_handler_interval = 1 {{(pid=95956) log_opt_values /opt/stack/data/venv/lib/python3.12/site-packages/oslo_config/cfg.py:3253}}
Jul 27 04:12:19.351165 np0000005867 nova-conductor[95956]: DEBUG cotyledon.oslo_config_glue [-] oslo_reports.log_dir = None {{(pid=95956) log_opt_values /opt/stack/data/venv/lib/python3.12/site-packages/oslo_config/cfg.py:3253}}
Jul 27 04:12:19.351491 np0000005867 nova-conductor[95956]: DEBUG cotyledon.oslo_config_glue [-] ******************************************************************************** {{(pid=95956) log_opt_values /opt/stack/data/venv/lib/python3.12/site-packages/oslo_config/cfg.py:3260}}
Jul 27 04:12:19.351491 np0000005867 nova-conductor[95956]: DEBUG cotyledon._service_worker [-] Run service ServiceWrapper(2) [95956] {{(pid=95956) wait_forever /opt/stack/data/venv/lib/python3.12/site-packages/cotyledon/_service_worker.py:218}}
Jul 27 04:12:19.351491 np0000005867 nova-conductor[95956]: INFO nova.service [-] Starting conductor node (version 33.1.0)
Jul 27 04:12:19.351491 np0000005867 nova-conductor[95956]: INFO dbcounter [None req-554d4201-ee60-40e2-8e90-b0ced0699ede None None] Registered counter for database nova_cell0
Jul 27 04:12:19.351612 np0000005867 nova-conductor[95942]: DEBUG oslo_db.sqlalchemy.engines [None req-f2820c8b-2643-4ef1-a3c5-39dd0324f53b None None] MySQL server mode set to STRICT_TRANS_TABLES,STRICT_ALL_TABLES,NO_ZERO_IN_DATE,NO_ZERO_DATE,ERROR_FOR_DIVISION_BY_ZERO,TRADITIONAL,NO_ENGINE_SUBSTITUTION {{(pid=95942) _check_effective_sql_mode /opt/stack/data/venv/lib/python3.12/site-packages/oslo_db/sqlalchemy/engines.py:325}}
Jul 27 04:12:19.354570 np0000005867 nova-conductor[95949]: DEBUG oslo_db.sqlalchemy.engines [None req-81380bc9-7d80-4c25-a42a-9cc11293213a None None] MySQL server mode set to STRICT_TRANS_TABLES,STRICT_ALL_TABLES,NO_ZERO_IN_DATE,NO_ZERO_DATE,ERROR_FOR_DIVISION_BY_ZERO,TRADITIONAL,NO_ENGINE_SUBSTITUTION {{(pid=95949) _check_effective_sql_mode /opt/stack/data/venv/lib/python3.12/site-packages/oslo_db/sqlalchemy/engines.py:325}}
Jul 27 04:12:19.361383 np0000005867 nova-conductor[95942]: DEBUG dbcounter [-] [95942] Writer thread running {{(pid=95942) stat_writer /opt/stack/data/venv/lib/python3.12/site-packages/dbcounter.py:102}}
Jul 27 04:12:19.363567 np0000005867 nova-conductor[95956]: DEBUG oslo_db.sqlalchemy.engines [None req-554d4201-ee60-40e2-8e90-b0ced0699ede None None] MySQL server mode set to STRICT_TRANS_TABLES,STRICT_ALL_TABLES,NO_ZERO_IN_DATE,NO_ZERO_DATE,ERROR_FOR_DIVISION_BY_ZERO,TRADITIONAL,NO_ENGINE_SUBSTITUTION {{(pid=95956) _check_effective_sql_mode /opt/stack/data/venv/lib/python3.12/site-packages/oslo_db/sqlalchemy/engines.py:325}}
Jul 27 04:12:19.365591 np0000005867 nova-conductor[95949]: DEBUG dbcounter [-] [95949] Writer thread running {{(pid=95949) stat_writer /opt/stack/data/venv/lib/python3.12/site-packages/dbcounter.py:102}}
Jul 27 04:12:19.372884 np0000005867 nova-conductor[95956]: DEBUG dbcounter [-] [95956] Writer thread running {{(pid=95956) stat_writer /opt/stack/data/venv/lib/python3.12/site-packages/dbcounter.py:102}}
Jul 27 04:12:19.384824 np0000005867 nova-conductor[95942]: DEBUG nova.service [None req-f2820c8b-2643-4ef1-a3c5-39dd0324f53b None None] Creating RPC server for service: nova-conductor on topic: conductor {{(pid=95942) start /opt/stack/nova/nova/service.py:196}}
Jul 27 04:12:19.389590 np0000005867 nova-conductor[95949]: DEBUG nova.service [None req-81380bc9-7d80-4c25-a42a-9cc11293213a None None] Creating RPC server for service: nova-conductor on topic: conductor {{(pid=95949) start /opt/stack/nova/nova/service.py:196}}
Jul 27 04:12:19.390279 np0000005867 nova-conductor[95956]: DEBUG nova.service [None req-554d4201-ee60-40e2-8e90-b0ced0699ede None None] Creating RPC server for service: nova-conductor on topic: conductor {{(pid=95956) start /opt/stack/nova/nova/service.py:196}}
Jul 27 04:12:19.411049 np0000005867 nova-conductor[95949]: DEBUG nova.service [None req-81380bc9-7d80-4c25-a42a-9cc11293213a None None] Join ServiceGroup membership for this service conductor {{(pid=95949) start /opt/stack/nova/nova/service.py:222}}
Jul 27 04:12:19.411283 np0000005867 nova-conductor[95949]: DEBUG nova.servicegroup.drivers.db [None req-81380bc9-7d80-4c25-a42a-9cc11293213a None None] DB_Driver: join new ServiceGroup member np0000005867 to the conductor group, service = {{(pid=95949) join /opt/stack/nova/nova/servicegroup/drivers/db.py:44}}
Jul 27 04:12:19.416312 np0000005867 nova-conductor[95942]: DEBUG nova.service [None req-f2820c8b-2643-4ef1-a3c5-39dd0324f53b None None] Join ServiceGroup membership for this service conductor {{(pid=95942) start /opt/stack/nova/nova/service.py:222}}
Jul 27 04:12:19.416528 np0000005867 nova-conductor[95942]: DEBUG nova.servicegroup.drivers.db [None req-f2820c8b-2643-4ef1-a3c5-39dd0324f53b None None] DB_Driver: join new ServiceGroup member np0000005867 to the conductor group, service = {{(pid=95942) join /opt/stack/nova/nova/servicegroup/drivers/db.py:44}}
Jul 27 04:12:19.420832 np0000005867 nova-conductor[95956]: DEBUG nova.service [None req-554d4201-ee60-40e2-8e90-b0ced0699ede None None] Join ServiceGroup membership for this service conductor {{(pid=95956) start /opt/stack/nova/nova/service.py:222}}
Jul 27 04:12:19.420832 np0000005867 nova-conductor[95956]: DEBUG nova.servicegroup.drivers.db [None req-554d4201-ee60-40e2-8e90-b0ced0699ede None None] DB_Driver: join new ServiceGroup member np0000005867 to the conductor group, service = {{(pid=95956) join /opt/stack/nova/nova/servicegroup/drivers/db.py:44}}
Jul 27 04:12:23.413684 np0000005867 nova-conductor[95949]: DEBUG oslo.service.backend._threading.loopingcall [None req-abf2cc89-523a-4d74-ba93-ebbc7a57bce0 None None] Dynamic interval looping call 'nova.service.Service.periodic_tasks' sleeping for 60.00 seconds {{(pid=95949) _run_loop /opt/stack/data/venv/lib/python3.12/site-packages/oslo_service/backend/_threading/loopingcall.py:125}}
Jul 27 04:12:24.429511 np0000005867 nova-conductor[95949]: DEBUG oslo.service.backend._threading.loopingcall [-] Fixed interval looping call 'nova.servicegroup.drivers.db.DbDriver._report_state' sleeping for 119.98 seconds {{(pid=95949) _run_loop /opt/stack/data/venv/lib/python3.12/site-packages/oslo_service/backend/_threading/loopingcall.py:125}}
Jul 27 04:12:24.430195 np0000005867 nova-conductor[95942]: DEBUG oslo.service.backend._threading.loopingcall [-] Fixed interval looping call 'nova.servicegroup.drivers.db.DbDriver._report_state' sleeping for 119.99 seconds {{(pid=95942) _run_loop /opt/stack/data/venv/lib/python3.12/site-packages/oslo_service/backend/_threading/loopingcall.py:125}}
Jul 27 04:12:24.431409 np0000005867 nova-conductor[95956]: DEBUG oslo.service.backend._threading.loopingcall [-] Fixed interval looping call 'nova.servicegroup.drivers.db.DbDriver._report_state' sleeping for 119.99 seconds {{(pid=95956) _run_loop /opt/stack/data/venv/lib/python3.12/site-packages/oslo_service/backend/_threading/loopingcall.py:125}}
Jul 27 04:12:27.944635 np0000005867 nova-conductor[94435]: DEBUG dbcounter [-] [94435] Writing DB stats nova_api:SELECT=1 {{(pid=94435) stat_writer /opt/stack/data/venv/lib/python3.12/site-packages/dbcounter.py:115}}
Jul 27 04:12:28.075044 np0000005867 nova-conductor[94435]: DEBUG dbcounter [-] [94435] Writing DB stats nova_cell0:SELECT=1 {{(pid=94435) stat_writer /opt/stack/data/venv/lib/python3.12/site-packages/dbcounter.py:115}}
Jul 27 04:12:28.082226 np0000005867 nova-conductor[94435]: DEBUG dbcounter [-] [94435] Writing DB stats nova_cell1:SELECT=1 {{(pid=94435) stat_writer /opt/stack/data/venv/lib/python3.12/site-packages/dbcounter.py:115}}
Jul 27 04:12:34.422167 np0000005867 nova-conductor[95949]: DEBUG dbcounter [-] [95949] Writing DB stats nova_cell0:SELECT=5,nova_cell0:INSERT=1,nova_cell0:UPDATE=1 {{(pid=95949) stat_writer /opt/stack/data/venv/lib/python3.12/site-packages/dbcounter.py:115}}
Jul 27 04:12:34.427386 np0000005867 nova-conductor[95942]: DEBUG dbcounter [-] [95942] Writing DB stats nova_cell0:SELECT=4,nova_cell0:INSERT=1,nova_cell0:UPDATE=1 {{(pid=95942) stat_writer /opt/stack/data/venv/lib/python3.12/site-packages/dbcounter.py:115}}
Jul 27 04:12:34.428327 np0000005867 nova-conductor[95956]: DEBUG dbcounter [-] [95956] Writing DB stats nova_cell0:SELECT=5,nova_cell0:INSERT=1 {{(pid=95956) stat_writer /opt/stack/data/venv/lib/python3.12/site-packages/dbcounter.py:115}}
Jul 27 04:12:43.418481 np0000005867 nova-conductor[95942]: DEBUG oslo.service.backend._threading.loopingcall [None req-34be3541-fb4d-4122-b1a5-35e4ebf186c6 None None] Dynamic interval looping call 'nova.service.Service.periodic_tasks' sleeping for 60.00 seconds {{(pid=95942) _run_loop /opt/stack/data/venv/lib/python3.12/site-packages/oslo_service/backend/_threading/loopingcall.py:125}}
Jul 27 04:12:47.423531 np0000005867 nova-conductor[95956]: DEBUG oslo.service.backend._threading.loopingcall [None req-857f9938-bd77-41ee-9705-11bdd912ab00 None None] Dynamic interval looping call 'nova.service.Service.periodic_tasks' sleeping for 60.00 seconds {{(pid=95956) _run_loop /opt/stack/data/venv/lib/python3.12/site-packages/oslo_service/backend/_threading/loopingcall.py:125}}
Jul 27 04:13:23.414250 np0000005867 nova-conductor[95949]: DEBUG oslo.service.backend._threading.loopingcall [None req-abf2cc89-523a-4d74-ba93-ebbc7a57bce0 None None] Dynamic interval looping call 'nova.service.Service.periodic_tasks' sleeping for 60.00 seconds {{(pid=95949) _run_loop /opt/stack/data/venv/lib/python3.12/site-packages/oslo_service/backend/_threading/loopingcall.py:125}}
Jul 27 04:13:43.418901 np0000005867 nova-conductor[95942]: DEBUG oslo.service.backend._threading.loopingcall [None req-34be3541-fb4d-4122-b1a5-35e4ebf186c6 None None] Dynamic interval looping call 'nova.service.Service.periodic_tasks' sleeping for 60.00 seconds {{(pid=95942) _run_loop /opt/stack/data/venv/lib/python3.12/site-packages/oslo_service/backend/_threading/loopingcall.py:125}}
Jul 27 04:13:47.424020 np0000005867 nova-conductor[95956]: DEBUG oslo.service.backend._threading.loopingcall [None req-857f9938-bd77-41ee-9705-11bdd912ab00 None None] Dynamic interval looping call 'nova.service.Service.periodic_tasks' sleeping for 60.00 seconds {{(pid=95956) _run_loop /opt/stack/data/venv/lib/python3.12/site-packages/oslo_service/backend/_threading/loopingcall.py:125}}
Jul 27 04:14:23.422715 np0000005867 nova-conductor[95949]: DEBUG oslo.service.backend._threading.loopingcall [None req-abf2cc89-523a-4d74-ba93-ebbc7a57bce0 None None] Dynamic interval looping call 'nova.service.Service.periodic_tasks' sleeping for 60.00 seconds {{(pid=95949) _run_loop /opt/stack/data/venv/lib/python3.12/site-packages/oslo_service/backend/_threading/loopingcall.py:125}}
Jul 27 04:14:24.422471 np0000005867 nova-conductor[95949]: DEBUG oslo.service.backend._threading.loopingcall [-] Fixed interval looping call 'nova.servicegroup.drivers.db.DbDriver._report_state' sleeping for 119.99 seconds {{(pid=95949) _run_loop /opt/stack/data/venv/lib/python3.12/site-packages/oslo_service/backend/_threading/loopingcall.py:125}}
Jul 27 04:14:24.424391 np0000005867 nova-conductor[95942]: DEBUG oslo.service.backend._threading.loopingcall [-] Fixed interval looping call 'nova.servicegroup.drivers.db.DbDriver._report_state' sleeping for 120.00 seconds {{(pid=95942) _run_loop /opt/stack/data/venv/lib/python3.12/site-packages/oslo_service/backend/_threading/loopingcall.py:125}}
Jul 27 04:14:24.428533 np0000005867 nova-conductor[95956]: DEBUG oslo.service.backend._threading.loopingcall [-] Fixed interval looping call 'nova.servicegroup.drivers.db.DbDriver._report_state' sleeping for 119.99 seconds {{(pid=95956) _run_loop /opt/stack/data/venv/lib/python3.12/site-packages/oslo_service/backend/_threading/loopingcall.py:125}}
Jul 27 04:14:34.413135 np0000005867 nova-conductor[95949]: DEBUG dbcounter [-] [95949] Writing DB stats nova_cell0:SELECT=1,nova_cell0:UPDATE=1 {{(pid=95949) stat_writer /opt/stack/data/venv/lib/python3.12/site-packages/dbcounter.py:115}}
Jul 27 04:14:34.422923 np0000005867 nova-conductor[95942]: DEBUG dbcounter [-] [95942] Writing DB stats nova_cell0:SELECT=1 {{(pid=95942) stat_writer /opt/stack/data/venv/lib/python3.12/site-packages/dbcounter.py:115}}
Jul 27 04:14:34.425784 np0000005867 nova-conductor[95956]: DEBUG dbcounter [-] [95956] Writing DB stats nova_cell0:SELECT=1 {{(pid=95956) stat_writer /opt/stack/data/venv/lib/python3.12/site-packages/dbcounter.py:115}}
Jul 27 04:14:43.419375 np0000005867 nova-conductor[95942]: DEBUG oslo.service.backend._threading.loopingcall [None req-34be3541-fb4d-4122-b1a5-35e4ebf186c6 None None] Dynamic interval looping call 'nova.service.Service.periodic_tasks' sleeping for 60.00 seconds {{(pid=95942) _run_loop /opt/stack/data/venv/lib/python3.12/site-packages/oslo_service/backend/_threading/loopingcall.py:125}}
Jul 27 04:14:47.426532 np0000005867 nova-conductor[95956]: DEBUG oslo.service.backend._threading.loopingcall [None req-857f9938-bd77-41ee-9705-11bdd912ab00 None None] Dynamic interval looping call 'nova.service.Service.periodic_tasks' sleeping for 60.00 seconds {{(pid=95956) _run_loop /opt/stack/data/venv/lib/python3.12/site-packages/oslo_service/backend/_threading/loopingcall.py:125}}
Jul 27 04:14:54.598310 np0000005867 nova-conductor[95949]: DEBUG oslo_db.sqlalchemy.engines [None req-84968e3e-3c1c-40f4-ba16-63919dffb664 tempest-ServerStableDeviceRescueTest-725367397 tempest-ServerStableDeviceRescueTest-725367397-project-member] Parent process 94435 forked (95949) with an open database connection, which is being discarded and recreated. {{(pid=95949) checkout /opt/stack/data/venv/lib/python3.12/site-packages/oslo_db/sqlalchemy/engines.py:402}}
Jul 27 04:14:54.632088 np0000005867 nova-conductor[95949]: DEBUG dbcounter [-] [95949] Writer thread running {{(pid=95949) stat_writer /opt/stack/data/venv/lib/python3.12/site-packages/dbcounter.py:102}}
Jul 27 04:14:55.780362 np0000005867 nova-conductor[95949]: DEBUG nova.conductor.manager [None req-84968e3e-3c1c-40f4-ba16-63919dffb664 tempest-ServerStableDeviceRescueTest-725367397 tempest-ServerStableDeviceRescueTest-725367397-project-member] Took 1.15 seconds to select destinations for 1 instance(s). {{(pid=95949) _schedule_instances /opt/stack/nova/nova/conductor/manager.py:968}}
Jul 27 04:14:55.814346 np0000005867 nova-conductor[95949]: DEBUG oslo_concurrency.lockutils [None req-84968e3e-3c1c-40f4-ba16-63919dffb664 tempest-ServerStableDeviceRescueTest-725367397 tempest-ServerStableDeviceRescueTest-725367397-project-member] Acquiring lock "1e8951be-9da0-4cc2-b6fe-3d66c4fe4df3" by "nova.context.set_target_cell..get_or_set_cached_cell_and_set_connections" {{(pid=95949) inner /opt/stack/data/venv/lib/python3.12/site-packages/oslo_concurrency/lockutils.py:512}}
Jul 27 04:14:55.814346 np0000005867 nova-conductor[95949]: DEBUG oslo_concurrency.lockutils [None req-84968e3e-3c1c-40f4-ba16-63919dffb664 tempest-ServerStableDeviceRescueTest-725367397 tempest-ServerStableDeviceRescueTest-725367397-project-member] Lock "1e8951be-9da0-4cc2-b6fe-3d66c4fe4df3" acquired by "nova.context.set_target_cell..get_or_set_cached_cell_and_set_connections" :: waited 0.000s {{(pid=95949) inner /opt/stack/data/venv/lib/python3.12/site-packages/oslo_concurrency/lockutils.py:525}}
Jul 27 04:14:55.815227 np0000005867 nova-conductor[95949]: DEBUG oslo_concurrency.lockutils [None req-84968e3e-3c1c-40f4-ba16-63919dffb664 tempest-ServerStableDeviceRescueTest-725367397 tempest-ServerStableDeviceRescueTest-725367397-project-member] Lock "1e8951be-9da0-4cc2-b6fe-3d66c4fe4df3" "released" by "nova.context.set_target_cell..get_or_set_cached_cell_and_set_connections" :: held 0.001s {{(pid=95949) inner /opt/stack/data/venv/lib/python3.12/site-packages/oslo_concurrency/lockutils.py:544}}
Jul 27 04:14:55.817161 np0000005867 nova-conductor[95949]: INFO dbcounter [None req-84968e3e-3c1c-40f4-ba16-63919dffb664 tempest-ServerStableDeviceRescueTest-725367397 tempest-ServerStableDeviceRescueTest-725367397-project-member] Registered counter for database nova_cell1
Jul 27 04:14:55.854609 np0000005867 nova-conductor[95949]: DEBUG oslo_db.sqlalchemy.engines [None req-84968e3e-3c1c-40f4-ba16-63919dffb664 tempest-ServerStableDeviceRescueTest-725367397 tempest-ServerStableDeviceRescueTest-725367397-project-member] MySQL server mode set to STRICT_TRANS_TABLES,STRICT_ALL_TABLES,NO_ZERO_IN_DATE,NO_ZERO_DATE,ERROR_FOR_DIVISION_BY_ZERO,TRADITIONAL,NO_ENGINE_SUBSTITUTION {{(pid=95949) _check_effective_sql_mode /opt/stack/data/venv/lib/python3.12/site-packages/oslo_db/sqlalchemy/engines.py:325}}
Jul 27 04:14:55.863040 np0000005867 nova-conductor[95949]: DEBUG dbcounter [-] [95949] Writer thread running {{(pid=95949) stat_writer /opt/stack/data/venv/lib/python3.12/site-packages/dbcounter.py:102}}
Jul 27 04:14:56.012121 np0000005867 nova-conductor[95949]: INFO nova.utils [None req-84968e3e-3c1c-40f4-ba16-63919dffb664 tempest-ServerStableDeviceRescueTest-725367397 tempest-ServerStableDeviceRescueTest-725367397-project-member] The cell worker thread pool ForkProcess-2.cell_worker is initialized
Jul 27 04:14:56.012121 np0000005867 nova-conductor[95949]: DEBUG oslo_concurrency.lockutils [None req-84968e3e-3c1c-40f4-ba16-63919dffb664 tempest-ServerStableDeviceRescueTest-725367397 tempest-ServerStableDeviceRescueTest-725367397-project-member] Acquiring lock "00000000-0000-0000-0000-000000000000" by "nova.context.set_target_cell..get_or_set_cached_cell_and_set_connections" {{(pid=95949) inner /opt/stack/data/venv/lib/python3.12/site-packages/oslo_concurrency/lockutils.py:512}}
Jul 27 04:14:56.012121 np0000005867 nova-conductor[95949]: DEBUG oslo_concurrency.lockutils [None req-84968e3e-3c1c-40f4-ba16-63919dffb664 tempest-ServerStableDeviceRescueTest-725367397 tempest-ServerStableDeviceRescueTest-725367397-project-member] Lock "00000000-0000-0000-0000-000000000000" acquired by "nova.context.set_target_cell..get_or_set_cached_cell_and_set_connections" :: waited 0.000s {{(pid=95949) inner /opt/stack/data/venv/lib/python3.12/site-packages/oslo_concurrency/lockutils.py:525}}
Jul 27 04:14:56.012121 np0000005867 nova-conductor[95949]: DEBUG oslo_concurrency.lockutils [None req-84968e3e-3c1c-40f4-ba16-63919dffb664 tempest-ServerStableDeviceRescueTest-725367397 tempest-ServerStableDeviceRescueTest-725367397-project-member] Lock "00000000-0000-0000-0000-000000000000" "released" by "nova.context.set_target_cell..get_or_set_cached_cell_and_set_connections" :: held 0.000s {{(pid=95949) inner /opt/stack/data/venv/lib/python3.12/site-packages/oslo_concurrency/lockutils.py:544}}
Jul 27 04:14:56.012629 np0000005867 nova-conductor[95949]: DEBUG oslo_concurrency.lockutils [None req-84968e3e-3c1c-40f4-ba16-63919dffb664 tempest-ServerStableDeviceRescueTest-725367397 tempest-ServerStableDeviceRescueTest-725367397-project-member] Acquiring lock "1e8951be-9da0-4cc2-b6fe-3d66c4fe4df3" by "nova.context.set_target_cell..get_or_set_cached_cell_and_set_connections" {{(pid=95949) inner /opt/stack/data/venv/lib/python3.12/site-packages/oslo_concurrency/lockutils.py:512}}
Jul 27 04:14:56.014247 np0000005867 nova-conductor[95949]: INFO dbcounter [None req-84968e3e-3c1c-40f4-ba16-63919dffb664 tempest-ServerStableDeviceRescueTest-725367397 tempest-ServerStableDeviceRescueTest-725367397-project-member] Registered counter for database nova_cell0
Jul 27 04:14:56.015791 np0000005867 nova-conductor[95949]: DEBUG oslo_concurrency.lockutils [None req-84968e3e-3c1c-40f4-ba16-63919dffb664 tempest-ServerStableDeviceRescueTest-725367397 tempest-ServerStableDeviceRescueTest-725367397-project-member] Lock "1e8951be-9da0-4cc2-b6fe-3d66c4fe4df3" acquired by "nova.context.set_target_cell..get_or_set_cached_cell_and_set_connections" :: waited 0.001s {{(pid=95949) inner /opt/stack/data/venv/lib/python3.12/site-packages/oslo_concurrency/lockutils.py:525}}
Jul 27 04:14:56.015791 np0000005867 nova-conductor[95949]: DEBUG oslo_concurrency.lockutils [None req-84968e3e-3c1c-40f4-ba16-63919dffb664 tempest-ServerStableDeviceRescueTest-725367397 tempest-ServerStableDeviceRescueTest-725367397-project-member] Lock "1e8951be-9da0-4cc2-b6fe-3d66c4fe4df3" "released" by "nova.context.set_target_cell..get_or_set_cached_cell_and_set_connections" :: held 0.002s {{(pid=95949) inner /opt/stack/data/venv/lib/python3.12/site-packages/oslo_concurrency/lockutils.py:544}}
Jul 27 04:14:56.049284 np0000005867 nova-conductor[95949]: DEBUG oslo_db.sqlalchemy.engines [None req-84968e3e-3c1c-40f4-ba16-63919dffb664 tempest-ServerStableDeviceRescueTest-725367397 tempest-ServerStableDeviceRescueTest-725367397-project-member] MySQL server mode set to STRICT_TRANS_TABLES,STRICT_ALL_TABLES,NO_ZERO_IN_DATE,NO_ZERO_DATE,ERROR_FOR_DIVISION_BY_ZERO,TRADITIONAL,NO_ENGINE_SUBSTITUTION {{(pid=95949) _check_effective_sql_mode /opt/stack/data/venv/lib/python3.12/site-packages/oslo_db/sqlalchemy/engines.py:325}}
Jul 27 04:14:56.056506 np0000005867 nova-conductor[95949]: DEBUG dbcounter [-] [95949] Writer thread running {{(pid=95949) stat_writer /opt/stack/data/venv/lib/python3.12/site-packages/dbcounter.py:102}}
Jul 27 04:14:56.066458 np0000005867 nova-conductor[95949]: DEBUG nova.quota [None req-84968e3e-3c1c-40f4-ba16-63919dffb664 tempest-ServerStableDeviceRescueTest-725367397 tempest-ServerStableDeviceRescueTest-725367397-project-member] Getting quotas for project d926ddf39c5d47628ce34fdb4beeb5a6. Resources: {'instances', 'ram', 'cores'} {{(pid=95949) _get_quotas /opt/stack/nova/nova/quota.py:389}}
Jul 27 04:14:56.072816 np0000005867 nova-conductor[95949]: DEBUG nova.quota [None req-84968e3e-3c1c-40f4-ba16-63919dffb664 tempest-ServerStableDeviceRescueTest-725367397 tempest-ServerStableDeviceRescueTest-725367397-project-member] Getting quotas for user f4be81786d0a4d89b039acdaea3fe1bf and project d926ddf39c5d47628ce34fdb4beeb5a6. Resources: {'instances', 'ram', 'cores'} {{(pid=95949) _get_quotas /opt/stack/nova/nova/quota.py:379}}
Jul 27 04:14:56.078778 np0000005867 nova-conductor[95949]: DEBUG nova.conductor.manager [None req-84968e3e-3c1c-40f4-ba16-63919dffb664 tempest-ServerStableDeviceRescueTest-725367397 tempest-ServerStableDeviceRescueTest-725367397-project-member] [instance: b8344b9c-939a-4029-a568-18034715c918] Selected host: np0000005867; Selected node: np0000005867; Alternates: [] {{(pid=95949) schedule_and_build_instances /opt/stack/nova/nova/conductor/manager.py:1784}}
Jul 27 04:14:56.079273 np0000005867 nova-conductor[95949]: DEBUG oslo_concurrency.lockutils [None req-84968e3e-3c1c-40f4-ba16-63919dffb664 tempest-ServerStableDeviceRescueTest-725367397 tempest-ServerStableDeviceRescueTest-725367397-project-member] Acquiring lock "1e8951be-9da0-4cc2-b6fe-3d66c4fe4df3" by "nova.context.set_target_cell..get_or_set_cached_cell_and_set_connections" {{(pid=95949) inner /opt/stack/data/venv/lib/python3.12/site-packages/oslo_concurrency/lockutils.py:512}}
Jul 27 04:14:56.079473 np0000005867 nova-conductor[95949]: DEBUG oslo_concurrency.lockutils [None req-84968e3e-3c1c-40f4-ba16-63919dffb664 tempest-ServerStableDeviceRescueTest-725367397 tempest-ServerStableDeviceRescueTest-725367397-project-member] Lock "1e8951be-9da0-4cc2-b6fe-3d66c4fe4df3" acquired by "nova.context.set_target_cell..get_or_set_cached_cell_and_set_connections" :: waited 0.000s {{(pid=95949) inner /opt/stack/data/venv/lib/python3.12/site-packages/oslo_concurrency/lockutils.py:525}}
Jul 27 04:14:56.079656 np0000005867 nova-conductor[95949]: DEBUG oslo_concurrency.lockutils [None req-84968e3e-3c1c-40f4-ba16-63919dffb664 tempest-ServerStableDeviceRescueTest-725367397 tempest-ServerStableDeviceRescueTest-725367397-project-member] Lock "1e8951be-9da0-4cc2-b6fe-3d66c4fe4df3" "released" by "nova.context.set_target_cell..get_or_set_cached_cell_and_set_connections" :: held 0.000s {{(pid=95949) inner /opt/stack/data/venv/lib/python3.12/site-packages/oslo_concurrency/lockutils.py:544}}
Jul 27 04:14:56.088967 np0000005867 nova-conductor[95949]: DEBUG nova.conductor.manager [None req-84968e3e-3c1c-40f4-ba16-63919dffb664 tempest-ServerStableDeviceRescueTest-725367397 tempest-ServerStableDeviceRescueTest-725367397-project-member] [instance: b8344b9c-939a-4029-a568-18034715c918] block_device_mapping [BlockDeviceMapping(attachment_id=,boot_index=0,connection_info=None,created_at=,delete_on_termination=True,deleted=,deleted_at=,destination_type='local',device_name=None,device_type='disk',disk_bus=None,encrypted=False,encryption_format=None,encryption_options=None,encryption_secret_uuid=None,guest_format=None,id=,image_id='067405d6-0ff6-4f59-b697-c7d3338b8820',instance=,instance_uuid=,no_device=False,snapshot_id=None,source_type='image',tag=None,updated_at=,uuid=,volume_id=None,volume_size=None,volume_type=None)] {{(pid=95949) _create_block_device_mapping /opt/stack/nova/nova/conductor/manager.py:1529}}
Jul 27 04:14:56.090694 np0000005867 nova-conductor[95949]: DEBUG oslo_concurrency.lockutils [None req-84968e3e-3c1c-40f4-ba16-63919dffb664 tempest-ServerStableDeviceRescueTest-725367397 tempest-ServerStableDeviceRescueTest-725367397-project-member] Acquiring lock "1e8951be-9da0-4cc2-b6fe-3d66c4fe4df3" by "nova.context.set_target_cell..get_or_set_cached_cell_and_set_connections" {{(pid=95949) inner /opt/stack/data/venv/lib/python3.12/site-packages/oslo_concurrency/lockutils.py:512}}
Jul 27 04:14:56.091009 np0000005867 nova-conductor[95949]: DEBUG oslo_concurrency.lockutils [None req-84968e3e-3c1c-40f4-ba16-63919dffb664 tempest-ServerStableDeviceRescueTest-725367397 tempest-ServerStableDeviceRescueTest-725367397-project-member] Lock "1e8951be-9da0-4cc2-b6fe-3d66c4fe4df3" acquired by "nova.context.set_target_cell..get_or_set_cached_cell_and_set_connections" :: waited 0.000s {{(pid=95949) inner /opt/stack/data/venv/lib/python3.12/site-packages/oslo_concurrency/lockutils.py:525}}
Jul 27 04:14:56.091887 np0000005867 nova-conductor[95949]: DEBUG oslo_concurrency.lockutils [None req-84968e3e-3c1c-40f4-ba16-63919dffb664 tempest-ServerStableDeviceRescueTest-725367397 tempest-ServerStableDeviceRescueTest-725367397-project-member] Lock "1e8951be-9da0-4cc2-b6fe-3d66c4fe4df3" "released" by "nova.context.set_target_cell..get_or_set_cached_cell_and_set_connections" :: held 0.000s {{(pid=95949) inner /opt/stack/data/venv/lib/python3.12/site-packages/oslo_concurrency/lockutils.py:544}}
Jul 27 04:14:56.508584 np0000005867 nova-conductor[95949]: DEBUG oslo_concurrency.lockutils [None req-84968e3e-3c1c-40f4-ba16-63919dffb664 tempest-ServerStableDeviceRescueTest-725367397 tempest-ServerStableDeviceRescueTest-725367397-project-member] Acquiring lock "1e8951be-9da0-4cc2-b6fe-3d66c4fe4df3" by "nova.context.set_target_cell..get_or_set_cached_cell_and_set_connections" {{(pid=95949) inner /opt/stack/data/venv/lib/python3.12/site-packages/oslo_concurrency/lockutils.py:512}}
Jul 27 04:14:56.508584 np0000005867 nova-conductor[95949]: DEBUG oslo_concurrency.lockutils [None req-84968e3e-3c1c-40f4-ba16-63919dffb664 tempest-ServerStableDeviceRescueTest-725367397 tempest-ServerStableDeviceRescueTest-725367397-project-member] Lock "1e8951be-9da0-4cc2-b6fe-3d66c4fe4df3" acquired by "nova.context.set_target_cell..get_or_set_cached_cell_and_set_connections" :: waited 0.000s {{(pid=95949) inner /opt/stack/data/venv/lib/python3.12/site-packages/oslo_concurrency/lockutils.py:525}}
Jul 27 04:14:56.508584 np0000005867 nova-conductor[95949]: DEBUG oslo_concurrency.lockutils [None req-84968e3e-3c1c-40f4-ba16-63919dffb664 tempest-ServerStableDeviceRescueTest-725367397 tempest-ServerStableDeviceRescueTest-725367397-project-member] Lock "1e8951be-9da0-4cc2-b6fe-3d66c4fe4df3" "released" by "nova.context.set_target_cell..get_or_set_cached_cell_and_set_connections" :: held 0.000s {{(pid=95949) inner /opt/stack/data/venv/lib/python3.12/site-packages/oslo_concurrency/lockutils.py:544}}
Jul 27 04:14:56.508584 np0000005867 nova-conductor[95949]: DEBUG oslo_concurrency.lockutils [None req-84968e3e-3c1c-40f4-ba16-63919dffb664 tempest-ServerStableDeviceRescueTest-725367397 tempest-ServerStableDeviceRescueTest-725367397-project-member] Acquiring lock "compute-rpcapi-router" {{(pid=95949) lock /opt/stack/data/venv/lib/python3.12/site-packages/oslo_concurrency/lockutils.py:396}}
Jul 27 04:14:56.508790 np0000005867 nova-conductor[95949]: DEBUG oslo_concurrency.lockutils [None req-84968e3e-3c1c-40f4-ba16-63919dffb664 tempest-ServerStableDeviceRescueTest-725367397 tempest-ServerStableDeviceRescueTest-725367397-project-member] Acquired lock "compute-rpcapi-router" {{(pid=95949) lock /opt/stack/data/venv/lib/python3.12/site-packages/oslo_concurrency/lockutils.py:399}}
Jul 27 04:14:56.509290 np0000005867 nova-conductor[95949]: DEBUG oslo_concurrency.lockutils [None req-145fec55-3cec-4a29-8c62-64f39b98bed4 None None] Acquiring lock "00000000-0000-0000-0000-000000000000" by "nova.context.set_target_cell..get_or_set_cached_cell_and_set_connections" {{(pid=95949) inner /opt/stack/data/venv/lib/python3.12/site-packages/oslo_concurrency/lockutils.py:512}}
Jul 27 04:14:56.509531 np0000005867 nova-conductor[95949]: DEBUG oslo_concurrency.lockutils [None req-145fec55-3cec-4a29-8c62-64f39b98bed4 None None] Lock "00000000-0000-0000-0000-000000000000" acquired by "nova.context.set_target_cell..get_or_set_cached_cell_and_set_connections" :: waited 0.000s {{(pid=95949) inner /opt/stack/data/venv/lib/python3.12/site-packages/oslo_concurrency/lockutils.py:525}}
Jul 27 04:14:56.509716 np0000005867 nova-conductor[95949]: DEBUG oslo_concurrency.lockutils [None req-145fec55-3cec-4a29-8c62-64f39b98bed4 None None] Lock "00000000-0000-0000-0000-000000000000" "released" by "nova.context.set_target_cell..get_or_set_cached_cell_and_set_connections" :: held 0.000s {{(pid=95949) inner /opt/stack/data/venv/lib/python3.12/site-packages/oslo_concurrency/lockutils.py:544}}
Jul 27 04:14:56.510437 np0000005867 nova-conductor[95949]: DEBUG oslo_concurrency.lockutils [None req-145fec55-3cec-4a29-8c62-64f39b98bed4 None None] Acquiring lock "1e8951be-9da0-4cc2-b6fe-3d66c4fe4df3" by "nova.context.set_target_cell..get_or_set_cached_cell_and_set_connections" {{(pid=95949) inner /opt/stack/data/venv/lib/python3.12/site-packages/oslo_concurrency/lockutils.py:512}}
Jul 27 04:14:56.511552 np0000005867 nova-conductor[95949]: DEBUG oslo_concurrency.lockutils [None req-145fec55-3cec-4a29-8c62-64f39b98bed4 None None] Lock "1e8951be-9da0-4cc2-b6fe-3d66c4fe4df3" acquired by "nova.context.set_target_cell..get_or_set_cached_cell_and_set_connections" :: waited 0.001s {{(pid=95949) inner /opt/stack/data/venv/lib/python3.12/site-packages/oslo_concurrency/lockutils.py:525}}
Jul 27 04:14:56.513272 np0000005867 nova-conductor[95949]: DEBUG oslo_concurrency.lockutils [None req-145fec55-3cec-4a29-8c62-64f39b98bed4 None None] Lock "1e8951be-9da0-4cc2-b6fe-3d66c4fe4df3" "released" by "nova.context.set_target_cell..get_or_set_cached_cell_and_set_connections" :: held 0.002s {{(pid=95949) inner /opt/stack/data/venv/lib/python3.12/site-packages/oslo_concurrency/lockutils.py:544}}
Jul 27 04:14:56.533976 np0000005867 nova-conductor[95949]: INFO nova.compute.rpcapi [None req-145fec55-3cec-4a29-8c62-64f39b98bed4 None None] Automatically selected compute RPC version 6.5 from minimum service version 72
Jul 27 04:14:56.533976 np0000005867 nova-conductor[95949]: DEBUG oslo_concurrency.lockutils [None req-145fec55-3cec-4a29-8c62-64f39b98bed4 None None] Releasing lock "compute-rpcapi-router" {{(pid=95949) lock /opt/stack/data/venv/lib/python3.12/site-packages/oslo_concurrency/lockutils.py:419}}
Jul 27 04:15:05.660775 np0000005867 nova-conductor[95942]: DEBUG dbcounter [-] [95942] Writer thread running {{(pid=95942) stat_writer /opt/stack/data/venv/lib/python3.12/site-packages/dbcounter.py:102}}
Jul 27 04:15:05.786217 np0000005867 nova-conductor[95956]: DEBUG dbcounter [-] [95956] Writer thread running {{(pid=95956) stat_writer /opt/stack/data/venv/lib/python3.12/site-packages/dbcounter.py:102}}
Jul 27 04:15:06.076266 np0000005867 nova-conductor[95949]: DEBUG dbcounter [-] [95949] Writing DB stats nova_cell0:SELECT=3 {{(pid=95949) stat_writer /opt/stack/data/venv/lib/python3.12/site-packages/dbcounter.py:115}}
Jul 27 04:15:06.199015 np0000005867 nova-conductor[95949]: DEBUG nova.conductor.manager [None req-de4ec554-e1c8-43da-97c1-fe11ac6fc27f tempest-VolumesAssistedSnapshotsTest-388744788 tempest-VolumesAssistedSnapshotsTest-388744788-project-member] Took 0.37 seconds to select destinations for 1 instance(s). {{(pid=95949) _schedule_instances /opt/stack/nova/nova/conductor/manager.py:968}}
Jul 27 04:15:06.219058 np0000005867 nova-conductor[95949]: DEBUG oslo_concurrency.lockutils [None req-de4ec554-e1c8-43da-97c1-fe11ac6fc27f tempest-VolumesAssistedSnapshotsTest-388744788 tempest-VolumesAssistedSnapshotsTest-388744788-project-member] Acquiring lock "1e8951be-9da0-4cc2-b6fe-3d66c4fe4df3" by "nova.context.set_target_cell..get_or_set_cached_cell_and_set_connections" {{(pid=95949) inner /opt/stack/data/venv/lib/python3.12/site-packages/oslo_concurrency/lockutils.py:512}}
Jul 27 04:15:06.219204 np0000005867 nova-conductor[95949]: DEBUG oslo_concurrency.lockutils [None req-de4ec554-e1c8-43da-97c1-fe11ac6fc27f tempest-VolumesAssistedSnapshotsTest-388744788 tempest-VolumesAssistedSnapshotsTest-388744788-project-member] Lock "1e8951be-9da0-4cc2-b6fe-3d66c4fe4df3" acquired by "nova.context.set_target_cell..get_or_set_cached_cell_and_set_connections" :: waited 0.000s {{(pid=95949) inner /opt/stack/data/venv/lib/python3.12/site-packages/oslo_concurrency/lockutils.py:525}}
Jul 27 04:15:06.219390 np0000005867 nova-conductor[95949]: DEBUG oslo_concurrency.lockutils [None req-de4ec554-e1c8-43da-97c1-fe11ac6fc27f tempest-VolumesAssistedSnapshotsTest-388744788 tempest-VolumesAssistedSnapshotsTest-388744788-project-member] Lock "1e8951be-9da0-4cc2-b6fe-3d66c4fe4df3" "released" by "nova.context.set_target_cell..get_or_set_cached_cell_and_set_connections" :: held 0.000s {{(pid=95949) inner /opt/stack/data/venv/lib/python3.12/site-packages/oslo_concurrency/lockutils.py:544}}
Jul 27 04:15:06.269684 np0000005867 nova-conductor[95942]: DEBUG nova.conductor.manager [None req-58dbf987-96fb-46cc-ab71-370d6d3dd9b7 tempest-VolumesAdminNegativeTest-2116492441 tempest-VolumesAdminNegativeTest-2116492441-project-member] Took 0.59 seconds to select destinations for 1 instance(s). {{(pid=95942) _schedule_instances /opt/stack/nova/nova/conductor/manager.py:968}}
Jul 27 04:15:06.282192 np0000005867 nova-conductor[95949]: DEBUG oslo_concurrency.lockutils [None req-de4ec554-e1c8-43da-97c1-fe11ac6fc27f tempest-VolumesAssistedSnapshotsTest-388744788 tempest-VolumesAssistedSnapshotsTest-388744788-project-member] Acquiring lock "00000000-0000-0000-0000-000000000000" by "nova.context.set_target_cell..get_or_set_cached_cell_and_set_connections" {{(pid=95949) inner /opt/stack/data/venv/lib/python3.12/site-packages/oslo_concurrency/lockutils.py:512}}
Jul 27 04:15:06.282392 np0000005867 nova-conductor[95949]: DEBUG oslo_concurrency.lockutils [None req-de4ec554-e1c8-43da-97c1-fe11ac6fc27f tempest-VolumesAssistedSnapshotsTest-388744788 tempest-VolumesAssistedSnapshotsTest-388744788-project-member] Lock "00000000-0000-0000-0000-000000000000" acquired by "nova.context.set_target_cell..get_or_set_cached_cell_and_set_connections" :: waited 0.000s {{(pid=95949) inner /opt/stack/data/venv/lib/python3.12/site-packages/oslo_concurrency/lockutils.py:525}}
Jul 27 04:15:06.282545 np0000005867 nova-conductor[95949]: DEBUG oslo_concurrency.lockutils [None req-de4ec554-e1c8-43da-97c1-fe11ac6fc27f tempest-VolumesAssistedSnapshotsTest-388744788 tempest-VolumesAssistedSnapshotsTest-388744788-project-member] Lock "00000000-0000-0000-0000-000000000000" "released" by "nova.context.set_target_cell..get_or_set_cached_cell_and_set_connections" :: held 0.000s {{(pid=95949) inner /opt/stack/data/venv/lib/python3.12/site-packages/oslo_concurrency/lockutils.py:544}}
Jul 27 04:15:06.283574 np0000005867 nova-conductor[95949]: DEBUG oslo_concurrency.lockutils [None req-de4ec554-e1c8-43da-97c1-fe11ac6fc27f tempest-VolumesAssistedSnapshotsTest-388744788 tempest-VolumesAssistedSnapshotsTest-388744788-project-member] Acquiring lock "1e8951be-9da0-4cc2-b6fe-3d66c4fe4df3" by "nova.context.set_target_cell..get_or_set_cached_cell_and_set_connections" {{(pid=95949) inner /opt/stack/data/venv/lib/python3.12/site-packages/oslo_concurrency/lockutils.py:512}}
Jul 27 04:15:06.283972 np0000005867 nova-conductor[95949]: DEBUG oslo_concurrency.lockutils [None req-de4ec554-e1c8-43da-97c1-fe11ac6fc27f tempest-VolumesAssistedSnapshotsTest-388744788 tempest-VolumesAssistedSnapshotsTest-388744788-project-member] Lock "1e8951be-9da0-4cc2-b6fe-3d66c4fe4df3" acquired by "nova.context.set_target_cell..get_or_set_cached_cell_and_set_connections" :: waited 0.000s {{(pid=95949) inner /opt/stack/data/venv/lib/python3.12/site-packages/oslo_concurrency/lockutils.py:525}}
Jul 27 04:15:06.284504 np0000005867 nova-conductor[95949]: DEBUG oslo_concurrency.lockutils [None req-de4ec554-e1c8-43da-97c1-fe11ac6fc27f tempest-VolumesAssistedSnapshotsTest-388744788 tempest-VolumesAssistedSnapshotsTest-388744788-project-member] Lock "1e8951be-9da0-4cc2-b6fe-3d66c4fe4df3" "released" by "nova.context.set_target_cell..get_or_set_cached_cell_and_set_connections" :: held 0.000s {{(pid=95949) inner /opt/stack/data/venv/lib/python3.12/site-packages/oslo_concurrency/lockutils.py:544}}
