Jul 27 04:12:49.875348 np0000005867 devstack@neutron-api.service[87744]: DEBUG futurist.periodics [-] Submitting periodic callback 'neutron.plugins.ml2.drivers.ovn.mech_driver.ovsdb.maintenance.HashRingHealthCheckPeriodics.touch_hash_ring_node' {{(pid=87744) _process_scheduled /opt/stack/data/venv/lib/python3.12/site-packages/futurist/periodics.py:784}}
Jul 27 04:12:49.875808 np0000005867 devstack@neutron-api.service[87744]: DEBUG neutron.plugins.ml2.drivers.ovn.mech_driver.ovsdb.maintenance [-] Touching Hash Ring node "b3a0ee80541d5bbfbe537f07aa0017e3" from periodic health check thread {{(pid=87744) touch_hash_ring_node /opt/stack/neutron/neutron/plugins/ml2/drivers/ovn/mech_driver/ovsdb/maintenance.py:1417}}
Jul 27 04:12:59.003126 np0000005867 devstack@neutron-api.service[87745]: DEBUG dbcounter [-] [87745] Writing DB stats neutron:UPDATE=1,neutron:SELECT=1 {{(pid=87745) stat_writer /opt/stack/data/venv/lib/python3.12/site-packages/dbcounter.py:115}}
Jul 27 04:12:59.855967 np0000005867 devstack@neutron-api.service[87746]: DEBUG dbcounter [-] [87746] Writing DB stats neutron:UPDATE=1,neutron:SELECT=1 {{(pid=87746) stat_writer /opt/stack/data/venv/lib/python3.12/site-packages/dbcounter.py:115}}
Jul 27 04:12:59.884254 np0000005867 devstack@neutron-api.service[87744]: DEBUG dbcounter [-] [87744] Writing DB stats neutron:UPDATE=1,neutron:SELECT=1 {{(pid=87744) stat_writer /opt/stack/data/venv/lib/python3.12/site-packages/dbcounter.py:115}}
Jul 27 04:13:03.994416 np0000005867 devstack@neutron-api.service[87745]: DEBUG futurist.periodics [-] Submitting periodic callback 'neutron.plugins.ml2.drivers.ovn.mech_driver.ovsdb.maintenance.HashRingHealthCheckPeriodics.touch_hash_ring_node' {{(pid=87745) _process_scheduled /opt/stack/data/venv/lib/python3.12/site-packages/futurist/periodics.py:784}}
Jul 27 04:13:03.996099 np0000005867 devstack@neutron-api.service[87745]: DEBUG neutron.plugins.ml2.drivers.ovn.mech_driver.ovsdb.maintenance [-] Touching Hash Ring node "75101ba45ec15c419e73d720e2c666da" from periodic health check thread {{(pid=87745) touch_hash_ring_node /opt/stack/neutron/neutron/plugins/ml2/drivers/ovn/mech_driver/ovsdb/maintenance.py:1417}}
Jul 27 04:13:04.847941 np0000005867 devstack@neutron-api.service[87746]: DEBUG futurist.periodics [-] Submitting periodic callback 'neutron.plugins.ml2.drivers.ovn.mech_driver.ovsdb.maintenance.HashRingHealthCheckPeriodics.touch_hash_ring_node' {{(pid=87746) _process_scheduled /opt/stack/data/venv/lib/python3.12/site-packages/futurist/periodics.py:784}}
Jul 27 04:13:04.848459 np0000005867 devstack@neutron-api.service[87746]: DEBUG neutron.plugins.ml2.drivers.ovn.mech_driver.ovsdb.maintenance [-] Touching Hash Ring node "9566599b099b566986de040b3a3f552d" from periodic health check thread {{(pid=87746) touch_hash_ring_node /opt/stack/neutron/neutron/plugins/ml2/drivers/ovn/mech_driver/ovsdb/maintenance.py:1417}}
Jul 27 04:13:04.876045 np0000005867 devstack@neutron-api.service[87744]: DEBUG futurist.periodics [-] Submitting periodic callback 'neutron.plugins.ml2.drivers.ovn.mech_driver.ovsdb.maintenance.HashRingHealthCheckPeriodics.touch_hash_ring_node' {{(pid=87744) _process_scheduled /opt/stack/data/venv/lib/python3.12/site-packages/futurist/periodics.py:784}}
Jul 27 04:13:04.877907 np0000005867 devstack@neutron-api.service[87744]: DEBUG neutron.plugins.ml2.drivers.ovn.mech_driver.ovsdb.maintenance [-] Touching Hash Ring node "b3a0ee80541d5bbfbe537f07aa0017e3" from periodic health check thread {{(pid=87744) touch_hash_ring_node /opt/stack/neutron/neutron/plugins/ml2/drivers/ovn/mech_driver/ovsdb/maintenance.py:1417}}
Jul 27 04:13:10.644795 np0000005867 devstack@neutron-api.service[87744]: DEBUG neutron.api.wsgi [None req-fd403ec8-ae05-43ec-9be8-550c08bed520 admin admin] Missing Content-Type {{(pid=87744) get_content_type /opt/stack/neutron/neutron/api/wsgi.py:80}}
Jul 27 04:13:10.646540 np0000005867 devstack@neutron-api.service[87744]: DEBUG neutron.api.wsgi [None req-fd403ec8-ae05-43ec-9be8-550c08bed520 admin admin] https://10.4.3.53/networking/v2.0/extensions returned with HTTP 200 {{(pid=87744) __call__ /opt/stack/neutron/neutron/api/wsgi.py:540}}
Jul 27 04:13:10.646540 np0000005867 devstack@neutron-api.service[87744]: [pid: 87744|app: 0|req: 11/34] 10.4.3.53 () {64 vars in 1285 bytes} [Mon Jul 27 04:13:10 2026] GET /networking/v2.0/extensions => generated 16171 bytes in 5 msecs (HTTP/1.1 200) 4 headers in 159 bytes (1 switches on core 0)
Jul 27 04:13:10.913233 np0000005867 devstack@neutron-api.service[87745]: INFO neutron.pecan_wsgi.hooks.translation [None req-3e62ce0b-42cf-4fc9-ac34-1f80cb8bc478 admin admin] GET failed (client error): The resource could not be found.
Jul 27 04:13:10.914361 np0000005867 devstack@neutron-api.service[87745]: [pid: 87745|app: 0|req: 13/35] 10.4.3.53 () {64 vars in 1287 bytes} [Mon Jul 27 04:13:10 2026] GET /networking/v2.0/networks/public => generated 108 bytes in 9 msecs (HTTP/1.1 404) 4 headers in 164 bytes (1 switches on core 0)
Jul 27 04:13:10.958036 np0000005867 devstack@neutron-api.service[87746]: DEBUG neutron.pecan_wsgi.hooks.policy_enforcement [None req-1d51eb41-0dd3-458e-8992-36e7a73b2ee4 admin admin] Attributes excluded by policy engine: ['standard_attr_id'] {{(pid=87746) _exclude_attributes_by_policy /opt/stack/neutron/neutron/pecan_wsgi/hooks/policy_enforcement.py:259}}
Jul 27 04:13:10.958512 np0000005867 devstack@neutron-api.service[87746]: [pid: 87746|app: 0|req: 12/36] 10.4.3.53 () {64 vars in 1302 bytes} [Mon Jul 27 04:13:10 2026] GET /networking/v2.0/networks?name=public => generated 759 bytes in 37 msecs (HTTP/1.1 200) 4 headers in 157 bytes (1 switches on core 0)
Jul 27 04:13:11.167987 np0000005867 devstack@neutron-api.service[87744]: DEBUG neutron.api.v2.base [None req-0a96541f-223c-4aa1-9172-cfc38a0960e1 admin admin] Request body: {'network': {'admin_state_up': True, 'shared': True, 'name': 'shared'}} {{(pid=87744) prepare_request_body /opt/stack/neutron/neutron/api/v2/base.py:727}}
Jul 27 04:13:11.184666 np0000005867 devstack@neutron-api.service[87744]: DEBUG neutron.pecan_wsgi.hooks.quota_enforcement [None req-0a96541f-223c-4aa1-9172-cfc38a0960e1 admin admin] Made reservation on behalf of fbc0c4ed7959422ab53dc336afe1ddcf for: {'network': 1} {{(pid=87744) before /opt/stack/neutron/neutron/pecan_wsgi/hooks/quota_enforcement.py:66}}
Jul 27 04:13:11.187836 np0000005867 devstack@neutron-api.service[87744]: DEBUG neutron_lib.callbacks.manager [None req-0a96541f-223c-4aa1-9172-cfc38a0960e1 admin admin] Publish callbacks ['neutron.plugins.ml2.plugin.SecurityGroupDbMixin._ensure_default_security_group_handler-1156503'] for network (None), before_create {{(pid=87744) _notify_loop /opt/stack/data/venv/lib/python3.12/site-packages/neutron_lib/callbacks/manager.py:184}}
Jul 27 04:13:11.215503 np0000005867 devstack@neutron-api.service[87744]: WARNING neutron.services.revisions.revision_plugin [None req-0a96541f-223c-4aa1-9172-cfc38a0960e1 admin admin] Could not find related network for resource to bump revision.
Jul 27 04:13:11.243796 np0000005867 devstack@neutron-api.service[87744]: DEBUG neutron.plugins.ml2.drivers.helpers [None req-0a96541f-223c-4aa1-9172-cfc38a0960e1 admin admin] geneve segment allocate from pool success with {'geneve_vni': 39566} {{(pid=87744) allocate_partially_specified_segment /opt/stack/neutron/neutron/plugins/ml2/drivers/helpers.py:142}}
Jul 27 04:13:11.251153 np0000005867 devstack@neutron-api.service[87744]: DEBUG neutron_lib.callbacks.manager [None req-0a96541f-223c-4aa1-9172-cfc38a0960e1 admin admin] Publish callbacks ['neutron.plugins.ml2.plugin.Ml2Plugin._handle_segment_change-15587777'] for segment (15445dc6-9e1c-4079-a4f9-dc52f9730916), precommit_create {{(pid=87744) _notify_loop /opt/stack/data/venv/lib/python3.12/site-packages/neutron_lib/callbacks/manager.py:184}}
Jul 27 04:13:11.251499 np0000005867 devstack@neutron-api.service[87744]: INFO neutron.db.segments_db [None req-0a96541f-223c-4aa1-9172-cfc38a0960e1 admin admin] Added segment 15445dc6-9e1c-4079-a4f9-dc52f9730916 of type geneve for network 24d43080-85a4-441d-b72e-234d27da7cb6
Jul 27 04:13:11.266214 np0000005867 devstack@neutron-api.service[87744]: DEBUG neutron_lib.callbacks.manager [None req-0a96541f-223c-4aa1-9172-cfc38a0960e1 admin admin] Publish callbacks ['neutron.services.auto_allocate.db._ensure_external_network_default_value_callback-8225842038284'] for network (24d43080-85a4-441d-b72e-234d27da7cb6), precommit_create {{(pid=87744) _notify_loop /opt/stack/data/venv/lib/python3.12/site-packages/neutron_lib/callbacks/manager.py:184}}
Jul 27 04:13:11.275220 np0000005867 devstack@neutron-api.service[87744]: DEBUG neutron.plugins.ml2.drivers.ovn.mech_driver.mech_driver [None req-0a96541f-223c-4aa1-9172-cfc38a0960e1 admin admin] Validating network segment with type geneve, segmentation ID 39566, physical network None {{(pid=87744) _validate_network_segments /opt/stack/neutron/neutron/plugins/ml2/drivers/ovn/mech_driver/mech_driver.py:646}}
Jul 27 04:13:11.276009 np0000005867 devstack@neutron-api.service[87744]: DEBUG neutron.db.ovn_revision_numbers_db [None req-0a96541f-223c-4aa1-9172-cfc38a0960e1 admin admin] create_initial_revision uuid=24d43080-85a4-441d-b72e-234d27da7cb6, type=networks, rev=-1 {{(pid=87744) create_initial_revision /opt/stack/neutron/neutron/db/ovn_revision_numbers_db.py:98}}
Jul 27 04:13:11.288019 np0000005867 devstack@neutron-api.service[87744]: DEBUG neutron_lib.callbacks.manager [None req-0a96541f-223c-4aa1-9172-cfc38a0960e1 admin admin] Publish callbacks ['neutron.plugins.ml2.ovo_rpc._ObjectChangeHandler.handle_event-15741763'] for network (24d43080-85a4-441d-b72e-234d27da7cb6), after_create {{(pid=87744) _notify_loop /opt/stack/data/venv/lib/python3.12/site-packages/neutron_lib/callbacks/manager.py:184}}
Jul 27 04:13:11.306359 np0000005867 devstack@neutron-api.service[87744]: DEBUG neutron.api.rpc.handlers.resources_rpc [None req-0a96541f-223c-4aa1-9172-cfc38a0960e1 admin admin] Pushing event updated for resources: {'Network': ['ID=24d43080-85a4-441d-b72e-234d27da7cb6,revision_number=1']} {{(pid=87744) push /opt/stack/neutron/neutron/api/rpc/handlers/resources_rpc.py:237}}
Jul 27 04:13:11.311053 np0000005867 devstack@neutron-api.service[87744]: DEBUG ovsdbapp.backend.ovs_idl.transaction [None req-a77d42ea-aab1-4b35-bd5c-c98442188825 None None] Running txn n=1 command(idx=0): CheckLivenessCommand(_result=None) {{(pid=87744) do_commit /opt/stack/data/venv/lib/python3.12/site-packages/ovsdbapp/backend/ovs_idl/transaction.py:89}}
Jul 27 04:13:11.316205 np0000005867 devstack@neutron-api.service[87744]: DEBUG ovsdbapp.backend.ovs_idl.event [None req-239341f4-e9ed-4b49-a212-abfe3bb750c8 None None] Matched UPDATE: ChassisAgentWriteEvent(events=('create', 'update'), table='Chassis_Private', conditions=None, old_conditions=None), priority=20 to row=Chassis_Private(uuid=30427a16-9b19-4c2b-81c5-defd2b6f931e, chassis=beed1d43-c416-40bd-b235-e72d133ffff0, external_ids={'neutron:ovn-bridge': 'br-int', 'neutron:ovn-neutron-agent-id': '5875070e-e8b5-5e52-86d7-64a9406673a5', 'neutron:ovn-neutron-agent-sb-cfg': '1'}, name='cf9c2e29-663e-41d1-95c2-997fddc87a25', nb_cfg=2, nb_cfg_timestamp=1785125591313) old=Chassis_Private(uuid=30427a16-9b19-4c2b-81c5-defd2b6f931e, nb_cfg=1, nb_cfg_timestamp=1785125516044) {{(pid=87744) matches /opt/stack/data/venv/lib/python3.12/site-packages/ovsdbapp/backend/ovs_idl/event.py:55}}
Jul 27 04:13:11.316701 np0000005867 devstack@neutron-api.service[87745]: DEBUG ovsdbapp.backend.ovs_idl.event [None req-617a589e-a787-46e8-af53-aa090b5d9424 None None] Matched UPDATE: ChassisAgentWriteEvent(events=('create', 'update'), table='Chassis_Private', conditions=None, old_conditions=None), priority=20 to row=Chassis_Private(uuid=30427a16-9b19-4c2b-81c5-defd2b6f931e, chassis=beed1d43-c416-40bd-b235-e72d133ffff0, external_ids={'neutron:ovn-bridge': 'br-int', 'neutron:ovn-neutron-agent-id': '5875070e-e8b5-5e52-86d7-64a9406673a5', 'neutron:ovn-neutron-agent-sb-cfg': '1'}, name='cf9c2e29-663e-41d1-95c2-997fddc87a25', nb_cfg=2, nb_cfg_timestamp=1785125591313) old=Chassis_Private(uuid=30427a16-9b19-4c2b-81c5-defd2b6f931e, nb_cfg=1, nb_cfg_timestamp=1785125516044) {{(pid=87745) matches /opt/stack/data/venv/lib/python3.12/site-packages/ovsdbapp/backend/ovs_idl/event.py:55}}
Jul 27 04:13:11.318645 np0000005867 devstack@neutron-api.service[87746]: DEBUG ovsdbapp.backend.ovs_idl.event [None req-8882bdd5-ad0d-495c-864b-bd98ab22fafd None None] Matched UPDATE: ChassisAgentWriteEvent(events=('create', 'update'), table='Chassis_Private', conditions=None, old_conditions=None), priority=20 to row=Chassis_Private(uuid=30427a16-9b19-4c2b-81c5-defd2b6f931e, chassis=beed1d43-c416-40bd-b235-e72d133ffff0, external_ids={'neutron:ovn-bridge': 'br-int', 'neutron:ovn-neutron-agent-id': '5875070e-e8b5-5e52-86d7-64a9406673a5', 'neutron:ovn-neutron-agent-sb-cfg': '1'}, name='cf9c2e29-663e-41d1-95c2-997fddc87a25', nb_cfg=2, nb_cfg_timestamp=1785125591313) old=Chassis_Private(uuid=30427a16-9b19-4c2b-81c5-defd2b6f931e, nb_cfg=1, nb_cfg_timestamp=1785125516044) {{(pid=87746) matches /opt/stack/data/venv/lib/python3.12/site-packages/ovsdbapp/backend/ovs_idl/event.py:55}}
Jul 27 04:13:11.325869 np0000005867 devstack@neutron-api.service[87744]: DEBUG neutron.common.ovn.hash_ring_manager [None req-a77d42ea-aab1-4b35-bd5c-c98442188825 None None] Hash Ring loaded. 3 active nodes. 0 offline nodes {{(pid=87744) _load_hash_ring /opt/stack/neutron/neutron/common/ovn/hash_ring_manager.py:110}}
Jul 27 04:13:11.328371 np0000005867 devstack@neutron-api.service[87745]: DEBUG neutron.common.ovn.hash_ring_manager [None req-61f2b2bb-d4c5-41fe-b6f7-d5baa77070e2 None None] Hash Ring loaded. 3 active nodes. 0 offline nodes {{(pid=87745) _load_hash_ring /opt/stack/neutron/neutron/common/ovn/hash_ring_manager.py:110}}
Jul 27 04:13:11.328661 np0000005867 devstack@neutron-api.service[87745]: DEBUG neutron.plugins.ml2.drivers.ovn.mech_driver.ovsdb.ovsdb_monitor [None req-61f2b2bb-d4c5-41fe-b6f7-d5baa77070e2 None None] Hash Ring: Node 75101ba45ec15c419e73d720e2c666da (host: np0000005867) handling event "update" for row bf2ad276-4d9e-4308-9ea9-550347458b0b (table: NB_Global) {{(pid=87745) notify /opt/stack/neutron/neutron/plugins/ml2/drivers/ovn/mech_driver/ovsdb/ovsdb_monitor.py:1013}}
Jul 27 04:13:11.328799 np0000005867 devstack@neutron-api.service[87744]: DEBUG neutron.common.ovn.hash_ring_manager [None req-239341f4-e9ed-4b49-a212-abfe3bb750c8 None None] Hash Ring loaded. 3 active nodes. 0 offline nodes {{(pid=87744) _load_hash_ring /opt/stack/neutron/neutron/common/ovn/hash_ring_manager.py:110}}
Jul 27 04:13:11.329417 np0000005867 devstack@neutron-api.service[87745]: DEBUG neutron.plugins.ml2.drivers.ovn.mech_driver.ovsdb.ovsdb_monitor [None req-61f2b2bb-d4c5-41fe-b6f7-d5baa77070e2 None None] Hash Ring: Node 75101ba45ec15c419e73d720e2c666da (host: np0000005867) handling event "update" for row bf2ad276-4d9e-4308-9ea9-550347458b0b (table: NB_Global) {{(pid=87745) notify /opt/stack/neutron/neutron/plugins/ml2/drivers/ovn/mech_driver/ovsdb/ovsdb_monitor.py:1013}}
Jul 27 04:13:11.329646 np0000005867 devstack@neutron-api.service[87745]: DEBUG neutron.common.ovn.hash_ring_manager [None req-617a589e-a787-46e8-af53-aa090b5d9424 None None] Hash Ring loaded. 3 active nodes. 0 offline nodes {{(pid=87745) _load_hash_ring /opt/stack/neutron/neutron/common/ovn/hash_ring_manager.py:110}}
Jul 27 04:13:11.329852 np0000005867 devstack@neutron-api.service[87745]: DEBUG neutron.plugins.ml2.drivers.ovn.mech_driver.ovsdb.ovsdb_monitor [None req-617a589e-a787-46e8-af53-aa090b5d9424 None None] Hash Ring: Node 75101ba45ec15c419e73d720e2c666da (host: np0000005867) handling event "update" for row 30427a16-9b19-4c2b-81c5-defd2b6f931e (table: Chassis_Private) {{(pid=87745) notify /opt/stack/neutron/neutron/plugins/ml2/drivers/ovn/mech_driver/ovsdb/ovsdb_monitor.py:1013}}
Jul 27 04:13:11.329977 np0000005867 devstack@neutron-api.service[87746]: DEBUG neutron.common.ovn.hash_ring_manager [None req-8882bdd5-ad0d-495c-864b-bd98ab22fafd None None] Hash Ring loaded. 3 active nodes. 0 offline nodes {{(pid=87746) _load_hash_ring /opt/stack/neutron/neutron/common/ovn/hash_ring_manager.py:110}}
Jul 27 04:13:11.330564 np0000005867 devstack@neutron-api.service[87745]: DEBUG neutron.plugins.ml2.drivers.ovn.mech_driver.ovsdb.ovsdb_monitor [None req-61f2b2bb-d4c5-41fe-b6f7-d5baa77070e2 None None] Hash Ring: Node 75101ba45ec15c419e73d720e2c666da (host: np0000005867) handling event "update" for row bf2ad276-4d9e-4308-9ea9-550347458b0b (table: NB_Global) {{(pid=87745) notify /opt/stack/neutron/neutron/plugins/ml2/drivers/ovn/mech_driver/ovsdb/ovsdb_monitor.py:1013}}
Jul 27 04:13:11.330672 np0000005867 devstack@neutron-api.service[87746]: DEBUG neutron.common.ovn.hash_ring_manager [None req-569994b0-2948-40e0-b619-cdd417f42177 None None] Hash Ring loaded. 3 active nodes. 0 offline nodes {{(pid=87746) _load_hash_ring /opt/stack/neutron/neutron/common/ovn/hash_ring_manager.py:110}}
Jul 27 04:13:11.331258 np0000005867 devstack@neutron-api.service[87745]: DEBUG neutron.plugins.ml2.drivers.ovn.mech_driver.ovsdb.ovsdb_monitor [None req-61f2b2bb-d4c5-41fe-b6f7-d5baa77070e2 None None] Hash Ring: Node 75101ba45ec15c419e73d720e2c666da (host: np0000005867) handling event "update" for row bf2ad276-4d9e-4308-9ea9-550347458b0b (table: NB_Global) {{(pid=87745) notify /opt/stack/neutron/neutron/plugins/ml2/drivers/ovn/mech_driver/ovsdb/ovsdb_monitor.py:1013}}
Jul 27 04:13:11.338991 np0000005867 devstack@neutron-api.service[87744]: DEBUG ovsdbapp.backend.ovs_idl.transaction [None req-a77d42ea-aab1-4b35-bd5c-c98442188825 None None] Running txn n=1 command(idx=0): AddNetworkCommand(_result=None, network_uuid=24d43080-85a4-441d-b72e-234d27da7cb6, may_exist=True, columns={'external_ids': {'neutron:network_name': 'shared', 'neutron:mtu': '1372', 'neutron:revision_number': '1', 'neutron:availability_zone_hints': '', 'neutron:provnet-network-type': 'geneve'}, 'other_config': {'mcast_snoop': 'false', 'mcast_flood_unregistered': 'false', 'vlan-passthru': 'false'}}) {{(pid=87744) do_commit /opt/stack/data/venv/lib/python3.12/site-packages/ovsdbapp/backend/ovs_idl/transaction.py:89}}
Jul 27 04:13:11.341855 np0000005867 devstack@neutron-api.service[87745]: DEBUG neutron.plugins.ml2.drivers.ovn.mech_driver.ovsdb.ovsdb_monitor [None req-61f2b2bb-d4c5-41fe-b6f7-d5baa77070e2 None None] Hash Ring: Node 75101ba45ec15c419e73d720e2c666da (host: np0000005867) handling event "create" for row 24d43080-85a4-441d-b72e-234d27da7cb6 (table: Logical_Switch) {{(pid=87745) notify /opt/stack/neutron/neutron/plugins/ml2/drivers/ovn/mech_driver/ovsdb/ovsdb_monitor.py:1013}}
Jul 27 04:13:11.350551 np0000005867 devstack@neutron-api.service[87744]: DEBUG neutron.plugins.ml2.drivers.ovn.mech_driver.ovsdb.ovsdb_monitor [None req-239341f4-e9ed-4b49-a212-abfe3bb750c8 None None] Hash Ring: Node b3a0ee80541d5bbfbe537f07aa0017e3 (host: np0000005867) handling event "create" for row 55eb406c-9f46-40e6-b97d-784e8554c05d (table: Datapath_Binding) {{(pid=87744) notify /opt/stack/neutron/neutron/plugins/ml2/drivers/ovn/mech_driver/ovsdb/ovsdb_monitor.py:1013}}
Jul 27 04:13:11.368291 np0000005867 devstack@neutron-api.service[87744]: INFO neutron.db.ovn_revision_numbers_db [None req-0a96541f-223c-4aa1-9172-cfc38a0960e1 admin admin] Successfully bumped revision number for resource 24d43080-85a4-441d-b72e-234d27da7cb6 (type: networks) to 1
Jul 27 04:13:11.379337 np0000005867 devstack@neutron-api.service[87744]: DEBUG neutron_lib.callbacks.manager [None req-0a96541f-223c-4aa1-9172-cfc38a0960e1 admin admin] Publish callbacks ['neutron.plugins.ml2.plugin.SecurityGroupDbMixin._ensure_default_security_group_handler-1156503'] for port (None), before_create {{(pid=87744) _notify_loop /opt/stack/data/venv/lib/python3.12/site-packages/neutron_lib/callbacks/manager.py:184}}
Jul 27 04:13:11.443079 np0000005867 devstack@neutron-api.service[87744]: DEBUG neutron_lib.callbacks.manager [None req-0a96541f-223c-4aa1-9172-cfc38a0960e1 admin admin] Publish callbacks ['neutron.plugins.ml2.drivers.ovn.mech_driver.mech_driver.OVNMechanismDriver._validate_allowed_address_pairs-196634'] for allowed_address_pair (1fdb2520-c9b1-4085-bb60-05051feb9c4a), before_create {{(pid=87744) _notify_loop /opt/stack/data/venv/lib/python3.12/site-packages/neutron_lib/callbacks/manager.py:184}}
Jul 27 04:13:11.443678 np0000005867 devstack@neutron-api.service[87744]: DEBUG neutron_lib.callbacks.manager [None req-0a96541f-223c-4aa1-9172-cfc38a0960e1 admin admin] Publish callbacks [] for port (1fdb2520-c9b1-4085-bb60-05051feb9c4a), precommit_create {{(pid=87744) _notify_loop /opt/stack/data/venv/lib/python3.12/site-packages/neutron_lib/callbacks/manager.py:184}}
Jul 27 04:13:11.443863 np0000005867 devstack@neutron-api.service[87744]: DEBUG neutron.plugins.ml2.drivers.ovn.mech_driver.mech_driver [None req-0a96541f-223c-4aa1-9172-cfc38a0960e1 admin admin] No provisioning block for port 1fdb2520-c9b1-4085-bb60-05051feb9c4a since it does not have a host {{(pid=87744) _is_port_provisioning_required /opt/stack/neutron/neutron/plugins/ml2/drivers/ovn/mech_driver/mech_driver.py:899}}
Jul 27 04:13:11.444001 np0000005867 devstack@neutron-api.service[87744]: DEBUG neutron.db.ovn_revision_numbers_db [None req-0a96541f-223c-4aa1-9172-cfc38a0960e1 admin admin] create_initial_revision uuid=1fdb2520-c9b1-4085-bb60-05051feb9c4a, type=ports, rev=-1 {{(pid=87744) create_initial_revision /opt/stack/neutron/neutron/db/ovn_revision_numbers_db.py:98}}
Jul 27 04:13:11.483542 np0000005867 devstack@neutron-api.service[87744]: DEBUG neutron_lib.callbacks.manager [None req-0a96541f-223c-4aa1-9172-cfc38a0960e1 admin admin] Publish callbacks ['neutron.plugins.ml2.ovo_rpc._ObjectChangeHandler.handle_event-15741828'] for port (1fdb2520-c9b1-4085-bb60-05051feb9c4a), after_create {{(pid=87744) _notify_loop /opt/stack/data/venv/lib/python3.12/site-packages/neutron_lib/callbacks/manager.py:184}}
Jul 27 04:13:11.514783 np0000005867 devstack@neutron-api.service[87744]: DEBUG neutron.api.rpc.handlers.resources_rpc [None req-0a96541f-223c-4aa1-9172-cfc38a0960e1 admin admin] Pushing event updated for resources: {'Port': ['ID=1fdb2520-c9b1-4085-bb60-05051feb9c4a,revision_number=1']} {{(pid=87744) push /opt/stack/neutron/neutron/api/rpc/handlers/resources_rpc.py:237}}
Jul 27 04:13:11.520341 np0000005867 devstack@neutron-api.service[87744]: DEBUG neutron.plugins.ml2.drivers.ovn.mech_driver.ovsdb.commands [None req-0a96541f-223c-4aa1-9172-cfc38a0960e1 admin admin] Converting tag [] to a tag_request {{(pid=87744) _tag_column_to_tag_request /opt/stack/neutron/neutron/plugins/ml2/drivers/ovn/mech_driver/ovsdb/commands.py:205}}
Jul 27 04:13:11.521152 np0000005867 devstack@neutron-api.service[87744]: DEBUG ovsdbapp.backend.ovs_idl.transaction [None req-a77d42ea-aab1-4b35-bd5c-c98442188825 None None] Running txn n=1 command(idx=0): AddLSwitchPortCommand(_result=None, lport=1fdb2520-c9b1-4085-bb60-05051feb9c4a, lswitch=neutron-24d43080-85a4-441d-b72e-234d27da7cb6, may_exist=True, network_uuid=24d43080-85a4-441d-b72e-234d27da7cb6, columns={'addresses': ['fa:16:3e:a9:e3:49'], 'external_ids': {'neutron:port_name': '', 'neutron:device_id': 'ovnmeta-24d43080-85a4-441d-b72e-234d27da7cb6', 'neutron:project_id': 'fbc0c4ed7959422ab53dc336afe1ddcf', 'neutron:cidrs': '', 'neutron:device_owner': 'network:distributed', 'neutron:subnet_pool_addr_scope4': '', 'neutron:subnet_pool_addr_scope6': '', 'neutron:network_name': 'neutron-24d43080-85a4-441d-b72e-234d27da7cb6', 'neutron:security_group_ids': '', 'neutron:revision_number': '1', 'neutron:vnic_type': 'normal', 'neutron:port_capabilities': '', 'neutron:mtu': '1372'}, 'parent_name': [], 'enabled': True, 'options': {}, 'type': 'localport', 'port_security': [], 'dhcpv4_options': [], 'dhcpv6_options': [], 'tag_request': []}) {{(pid=87744) do_commit /opt/stack/data/venv/lib/python3.12/site-packages/ovsdbapp/backend/ovs_idl/transaction.py:89}}
Jul 27 04:13:11.521647 np0000005867 devstack@neutron-api.service[87744]: DEBUG ovsdbapp.backend.ovs_idl.transaction [None req-a77d42ea-aab1-4b35-bd5c-c98442188825 None None] Running txn n=1 command(idx=1): QoSDelCommand(_result=None, switch=neutron-24d43080-85a4-441d-b72e-234d27da7cb6, conditions=[('direction', '=', 'to-lport'), ('priority', '=', 2002), ('match', '=', 'outport == "1fdb2520-c9b1-4085-bb60-05051feb9c4a"')], if_exists=True) {{(pid=87744) do_commit /opt/stack/data/venv/lib/python3.12/site-packages/ovsdbapp/backend/ovs_idl/transaction.py:89}}
Jul 27 04:13:11.521853 np0000005867 devstack@neutron-api.service[87744]: DEBUG ovsdbapp.backend.ovs_idl.transaction [None req-a77d42ea-aab1-4b35-bd5c-c98442188825 None None] Running txn n=1 command(idx=2): QoSDelCommand(_result=None, switch=neutron-24d43080-85a4-441d-b72e-234d27da7cb6, conditions=[('direction', '=', 'from-lport'), ('priority', '=', 2002), ('match', '=', 'inport == "1fdb2520-c9b1-4085-bb60-05051feb9c4a"')], if_exists=True) {{(pid=87744) do_commit /opt/stack/data/venv/lib/python3.12/site-packages/ovsdbapp/backend/ovs_idl/transaction.py:89}}
Jul 27 04:13:11.525649 np0000005867 devstack@neutron-api.service[87745]: DEBUG neutron.plugins.ml2.drivers.ovn.mech_driver.ovsdb.ovsdb_monitor [None req-61f2b2bb-d4c5-41fe-b6f7-d5baa77070e2 None None] Hash Ring: Node 75101ba45ec15c419e73d720e2c666da (host: np0000005867) handling event "update" for row 24d43080-85a4-441d-b72e-234d27da7cb6 (table: Logical_Switch) {{(pid=87745) notify /opt/stack/neutron/neutron/plugins/ml2/drivers/ovn/mech_driver/ovsdb/ovsdb_monitor.py:1013}}
Jul 27 04:13:11.525909 np0000005867 devstack@neutron-api.service[87745]: DEBUG neutron.plugins.ml2.drivers.ovn.mech_driver.ovsdb.ovsdb_monitor [None req-61f2b2bb-d4c5-41fe-b6f7-d5baa77070e2 None None] Hash Ring: Node 75101ba45ec15c419e73d720e2c666da (host: np0000005867) handling event "create" for row e5a8c412-89b9-4c97-b1f0-87665f0054af (table: Logical_Switch_Port) {{(pid=87745) notify /opt/stack/neutron/neutron/plugins/ml2/drivers/ovn/mech_driver/ovsdb/ovsdb_monitor.py:1013}}
Jul 27 04:13:11.526799 np0000005867 devstack@neutron-api.service[87745]: DEBUG ovsdbapp.backend.ovs_idl.event [None req-61f2b2bb-d4c5-41fe-b6f7-d5baa77070e2 None None] Matched CREATE: LogicalSwitchPortCreateEvent(events=('create',), table='Logical_Switch_Port', conditions=[], old_conditions=None), priority=20 to row=Logical_Switch_Port(uuid=e5a8c412-89b9-4c97-b1f0-87665f0054af, addresses=['fa:16:3e:a9:e3:49'], dhcpv4_options=[], dhcpv6_options=[], dynamic_addresses=[], enabled=True, external_ids={'neutron:cidrs': '', 'neutron:device_id': 'ovnmeta-24d43080-85a4-441d-b72e-234d27da7cb6', 'neutron:device_owner': 'network:distributed', 'neutron:mtu': '1372', 'neutron:network_name': 'neutron-24d43080-85a4-441d-b72e-234d27da7cb6', 'neutron:port_capabilities': '', 'neutron:port_name': '', 'neutron:project_id': 'fbc0c4ed7959422ab53dc336afe1ddcf', 'neutron:revision_number': '1', 'neutron:security_group_ids': '', 'neutron:subnet_pool_addr_scope4': '', 'neutron:subnet_pool_addr_scope6': '', 'neutron:vnic_type': 'normal'}, ha_chassis_group=[], mirror_rules=[], name='1fdb2520-c9b1-4085-bb60-05051feb9c4a', options={}, parent_name=[], port_security=[], tag=[], tag_request=[], type='localport', up=[]) old= {{(pid=87745) matches /opt/stack/data/venv/lib/python3.12/site-packages/ovsdbapp/backend/ovs_idl/event.py:55}}
Jul 27 04:13:11.528202 np0000005867 devstack@neutron-api.service[87745]: INFO neutron.plugins.ml2.drivers.ovn.mech_driver.mech_driver [None req-385f9a3b-4a54-4121-b5b6-0a571703d9f7 None None] OVN reports status down for port: 1fdb2520-c9b1-4085-bb60-05051feb9c4a
Jul 27 04:13:11.528358 np0000005867 devstack@neutron-api.service[87744]: DEBUG neutron.plugins.ml2.drivers.ovn.mech_driver.ovsdb.ovsdb_monitor [None req-239341f4-e9ed-4b49-a212-abfe3bb750c8 None None] Hash Ring: Node b3a0ee80541d5bbfbe537f07aa0017e3 (host: np0000005867) handling event "create" for row 05484042-1cbc-4909-8bd8-f9aa8a40369e (table: Port_Binding) {{(pid=87744) notify /opt/stack/neutron/neutron/plugins/ml2/drivers/ovn/mech_driver/ovsdb/ovsdb_monitor.py:1013}}
Jul 27 04:13:11.529838 np0000005867 devstack@neutron-api.service[87745]: DEBUG neutron.plugins.ml2.drivers.ovn.mech_driver.ovsdb.ovsdb_monitor [None req-61f2b2bb-d4c5-41fe-b6f7-d5baa77070e2 None None] Hash Ring: Node 75101ba45ec15c419e73d720e2c666da (host: np0000005867) handling event "update" for row e5a8c412-89b9-4c97-b1f0-87665f0054af (table: Logical_Switch_Port) {{(pid=87745) notify /opt/stack/neutron/neutron/plugins/ml2/drivers/ovn/mech_driver/ovsdb/ovsdb_monitor.py:1013}}
Jul 27 04:13:11.555335 np0000005867 devstack@neutron-api.service[87745]: DEBUG neutron.db.provisioning_blocks [None req-385f9a3b-4a54-4121-b5b6-0a571703d9f7 None None] Transition to ACTIVE for port object 1fdb2520-c9b1-4085-bb60-05051feb9c4a will not be triggered until provisioned by entity L2. {{(pid=87745) add_provisioning_component /opt/stack/neutron/neutron/db/provisioning_blocks.py:74}}
Jul 27 04:13:11.560829 np0000005867 devstack@neutron-api.service[87744]: INFO neutron.db.ovn_revision_numbers_db [None req-0a96541f-223c-4aa1-9172-cfc38a0960e1 admin admin] Successfully bumped revision number for resource 1fdb2520-c9b1-4085-bb60-05051feb9c4a (type: ports) to 1
Jul 27 04:13:11.571525 np0000005867 devstack@neutron-api.service[87744]: DEBUG neutron.pecan_wsgi.hooks.policy_enforcement [None req-0a96541f-223c-4aa1-9172-cfc38a0960e1 admin admin] Attributes excluded by policy engine: ['standard_attr_id'] {{(pid=87744) _exclude_attributes_by_policy /opt/stack/neutron/neutron/pecan_wsgi/hooks/policy_enforcement.py:259}}
Jul 27 04:13:11.571763 np0000005867 devstack@neutron-api.service[87744]: DEBUG neutron_lib.callbacks.manager [None req-0a96541f-223c-4aa1-9172-cfc38a0960e1 admin admin] Publish callbacks [] for network (None), before_response {{(pid=87744) _notify_loop /opt/stack/data/venv/lib/python3.12/site-packages/neutron_lib/callbacks/manager.py:184}}
Jul 27 04:13:11.581118 np0000005867 devstack@neutron-api.service[87745]: DEBUG neutron.plugins.ml2.plugin [None req-385f9a3b-4a54-4121-b5b6-0a571703d9f7 None None] Current status of the port 1fdb2520-c9b1-4085-bb60-05051feb9c4a is: DOWN; New status is: DOWN {{(pid=87745) _update_individual_port_db_status /opt/stack/neutron/neutron/plugins/ml2/plugin.py:2473}}
Jul 27 04:13:11.582331 np0000005867 devstack@neutron-api.service[87745]: DEBUG ovsdbapp.backend.ovs_idl.transaction [None req-61f2b2bb-d4c5-41fe-b6f7-d5baa77070e2 None None] Running txn n=1 command(idx=0): DbRemoveCommand(_result=None, table=Logical_Switch_Port, record=1fdb2520-c9b1-4085-bb60-05051feb9c4a, column=external_ids, values=('neutron:host_id',), keyvalues={}, if_exists=True) {{(pid=87745) do_commit /opt/stack/data/venv/lib/python3.12/site-packages/ovsdbapp/backend/ovs_idl/transaction.py:89}}
Jul 27 04:13:11.582557 np0000005867 devstack@neutron-api.service[87744]: [pid: 87744|app: 0|req: 12/37] 10.4.3.53 () {68 vars in 1319 bytes} [Mon Jul 27 04:13:11 2026] POST /networking/v2.0/networks => generated 679 bytes in 418 msecs (HTTP/1.1 201) 4 headers in 162 bytes (1 switches on core 0)
Jul 27 04:13:11.780243 np0000005867 devstack@neutron-api.service[87745]: INFO neutron.pecan_wsgi.hooks.translation [None req-62a4a48d-c969-430b-b93c-ec3e3c8a1d36 admin admin] GET failed (client error): The resource could not be found.
Jul 27 04:13:11.780832 np0000005867 devstack@neutron-api.service[87745]: [pid: 87745|app: 0|req: 14/38] 10.4.3.53 () {64 vars in 1287 bytes} [Mon Jul 27 04:13:11 2026] GET /networking/v2.0/networks/shared => generated 108 bytes in 7 msecs (HTTP/1.1 404) 4 headers in 164 bytes (1 switches on core 0)
Jul 27 04:13:11.808331 np0000005867 devstack@neutron-api.service[87746]: DEBUG neutron.pecan_wsgi.hooks.policy_enforcement [None req-58370054-4523-4c36-bedc-0351a05d8949 admin admin] Attributes excluded by policy engine: ['standard_attr_id'] {{(pid=87746) _exclude_attributes_by_policy /opt/stack/neutron/neutron/pecan_wsgi/hooks/policy_enforcement.py:259}}
Jul 27 04:13:11.809679 np0000005867 devstack@neutron-api.service[87746]: [pid: 87746|app: 0|req: 13/39] 10.4.3.53 () {64 vars in 1302 bytes} [Mon Jul 27 04:13:11 2026] GET /networking/v2.0/networks?name=shared => generated 663 bytes in 23 msecs (HTTP/1.1 200) 4 headers in 157 bytes (1 switches on core 0)
Jul 27 04:13:11.823396 np0000005867 devstack@neutron-api.service[87744]: DEBUG neutron.api.v2.base [None req-57fa601e-7bfb-405a-bf1f-b55390a71797 admin admin] Request body: {'subnet': {'ip_version': 4, 'network_id': '24d43080-85a4-441d-b72e-234d27da7cb6', 'description': 'shared-subnet', 'name': 'shared-subnet', 'cidr': '192.168.233.0/24'}} {{(pid=87744) prepare_request_body /opt/stack/neutron/neutron/api/v2/base.py:727}}
Jul 27 04:13:11.838280 np0000005867 devstack@neutron-api.service[87744]: DEBUG neutron.pecan_wsgi.hooks.quota_enforcement [None req-57fa601e-7bfb-405a-bf1f-b55390a71797 admin admin] Made reservation on behalf of fbc0c4ed7959422ab53dc336afe1ddcf for: {'subnet': 1} {{(pid=87744) before /opt/stack/neutron/neutron/pecan_wsgi/hooks/quota_enforcement.py:66}}
Jul 27 04:13:11.840647 np0000005867 devstack@neutron-api.service[87744]: DEBUG neutron_lib.callbacks.manager [None req-57fa601e-7bfb-405a-bf1f-b55390a71797 admin admin] Publish callbacks [] for subnet (None), before_create {{(pid=87744) _notify_loop /opt/stack/data/venv/lib/python3.12/site-packages/neutron_lib/callbacks/manager.py:184}}
Jul 27 04:13:11.888736 np0000005867 devstack@neutron-api.service[87744]: DEBUG neutron.db.ovn_revision_numbers_db [None req-57fa601e-7bfb-405a-bf1f-b55390a71797 admin admin] create_initial_revision uuid=cc567565-311b-43fc-80ae-3ad3285efffd, type=subnets, rev=-1 {{(pid=87744) create_initial_revision /opt/stack/neutron/neutron/db/ovn_revision_numbers_db.py:98}}
Jul 27 04:13:11.897576 np0000005867 devstack@neutron-api.service[87744]: DEBUG neutron_lib.callbacks.manager [None req-57fa601e-7bfb-405a-bf1f-b55390a71797 admin admin] Publish callbacks ['neutron.plugins.ml2.ovo_rpc._ObjectChangeHandler.handle_event-15741835'] for subnet (cc567565-311b-43fc-80ae-3ad3285efffd), after_create {{(pid=87744) _notify_loop /opt/stack/data/venv/lib/python3.12/site-packages/neutron_lib/callbacks/manager.py:184}}
Jul 27 04:13:11.910174 np0000005867 devstack@neutron-api.service[87744]: DEBUG neutron.api.rpc.handlers.resources_rpc [None req-57fa601e-7bfb-405a-bf1f-b55390a71797 admin admin] Pushing event updated for resources: {'Subnet': ['ID=cc567565-311b-43fc-80ae-3ad3285efffd,revision_number=0']} {{(pid=87744) push /opt/stack/neutron/neutron/api/rpc/handlers/resources_rpc.py:237}}
Jul 27 04:13:11.955046 np0000005867 devstack@neutron-api.service[87744]: DEBUG neutron_lib.callbacks.manager [None req-57fa601e-7bfb-405a-bf1f-b55390a71797 admin admin] Publish callbacks ['neutron.plugins.ml2.plugin.SecurityGroupDbMixin._ensure_default_security_group_handler-1156503', 'neutron.services.ovn_l3.plugin.OVNL3RouterPlugin._port_update-8225842010002', 'neutron.db.l3_db.L3_NAT_dbonly_mixin._prevent_internal_ip_change_for_fip-8225843878802'] for port (1fdb2520-c9b1-4085-bb60-05051feb9c4a), before_update {{(pid=87744) _notify_loop /opt/stack/data/venv/lib/python3.12/site-packages/neutron_lib/callbacks/manager.py:184}}
Jul 27 04:13:12.031622 np0000005867 devstack@neutron-api.service[87744]: DEBUG neutron.db.db_base_plugin_common [None req-57fa601e-7bfb-405a-bf1f-b55390a71797 admin admin] Allocated IP 192.168.233.2 (24d43080-85a4-441d-b72e-234d27da7cb6/cc567565-311b-43fc-80ae-3ad3285efffd/1fdb2520-c9b1-4085-bb60-05051feb9c4a) {{(pid=87744) _store_ip_allocation /opt/stack/neutron/neutron/db/db_base_plugin_common.py:131}}
Jul 27 04:13:12.091230 np0000005867 devstack@neutron-api.service[87744]: DEBUG neutron_lib.callbacks.manager [None req-57fa601e-7bfb-405a-bf1f-b55390a71797 admin admin] Publish callbacks [] for port (1fdb2520-c9b1-4085-bb60-05051feb9c4a), precommit_update {{(pid=87744) _notify_loop /opt/stack/data/venv/lib/python3.12/site-packages/neutron_lib/callbacks/manager.py:184}}
Jul 27 04:13:12.091393 np0000005867 devstack@neutron-api.service[87744]: DEBUG neutron.plugins.ml2.drivers.ovn.mech_driver.mech_driver [None req-57fa601e-7bfb-405a-bf1f-b55390a71797 admin admin] No provisioning block for port 1fdb2520-c9b1-4085-bb60-05051feb9c4a since it does not have a host {{(pid=87744) _is_port_provisioning_required /opt/stack/neutron/neutron/plugins/ml2/drivers/ovn/mech_driver/mech_driver.py:899}}
Jul 27 04:13:12.106890 np0000005867 devstack@neutron-api.service[87744]: DEBUG neutron_lib.callbacks.manager [None req-57fa601e-7bfb-405a-bf1f-b55390a71797 admin admin] Publish callbacks ['neutron.plugins.ml2.ovo_rpc._ObjectChangeHandler.handle_event-15741828', 'neutron.services.ovn_l3.plugin.OVNL3RouterPlugin._port_update-8225842010002'] for port (1fdb2520-c9b1-4085-bb60-05051feb9c4a), after_update {{(pid=87744) _notify_loop /opt/stack/data/venv/lib/python3.12/site-packages/neutron_lib/callbacks/manager.py:184}}
Jul 27 04:13:12.135755 np0000005867 devstack@neutron-api.service[87744]: DEBUG neutron.api.rpc.handlers.resources_rpc [None req-57fa601e-7bfb-405a-bf1f-b55390a71797 admin admin] Pushing event updated for resources: {'Port': ['ID=1fdb2520-c9b1-4085-bb60-05051feb9c4a,revision_number=2']} {{(pid=87744) push /opt/stack/neutron/neutron/api/rpc/handlers/resources_rpc.py:237}}
Jul 27 04:13:12.234055 np0000005867 devstack@neutron-api.service[87744]: DEBUG neutron.plugins.ml2.drivers.ovn.mech_driver.ovsdb.commands [None req-57fa601e-7bfb-405a-bf1f-b55390a71797 admin admin] Converting tag [] to a tag_request {{(pid=87744) _tag_column_to_tag_request /opt/stack/neutron/neutron/plugins/ml2/drivers/ovn/mech_driver/ovsdb/commands.py:205}}
Jul 27 04:13:12.235136 np0000005867 devstack@neutron-api.service[87744]: DEBUG ovsdbapp.backend.ovs_idl.transaction [None req-a77d42ea-aab1-4b35-bd5c-c98442188825 None None] Running txn n=1 command(idx=0): CheckRevisionNumberCommand(_result=None, name=1fdb2520-c9b1-4085-bb60-05051feb9c4a, resource={'id': '1fdb2520-c9b1-4085-bb60-05051feb9c4a', 'name': '', 'network_id': '24d43080-85a4-441d-b72e-234d27da7cb6', 'project_id': 'fbc0c4ed7959422ab53dc336afe1ddcf', 'mac_address': 'fa:16:3e:a9:e3:49', 'admin_state_up': True, 'status': 'DOWN', 'device_id': 'ovnmeta-24d43080-85a4-441d-b72e-234d27da7cb6', 'device_owner': 'network:distributed', 'standard_attr_id': 28, 'fixed_ips': [{'subnet_id': 'cc567565-311b-43fc-80ae-3ad3285efffd', 'ip_address': '192.168.233.2'}], 'allowed_address_pairs': [], 'extra_dhcp_opts': [], 'security_groups': [], 'description': '', 'binding:vnic_type': 'normal', 'binding:profile': {}, 'binding:host_id': '', 'binding:vif_type': 'unbound', 'binding:vif_details': {}, 'port_security_enabled': False, 'tags': [], 'created_at': '2026-07-27T04:13:11Z', 'updated_at': '2026-07-27T04:13:12Z', 'revision_number': 2, 'tenant_id': 'fbc0c4ed7959422ab53dc336afe1ddcf', 'network': {'id': '24d43080-85a4-441d-b72e-234d27da7cb6', 'name': 'shared', 'tenant_id': 'fbc0c4ed7959422ab53dc336afe1ddcf', 'project_id': 'fbc0c4ed7959422ab53dc336afe1ddcf', 'admin_state_up': True, 'mtu': 1372, 'status': 'ACTIVE', 'subnets': ['cc567565-311b-43fc-80ae-3ad3285efffd'], 'standard_attr_id': 26, 'shared': True, 'availability_zone_hints': [], 'availability_zones': [], 'ipv4_address_scope': None, 'ipv6_address_scope': None, 'router:external': False, 'qinq': False, 'vlan_transparent': False, 'description': '', 'port_security_enabled': True, 'tags': [], 'created_at': '2026-07-27T04:13:11Z', 'updated_at': '2026-07-27T04:13:11Z', 'revision_number': 2, 'provider:network_type': 'geneve', 'provider:physical_network': None, 'provider:segmentation_id': 39566}}, resource_type=ports, if_exists=True) {{(pid=87744) do_commit /opt/stack/data/venv/lib/python3.12/site-packages/ovsdbapp/backend/ovs_idl/transaction.py:89}}
Jul 27 04:13:12.235631 np0000005867 devstack@neutron-api.service[87744]: DEBUG ovsdbapp.backend.ovs_idl.transaction [None req-a77d42ea-aab1-4b35-bd5c-c98442188825 None None] Running txn n=1 command(idx=1): AddDHCPOptionsCommand(_result=None, columns={'cidr': '192.168.233.0/24', 'options': {'server_id': '192.168.233.1', 'lease_time': '43200', 'mtu': '1372', 'router': '192.168.233.1', 'server_mac': 'fa:16:3e:ff:09:eb', 'dns_server': '{127.0.0.53}', 'classless_static_route': '{169.254.169.254/32,192.168.233.2, 0.0.0.0/0,192.168.233.1}'}, 'external_ids': {'subnet_id': 'cc567565-311b-43fc-80ae-3ad3285efffd', 'neutron:network_id': '24d43080-85a4-441d-b72e-234d27da7cb6', 'neutron:revision_number': '0'}}, may_exist=True, subnet_id=cc567565-311b-43fc-80ae-3ad3285efffd, port_id=None, new_insert=False) {{(pid=87744) do_commit /opt/stack/data/venv/lib/python3.12/site-packages/ovsdbapp/backend/ovs_idl/transaction.py:89}}
Jul 27 04:13:12.236059 np0000005867 devstack@neutron-api.service[87744]: DEBUG ovsdbapp.backend.ovs_idl.transaction [None req-a77d42ea-aab1-4b35-bd5c-c98442188825 None None] Running txn n=1 command(idx=2): SetLSwitchPortCommand(_result=None, lport=1fdb2520-c9b1-4085-bb60-05051feb9c4a, external_ids_update=None, columns={'external_ids': {'neutron:port_name': '', 'neutron:device_id': 'ovnmeta-24d43080-85a4-441d-b72e-234d27da7cb6', 'neutron:project_id': 'fbc0c4ed7959422ab53dc336afe1ddcf', 'neutron:cidrs': '192.168.233.2/24', 'neutron:device_owner': 'network:distributed', 'neutron:subnet_pool_addr_scope4': '', 'neutron:subnet_pool_addr_scope6': '', 'neutron:network_name': 'neutron-24d43080-85a4-441d-b72e-234d27da7cb6', 'neutron:security_group_ids': '', 'neutron:revision_number': '2', 'neutron:vnic_type': 'normal', 'neutron:port_capabilities': '', 'neutron:mtu': '1372'}, 'parent_name': [], 'options': {}, 'enabled': True, 'port_security': [], 'dhcpv4_options': [], 'dhcpv6_options': [], 'type': 'localport', 'addresses': ['fa:16:3e:a9:e3:49 192.168.233.2'], 'ha_chassis_group': [], 'tag_request': []}, if_exists=False) {{(pid=87744) do_commit /opt/stack/data/venv/lib/python3.12/site-packages/ovsdbapp/backend/ovs_idl/transaction.py:89}}
Jul 27 04:13:12.236863 np0000005867 devstack@neutron-api.service[87744]: DEBUG ovsdbapp.backend.ovs_idl.transaction [None req-a77d42ea-aab1-4b35-bd5c-c98442188825 None None] Running txn n=1 command(idx=3): PgDelPortCommand(_result=None, port_group=neutron_pg_drop, lsp=['1fdb2520-c9b1-4085-bb60-05051feb9c4a'], if_exists=False) {{(pid=87744) do_commit /opt/stack/data/venv/lib/python3.12/site-packages/ovsdbapp/backend/ovs_idl/transaction.py:89}}
Jul 27 04:13:12.241280 np0000005867 devstack@neutron-api.service[87745]: DEBUG neutron.plugins.ml2.drivers.ovn.mech_driver.ovsdb.ovsdb_monitor [None req-61f2b2bb-d4c5-41fe-b6f7-d5baa77070e2 None None] Hash Ring: Node 75101ba45ec15c419e73d720e2c666da (host: np0000005867) handling event "update" for row e5a8c412-89b9-4c97-b1f0-87665f0054af (table: Logical_Switch_Port) {{(pid=87745) notify /opt/stack/neutron/neutron/plugins/ml2/drivers/ovn/mech_driver/ovsdb/ovsdb_monitor.py:1013}}
Jul 27 04:13:12.244318 np0000005867 devstack@neutron-api.service[87746]: DEBUG neutron.plugins.ml2.drivers.ovn.mech_driver.ovsdb.ovsdb_monitor [None req-569994b0-2948-40e0-b619-cdd417f42177 None None] Hash Ring: Node 9566599b099b566986de040b3a3f552d (host: np0000005867) handling event "create" for row af447787-2eb0-472c-875c-782db8de8b29 (table: DHCP_Options) {{(pid=87746) notify /opt/stack/neutron/neutron/plugins/ml2/drivers/ovn/mech_driver/ovsdb/ovsdb_monitor.py:1013}}
Jul 27 04:13:12.245297 np0000005867 devstack@neutron-api.service[87744]: DEBUG neutron.plugins.ml2.drivers.ovn.mech_driver.ovsdb.ovsdb_monitor [None req-239341f4-e9ed-4b49-a212-abfe3bb750c8 None None] Hash Ring: Node b3a0ee80541d5bbfbe537f07aa0017e3 (host: np0000005867) handling event "update" for row 05484042-1cbc-4909-8bd8-f9aa8a40369e (table: Port_Binding) {{(pid=87744) notify /opt/stack/neutron/neutron/plugins/ml2/drivers/ovn/mech_driver/ovsdb/ovsdb_monitor.py:1013}}
Jul 27 04:13:12.271711 np0000005867 devstack@neutron-api.service[87744]: INFO neutron.db.ovn_revision_numbers_db [None req-57fa601e-7bfb-405a-bf1f-b55390a71797 admin admin] Successfully bumped revision number for resource 1fdb2520-c9b1-4085-bb60-05051feb9c4a (type: ports) to 2
Jul 27 04:13:12.279434 np0000005867 devstack@neutron-api.service[87744]: DEBUG neutron.plugins.ml2.plugin [None req-57fa601e-7bfb-405a-bf1f-b55390a71797 admin admin] In _notify_port_updated(), no bound segment for port 1fdb2520-c9b1-4085-bb60-05051feb9c4a on network 24d43080-85a4-441d-b72e-234d27da7cb6 {{(pid=87744) _notify_port_updated /opt/stack/neutron/neutron/plugins/ml2/plugin.py:1041}}
Jul 27 04:13:12.301473 np0000005867 devstack@neutron-api.service[87744]: INFO neutron.db.ovn_revision_numbers_db [None req-57fa601e-7bfb-405a-bf1f-b55390a71797 admin admin] Successfully bumped revision number for resource cc567565-311b-43fc-80ae-3ad3285efffd (type: subnets) to 0
Jul 27 04:13:12.302504 np0000005867 devstack@neutron-api.service[87744]: DEBUG neutron.pecan_wsgi.hooks.policy_enforcement [None req-57fa601e-7bfb-405a-bf1f-b55390a71797 admin admin] Attributes excluded by policy engine: ['standard_attr_id', 'shared', 'network'] {{(pid=87744) _exclude_attributes_by_policy /opt/stack/neutron/neutron/pecan_wsgi/hooks/policy_enforcement.py:259}}
Jul 27 04:13:12.302829 np0000005867 devstack@neutron-api.service[87744]: DEBUG neutron_lib.callbacks.manager [None req-57fa601e-7bfb-405a-bf1f-b55390a71797 admin admin] Publish callbacks [] for subnet (None), before_response {{(pid=87744) _notify_loop /opt/stack/data/venv/lib/python3.12/site-packages/neutron_lib/callbacks/manager.py:184}}
Jul 27 04:13:12.322047 np0000005867 devstack@neutron-api.service[87744]: [pid: 87744|app: 0|req: 13/40] 10.4.3.53 () {68 vars in 1317 bytes} [Mon Jul 27 04:13:11 2026] POST /networking/v2.0/subnets => generated 665 bytes in 501 msecs (HTTP/1.1 201) 4 headers in 162 bytes (1 switches on core 0)
Jul 27 04:13:16.320586 np0000005867 devstack@neutron-api.service[87745]: DEBUG ovsdbapp.backend.ovs_idl.event [None req-617a589e-a787-46e8-af53-aa090b5d9424 None None] Matched UPDATE: ChassisOVNAgentWriteEvent(events=('create', 'update'), table='Chassis_Private', conditions=None, old_conditions=None), priority=20 to row=Chassis_Private(uuid=30427a16-9b19-4c2b-81c5-defd2b6f931e, chassis=beed1d43-c416-40bd-b235-e72d133ffff0, external_ids={'neutron:ovn-bridge': 'br-int', 'neutron:ovn-neutron-agent-id': '5875070e-e8b5-5e52-86d7-64a9406673a5', 'neutron:ovn-neutron-agent-sb-cfg': '2'}, name='cf9c2e29-663e-41d1-95c2-997fddc87a25', nb_cfg=2, nb_cfg_timestamp=1785125591313) old=Chassis_Private(uuid=30427a16-9b19-4c2b-81c5-defd2b6f931e, external_ids={'neutron:ovn-bridge': 'br-int', 'neutron:ovn-neutron-agent-id': '5875070e-e8b5-5e52-86d7-64a9406673a5', 'neutron:ovn-neutron-agent-sb-cfg': '1'}) {{(pid=87745) matches /opt/stack/data/venv/lib/python3.12/site-packages/ovsdbapp/backend/ovs_idl/event.py:55}}
Jul 27 04:13:16.321255 np0000005867 devstack@neutron-api.service[87745]: DEBUG neutron.plugins.ml2.drivers.ovn.mech_driver.ovsdb.ovsdb_monitor [None req-617a589e-a787-46e8-af53-aa090b5d9424 None None] Hash Ring: Node 75101ba45ec15c419e73d720e2c666da (host: np0000005867) handling event "update" for row 30427a16-9b19-4c2b-81c5-defd2b6f931e (table: Chassis_Private) {{(pid=87745) notify /opt/stack/neutron/neutron/plugins/ml2/drivers/ovn/mech_driver/ovsdb/ovsdb_monitor.py:1013}}
Jul 27 04:13:16.321822 np0000005867 devstack@neutron-api.service[87744]: DEBUG ovsdbapp.backend.ovs_idl.event [None req-239341f4-e9ed-4b49-a212-abfe3bb750c8 None None] Matched UPDATE: ChassisOVNAgentWriteEvent(events=('create', 'update'), table='Chassis_Private', conditions=None, old_conditions=None), priority=20 to row=Chassis_Private(uuid=30427a16-9b19-4c2b-81c5-defd2b6f931e, chassis=beed1d43-c416-40bd-b235-e72d133ffff0, external_ids={'neutron:ovn-bridge': 'br-int', 'neutron:ovn-neutron-agent-id': '5875070e-e8b5-5e52-86d7-64a9406673a5', 'neutron:ovn-neutron-agent-sb-cfg': '2'}, name='cf9c2e29-663e-41d1-95c2-997fddc87a25', nb_cfg=2, nb_cfg_timestamp=1785125591313) old=Chassis_Private(uuid=30427a16-9b19-4c2b-81c5-defd2b6f931e, external_ids={'neutron:ovn-bridge': 'br-int', 'neutron:ovn-neutron-agent-id': '5875070e-e8b5-5e52-86d7-64a9406673a5', 'neutron:ovn-neutron-agent-sb-cfg': '1'}) {{(pid=87744) matches /opt/stack/data/venv/lib/python3.12/site-packages/ovsdbapp/backend/ovs_idl/event.py:55}}
Jul 27 04:13:16.322634 np0000005867 devstack@neutron-api.service[87746]: DEBUG ovsdbapp.backend.ovs_idl.event [None req-8882bdd5-ad0d-495c-864b-bd98ab22fafd None None] Matched UPDATE: ChassisOVNAgentWriteEvent(events=('create', 'update'), table='Chassis_Private', conditions=None, old_conditions=None), priority=20 to row=Chassis_Private(uuid=30427a16-9b19-4c2b-81c5-defd2b6f931e, chassis=beed1d43-c416-40bd-b235-e72d133ffff0, external_ids={'neutron:ovn-bridge': 'br-int', 'neutron:ovn-neutron-agent-id': '5875070e-e8b5-5e52-86d7-64a9406673a5', 'neutron:ovn-neutron-agent-sb-cfg': '2'}, name='cf9c2e29-663e-41d1-95c2-997fddc87a25', nb_cfg=2, nb_cfg_timestamp=1785125591313) old=Chassis_Private(uuid=30427a16-9b19-4c2b-81c5-defd2b6f931e, external_ids={'neutron:ovn-bridge': 'br-int', 'neutron:ovn-neutron-agent-id': '5875070e-e8b5-5e52-86d7-64a9406673a5', 'neutron:ovn-neutron-agent-sb-cfg': '1'}) {{(pid=87746) matches /opt/stack/data/venv/lib/python3.12/site-packages/ovsdbapp/backend/ovs_idl/event.py:55}}
Jul 27 04:13:18.995518 np0000005867 devstack@neutron-api.service[87745]: DEBUG futurist.periodics [-] Submitting periodic callback 'neutron.plugins.ml2.drivers.ovn.mech_driver.ovsdb.maintenance.HashRingHealthCheckPeriodics.touch_hash_ring_node' {{(pid=87745) _process_scheduled /opt/stack/data/venv/lib/python3.12/site-packages/futurist/periodics.py:784}}
