Jul 08 16:37:52.868051 np0000004829 devstack@placement-api.service[89843]: INFO placement.requestlog [req-6d86c09b-dd47-4771-afd9-43d94d513401 req-a9d7d020-6d1b-4a67-a351-a0fe6105069e service nova] 10.4.3.143 "GET /placement/allocations/a30e20a2-fd30-4b8b-9a0f-f6d1a9753e1c" status: 200 len: 258 microversion: 1.28
Jul 08 16:37:52.868051 np0000004829 devstack@placement-api.service[89843]: [pid: 89843|app: 0|req: 426/1276] 10.4.3.143 () {68 vars in 1499 bytes} [Wed Jul 8 16:37:52 2026] GET /placement/allocations/a30e20a2-fd30-4b8b-9a0f-f6d1a9753e1c => generated 258 bytes in 13 msecs (HTTP/1.1 200) 8 headers in 296 bytes (1 switches on core 0)
Jul 08 16:37:52.902661 np0000004829 devstack@placement-api.service[89844]: DEBUG placement.requestlog [req-6d86c09b-dd47-4771-afd9-43d94d513401 req-63d8ffd0-43f8-432c-94ef-1c392e4ef6dc None None] Starting request: 10.4.3.143 "GET /placement/allocations/167f2792-217d-4dbc-991f-85d6b79e1db1" {{(pid=89844) __call__ /opt/stack/placement/placement/requestlog.py:55}}
Jul 08 16:37:52.910523 np0000004829 devstack@placement-api.service[89844]: INFO placement.requestlog [req-6d86c09b-dd47-4771-afd9-43d94d513401 req-63d8ffd0-43f8-432c-94ef-1c392e4ef6dc service nova] 10.4.3.143 "GET /placement/allocations/167f2792-217d-4dbc-991f-85d6b79e1db1" status: 200 len: 244 microversion: 1.28
Jul 08 16:37:52.910770 np0000004829 devstack@placement-api.service[89844]: [pid: 89844|app: 0|req: 427/1277] 10.4.3.143 () {68 vars in 1499 bytes} [Wed Jul 8 16:37:52 2026] GET /placement/allocations/167f2792-217d-4dbc-991f-85d6b79e1db1 => generated 244 bytes in 8 msecs (HTTP/1.1 200) 8 headers in 296 bytes (1 switches on core 0)
Jul 08 16:37:53.989399 np0000004829 devstack@placement-api.service[89842]: DEBUG placement.requestlog [req-6d86c09b-dd47-4771-afd9-43d94d513401 req-643b36eb-7704-434e-be3f-614bfeac63b0 None None] Starting request: 10.4.3.143 "DELETE /placement/allocations/301fd49b-a212-4f18-9842-cfcfe4c819e3" {{(pid=89842) __call__ /opt/stack/placement/placement/requestlog.py:55}}
Jul 08 16:37:54.006735 np0000004829 devstack@placement-api.service[89843]: DEBUG placement.requestlog [req-ddd4631d-04fd-45e8-b75d-346f14ce2b4e req-49059297-0582-4217-bbd1-e056ce5da0f7 None None] Starting request: 10.4.3.143 "GET /placement/resource_providers/dc3630d9-02d5-4532-b3b1-47fcae67ad25/allocations" {{(pid=89843) __call__ /opt/stack/placement/placement/requestlog.py:55}}
Jul 08 16:37:54.012920 np0000004829 devstack@placement-api.service[89842]: DEBUG placement.handlers.allocation [req-6d86c09b-dd47-4771-afd9-43d94d513401 req-643b36eb-7704-434e-be3f-614bfeac63b0 service nova] Successfully deleted allocations [, , ] {{(pid=89842) delete_allocations /opt/stack/placement/placement/handlers/allocation.py:627}}
Jul 08 16:37:54.013202 np0000004829 devstack@placement-api.service[89842]: INFO placement.requestlog [req-6d86c09b-dd47-4771-afd9-43d94d513401 req-643b36eb-7704-434e-be3f-614bfeac63b0 service nova] 10.4.3.143 "DELETE /placement/allocations/301fd49b-a212-4f18-9842-cfcfe4c819e3" status: 204 len: 0 microversion: 1.0
Jul 08 16:37:54.013552 np0000004829 devstack@placement-api.service[89842]: [pid: 89842|app: 0|req: 425/1278] 10.4.3.143 () {68 vars in 1477 bytes} [Wed Jul 8 16:37:53 2026] DELETE /placement/allocations/301fd49b-a212-4f18-9842-cfcfe4c819e3 => generated 0 bytes in 24 msecs (HTTP/1.1 204) 5 headers in 198 bytes (1 switches on core 0)
Jul 08 16:37:54.040155 np0000004829 devstack@placement-api.service[89843]: INFO placement.requestlog [req-ddd4631d-04fd-45e8-b75d-346f14ce2b4e req-49059297-0582-4217-bbd1-e056ce5da0f7 service nova] 10.4.3.143 "GET /placement/resource_providers/dc3630d9-02d5-4532-b3b1-47fcae67ad25/allocations" status: 200 len: 711 microversion: 1.0
Jul 08 16:37:54.040475 np0000004829 devstack@placement-api.service[89843]: [pid: 89843|app: 0|req: 427/1279] 10.4.3.143 () {66 vars in 1512 bytes} [Wed Jul 8 16:37:54 2026] GET /placement/resource_providers/dc3630d9-02d5-4532-b3b1-47fcae67ad25/allocations => generated 711 bytes in 34 msecs (HTTP/1.1 200) 6 headers in 224 bytes (1 switches on core 0)
Jul 08 16:37:54.071511 np0000004829 devstack@placement-api.service[89844]: DEBUG placement.requestlog [req-ddd4631d-04fd-45e8-b75d-346f14ce2b4e req-ac52910b-e8e5-475d-9e6a-a3122f239a50 None None] Starting request: 10.4.3.143 "GET /placement/allocations/9fa9ed5c-fed4-418b-8b04-b15319c58e4d" {{(pid=89844) __call__ /opt/stack/placement/placement/requestlog.py:55}}
Jul 08 16:37:54.088398 np0000004829 devstack@placement-api.service[89844]: INFO placement.requestlog [req-ddd4631d-04fd-45e8-b75d-346f14ce2b4e req-ac52910b-e8e5-475d-9e6a-a3122f239a50 service nova] 10.4.3.143 "GET /placement/allocations/9fa9ed5c-fed4-418b-8b04-b15319c58e4d" status: 200 len: 244 microversion: 1.28
Jul 08 16:37:54.088646 np0000004829 devstack@placement-api.service[89844]: [pid: 89844|app: 0|req: 428/1280] 10.4.3.143 () {68 vars in 1499 bytes} [Wed Jul 8 16:37:54 2026] GET /placement/allocations/9fa9ed5c-fed4-418b-8b04-b15319c58e4d => generated 244 bytes in 17 msecs (HTTP/1.1 200) 8 headers in 296 bytes (1 switches on core 0)
Jul 08 16:37:54.133607 np0000004829 devstack@placement-api.service[89842]: DEBUG placement.requestlog [req-ddd4631d-04fd-45e8-b75d-346f14ce2b4e req-07c88aa6-c625-4709-ae37-07e70d7c5e80 None None] Starting request: 10.4.3.143 "GET /placement/allocations/d01b8cc8-2bf2-411d-9d00-f311dcf98c02" {{(pid=89842) __call__ /opt/stack/placement/placement/requestlog.py:55}}
Jul 08 16:37:54.144594 np0000004829 devstack@placement-api.service[89842]: INFO placement.requestlog [req-ddd4631d-04fd-45e8-b75d-346f14ce2b4e req-07c88aa6-c625-4709-ae37-07e70d7c5e80 service nova] 10.4.3.143 "GET /placement/allocations/d01b8cc8-2bf2-411d-9d00-f311dcf98c02" status: 200 len: 258 microversion: 1.28
Jul 08 16:37:54.144930 np0000004829 devstack@placement-api.service[89842]: [pid: 89842|app: 0|req: 426/1281] 10.4.3.143 () {68 vars in 1499 bytes} [Wed Jul 8 16:37:54 2026] GET /placement/allocations/d01b8cc8-2bf2-411d-9d00-f311dcf98c02 => generated 258 bytes in 11 msecs (HTTP/1.1 200) 8 headers in 296 bytes (1 switches on core 0)
Jul 08 16:37:54.174991 np0000004829 devstack@placement-api.service[89843]: DEBUG placement.requestlog [req-ddd4631d-04fd-45e8-b75d-346f14ce2b4e req-98a04157-0fb1-43ed-a27c-4efa58195a7f None None] Starting request: 10.4.3.143 "GET /placement/allocations/a4664603-e7da-491a-9ddc-34456f14a7aa" {{(pid=89843) __call__ /opt/stack/placement/placement/requestlog.py:55}}
Jul 08 16:37:54.181934 np0000004829 devstack@placement-api.service[89843]: INFO placement.requestlog [req-ddd4631d-04fd-45e8-b75d-346f14ce2b4e req-98a04157-0fb1-43ed-a27c-4efa58195a7f service nova] 10.4.3.143 "GET /placement/allocations/a4664603-e7da-491a-9ddc-34456f14a7aa" status: 200 len: 258 microversion: 1.28
Jul 08 16:37:54.182283 np0000004829 devstack@placement-api.service[89843]: [pid: 89843|app: 0|req: 428/1282] 10.4.3.143 () {68 vars in 1499 bytes} [Wed Jul 8 16:37:54 2026] GET /placement/allocations/a4664603-e7da-491a-9ddc-34456f14a7aa => generated 258 bytes in 7 msecs (HTTP/1.1 200) 8 headers in 296 bytes (1 switches on core 0)
Jul 08 16:37:54.216637 np0000004829 devstack@placement-api.service[89844]: DEBUG placement.requestlog [req-ddd4631d-04fd-45e8-b75d-346f14ce2b4e req-f7a432a2-2a09-4732-8d57-57b9a7b43dd3 None None] Starting request: 10.4.3.143 "GET /placement/allocations/a30e20a2-fd30-4b8b-9a0f-f6d1a9753e1c" {{(pid=89844) __call__ /opt/stack/placement/placement/requestlog.py:55}}
Jul 08 16:37:54.224235 np0000004829 devstack@placement-api.service[89844]: INFO placement.requestlog [req-ddd4631d-04fd-45e8-b75d-346f14ce2b4e req-f7a432a2-2a09-4732-8d57-57b9a7b43dd3 service nova] 10.4.3.143 "GET /placement/allocations/a30e20a2-fd30-4b8b-9a0f-f6d1a9753e1c" status: 200 len: 258 microversion: 1.28
Jul 08 16:37:54.224564 np0000004829 devstack@placement-api.service[89844]: [pid: 89844|app: 0|req: 429/1283] 10.4.3.143 () {68 vars in 1499 bytes} [Wed Jul 8 16:37:54 2026] GET /placement/allocations/a30e20a2-fd30-4b8b-9a0f-f6d1a9753e1c => generated 258 bytes in 8 msecs (HTTP/1.1 200) 8 headers in 296 bytes (1 switches on core 0)
Jul 08 16:37:54.251968 np0000004829 devstack@placement-api.service[89842]: DEBUG placement.requestlog [req-ddd4631d-04fd-45e8-b75d-346f14ce2b4e req-3063b48c-36ff-4401-bec9-4ada10c38802 None None] Starting request: 10.4.3.143 "GET /placement/allocations/409a9755-ba05-4794-9290-a6573ccb6399" {{(pid=89842) __call__ /opt/stack/placement/placement/requestlog.py:55}}
Jul 08 16:37:54.259191 np0000004829 devstack@placement-api.service[89842]: INFO placement.requestlog [req-ddd4631d-04fd-45e8-b75d-346f14ce2b4e req-3063b48c-36ff-4401-bec9-4ada10c38802 service nova] 10.4.3.143 "GET /placement/allocations/409a9755-ba05-4794-9290-a6573ccb6399" status: 200 len: 258 microversion: 1.28
Jul 08 16:37:54.259513 np0000004829 devstack@placement-api.service[89842]: [pid: 89842|app: 0|req: 427/1284] 10.4.3.143 () {68 vars in 1499 bytes} [Wed Jul 8 16:37:54 2026] GET /placement/allocations/409a9755-ba05-4794-9290-a6573ccb6399 => generated 258 bytes in 7 msecs (HTTP/1.1 200) 8 headers in 296 bytes (1 switches on core 0)
Jul 08 16:37:54.304142 np0000004829 devstack@placement-api.service[89843]: DEBUG placement.requestlog [req-ddd4631d-04fd-45e8-b75d-346f14ce2b4e req-c539b8c2-74bb-4b8c-82e3-b1edbb1e90d1 None None] Starting request: 10.4.3.143 "GET /placement/allocations/d5563bb4-2a9d-497d-851f-f70bec6cc92c" {{(pid=89843) __call__ /opt/stack/placement/placement/requestlog.py:55}}
Jul 08 16:37:54.312179 np0000004829 devstack@placement-api.service[89843]: INFO placement.requestlog [req-ddd4631d-04fd-45e8-b75d-346f14ce2b4e req-c539b8c2-74bb-4b8c-82e3-b1edbb1e90d1 service nova] 10.4.3.143 "GET /placement/allocations/d5563bb4-2a9d-497d-851f-f70bec6cc92c" status: 200 len: 244 microversion: 1.28
Jul 08 16:37:54.312378 np0000004829 devstack@placement-api.service[89843]: [pid: 89843|app: 0|req: 429/1285] 10.4.3.143 () {68 vars in 1499 bytes} [Wed Jul 8 16:37:54 2026] GET /placement/allocations/d5563bb4-2a9d-497d-851f-f70bec6cc92c => generated 244 bytes in 8 msecs (HTTP/1.1 200) 8 headers in 296 bytes (1 switches on core 0)
Jul 08 16:37:54.348378 np0000004829 devstack@placement-api.service[89844]: DEBUG placement.requestlog [req-ddd4631d-04fd-45e8-b75d-346f14ce2b4e req-6c9705a5-bb0e-4a0b-879b-3775337f1b0b None None] Starting request: 10.4.3.143 "GET /placement/allocations/167f2792-217d-4dbc-991f-85d6b79e1db1" {{(pid=89844) __call__ /opt/stack/placement/placement/requestlog.py:55}}
Jul 08 16:37:54.369364 np0000004829 devstack@placement-api.service[89844]: INFO placement.requestlog [req-ddd4631d-04fd-45e8-b75d-346f14ce2b4e req-6c9705a5-bb0e-4a0b-879b-3775337f1b0b service nova] 10.4.3.143 "GET /placement/allocations/167f2792-217d-4dbc-991f-85d6b79e1db1" status: 200 len: 244 microversion: 1.28
Jul 08 16:37:54.369670 np0000004829 devstack@placement-api.service[89844]: [pid: 89844|app: 0|req: 430/1286] 10.4.3.143 () {68 vars in 1499 bytes} [Wed Jul 8 16:37:54 2026] GET /placement/allocations/167f2792-217d-4dbc-991f-85d6b79e1db1 => generated 244 bytes in 21 msecs (HTTP/1.1 200) 8 headers in 296 bytes (1 switches on core 0)
Jul 08 16:37:54.766364 np0000004829 devstack@placement-api.service[89842]: DEBUG placement.requestlog [req-6a286ed6-5ab1-4050-9b13-0034703bdd6c req-a648f2ff-b294-464e-b441-a28703d815f0 None None] Starting request: 10.4.3.143 "GET /placement/allocation_candidates?limit=1000&resources=DISK_GB%3A1%2CMEMORY_MB%3A192%2CVCPU%3A1&root_required=%21COMPUTE_STATUS_DISABLED" {{(pid=89842) __call__ /opt/stack/placement/placement/requestlog.py:55}}
Jul 08 16:37:54.777672 np0000004829 devstack@placement-api.service[89843]: DEBUG placement.requestlog [req-7346e770-c480-496b-b4e3-306ae618b9c4 req-c690edcb-de64-4756-8ed9-6d676883893d None None] Starting request: 10.4.3.143 "GET /placement/allocation_candidates?limit=1000&resources=DISK_GB%3A1%2CMEMORY_MB%3A192%2CVCPU%3A1&root_required=%21COMPUTE_STATUS_DISABLED" {{(pid=89843) __call__ /opt/stack/placement/placement/requestlog.py:55}}
Jul 08 16:37:54.795695 np0000004829 devstack@placement-api.service[89842]: DEBUG placement.objects.research_context [req-6a286ed6-5ab1-4050-9b13-0034703bdd6c req-a648f2ff-b294-464e-b441-a28703d815f0 service nova] getting providers with 1 DISK_GB {{(pid=89842) __init__ /opt/stack/placement/placement/objects/research_context.py:137}}
Jul 08 16:37:54.796126 np0000004829 devstack@placement-api.service[89843]: DEBUG placement.objects.research_context [req-7346e770-c480-496b-b4e3-306ae618b9c4 req-c690edcb-de64-4756-8ed9-6d676883893d service nova] getting providers with 1 DISK_GB {{(pid=89843) __init__ /opt/stack/placement/placement/objects/research_context.py:137}}
Jul 08 16:37:54.799107 np0000004829 devstack@placement-api.service[89842]: DEBUG placement.objects.research_context [req-6a286ed6-5ab1-4050-9b13-0034703bdd6c req-a648f2ff-b294-464e-b441-a28703d815f0 service nova] getting providers with 192 MEMORY_MB {{(pid=89842) __init__ /opt/stack/placement/placement/objects/research_context.py:137}}
Jul 08 16:37:54.799266 np0000004829 devstack@placement-api.service[89843]: DEBUG placement.objects.research_context [req-7346e770-c480-496b-b4e3-306ae618b9c4 req-c690edcb-de64-4756-8ed9-6d676883893d service nova] getting providers with 192 MEMORY_MB {{(pid=89843) __init__ /opt/stack/placement/placement/objects/research_context.py:137}}
Jul 08 16:37:54.802120 np0000004829 devstack@placement-api.service[89842]: DEBUG placement.objects.research_context [req-6a286ed6-5ab1-4050-9b13-0034703bdd6c req-a648f2ff-b294-464e-b441-a28703d815f0 service nova] getting providers with 1 VCPU {{(pid=89842) __init__ /opt/stack/placement/placement/objects/research_context.py:137}}
Jul 08 16:37:54.803329 np0000004829 devstack@placement-api.service[89843]: DEBUG placement.objects.research_context [req-7346e770-c480-496b-b4e3-306ae618b9c4 req-c690edcb-de64-4756-8ed9-6d676883893d service nova] getting providers with 1 VCPU {{(pid=89843) __init__ /opt/stack/placement/placement/objects/research_context.py:137}}
Jul 08 16:37:54.805511 np0000004829 devstack@placement-api.service[89842]: DEBUG placement.objects.research_context [req-6a286ed6-5ab1-4050-9b13-0034703bdd6c req-a648f2ff-b294-464e-b441-a28703d815f0 service nova] found 1 providers with available 1 DISK_GB {{(pid=89842) get_provider_ids_matching /opt/stack/placement/placement/objects/research_context.py:563}}
Jul 08 16:37:54.805647 np0000004829 devstack@placement-api.service[89842]: DEBUG placement.objects.research_context [req-6a286ed6-5ab1-4050-9b13-0034703bdd6c req-a648f2ff-b294-464e-b441-a28703d815f0 service nova] found 1 providers with available 192 MEMORY_MB {{(pid=89842) get_provider_ids_matching /opt/stack/placement/placement/objects/research_context.py:563}}
Jul 08 16:37:54.805821 np0000004829 devstack@placement-api.service[89842]: DEBUG placement.objects.research_context [req-6a286ed6-5ab1-4050-9b13-0034703bdd6c req-a648f2ff-b294-464e-b441-a28703d815f0 service nova] found 1 providers after filtering by previous result {{(pid=89842) get_provider_ids_matching /opt/stack/placement/placement/objects/research_context.py:594}}
Jul 08 16:37:54.805955 np0000004829 devstack@placement-api.service[89842]: DEBUG placement.objects.research_context [req-6a286ed6-5ab1-4050-9b13-0034703bdd6c req-a648f2ff-b294-464e-b441-a28703d815f0 service nova] found 1 providers with available 1 VCPU {{(pid=89842) get_provider_ids_matching /opt/stack/placement/placement/objects/research_context.py:563}}
Jul 08 16:37:54.806079 np0000004829 devstack@placement-api.service[89842]: DEBUG placement.objects.research_context [req-6a286ed6-5ab1-4050-9b13-0034703bdd6c req-a648f2ff-b294-464e-b441-a28703d815f0 service nova] found 1 providers after filtering by previous result {{(pid=89842) get_provider_ids_matching /opt/stack/placement/placement/objects/research_context.py:594}}
Jul 08 16:37:54.806273 np0000004829 devstack@placement-api.service[89843]: DEBUG placement.objects.research_context [req-7346e770-c480-496b-b4e3-306ae618b9c4 req-c690edcb-de64-4756-8ed9-6d676883893d service nova] found 1 providers with available 1 DISK_GB {{(pid=89843) get_provider_ids_matching /opt/stack/placement/placement/objects/research_context.py:563}}
Jul 08 16:37:54.806400 np0000004829 devstack@placement-api.service[89843]: DEBUG placement.objects.research_context [req-7346e770-c480-496b-b4e3-306ae618b9c4 req-c690edcb-de64-4756-8ed9-6d676883893d service nova] found 1 providers with available 192 MEMORY_MB {{(pid=89843) get_provider_ids_matching /opt/stack/placement/placement/objects/research_context.py:563}}
Jul 08 16:37:54.806527 np0000004829 devstack@placement-api.service[89843]: DEBUG placement.objects.research_context [req-7346e770-c480-496b-b4e3-306ae618b9c4 req-c690edcb-de64-4756-8ed9-6d676883893d service nova] found 1 providers after filtering by previous result {{(pid=89843) get_provider_ids_matching /opt/stack/placement/placement/objects/research_context.py:594}}
Jul 08 16:37:54.806625 np0000004829 devstack@placement-api.service[89843]: DEBUG placement.objects.research_context [req-7346e770-c480-496b-b4e3-306ae618b9c4 req-c690edcb-de64-4756-8ed9-6d676883893d service nova] found 1 providers with available 1 VCPU {{(pid=89843) get_provider_ids_matching /opt/stack/placement/placement/objects/research_context.py:563}}
Jul 08 16:37:54.806719 np0000004829 devstack@placement-api.service[89843]: DEBUG placement.objects.research_context [req-7346e770-c480-496b-b4e3-306ae618b9c4 req-c690edcb-de64-4756-8ed9-6d676883893d service nova] found 1 providers after filtering by previous result {{(pid=89843) get_provider_ids_matching /opt/stack/placement/placement/objects/research_context.py:594}}
Jul 08 16:37:54.812762 np0000004829 devstack@placement-api.service[89842]: DEBUG placement.objects.allocation_candidate [req-6a286ed6-5ab1-4050-9b13-0034703bdd6c req-a648f2ff-b294-464e-b441-a28703d815f0 service nova] RequestGroup(use_same_provider=False, resources={DISK_GB:1, MEMORY_MB:192, VCPU:1}, traits=(), aggregates=[]) (suffix '') returned 1 matches {{(pid=89842) _get_by_requests /opt/stack/placement/placement/objects/allocation_candidate.py:158}}
Jul 08 16:37:54.812978 np0000004829 devstack@placement-api.service[89842]: DEBUG placement.objects.allocation_candidate [req-6a286ed6-5ab1-4050-9b13-0034703bdd6c req-a648f2ff-b294-464e-b441-a28703d815f0 service nova] Merging candidates yields 1 allocation requests and 1 provider summaries {{(pid=89842) _merge_candidates /opt/stack/placement/placement/objects/allocation_candidate.py:908}}
Jul 08 16:37:54.814037 np0000004829 devstack@placement-api.service[89842]: INFO placement.requestlog [req-6a286ed6-5ab1-4050-9b13-0034703bdd6c req-a648f2ff-b294-464e-b441-a28703d815f0 service nova] 10.4.3.143 "GET /placement/allocation_candidates?limit=1000&resources=DISK_GB%3A1%2CMEMORY_MB%3A192%2CVCPU%3A1&root_required=%21COMPUTE_STATUS_DISABLED" status: 200 len: 2493 microversion: 1.36
Jul 08 16:37:54.814466 np0000004829 devstack@placement-api.service[89842]: [pid: 89842|app: 0|req: 428/1287] 10.4.3.143 () {68 vars in 1625 bytes} [Wed Jul 8 16:37:54 2026] GET /placement/allocation_candidates?limit=1000&resources=DISK_GB%3A1%2CMEMORY_MB%3A192%2CVCPU%3A1&root_required=%21COMPUTE_STATUS_DISABLED => generated 2493 bytes in 48 msecs (HTTP/1.1 200) 8 headers in 297 bytes (1 switches on core 0)
Jul 08 16:37:54.816341 np0000004829 devstack@placement-api.service[89843]: DEBUG placement.objects.allocation_candidate [req-7346e770-c480-496b-b4e3-306ae618b9c4 req-c690edcb-de64-4756-8ed9-6d676883893d service nova] RequestGroup(use_same_provider=False, resources={DISK_GB:1, MEMORY_MB:192, VCPU:1}, traits=(), aggregates=[]) (suffix '') returned 1 matches {{(pid=89843) _get_by_requests /opt/stack/placement/placement/objects/allocation_candidate.py:158}}
Jul 08 16:37:54.816543 np0000004829 devstack@placement-api.service[89843]: DEBUG placement.objects.allocation_candidate [req-7346e770-c480-496b-b4e3-306ae618b9c4 req-c690edcb-de64-4756-8ed9-6d676883893d service nova] Merging candidates yields 1 allocation requests and 1 provider summaries {{(pid=89843) _merge_candidates /opt/stack/placement/placement/objects/allocation_candidate.py:908}}
Jul 08 16:37:54.817526 np0000004829 devstack@placement-api.service[89843]: INFO placement.requestlog [req-7346e770-c480-496b-b4e3-306ae618b9c4 req-c690edcb-de64-4756-8ed9-6d676883893d service nova] 10.4.3.143 "GET /placement/allocation_candidates?limit=1000&resources=DISK_GB%3A1%2CMEMORY_MB%3A192%2CVCPU%3A1&root_required=%21COMPUTE_STATUS_DISABLED" status: 200 len: 2493 microversion: 1.36
Jul 08 16:37:54.817770 np0000004829 devstack@placement-api.service[89843]: [pid: 89843|app: 0|req: 430/1288] 10.4.3.143 () {68 vars in 1625 bytes} [Wed Jul 8 16:37:54 2026] GET /placement/allocation_candidates?limit=1000&resources=DISK_GB%3A1%2CMEMORY_MB%3A192%2CVCPU%3A1&root_required=%21COMPUTE_STATUS_DISABLED => generated 2493 bytes in 40 msecs (HTTP/1.1 200) 8 headers in 297 bytes (1 switches on core 0)
Jul 08 16:37:54.876071 np0000004829 devstack@placement-api.service[89844]: DEBUG placement.requestlog [req-7346e770-c480-496b-b4e3-306ae618b9c4 req-1f2068cd-c4dc-4ff6-83da-98e7d5549b1a None None] Starting request: 10.4.3.143 "GET /placement/allocations/f1c8bfc5-8f4f-4078-8e07-6460ca641982" {{(pid=89844) __call__ /opt/stack/placement/placement/requestlog.py:55}}
Jul 08 16:37:54.882198 np0000004829 devstack@placement-api.service[89842]: DEBUG placement.requestlog [req-6a286ed6-5ab1-4050-9b13-0034703bdd6c req-c6914eb8-828d-4213-a94f-77033a0409b9 None None] Starting request: 10.4.3.143 "GET /placement/allocations/be62531d-7ef6-4c5f-bdee-20395fb4e471" {{(pid=89842) __call__ /opt/stack/placement/placement/requestlog.py:55}}
Jul 08 16:37:54.885254 np0000004829 devstack@placement-api.service[89844]: INFO placement.requestlog [req-7346e770-c480-496b-b4e3-306ae618b9c4 req-1f2068cd-c4dc-4ff6-83da-98e7d5549b1a service nova] 10.4.3.143 "GET /placement/allocations/f1c8bfc5-8f4f-4078-8e07-6460ca641982" status: 200 len: 19 microversion: 1.28
Jul 08 16:37:54.885583 np0000004829 devstack@placement-api.service[89844]: [pid: 89844|app: 0|req: 431/1289] 10.4.3.143 () {68 vars in 1501 bytes} [Wed Jul 8 16:37:54 2026] GET /placement/allocations/f1c8bfc5-8f4f-4078-8e07-6460ca641982 => generated 19 bytes in 10 msecs (HTTP/1.1 200) 8 headers in 295 bytes (1 switches on core 0)
Jul 08 16:37:54.895057 np0000004829 devstack@placement-api.service[89842]: INFO placement.requestlog [req-6a286ed6-5ab1-4050-9b13-0034703bdd6c req-c6914eb8-828d-4213-a94f-77033a0409b9 service nova] 10.4.3.143 "GET /placement/allocations/be62531d-7ef6-4c5f-bdee-20395fb4e471" status: 200 len: 19 microversion: 1.28
Jul 08 16:37:54.895057 np0000004829 devstack@placement-api.service[89842]: [pid: 89842|app: 0|req: 429/1290] 10.4.3.143 () {68 vars in 1501 bytes} [Wed Jul 8 16:37:54 2026] GET /placement/allocations/be62531d-7ef6-4c5f-bdee-20395fb4e471 => generated 19 bytes in 13 msecs (HTTP/1.1 200) 8 headers in 295 bytes (1 switches on core 0)
Jul 08 16:37:54.919727 np0000004829 devstack@placement-api.service[89843]: DEBUG placement.requestlog [req-7346e770-c480-496b-b4e3-306ae618b9c4 req-2707b918-6812-4504-a36b-ada5d88f4dee None None] Starting request: 10.4.3.143 "PUT /placement/allocations/f1c8bfc5-8f4f-4078-8e07-6460ca641982" {{(pid=89843) __call__ /opt/stack/placement/placement/requestlog.py:55}}
Jul 08 16:37:54.940668 np0000004829 devstack@placement-api.service[89844]: DEBUG placement.requestlog [req-6a286ed6-5ab1-4050-9b13-0034703bdd6c req-f5a85d5e-b20b-4d2f-abfe-ec300262bfa6 None None] Starting request: 10.4.3.143 "PUT /placement/allocations/be62531d-7ef6-4c5f-bdee-20395fb4e471" {{(pid=89844) __call__ /opt/stack/placement/placement/requestlog.py:55}}
Jul 08 16:37:54.968519 np0000004829 devstack@placement-api.service[89843]: DEBUG placement.handlers.allocation [req-7346e770-c480-496b-b4e3-306ae618b9c4 req-2707b918-6812-4504-a36b-ada5d88f4dee service nova] Successfully wrote allocations [, , ] {{(pid=89843) _update_consumers_and_create_allocations /opt/stack/placement/placement/handlers/allocation.py:462}}
Jul 08 16:37:54.972582 np0000004829 devstack@placement-api.service[89843]: INFO placement.requestlog [req-7346e770-c480-496b-b4e3-306ae618b9c4 req-2707b918-6812-4504-a36b-ada5d88f4dee service nova] 10.4.3.143 "PUT /placement/allocations/f1c8bfc5-8f4f-4078-8e07-6460ca641982" status: 204 len: 0 microversion: 1.36
Jul 08 16:37:54.972933 np0000004829 devstack@placement-api.service[89843]: [pid: 89843|app: 0|req: 431/1291] 10.4.3.143 () {72 vars in 1554 bytes} [Wed Jul 8 16:37:54 2026] PUT /placement/allocations/f1c8bfc5-8f4f-4078-8e07-6460ca641982 => generated 0 bytes in 53 msecs (HTTP/1.1 204) 5 headers in 199 bytes (1 switches on core 0)
Jul 08 16:37:54.994963 np0000004829 devstack@placement-api.service[89844]: DEBUG placement.handlers.allocation [req-6a286ed6-5ab1-4050-9b13-0034703bdd6c req-f5a85d5e-b20b-4d2f-abfe-ec300262bfa6 service nova] Successfully wrote allocations [, , ] {{(pid=89844) _update_consumers_and_create_allocations /opt/stack/placement/placement/handlers/allocation.py:462}}
Jul 08 16:37:54.998973 np0000004829 devstack@placement-api.service[89844]: INFO placement.requestlog [req-6a286ed6-5ab1-4050-9b13-0034703bdd6c req-f5a85d5e-b20b-4d2f-abfe-ec300262bfa6 service nova] 10.4.3.143 "PUT /placement/allocations/be62531d-7ef6-4c5f-bdee-20395fb4e471" status: 204 len: 0 microversion: 1.36
Jul 08 16:37:54.999272 np0000004829 devstack@placement-api.service[89844]: [pid: 89844|app: 0|req: 432/1292] 10.4.3.143 () {72 vars in 1554 bytes} [Wed Jul 8 16:37:54 2026] PUT /placement/allocations/be62531d-7ef6-4c5f-bdee-20395fb4e471 => generated 0 bytes in 59 msecs (HTTP/1.1 204) 5 headers in 199 bytes (1 switches on core 0)
Jul 08 16:37:55.436648 np0000004829 devstack@placement-api.service[89842]: DEBUG placement.requestlog [req-ddd4631d-04fd-45e8-b75d-346f14ce2b4e req-6329960d-7a9c-4a10-a6b2-acf9112598f8 None None] Starting request: 10.4.3.143 "DELETE /placement/allocations/d5563bb4-2a9d-497d-851f-f70bec6cc92c" {{(pid=89842) __call__ /opt/stack/placement/placement/requestlog.py:55}}
Jul 08 16:37:55.458926 np0000004829 devstack@placement-api.service[89842]: DEBUG placement.handlers.allocation [req-ddd4631d-04fd-45e8-b75d-346f14ce2b4e req-6329960d-7a9c-4a10-a6b2-acf9112598f8 service nova] Successfully deleted allocations [, ] {{(pid=89842) delete_allocations /opt/stack/placement/placement/handlers/allocation.py:627}}
Jul 08 16:37:55.458926 np0000004829 devstack@placement-api.service[89842]: INFO placement.requestlog [req-ddd4631d-04fd-45e8-b75d-346f14ce2b4e req-6329960d-7a9c-4a10-a6b2-acf9112598f8 service nova] 10.4.3.143 "DELETE /placement/allocations/d5563bb4-2a9d-497d-851f-f70bec6cc92c" status: 204 len: 0 microversion: 1.0
Jul 08 16:37:55.458926 np0000004829 devstack@placement-api.service[89842]: [pid: 89842|app: 0|req: 430/1293] 10.4.3.143 () {68 vars in 1477 bytes} [Wed Jul 8 16:37:55 2026] DELETE /placement/allocations/d5563bb4-2a9d-497d-851f-f70bec6cc92c => generated 0 bytes in 22 msecs (HTTP/1.1 204) 5 headers in 198 bytes (1 switches on core 0)
Jul 08 16:37:56.505381 np0000004829 devstack@placement-api.service[89843]: DEBUG placement.requestlog [req-7346e770-c480-496b-b4e3-306ae618b9c4 req-0ee55617-bec5-49af-8b63-13f13c4c6697 None None] Starting request: 10.4.3.143 "GET /placement/allocations/f1c8bfc5-8f4f-4078-8e07-6460ca641982" {{(pid=89843) __call__ /opt/stack/placement/placement/requestlog.py:55}}
Jul 08 16:37:56.520110 np0000004829 devstack@placement-api.service[89844]: DEBUG placement.requestlog [req-6a286ed6-5ab1-4050-9b13-0034703bdd6c req-b345b19c-5e30-437d-829a-2ac340f45f12 None None] Starting request: 10.4.3.143 "GET /placement/allocations/be62531d-7ef6-4c5f-bdee-20395fb4e471" {{(pid=89844) __call__ /opt/stack/placement/placement/requestlog.py:55}}
Jul 08 16:37:56.520572 np0000004829 devstack@placement-api.service[89843]: INFO placement.requestlog [req-7346e770-c480-496b-b4e3-306ae618b9c4 req-0ee55617-bec5-49af-8b63-13f13c4c6697 service nova] 10.4.3.143 "GET /placement/allocations/f1c8bfc5-8f4f-4078-8e07-6460ca641982" status: 200 len: 258 microversion: 1.28
Jul 08 16:37:56.520846 np0000004829 devstack@placement-api.service[89843]: [pid: 89843|app: 0|req: 432/1294] 10.4.3.143 () {68 vars in 1499 bytes} [Wed Jul 8 16:37:56 2026] GET /placement/allocations/f1c8bfc5-8f4f-4078-8e07-6460ca641982 => generated 258 bytes in 16 msecs (HTTP/1.1 200) 8 headers in 296 bytes (1 switches on core 0)
Jul 08 16:37:56.545940 np0000004829 devstack@placement-api.service[89844]: INFO placement.requestlog [req-6a286ed6-5ab1-4050-9b13-0034703bdd6c req-b345b19c-5e30-437d-829a-2ac340f45f12 service nova] 10.4.3.143 "GET /placement/allocations/be62531d-7ef6-4c5f-bdee-20395fb4e471" status: 200 len: 258 microversion: 1.28
Jul 08 16:37:56.547382 np0000004829 devstack@placement-api.service[89844]: [pid: 89844|app: 0|req: 433/1295] 10.4.3.143 () {68 vars in 1499 bytes} [Wed Jul 8 16:37:56 2026] GET /placement/allocations/be62531d-7ef6-4c5f-bdee-20395fb4e471 => generated 258 bytes in 27 msecs (HTTP/1.1 200) 8 headers in 296 bytes (1 switches on core 0)
Jul 08 16:37:57.223702 np0000004829 devstack@placement-api.service[89842]: DEBUG placement.requestlog [None req-2ffe1a4d-28e9-402d-a350-420c682c49bf None None] Starting request: 10.4.3.143 "GET /placement/resource_providers/518a5e45-4e8a-4bbd-98ba-fa33b9f27951/aggregates" {{(pid=89842) __call__ /opt/stack/placement/placement/requestlog.py:55}}
Jul 08 16:37:57.342939 np0000004829 devstack@placement-api.service[89842]: INFO placement.requestlog [None req-2ffe1a4d-28e9-402d-a350-420c682c49bf service placement] 10.4.3.143 "GET /placement/resource_providers/518a5e45-4e8a-4bbd-98ba-fa33b9f27951/aggregates" status: 404 len: 235 microversion: 1.1
Jul 08 16:37:57.343121 np0000004829 devstack@placement-api.service[89842]: [pid: 89842|app: 0|req: 431/1296] 10.4.3.143 () {66 vars in 1474 bytes} [Wed Jul 8 16:37:57 2026] GET /placement/resource_providers/518a5e45-4e8a-4bbd-98ba-fa33b9f27951/aggregates => generated 235 bytes in 119 msecs (HTTP/1.1 404) 5 headers in 202 bytes (1 switches on core 0)
Jul 08 16:37:57.384573 np0000004829 devstack@placement-api.service[89843]: DEBUG placement.requestlog [None req-3ee3a6c8-563c-4aa1-bf70-a54e7897210c None None] Starting request: 10.4.3.143 "DELETE /placement/resource_providers/518a5e45-4e8a-4bbd-98ba-fa33b9f27951" {{(pid=89843) __call__ /opt/stack/placement/placement/requestlog.py:55}}
Jul 08 16:37:57.393696 np0000004829 devstack@placement-api.service[89843]: DEBUG placement.wsgi_wrapper [None req-3ee3a6c8-563c-4aa1-bf70-a54e7897210c service placement] Placement API returning an error response: No resource provider with uuid 518a5e45-4e8a-4bbd-98ba-fa33b9f27951 found for delete {{(pid=89843) call_func /opt/stack/placement/placement/wsgi_wrapper.py:31}}
Jul 08 16:37:57.394280 np0000004829 devstack@placement-api.service[89843]: INFO placement.requestlog [None req-3ee3a6c8-563c-4aa1-bf70-a54e7897210c service placement] 10.4.3.143 "DELETE /placement/resource_providers/518a5e45-4e8a-4bbd-98ba-fa33b9f27951" status: 404 len: 246 microversion: 1.1
Jul 08 16:37:57.394790 np0000004829 devstack@placement-api.service[89843]: [pid: 89843|app: 0|req: 433/1297] 10.4.3.143 () {68 vars in 1463 bytes} [Wed Jul 8 16:37:57 2026] DELETE /placement/resource_providers/518a5e45-4e8a-4bbd-98ba-fa33b9f27951 => generated 246 bytes in 10 msecs (HTTP/1.1 404) 6 headers in 231 bytes (1 switches on core 0)
Jul 08 16:37:57.592453 np0000004829 devstack@placement-api.service[89844]: DEBUG placement.requestlog [req-7346e770-c480-496b-b4e3-306ae618b9c4 req-be7ef6fe-39b8-4b89-8a2d-8fc52e4128fa None None] Starting request: 10.4.3.143 "GET /placement/resource_providers/dc3630d9-02d5-4532-b3b1-47fcae67ad25/allocations" {{(pid=89844) __call__ /opt/stack/placement/placement/requestlog.py:55}}
Jul 08 16:37:57.606886 np0000004829 devstack@placement-api.service[89844]: INFO placement.requestlog [req-7346e770-c480-496b-b4e3-306ae618b9c4 req-be7ef6fe-39b8-4b89-8a2d-8fc52e4128fa service nova] 10.4.3.143 "GET /placement/resource_providers/dc3630d9-02d5-4532-b3b1-47fcae67ad25/allocations" status: 200 len: 825 microversion: 1.0
Jul 08 16:37:57.606886 np0000004829 devstack@placement-api.service[89844]: [pid: 89844|app: 0|req: 434/1298] 10.4.3.143 () {66 vars in 1512 bytes} [Wed Jul 8 16:37:57 2026] GET /placement/resource_providers/dc3630d9-02d5-4532-b3b1-47fcae67ad25/allocations => generated 825 bytes in 14 msecs (HTTP/1.1 200) 6 headers in 224 bytes (1 switches on core 0)
Jul 08 16:37:57.661898 np0000004829 devstack@placement-api.service[89842]: DEBUG placement.requestlog [req-7346e770-c480-496b-b4e3-306ae618b9c4 req-810fa1f5-e6d5-47d3-a0fd-338eb1028165 None None] Starting request: 10.4.3.143 "GET /placement/allocations/d01b8cc8-2bf2-411d-9d00-f311dcf98c02" {{(pid=89842) __call__ /opt/stack/placement/placement/requestlog.py:55}}
Jul 08 16:37:57.676136 np0000004829 devstack@placement-api.service[89842]: INFO placement.requestlog [req-7346e770-c480-496b-b4e3-306ae618b9c4 req-810fa1f5-e6d5-47d3-a0fd-338eb1028165 service nova] 10.4.3.143 "GET /placement/allocations/d01b8cc8-2bf2-411d-9d00-f311dcf98c02" status: 200 len: 258 microversion: 1.28
Jul 08 16:37:57.676360 np0000004829 devstack@placement-api.service[89842]: [pid: 89842|app: 0|req: 432/1299] 10.4.3.143 () {68 vars in 1499 bytes} [Wed Jul 8 16:37:57 2026] GET /placement/allocations/d01b8cc8-2bf2-411d-9d00-f311dcf98c02 => generated 258 bytes in 15 msecs (HTTP/1.1 200) 8 headers in 296 bytes (1 switches on core 0)
Jul 08 16:37:57.721261 np0000004829 devstack@placement-api.service[89843]: DEBUG placement.requestlog [req-7346e770-c480-496b-b4e3-306ae618b9c4 req-3803e3f3-29f5-4475-85c2-5dc8be871ab1 None None] Starting request: 10.4.3.143 "GET /placement/allocations/409a9755-ba05-4794-9290-a6573ccb6399" {{(pid=89843) __call__ /opt/stack/placement/placement/requestlog.py:55}}
Jul 08 16:37:57.742202 np0000004829 devstack@placement-api.service[89843]: INFO placement.requestlog [req-7346e770-c480-496b-b4e3-306ae618b9c4 req-3803e3f3-29f5-4475-85c2-5dc8be871ab1 service nova] 10.4.3.143 "GET /placement/allocations/409a9755-ba05-4794-9290-a6573ccb6399" status: 200 len: 258 microversion: 1.28
Jul 08 16:37:57.742202 np0000004829 devstack@placement-api.service[89843]: [pid: 89843|app: 0|req: 434/1300] 10.4.3.143 () {68 vars in 1499 bytes} [Wed Jul 8 16:37:57 2026] GET /placement/allocations/409a9755-ba05-4794-9290-a6573ccb6399 => generated 258 bytes in 21 msecs (HTTP/1.1 200) 8 headers in 296 bytes (1 switches on core 0)
Jul 08 16:37:57.778284 np0000004829 devstack@placement-api.service[89844]: DEBUG placement.requestlog [req-7346e770-c480-496b-b4e3-306ae618b9c4 req-2c1894a7-6dda-4b44-b3c0-a9c6b7ca71e8 None None] Starting request: 10.4.3.143 "GET /placement/allocations/be62531d-7ef6-4c5f-bdee-20395fb4e471" {{(pid=89844) __call__ /opt/stack/placement/placement/requestlog.py:55}}
Jul 08 16:37:57.806114 np0000004829 devstack@placement-api.service[89844]: INFO placement.requestlog [req-7346e770-c480-496b-b4e3-306ae618b9c4 req-2c1894a7-6dda-4b44-b3c0-a9c6b7ca71e8 service nova] 10.4.3.143 "GET /placement/allocations/be62531d-7ef6-4c5f-bdee-20395fb4e471" status: 200 len: 258 microversion: 1.28
Jul 08 16:37:57.806391 np0000004829 devstack@placement-api.service[89844]: [pid: 89844|app: 0|req: 435/1301] 10.4.3.143 () {68 vars in 1499 bytes} [Wed Jul 8 16:37:57 2026] GET /placement/allocations/be62531d-7ef6-4c5f-bdee-20395fb4e471 => generated 258 bytes in 28 msecs (HTTP/1.1 200) 8 headers in 296 bytes (1 switches on core 0)
Jul 08 16:37:57.847798 np0000004829 devstack@placement-api.service[89842]: DEBUG placement.requestlog [req-7346e770-c480-496b-b4e3-306ae618b9c4 req-bcd8eebc-3b39-4a2d-b62f-a6ed2d8b3bcf None None] Starting request: 10.4.3.143 "GET /placement/allocations/f1c8bfc5-8f4f-4078-8e07-6460ca641982" {{(pid=89842) __call__ /opt/stack/placement/placement/requestlog.py:55}}
Jul 08 16:37:57.858585 np0000004829 devstack@placement-api.service[89842]: INFO placement.requestlog [req-7346e770-c480-496b-b4e3-306ae618b9c4 req-bcd8eebc-3b39-4a2d-b62f-a6ed2d8b3bcf service nova] 10.4.3.143 "GET /placement/allocations/f1c8bfc5-8f4f-4078-8e07-6460ca641982" status: 200 len: 258 microversion: 1.28
Jul 08 16:37:57.858702 np0000004829 devstack@placement-api.service[89842]: [pid: 89842|app: 0|req: 433/1302] 10.4.3.143 () {68 vars in 1499 bytes} [Wed Jul 8 16:37:57 2026] GET /placement/allocations/f1c8bfc5-8f4f-4078-8e07-6460ca641982 => generated 258 bytes in 11 msecs (HTTP/1.1 200) 8 headers in 296 bytes (1 switches on core 0)
Jul 08 16:37:57.905677 np0000004829 devstack@placement-api.service[89843]: DEBUG placement.requestlog [req-7346e770-c480-496b-b4e3-306ae618b9c4 req-d86fea5d-c12e-4bc0-a3e1-2a5e2c42722b None None] Starting request: 10.4.3.143 "GET /placement/allocations/9fa9ed5c-fed4-418b-8b04-b15319c58e4d" {{(pid=89843) __call__ /opt/stack/placement/placement/requestlog.py:55}}
Jul 08 16:37:57.916417 np0000004829 devstack@placement-api.service[89843]: INFO placement.requestlog [req-7346e770-c480-496b-b4e3-306ae618b9c4 req-d86fea5d-c12e-4bc0-a3e1-2a5e2c42722b service nova] 10.4.3.143 "GET /placement/allocations/9fa9ed5c-fed4-418b-8b04-b15319c58e4d" status: 200 len: 244 microversion: 1.28
Jul 08 16:37:57.916730 np0000004829 devstack@placement-api.service[89843]: [pid: 89843|app: 0|req: 435/1303] 10.4.3.143 () {68 vars in 1499 bytes} [Wed Jul 8 16:37:57 2026] GET /placement/allocations/9fa9ed5c-fed4-418b-8b04-b15319c58e4d => generated 244 bytes in 13 msecs (HTTP/1.1 200) 8 headers in 296 bytes (1 switches on core 0)
Jul 08 16:37:57.955308 np0000004829 devstack@placement-api.service[89844]: DEBUG placement.requestlog [req-7346e770-c480-496b-b4e3-306ae618b9c4 req-1e8cc664-1e39-42a8-ac0b-a904e8cab156 None None] Starting request: 10.4.3.143 "GET /placement/allocations/a4664603-e7da-491a-9ddc-34456f14a7aa" {{(pid=89844) __call__ /opt/stack/placement/placement/requestlog.py:55}}
Jul 08 16:37:57.967725 np0000004829 devstack@placement-api.service[89844]: INFO placement.requestlog [req-7346e770-c480-496b-b4e3-306ae618b9c4 req-1e8cc664-1e39-42a8-ac0b-a904e8cab156 service nova] 10.4.3.143 "GET /placement/allocations/a4664603-e7da-491a-9ddc-34456f14a7aa" status: 200 len: 258 microversion: 1.28
Jul 08 16:37:57.968093 np0000004829 devstack@placement-api.service[89844]: [pid: 89844|app: 0|req: 436/1304] 10.4.3.143 () {68 vars in 1499 bytes} [Wed Jul 8 16:37:57 2026] GET /placement/allocations/a4664603-e7da-491a-9ddc-34456f14a7aa => generated 258 bytes in 13 msecs (HTTP/1.1 200) 8 headers in 296 bytes (1 switches on core 0)
Jul 08 16:37:58.003526 np0000004829 devstack@placement-api.service[89842]: DEBUG placement.requestlog [req-7346e770-c480-496b-b4e3-306ae618b9c4 req-66e974ea-72b6-4c9c-aeb2-d8b57a6911de None None] Starting request: 10.4.3.143 "GET /placement/allocations/a30e20a2-fd30-4b8b-9a0f-f6d1a9753e1c" {{(pid=89842) __call__ /opt/stack/placement/placement/requestlog.py:55}}
Jul 08 16:37:58.012622 np0000004829 devstack@placement-api.service[89842]: INFO placement.requestlog [req-7346e770-c480-496b-b4e3-306ae618b9c4 req-66e974ea-72b6-4c9c-aeb2-d8b57a6911de service nova] 10.4.3.143 "GET /placement/allocations/a30e20a2-fd30-4b8b-9a0f-f6d1a9753e1c" status: 200 len: 258 microversion: 1.28
Jul 08 16:37:58.012934 np0000004829 devstack@placement-api.service[89842]: [pid: 89842|app: 0|req: 434/1305] 10.4.3.143 () {68 vars in 1499 bytes} [Wed Jul 8 16:37:58 2026] GET /placement/allocations/a30e20a2-fd30-4b8b-9a0f-f6d1a9753e1c => generated 258 bytes in 9 msecs (HTTP/1.1 200) 8 headers in 296 bytes (1 switches on core 0)
Jul 08 16:37:58.048870 np0000004829 devstack@placement-api.service[89843]: DEBUG placement.requestlog [req-7346e770-c480-496b-b4e3-306ae618b9c4 req-0f9cf274-1d07-4927-86dd-888bf2c1c2db None None] Starting request: 10.4.3.143 "GET /placement/allocations/167f2792-217d-4dbc-991f-85d6b79e1db1" {{(pid=89843) __call__ /opt/stack/placement/placement/requestlog.py:55}}
Jul 08 16:37:58.072480 np0000004829 devstack@placement-api.service[89843]: INFO placement.requestlog [req-7346e770-c480-496b-b4e3-306ae618b9c4 req-0f9cf274-1d07-4927-86dd-888bf2c1c2db service nova] 10.4.3.143 "GET /placement/allocations/167f2792-217d-4dbc-991f-85d6b79e1db1" status: 200 len: 244 microversion: 1.28
Jul 08 16:37:58.072875 np0000004829 devstack@placement-api.service[89843]: [pid: 89843|app: 0|req: 436/1306] 10.4.3.143 () {68 vars in 1499 bytes} [Wed Jul 8 16:37:58 2026] GET /placement/allocations/167f2792-217d-4dbc-991f-85d6b79e1db1 => generated 244 bytes in 24 msecs (HTTP/1.1 200) 8 headers in 296 bytes (1 switches on core 0)
Jul 08 16:38:00.117960 np0000004829 devstack@placement-api.service[89844]: DEBUG placement.requestlog [None req-86924001-e9eb-4bf4-b2ce-2de475d28d52 None None] Starting request: 10.4.3.143 "GET /placement/resource_providers/850ee49d-0bdd-4b8d-b048-59e4a16d936c/aggregates" {{(pid=89844) __call__ /opt/stack/placement/placement/requestlog.py:55}}
Jul 08 16:38:00.130427 np0000004829 devstack@placement-api.service[89844]: INFO placement.requestlog [None req-86924001-e9eb-4bf4-b2ce-2de475d28d52 service placement] 10.4.3.143 "GET /placement/resource_providers/850ee49d-0bdd-4b8d-b048-59e4a16d936c/aggregates" status: 404 len: 235 microversion: 1.1
Jul 08 16:38:00.130932 np0000004829 devstack@placement-api.service[89844]: [pid: 89844|app: 0|req: 437/1307] 10.4.3.143 () {66 vars in 1474 bytes} [Wed Jul 8 16:38:00 2026] GET /placement/resource_providers/850ee49d-0bdd-4b8d-b048-59e4a16d936c/aggregates => generated 235 bytes in 15 msecs (HTTP/1.1 404) 5 headers in 202 bytes (1 switches on core 0)
Jul 08 16:38:00.171948 np0000004829 devstack@placement-api.service[89842]: DEBUG placement.requestlog [None req-79b61274-bc76-4b38-b22e-2fc29b453c21 None None] Starting request: 10.4.3.143 "DELETE /placement/resource_providers/850ee49d-0bdd-4b8d-b048-59e4a16d936c" {{(pid=89842) __call__ /opt/stack/placement/placement/requestlog.py:55}}
Jul 08 16:38:00.172938 np0000004829 devstack@placement-api.service[89843]: DEBUG placement.requestlog [req-6a286ed6-5ab1-4050-9b13-0034703bdd6c req-295880ce-5893-448e-85af-d602615d86c5 None None] Starting request: 10.4.3.143 "GET /placement/resource_providers/dc3630d9-02d5-4532-b3b1-47fcae67ad25/allocations" {{(pid=89843) __call__ /opt/stack/placement/placement/requestlog.py:55}}
Jul 08 16:38:00.178683 np0000004829 devstack@placement-api.service[89842]: DEBUG placement.wsgi_wrapper [None req-79b61274-bc76-4b38-b22e-2fc29b453c21 service placement] Placement API returning an error response: No resource provider with uuid 850ee49d-0bdd-4b8d-b048-59e4a16d936c found for delete {{(pid=89842) call_func /opt/stack/placement/placement/wsgi_wrapper.py:31}}
Jul 08 16:38:00.179171 np0000004829 devstack@placement-api.service[89842]: INFO placement.requestlog [None req-79b61274-bc76-4b38-b22e-2fc29b453c21 service placement] 10.4.3.143 "DELETE /placement/resource_providers/850ee49d-0bdd-4b8d-b048-59e4a16d936c" status: 404 len: 246 microversion: 1.1
Jul 08 16:38:00.179475 np0000004829 devstack@placement-api.service[89842]: [pid: 89842|app: 0|req: 435/1308] 10.4.3.143 () {68 vars in 1463 bytes} [Wed Jul 8 16:38:00 2026] DELETE /placement/resource_providers/850ee49d-0bdd-4b8d-b048-59e4a16d936c => generated 246 bytes in 8 msecs (HTTP/1.1 404) 6 headers in 231 bytes (1 switches on core 0)
Jul 08 16:38:00.187142 np0000004829 devstack@placement-api.service[89843]: INFO placement.requestlog [req-6a286ed6-5ab1-4050-9b13-0034703bdd6c req-295880ce-5893-448e-85af-d602615d86c5 service nova] 10.4.3.143 "GET /placement/resource_providers/dc3630d9-02d5-4532-b3b1-47fcae67ad25/allocations" status: 200 len: 825 microversion: 1.0
Jul 08 16:38:00.187394 np0000004829 devstack@placement-api.service[89843]: [pid: 89843|app: 0|req: 437/1309] 10.4.3.143 () {66 vars in 1512 bytes} [Wed Jul 8 16:38:00 2026] GET /placement/resource_providers/dc3630d9-02d5-4532-b3b1-47fcae67ad25/allocations => generated 825 bytes in 15 msecs (HTTP/1.1 200) 6 headers in 224 bytes (1 switches on core 0)
Jul 08 16:38:00.220000 np0000004829 devstack@placement-api.service[89844]: DEBUG placement.requestlog [req-6a286ed6-5ab1-4050-9b13-0034703bdd6c req-ad931b2a-dada-4eed-8fb4-e92aea3884f7 None None] Starting request: 10.4.3.143 "GET /placement/allocations/d01b8cc8-2bf2-411d-9d00-f311dcf98c02" {{(pid=89844) __call__ /opt/stack/placement/placement/requestlog.py:55}}
Jul 08 16:38:00.237111 np0000004829 devstack@placement-api.service[89844]: INFO placement.requestlog [req-6a286ed6-5ab1-4050-9b13-0034703bdd6c req-ad931b2a-dada-4eed-8fb4-e92aea3884f7 service nova] 10.4.3.143 "GET /placement/allocations/d01b8cc8-2bf2-411d-9d00-f311dcf98c02" status: 200 len: 258 microversion: 1.28
Jul 08 16:38:00.238457 np0000004829 devstack@placement-api.service[89844]: [pid: 89844|app: 0|req: 438/1310] 10.4.3.143 () {68 vars in 1499 bytes} [Wed Jul 8 16:38:00 2026] GET /placement/allocations/d01b8cc8-2bf2-411d-9d00-f311dcf98c02 => generated 258 bytes in 18 msecs (HTTP/1.1 200) 8 headers in 296 bytes (1 switches on core 0)
Jul 08 16:38:00.281585 np0000004829 devstack@placement-api.service[89842]: DEBUG placement.requestlog [req-6a286ed6-5ab1-4050-9b13-0034703bdd6c req-1a454de5-f58f-4de6-9edf-0e1f4b050504 None None] Starting request: 10.4.3.143 "GET /placement/allocations/409a9755-ba05-4794-9290-a6573ccb6399" {{(pid=89842) __call__ /opt/stack/placement/placement/requestlog.py:55}}
Jul 08 16:38:00.292709 np0000004829 devstack@placement-api.service[89842]: INFO placement.requestlog [req-6a286ed6-5ab1-4050-9b13-0034703bdd6c req-1a454de5-f58f-4de6-9edf-0e1f4b050504 service nova] 10.4.3.143 "GET /placement/allocations/409a9755-ba05-4794-9290-a6573ccb6399" status: 200 len: 258 microversion: 1.28
Jul 08 16:38:00.292971 np0000004829 devstack@placement-api.service[89842]: [pid: 89842|app: 0|req: 436/1311] 10.4.3.143 () {68 vars in 1499 bytes} [Wed Jul 8 16:38:00 2026] GET /placement/allocations/409a9755-ba05-4794-9290-a6573ccb6399 => generated 258 bytes in 11 msecs (HTTP/1.1 200) 8 headers in 296 bytes (1 switches on core 0)
Jul 08 16:38:00.340633 np0000004829 devstack@placement-api.service[89843]: DEBUG placement.requestlog [req-6a286ed6-5ab1-4050-9b13-0034703bdd6c req-ee53486a-9937-4fc4-b9d4-cf1936673354 None None] Starting request: 10.4.3.143 "GET /placement/allocations/be62531d-7ef6-4c5f-bdee-20395fb4e471" {{(pid=89843) __call__ /opt/stack/placement/placement/requestlog.py:55}}
Jul 08 16:38:00.359162 np0000004829 devstack@placement-api.service[89843]: INFO placement.requestlog [req-6a286ed6-5ab1-4050-9b13-0034703bdd6c req-ee53486a-9937-4fc4-b9d4-cf1936673354 service nova] 10.4.3.143 "GET /placement/allocations/be62531d-7ef6-4c5f-bdee-20395fb4e471" status: 200 len: 258 microversion: 1.28
Jul 08 16:38:00.359790 np0000004829 devstack@placement-api.service[89843]: [pid: 89843|app: 0|req: 438/1312] 10.4.3.143 () {68 vars in 1499 bytes} [Wed Jul 8 16:38:00 2026] GET /placement/allocations/be62531d-7ef6-4c5f-bdee-20395fb4e471 => generated 258 bytes in 20 msecs (HTTP/1.1 200) 8 headers in 296 bytes (1 switches on core 0)
Jul 08 16:38:00.412061 np0000004829 devstack@placement-api.service[89844]: DEBUG placement.requestlog [req-6a286ed6-5ab1-4050-9b13-0034703bdd6c req-c836281e-857b-44e8-8549-874e5a2a9a8e None None] Starting request: 10.4.3.143 "GET /placement/allocations/f1c8bfc5-8f4f-4078-8e07-6460ca641982" {{(pid=89844) __call__ /opt/stack/placement/placement/requestlog.py:55}}
Jul 08 16:38:00.424455 np0000004829 devstack@placement-api.service[89844]: INFO placement.requestlog [req-6a286ed6-5ab1-4050-9b13-0034703bdd6c req-c836281e-857b-44e8-8549-874e5a2a9a8e service nova] 10.4.3.143 "GET /placement/allocations/f1c8bfc5-8f4f-4078-8e07-6460ca641982" status: 200 len: 258 microversion: 1.28
Jul 08 16:38:00.424760 np0000004829 devstack@placement-api.service[89844]: [pid: 89844|app: 0|req: 439/1313] 10.4.3.143 () {68 vars in 1499 bytes} [Wed Jul 8 16:38:00 2026] GET /placement/allocations/f1c8bfc5-8f4f-4078-8e07-6460ca641982 => generated 258 bytes in 13 msecs (HTTP/1.1 200) 8 headers in 296 bytes (1 switches on core 0)
Jul 08 16:38:00.465560 np0000004829 devstack@placement-api.service[89842]: DEBUG placement.requestlog [req-6a286ed6-5ab1-4050-9b13-0034703bdd6c req-edc677ac-3ad7-41d2-9cec-9a62b7aac70b None None] Starting request: 10.4.3.143 "GET /placement/allocations/9fa9ed5c-fed4-418b-8b04-b15319c58e4d" {{(pid=89842) __call__ /opt/stack/placement/placement/requestlog.py:55}}
Jul 08 16:38:00.476669 np0000004829 devstack@placement-api.service[89842]: INFO placement.requestlog [req-6a286ed6-5ab1-4050-9b13-0034703bdd6c req-edc677ac-3ad7-41d2-9cec-9a62b7aac70b service nova] 10.4.3.143 "GET /placement/allocations/9fa9ed5c-fed4-418b-8b04-b15319c58e4d" status: 200 len: 244 microversion: 1.28
Jul 08 16:38:00.476995 np0000004829 devstack@placement-api.service[89842]: [pid: 89842|app: 0|req: 437/1314] 10.4.3.143 () {68 vars in 1499 bytes} [Wed Jul 8 16:38:00 2026] GET /placement/allocations/9fa9ed5c-fed4-418b-8b04-b15319c58e4d => generated 244 bytes in 12 msecs (HTTP/1.1 200) 8 headers in 296 bytes (1 switches on core 0)
Jul 08 16:38:00.512616 np0000004829 devstack@placement-api.service[89843]: DEBUG placement.requestlog [req-6a286ed6-5ab1-4050-9b13-0034703bdd6c req-7ecc6ed0-7a63-48d6-bdcc-ecf1e9d5c4b1 None None] Starting request: 10.4.3.143 "GET /placement/allocations/a4664603-e7da-491a-9ddc-34456f14a7aa" {{(pid=89843) __call__ /opt/stack/placement/placement/requestlog.py:55}}
Jul 08 16:38:00.523607 np0000004829 devstack@placement-api.service[89843]: INFO placement.requestlog [req-6a286ed6-5ab1-4050-9b13-0034703bdd6c req-7ecc6ed0-7a63-48d6-bdcc-ecf1e9d5c4b1 service nova] 10.4.3.143 "GET /placement/allocations/a4664603-e7da-491a-9ddc-34456f14a7aa" status: 200 len: 258 microversion: 1.28
