Jun 27 01:54:53.914946 np0000003815 devstack@neutron-api.service[87504]: DEBUG neutron.api.extensions [None req-5651889f-36ff-43b1-849d-016279325c83 None None] Loading extension file: vlantransparent.py {{(pid=87504) _load_all_extensions_from_path /opt/stack/neutron/neutron/api/extensions.py:449}}
Jun 27 01:54:53.915436 np0000003815 devstack@neutron-api.service[87504]: DEBUG neutron.api.extensions [None req-5651889f-36ff-43b1-849d-016279325c83 None None] Ext name="Vlantransparent" alias="vlan-transparent" description="Provides Vlan Transparent Networks" updated="2015-03-23T09:00:00-00:00" {{(pid=87504) _check_extension /opt/stack/neutron/neutron/api/extensions.py:415}}
Jun 27 01:54:53.915606 np0000003815 devstack@neutron-api.service[87504]: INFO neutron.api.extensions [None req-5651889f-36ff-43b1-849d-016279325c83 None None] Loaded extension: vlan-transparent
Jun 27 01:54:53.916985 np0000003815 devstack@neutron-api.service[87504]: INFO neutron.quota.resource_registry [None req-5651889f-36ff-43b1-849d-016279325c83 None None] Creating instance of TrackedResource for resource:network
Jun 27 01:54:53.917230 np0000003815 devstack@neutron-api.service[87504]: INFO neutron.quota.resource_registry [None req-5651889f-36ff-43b1-849d-016279325c83 None None] Creating instance of TrackedResource for resource:subnet
Jun 27 01:54:53.917378 np0000003815 devstack@neutron-api.service[87504]: INFO neutron.quota.resource_registry [None req-5651889f-36ff-43b1-849d-016279325c83 None None] Creating instance of TrackedResource for resource:subnetpool
Jun 27 01:54:53.917491 np0000003815 devstack@neutron-api.service[87504]: INFO neutron.quota.resource_registry [None req-5651889f-36ff-43b1-849d-016279325c83 None None] Creating instance of TrackedResource for resource:port
Jun 27 01:54:53.924950 np0000003815 devstack@neutron-api.service[87504]: INFO neutron.quota.resource_registry [None req-5651889f-36ff-43b1-849d-016279325c83 None None] Creating instance of CountableResource for resource:router_route
Jun 27 01:54:53.924950 np0000003815 devstack@neutron-api.service[87504]: DEBUG neutron.api.v2.resource_helper [None req-5651889f-36ff-43b1-849d-016279325c83 None None] Service L3_ROUTER_NAT assigned prefix: {{(pid=87504) build_resource_info /opt/stack/neutron/neutron/api/v2/resource_helper.py:77}}
Jun 27 01:54:53.924950 np0000003815 devstack@neutron-api.service[87504]: DEBUG neutron.api.v2.resource_helper [None req-5651889f-36ff-43b1-849d-016279325c83 None None] Service FLAVORS assigned prefix: {{(pid=87504) build_resource_info /opt/stack/neutron/neutron/api/v2/resource_helper.py:77}}
Jun 27 01:54:53.924950 np0000003815 devstack@neutron-api.service[87504]: DEBUG neutron.api.v2.resource_helper [None req-5651889f-36ff-43b1-849d-016279325c83 None None] Service L3_ROUTER_NAT assigned prefix: {{(pid=87504) build_resource_info /opt/stack/neutron/neutron/api/v2/resource_helper.py:77}}
Jun 27 01:54:53.924950 np0000003815 devstack@neutron-api.service[87504]: DEBUG neutron.api.v2.resource_helper [None req-5651889f-36ff-43b1-849d-016279325c83 None None] Service L3_ROUTER_NAT assigned prefix: {{(pid=87504) build_resource_info /opt/stack/neutron/neutron/api/v2/resource_helper.py:77}}
Jun 27 01:54:53.924950 np0000003815 devstack@neutron-api.service[87504]: INFO neutron.quota.resource_registry [None req-5651889f-36ff-43b1-849d-016279325c83 None None] Creating instance of TrackedResource for resource:router
Jun 27 01:54:53.924950 np0000003815 devstack@neutron-api.service[87504]: INFO neutron.quota.resource_registry [None req-5651889f-36ff-43b1-849d-016279325c83 None None] Creating instance of TrackedResource for resource:floatingip
Jun 27 01:54:53.924950 np0000003815 devstack@neutron-api.service[87504]: INFO neutron.quota.resource_registry [None req-5651889f-36ff-43b1-849d-016279325c83 None None] Creating instance of CountableResource for resource:rbac_policy
Jun 27 01:54:53.924950 np0000003815 devstack@neutron-api.service[87504]: INFO neutron.quota.resource_registry [None req-5651889f-36ff-43b1-849d-016279325c83 None None] Creating instance of TrackedResource for resource:security_group
Jun 27 01:54:53.925445 np0000003815 devstack@neutron-api.service[87504]: INFO neutron.quota.resource_registry [None req-5651889f-36ff-43b1-849d-016279325c83 None None] Creating instance of TrackedResource for resource:security_group_rule
Jun 27 01:54:53.925445 np0000003815 devstack@neutron-api.service[87504]: DEBUG neutron.api.v2.resource_helper [None req-5651889f-36ff-43b1-849d-016279325c83 None None] Service CORE assigned prefix: {{(pid=87504) build_resource_info /opt/stack/neutron/neutron/api/v2/resource_helper.py:77}}
Jun 27 01:54:53.925445 np0000003815 devstack@neutron-api.service[87504]: INFO neutron.quota.resource_registry [None req-5651889f-36ff-43b1-849d-016279325c83 None None] Creating instance of TrackedResource for resource:subnetpool
Jun 27 01:54:53.925445 np0000003815 devstack@neutron-api.service[87504]: WARNING neutron.quota.resource_registry [None req-5651889f-36ff-43b1-849d-016279325c83 None None] subnetpool is already registered
Jun 27 01:54:53.925445 np0000003815 devstack@neutron-api.service[87504]: DEBUG neutron.api.v2.resource_helper [None req-5651889f-36ff-43b1-849d-016279325c83 None None] Service CORE assigned prefix: {{(pid=87504) build_resource_info /opt/stack/neutron/neutron/api/v2/resource_helper.py:77}}
Jun 27 01:54:53.925445 np0000003815 devstack@neutron-api.service[87504]: INFO neutron.quota.resource_registry [None req-5651889f-36ff-43b1-849d-016279325c83 None None] Creating instance of TrackedResource for resource:subnetpool
Jun 27 01:54:53.925445 np0000003815 devstack@neutron-api.service[87504]: WARNING neutron.quota.resource_registry [None req-5651889f-36ff-43b1-849d-016279325c83 None None] subnetpool is already registered
Jun 27 01:54:53.930498 np0000003815 devstack@neutron-api.service[87504]: INFO neutron.quota.resource_registry [None req-5651889f-36ff-43b1-849d-016279325c83 None None] Creating instance of CountableResource for resource:router_route
Jun 27 01:54:53.930498 np0000003815 devstack@neutron-api.service[87504]: WARNING neutron.quota.resource_registry [None req-5651889f-36ff-43b1-849d-016279325c83 None None] router_route is already registered
Jun 27 01:54:53.930498 np0000003815 devstack@neutron-api.service[87504]: DEBUG neutron.api.v2.resource_helper [None req-5651889f-36ff-43b1-849d-016279325c83 None None] Service L3_ROUTER_NAT assigned prefix: {{(pid=87504) build_resource_info /opt/stack/neutron/neutron/api/v2/resource_helper.py:77}}
Jun 27 01:54:53.930498 np0000003815 devstack@neutron-api.service[87504]: DEBUG neutron.api.v2.resource_helper [None req-5651889f-36ff-43b1-849d-016279325c83 None None] Service FLAVORS assigned prefix: {{(pid=87504) build_resource_info /opt/stack/neutron/neutron/api/v2/resource_helper.py:77}}
Jun 27 01:54:53.930498 np0000003815 devstack@neutron-api.service[87504]: DEBUG neutron.api.v2.resource_helper [None req-5651889f-36ff-43b1-849d-016279325c83 None None] Service L3_ROUTER_NAT assigned prefix: {{(pid=87504) build_resource_info /opt/stack/neutron/neutron/api/v2/resource_helper.py:77}}
Jun 27 01:54:53.930498 np0000003815 devstack@neutron-api.service[87504]: DEBUG neutron.api.v2.resource_helper [None req-5651889f-36ff-43b1-849d-016279325c83 None None] Service L3_ROUTER_NAT assigned prefix: {{(pid=87504) build_resource_info /opt/stack/neutron/neutron/api/v2/resource_helper.py:77}}
Jun 27 01:54:53.930498 np0000003815 devstack@neutron-api.service[87504]: INFO neutron.quota.resource_registry [None req-5651889f-36ff-43b1-849d-016279325c83 None None] Creating instance of TrackedResource for resource:router
Jun 27 01:54:53.930498 np0000003815 devstack@neutron-api.service[87504]: WARNING neutron.quota.resource_registry [None req-5651889f-36ff-43b1-849d-016279325c83 None None] router is already registered
Jun 27 01:54:53.930498 np0000003815 devstack@neutron-api.service[87504]: INFO neutron.quota.resource_registry [None req-5651889f-36ff-43b1-849d-016279325c83 None None] Creating instance of TrackedResource for resource:floatingip
Jun 27 01:54:53.930909 np0000003815 devstack@neutron-api.service[87504]: WARNING neutron.quota.resource_registry [None req-5651889f-36ff-43b1-849d-016279325c83 None None] floatingip is already registered
Jun 27 01:54:53.931312 np0000003815 devstack@neutron-api.service[87504]: INFO neutron.quota.resource_registry [None req-5651889f-36ff-43b1-849d-016279325c83 None None] Creating instance of CountableResource for resource:rbac_policy
Jun 27 01:54:53.931312 np0000003815 devstack@neutron-api.service[87504]: WARNING neutron.quota.resource_registry [None req-5651889f-36ff-43b1-849d-016279325c83 None None] rbac_policy is already registered
Jun 27 01:54:53.932574 np0000003815 devstack@neutron-api.service[87504]: INFO neutron.quota.resource_registry [None req-5651889f-36ff-43b1-849d-016279325c83 None None] Creating instance of TrackedResource for resource:security_group
Jun 27 01:54:53.932574 np0000003815 devstack@neutron-api.service[87504]: WARNING neutron.quota.resource_registry [None req-5651889f-36ff-43b1-849d-016279325c83 None None] security_group is already registered
Jun 27 01:54:53.932981 np0000003815 devstack@neutron-api.service[87504]: INFO neutron.quota.resource_registry [None req-5651889f-36ff-43b1-849d-016279325c83 None None] Creating instance of TrackedResource for resource:security_group_rule
Jun 27 01:54:53.932981 np0000003815 devstack@neutron-api.service[87504]: WARNING neutron.quota.resource_registry [None req-5651889f-36ff-43b1-849d-016279325c83 None None] security_group_rule is already registered
Jun 27 01:54:53.933805 np0000003815 devstack@neutron-api.service[87504]: DEBUG neutron.api.v2.resource_helper [None req-5651889f-36ff-43b1-849d-016279325c83 None None] Service CORE assigned prefix: {{(pid=87504) build_resource_info /opt/stack/neutron/neutron/api/v2/resource_helper.py:77}}
Jun 27 01:54:53.933805 np0000003815 devstack@neutron-api.service[87504]: INFO neutron.quota.resource_registry [None req-5651889f-36ff-43b1-849d-016279325c83 None None] Creating instance of TrackedResource for resource:subnetpool
Jun 27 01:54:53.934262 np0000003815 devstack@neutron-api.service[87504]: WARNING neutron.quota.resource_registry [None req-5651889f-36ff-43b1-849d-016279325c83 None None] subnetpool is already registered
Jun 27 01:54:53.934654 np0000003815 devstack@neutron-api.service[87504]: DEBUG neutron.api.v2.resource_helper [None req-5651889f-36ff-43b1-849d-016279325c83 None None] Service CORE assigned prefix: {{(pid=87504) build_resource_info /opt/stack/neutron/neutron/api/v2/resource_helper.py:77}}
Jun 27 01:54:53.934654 np0000003815 devstack@neutron-api.service[87504]: INFO neutron.quota.resource_registry [None req-5651889f-36ff-43b1-849d-016279325c83 None None] Creating instance of TrackedResource for resource:subnetpool
Jun 27 01:54:53.935101 np0000003815 devstack@neutron-api.service[87504]: WARNING neutron.quota.resource_registry [None req-5651889f-36ff-43b1-849d-016279325c83 None None] subnetpool is already registered
Jun 27 01:54:53.935101 np0000003815 devstack@neutron-api.service[87504]: DEBUG neutron.api.extensions [None req-5651889f-36ff-43b1-849d-016279325c83 None None] Extended resource: extensions {{(pid=87504) __init__ /opt/stack/neutron/neutron/api/extensions.py:156}}
Jun 27 01:54:53.936062 np0000003815 devstack@neutron-api.service[87504]: DEBUG neutron.api.extensions [None req-5651889f-36ff-43b1-849d-016279325c83 None None] Extended resource: address-groups {{(pid=87504) __init__ /opt/stack/neutron/neutron/api/extensions.py:156}}
Jun 27 01:54:53.940923 np0000003815 devstack@neutron-api.service[87504]: DEBUG neutron.api.extensions [None req-5651889f-36ff-43b1-849d-016279325c83 None None] Extended resource: address-scopes {{(pid=87504) __init__ /opt/stack/neutron/neutron/api/extensions.py:156}}
Jun 27 01:54:53.940923 np0000003815 devstack@neutron-api.service[87504]: DEBUG neutron.api.extensions [None req-5651889f-36ff-43b1-849d-016279325c83 None None] Extended resource: agents {{(pid=87504) __init__ /opt/stack/neutron/neutron/api/extensions.py:156}}
Jun 27 01:54:53.940923 np0000003815 devstack@neutron-api.service[87504]: DEBUG neutron.api.extensions [None req-5651889f-36ff-43b1-849d-016279325c83 None None] Extended resource: auto-allocated-topology {{(pid=87504) __init__ /opt/stack/neutron/neutron/api/extensions.py:156}}
Jun 27 01:54:53.940923 np0000003815 devstack@neutron-api.service[87504]: DEBUG neutron.api.extensions [None req-5651889f-36ff-43b1-849d-016279325c83 None None] Extended resource: availability_zones {{(pid=87504) __init__ /opt/stack/neutron/neutron/api/extensions.py:156}}
Jun 27 01:54:53.940923 np0000003815 devstack@neutron-api.service[87504]: DEBUG neutron.api.extensions [None req-5651889f-36ff-43b1-849d-016279325c83 None None] Extended resource: dhcp-networks {{(pid=87504) __init__ /opt/stack/neutron/neutron/api/extensions.py:156}}
Jun 27 01:54:53.940923 np0000003815 devstack@neutron-api.service[87504]: DEBUG neutron.api.extensions [None req-5651889f-36ff-43b1-849d-016279325c83 None None] Extended resource: dhcp-agents {{(pid=87504) __init__ /opt/stack/neutron/neutron/api/extensions.py:156}}
Jun 27 01:54:53.940923 np0000003815 devstack@neutron-api.service[87504]: DEBUG neutron.api.extensions [None req-5651889f-36ff-43b1-849d-016279325c83 None None] Extended resource: routers {{(pid=87504) __init__ /opt/stack/neutron/neutron/api/extensions.py:156}}
Jun 27 01:54:53.940923 np0000003815 devstack@neutron-api.service[87504]: DEBUG neutron.api.extensions [None req-5651889f-36ff-43b1-849d-016279325c83 None None] Extended resource: flavors {{(pid=87504) __init__ /opt/stack/neutron/neutron/api/extensions.py:156}}
Jun 27 01:54:53.941516 np0000003815 devstack@neutron-api.service[87504]: DEBUG neutron.api.extensions [None req-5651889f-36ff-43b1-849d-016279325c83 None None] Extended resource: service_profiles {{(pid=87504) __init__ /opt/stack/neutron/neutron/api/extensions.py:156}}
Jun 27 01:54:53.942535 np0000003815 devstack@neutron-api.service[87504]: DEBUG neutron.api.extensions [None req-5651889f-36ff-43b1-849d-016279325c83 None None] Extended resource: next_providers {{(pid=87504) __init__ /opt/stack/neutron/neutron/api/extensions.py:156}}
Jun 27 01:54:53.943161 np0000003815 devstack@neutron-api.service[87504]: DEBUG neutron.api.extensions [None req-5651889f-36ff-43b1-849d-016279325c83 None None] Extended resource: service_profiles {{(pid=87504) __init__ /opt/stack/neutron/neutron/api/extensions.py:156}}
Jun 27 01:54:53.943793 np0000003815 devstack@neutron-api.service[87504]: DEBUG neutron.api.extensions [None req-5651889f-36ff-43b1-849d-016279325c83 None None] Extended resource: floatingip-pools {{(pid=87504) __init__ /opt/stack/neutron/neutron/api/extensions.py:156}}
Jun 27 01:54:53.944348 np0000003815 devstack@neutron-api.service[87504]: DEBUG neutron.api.extensions [None req-5651889f-36ff-43b1-849d-016279325c83 None None] Extended resource: routers {{(pid=87504) __init__ /opt/stack/neutron/neutron/api/extensions.py:156}}
Jun 27 01:54:53.945482 np0000003815 devstack@neutron-api.service[87504]: DEBUG neutron.api.extensions [None req-5651889f-36ff-43b1-849d-016279325c83 None None] Extended resource: floatingips {{(pid=87504) __init__ /opt/stack/neutron/neutron/api/extensions.py:156}}
Jun 27 01:54:53.946269 np0000003815 devstack@neutron-api.service[87504]: DEBUG neutron.api.extensions [None req-5651889f-36ff-43b1-849d-016279325c83 None None] Extended resource: l3-routers {{(pid=87504) __init__ /opt/stack/neutron/neutron/api/extensions.py:156}}
Jun 27 01:54:53.946543 np0000003815 devstack@neutron-api.service[87503]: DEBUG oslo_concurrency.processutils [None req-ca89318e-ab55-4513-b84e-62dc5bb12b0b None None] CMD "ovsdb-client transact ssl:10.4.3.215:6641 --timeout 180 -p /opt/stack/data/CA/int-ca/private/devstack-cert.key -c /opt/stack/data/CA/int-ca/devstack-cert.crt -C /opt/stack/data/CA/int-ca/ca-chain.pem ["OVN_Northbound", {"op": "wait", "timeout": 0, "table": "Port_Group", "where": [["name", "==", "neutron_pg_drop"]], "until": "==", "rows": []}, {"op": "insert", "table": "ACL", "row": {"action": "drop", "direction": "to-lport", "match": "outport == @neutron_pg_drop && ip", "priority": 1001}, "uuid-name": "droptoport"}, {"op": "insert", "table": "ACL", "row": {"action": "drop", "direction": "from-lport", "match": "inport == @neutron_pg_drop && ip", "priority": 1001}, "uuid-name": "dropfromport"}, {"op": "insert", "table": "Port_Group", "row": {"name": "neutron_pg_drop", "acls": ["set", [["named-uuid", "droptoport"], ["named-uuid", "dropfromport"]]]}}]" returned: 0 in 0.043s {{(pid=87503) execute /opt/stack/data/venv/lib/python3.12/site-packages/oslo_concurrency/processutils.py:468}}
Jun 27 01:54:53.956972 np0000003815 devstack@neutron-api.service[87504]: DEBUG neutron.api.extensions [None req-5651889f-36ff-43b1-849d-016279325c83 None None] Extended resource: l3-agents {{(pid=87504) __init__ /opt/stack/neutron/neutron/api/extensions.py:156}}
Jun 27 01:54:53.957292 np0000003815 devstack@neutron-api.service[87503]: DEBUG neutron_lib.callbacks.manager [None req-ca89318e-ab55-4513-b84e-62dc5bb12b0b None None] Publish callbacks ['neutron.plugins.ml2.drivers.ovn.mech_driver.mech_driver.OVNMechanismDriver.post_fork_initialize-1902713', 'neutron.services.pvlan.drivers.ovn.driver._initialize_pvlan_pg_drop-8450370163736', 'neutron.services.ovn_l3.plugin.OVNL3RouterPlugin._post_fork_initialize-7935203'] for process (None), after_init {{(pid=87503) _notify_loop /opt/stack/data/venv/lib/python3.12/site-packages/neutron_lib/callbacks/manager.py:184}}
Jun 27 01:54:53.957689 np0000003815 devstack@neutron-api.service[87504]: DEBUG neutron.api.extensions [None req-5651889f-36ff-43b1-849d-016279325c83 None None] Extended resource: network-ip-availabilities {{(pid=87504) __init__ /opt/stack/neutron/neutron/api/extensions.py:156}}
Jun 27 01:54:53.957819 np0000003815 devstack@neutron-api.service[87503]: DEBUG oslo_concurrency.lockutils [None req-ca89318e-ab55-4513-b84e-62dc5bb12b0b None None] Acquiring lock "singleton_lock" {{(pid=87503) lock /opt/stack/data/venv/lib/python3.12/site-packages/oslo_concurrency/lockutils.py:395}}
Jun 27 01:54:53.957819 np0000003815 devstack@neutron-api.service[87503]: DEBUG oslo_concurrency.lockutils [None req-ca89318e-ab55-4513-b84e-62dc5bb12b0b None None] Acquired lock "singleton_lock" {{(pid=87503) lock /opt/stack/data/venv/lib/python3.12/site-packages/oslo_concurrency/lockutils.py:398}}
Jun 27 01:54:53.957954 np0000003815 devstack@neutron-api.service[87504]: DEBUG neutron.api.extensions [None req-5651889f-36ff-43b1-849d-016279325c83 None None] Extended resource: network-ip-availabilities {{(pid=87504) __init__ /opt/stack/neutron/neutron/api/extensions.py:156}}
Jun 27 01:54:53.964567 np0000003815 devstack@neutron-api.service[87503]: DEBUG oslo_concurrency.lockutils [None req-ca89318e-ab55-4513-b84e-62dc5bb12b0b None None] Releasing lock "singleton_lock" {{(pid=87503) lock /opt/stack/data/venv/lib/python3.12/site-packages/oslo_concurrency/lockutils.py:418}}
Jun 27 01:54:53.964807 np0000003815 devstack@neutron-api.service[87504]: DEBUG neutron.api.extensions [None req-5651889f-36ff-43b1-849d-016279325c83 None None] Extended resource: bindings {{(pid=87504) __init__ /opt/stack/neutron/neutron/api/extensions.py:156}}
Jun 27 01:54:53.964929 np0000003815 devstack@neutron-api.service[87503]: DEBUG neutron.plugins.ml2.drivers.ovn.mech_driver.mech_driver [None req-ca89318e-ab55-4513-b84e-62dc5bb12b0b None None] Hash Ring setup using WSGI start time 2026-06-27 01:54:47+00:00 {{(pid=87503) _init_hash_ring /opt/stack/neutron/neutron/plugins/ml2/drivers/ovn/mech_driver/mech_driver.py:404}}
Jun 27 01:54:53.965059 np0000003815 devstack@neutron-api.service[87504]: DEBUG neutron.api.extensions [None req-5651889f-36ff-43b1-849d-016279325c83 None None] Extended resource: quotas {{(pid=87504) __init__ /opt/stack/neutron/neutron/api/extensions.py:156}}
Jun 27 01:54:53.965059 np0000003815 devstack@neutron-api.service[87504]: DEBUG neutron.api.extensions [None req-5651889f-36ff-43b1-849d-016279325c83 None None] Extended resource: quotas {{(pid=87504) __init__ /opt/stack/neutron/neutron/api/extensions.py:156}}
Jun 27 01:54:53.965059 np0000003815 devstack@neutron-api.service[87504]: DEBUG neutron.api.extensions [None req-5651889f-36ff-43b1-849d-016279325c83 None None] Extended resource: rbac-policies {{(pid=87504) __init__ /opt/stack/neutron/neutron/api/extensions.py:156}}
Jun 27 01:54:53.965059 np0000003815 devstack@neutron-api.service[87504]: DEBUG neutron.api.extensions [None req-5651889f-36ff-43b1-849d-016279325c83 None None] Extended resource: default-security-group-rules {{(pid=87504) __init__ /opt/stack/neutron/neutron/api/extensions.py:156}}
Jun 27 01:54:53.965059 np0000003815 devstack@neutron-api.service[87504]: DEBUG neutron.api.extensions [None req-5651889f-36ff-43b1-849d-016279325c83 None None] Extended resource: security-groups-default-statefulness {{(pid=87504) __init__ /opt/stack/neutron/neutron/api/extensions.py:156}}
Jun 27 01:54:53.965059 np0000003815 devstack@neutron-api.service[87504]: DEBUG neutron.api.extensions [None req-5651889f-36ff-43b1-849d-016279325c83 None None] Extended resource: security-groups {{(pid=87504) __init__ /opt/stack/neutron/neutron/api/extensions.py:156}}
Jun 27 01:54:53.965059 np0000003815 devstack@neutron-api.service[87504]: DEBUG neutron.api.extensions [None req-5651889f-36ff-43b1-849d-016279325c83 None None] Extended resource: security-group-rules {{(pid=87504) __init__ /opt/stack/neutron/neutron/api/extensions.py:156}}
Jun 27 01:54:53.965059 np0000003815 devstack@neutron-api.service[87504]: DEBUG neutron.api.extensions [None req-5651889f-36ff-43b1-849d-016279325c83 None None] Extended resource: service-providers {{(pid=87504) __init__ /opt/stack/neutron/neutron/api/extensions.py:156}}
Jun 27 01:54:53.965390 np0000003815 devstack@neutron-api.service[87504]: DEBUG neutron.api.extensions [None req-5651889f-36ff-43b1-849d-016279325c83 None None] Extended resource: subnetpools {{(pid=87504) __init__ /opt/stack/neutron/neutron/api/extensions.py:156}}
Jun 27 01:54:53.965390 np0000003815 devstack@neutron-api.service[87504]: DEBUG neutron.api.extensions [None req-5651889f-36ff-43b1-849d-016279325c83 None None] Extended resource: subnetpools {{(pid=87504) __init__ /opt/stack/neutron/neutron/api/extensions.py:156}}
Jun 27 01:54:53.965390 np0000003815 devstack@neutron-api.service[87504]: DEBUG neutron.api.extensions [None req-5651889f-36ff-43b1-849d-016279325c83 None None] Extended resource: tags {{(pid=87504) __init__ /opt/stack/neutron/neutron/api/extensions.py:156}}
Jun 27 01:54:53.965390 np0000003815 devstack@neutron-api.service[87504]: DEBUG neutron.api.extensions [None req-5651889f-36ff-43b1-849d-016279325c83 None None] Extended resource: tags {{(pid=87504) __init__ /opt/stack/neutron/neutron/api/extensions.py:156}}
Jun 27 01:54:53.965896 np0000003815 devstack@neutron-api.service[87503]: INFO neutron.db.ovn_hash_ring_db [None req-ca89318e-ab55-4513-b84e-62dc5bb12b0b None None] Nodes from host "np0000003815" and group "mechanism_driver" removed from the Hash Ring created at 2026-06-27 01:54:47+00:00
Jun 27 01:54:53.966297 np0000003815 devstack@neutron-api.service[87504]: DEBUG neutron.api.extensions [None req-5651889f-36ff-43b1-849d-016279325c83 None None] Extended resource: tags {{(pid=87504) __init__ /opt/stack/neutron/neutron/api/extensions.py:156}}
Jun 27 01:54:53.966297 np0000003815 devstack@neutron-api.service[87504]: DEBUG neutron.api.extensions [None req-5651889f-36ff-43b1-849d-016279325c83 None None] Extended resource: tags {{(pid=87504) __init__ /opt/stack/neutron/neutron/api/extensions.py:156}}
Jun 27 01:54:53.966297 np0000003815 devstack@neutron-api.service[87504]: DEBUG neutron.api.extensions [None req-5651889f-36ff-43b1-849d-016279325c83 None None] Extended resource: tags {{(pid=87504) __init__ /opt/stack/neutron/neutron/api/extensions.py:156}}
Jun 27 01:54:53.966297 np0000003815 devstack@neutron-api.service[87504]: DEBUG neutron.api.extensions [None req-5651889f-36ff-43b1-849d-016279325c83 None None] Extended resource: tags {{(pid=87504) __init__ /opt/stack/neutron/neutron/api/extensions.py:156}}
Jun 27 01:54:53.966297 np0000003815 devstack@neutron-api.service[87504]: DEBUG neutron.api.extensions [None req-5651889f-36ff-43b1-849d-016279325c83 None None] Extended resource: tags {{(pid=87504) __init__ /opt/stack/neutron/neutron/api/extensions.py:156}}
Jun 27 01:54:53.966297 np0000003815 devstack@neutron-api.service[87504]: DEBUG neutron.api.extensions [None req-5651889f-36ff-43b1-849d-016279325c83 None None] Extended resource: tags {{(pid=87504) __init__ /opt/stack/neutron/neutron/api/extensions.py:156}}
Jun 27 01:54:53.966297 np0000003815 devstack@neutron-api.service[87504]: DEBUG neutron.api.extensions [None req-5651889f-36ff-43b1-849d-016279325c83 None None] Extended resource: tags {{(pid=87504) __init__ /opt/stack/neutron/neutron/api/extensions.py:156}}
Jun 27 01:54:53.966297 np0000003815 devstack@neutron-api.service[87504]: DEBUG neutron.api.extensions [None req-5651889f-36ff-43b1-849d-016279325c83 None None] Extended resource: tags {{(pid=87504) __init__ /opt/stack/neutron/neutron/api/extensions.py:156}}
Jun 27 01:54:53.966777 np0000003815 devstack@neutron-api.service[87503]: INFO neutron.db.ovn_hash_ring_db [None req-ca89318e-ab55-4513-b84e-62dc5bb12b0b None None] Node 894cade45921583181b3a0aae5df2f11 from host "np0000003815" and group "mechanism_driver" added to the Hash Ring
Jun 27 01:54:53.969556 np0000003815 devstack@neutron-api.service[87503]: DEBUG neutron.plugins.ml2.drivers.ovn.mech_driver.mech_driver [None req-ca89318e-ab55-4513-b84e-62dc5bb12b0b None None] Hash Ring setup, this worker has detected 2 OVN hash ring registers in the database {{(pid=87503) _init_hash_ring /opt/stack/neutron/neutron/plugins/ml2/drivers/ovn/mech_driver/mech_driver.py:414}}
Jun 27 01:54:53.973628 np0000003815 devstack@neutron-api.service[87504]: DEBUG neutron_lib.callbacks.manager [None req-5651889f-36ff-43b1-849d-016279325c83 None None] Publish callbacks ['neutron.plugins.ml2.drivers.ovn.mech_driver.mech_driver.OVNMechanismDriver.pre_fork_initialize-1904063'] for process (None), before_spawn {{(pid=87504) _notify_loop /opt/stack/data/venv/lib/python3.12/site-packages/neutron_lib/callbacks/manager.py:184}}
Jun 27 01:54:53.974087 np0000003815 devstack@neutron-api.service[87504]: DEBUG oslo_concurrency.processutils [None req-5651889f-36ff-43b1-849d-016279325c83 None None] Running cmd (subprocess): ovsdb-client transact ssl:10.4.3.215:6641 --timeout 180 -p /opt/stack/data/CA/int-ca/private/devstack-cert.key -c /opt/stack/data/CA/int-ca/devstack-cert.crt -C /opt/stack/data/CA/int-ca/ca-chain.pem ["OVN_Northbound", {"op": "wait", "timeout": 0, "table": "Port_Group", "where": [["name", "==", "neutron_pg_drop"]], "until": "==", "rows": []}, {"op": "insert", "table": "ACL", "row": {"action": "drop", "direction": "to-lport", "match": "outport == @neutron_pg_drop && ip", "priority": 1001}, "uuid-name": "droptoport"}, {"op": "insert", "table": "ACL", "row": {"action": "drop", "direction": "from-lport", "match": "inport == @neutron_pg_drop && ip", "priority": 1001}, "uuid-name": "dropfromport"}, {"op": "insert", "table": "Port_Group", "row": {"name": "neutron_pg_drop", "acls": ["set", [["named-uuid", "droptoport"], ["named-uuid", "dropfromport"]]]}}] {{(pid=87504) execute /opt/stack/data/venv/lib/python3.12/site-packages/oslo_concurrency/processutils.py:440}}
Jun 27 01:54:53.983981 np0000003815 devstack@neutron-api.service[87503]: DEBUG neutron.plugins.ml2.drivers.ovn.mech_driver.ovsdb.maintenance [None req-ca89318e-ab55-4513-b84e-62dc5bb12b0b None None] Periodic task found: HashRingHealthCheckPeriodics.touch_hash_ring_node {{(pid=87503) add_periodics /opt/stack/neutron/neutron/plugins/ml2/drivers/ovn/mech_driver/ovsdb/maintenance.py:146}}
Jun 27 01:54:53.985641 np0000003815 devstack@neutron-api.service[87503]: INFO neutron.plugins.ml2.drivers.ovn.mech_driver.mech_driver [None req-ca89318e-ab55-4513-b84e-62dc5bb12b0b None None] Hash Ring probing thread for node 894cade45921583181b3a0aae5df2f11 has started
Jun 27 01:54:53.986226 np0000003815 devstack@neutron-api.service[87503]: INFO neutron.plugins.ml2.drivers.ovn.mech_driver.ovsdb.impl_idl_ovn [None req-ca89318e-ab55-4513-b84e-62dc5bb12b0b None None] Getting OvsdbNbOvnIdl for WorkerService with retry
Jun 27 01:54:54.007967 np0000003815 devstack@neutron-api.service[87504]: DEBUG oslo_concurrency.processutils [None req-5651889f-36ff-43b1-849d-016279325c83 None None] CMD "ovsdb-client transact ssl:10.4.3.215:6641 --timeout 180 -p /opt/stack/data/CA/int-ca/private/devstack-cert.key -c /opt/stack/data/CA/int-ca/devstack-cert.crt -C /opt/stack/data/CA/int-ca/ca-chain.pem ["OVN_Northbound", {"op": "wait", "timeout": 0, "table": "Port_Group", "where": [["name", "==", "neutron_pg_drop"]], "until": "==", "rows": []}, {"op": "insert", "table": "ACL", "row": {"action": "drop", "direction": "to-lport", "match": "outport == @neutron_pg_drop && ip", "priority": 1001}, "uuid-name": "droptoport"}, {"op": "insert", "table": "ACL", "row": {"action": "drop", "direction": "from-lport", "match": "inport == @neutron_pg_drop && ip", "priority": 1001}, "uuid-name": "dropfromport"}, {"op": "insert", "table": "Port_Group", "row": {"name": "neutron_pg_drop", "acls": ["set", [["named-uuid", "droptoport"], ["named-uuid", "dropfromport"]]]}}]" returned: 0 in 0.034s {{(pid=87504) execute /opt/stack/data/venv/lib/python3.12/site-packages/oslo_concurrency/processutils.py:468}}
Jun 27 01:54:54.008667 np0000003815 devstack@neutron-api.service[87504]: DEBUG neutron_lib.callbacks.manager [None req-5651889f-36ff-43b1-849d-016279325c83 None None] Publish callbacks ['neutron.plugins.ml2.drivers.ovn.mech_driver.mech_driver.OVNMechanismDriver.post_fork_initialize-1904023', 'neutron.services.pvlan.drivers.ovn.driver._initialize_pvlan_pg_drop-8450370277306', 'neutron.services.ovn_l3.plugin.OVNL3RouterPlugin._post_fork_initialize-7932965'] for process (None), after_init {{(pid=87504) _notify_loop /opt/stack/data/venv/lib/python3.12/site-packages/neutron_lib/callbacks/manager.py:184}}
Jun 27 01:54:54.009454 np0000003815 devstack@neutron-api.service[87504]: DEBUG oslo_concurrency.lockutils [None req-5651889f-36ff-43b1-849d-016279325c83 None None] Acquiring lock "singleton_lock" {{(pid=87504) lock /opt/stack/data/venv/lib/python3.12/site-packages/oslo_concurrency/lockutils.py:395}}
Jun 27 01:54:54.009667 np0000003815 devstack@neutron-api.service[87504]: DEBUG oslo_concurrency.lockutils [None req-5651889f-36ff-43b1-849d-016279325c83 None None] Acquired lock "singleton_lock" {{(pid=87504) lock /opt/stack/data/venv/lib/python3.12/site-packages/oslo_concurrency/lockutils.py:398}}
Jun 27 01:54:54.010022 np0000003815 devstack@neutron-api.service[87504]: DEBUG oslo_concurrency.lockutils [None req-5651889f-36ff-43b1-849d-016279325c83 None None] Releasing lock "singleton_lock" {{(pid=87504) lock /opt/stack/data/venv/lib/python3.12/site-packages/oslo_concurrency/lockutils.py:418}}
Jun 27 01:54:54.012307 np0000003815 devstack@neutron-api.service[87504]: DEBUG neutron.plugins.ml2.drivers.ovn.mech_driver.mech_driver [None req-5651889f-36ff-43b1-849d-016279325c83 None None] Hash Ring setup using WSGI start time 2026-06-27 01:54:47+00:00 {{(pid=87504) _init_hash_ring /opt/stack/neutron/neutron/plugins/ml2/drivers/ovn/mech_driver/mech_driver.py:404}}
Jun 27 01:54:54.018433 np0000003815 devstack@neutron-api.service[87504]: INFO neutron.db.ovn_hash_ring_db [None req-5651889f-36ff-43b1-849d-016279325c83 None None] Nodes from host "np0000003815" and group "mechanism_driver" removed from the Hash Ring created at 2026-06-27 01:54:47+00:00
Jun 27 01:54:54.022400 np0000003815 devstack@neutron-api.service[87504]: INFO neutron.db.ovn_hash_ring_db [None req-5651889f-36ff-43b1-849d-016279325c83 None None] Node 11f8ee6e6c8c543a89945aaa4247f774 from host "np0000003815" and group "mechanism_driver" added to the Hash Ring
Jun 27 01:54:54.026347 np0000003815 devstack@neutron-api.service[87504]: DEBUG neutron.plugins.ml2.drivers.ovn.mech_driver.mech_driver [None req-5651889f-36ff-43b1-849d-016279325c83 None None] Hash Ring setup, this worker has detected 3 OVN hash ring registers in the database {{(pid=87504) _init_hash_ring /opt/stack/neutron/neutron/plugins/ml2/drivers/ovn/mech_driver/mech_driver.py:414}}
Jun 27 01:54:54.032738 np0000003815 devstack@neutron-api.service[87504]: DEBUG neutron.plugins.ml2.drivers.ovn.mech_driver.ovsdb.maintenance [None req-5651889f-36ff-43b1-849d-016279325c83 None None] Periodic task found: HashRingHealthCheckPeriodics.touch_hash_ring_node {{(pid=87504) add_periodics /opt/stack/neutron/neutron/plugins/ml2/drivers/ovn/mech_driver/ovsdb/maintenance.py:146}}
Jun 27 01:54:54.033815 np0000003815 devstack@neutron-api.service[87504]: INFO neutron.plugins.ml2.drivers.ovn.mech_driver.mech_driver [None req-5651889f-36ff-43b1-849d-016279325c83 None None] Hash Ring probing thread for node 11f8ee6e6c8c543a89945aaa4247f774 has started
Jun 27 01:54:54.034398 np0000003815 devstack@neutron-api.service[87503]: DEBUG ovsdbapp.backend.ovs_idl [None req-ca89318e-ab55-4513-b84e-62dc5bb12b0b None None] Created lookup_table index Logical_Switch.name {{(pid=87503) autocreate_indices /opt/stack/data/venv/lib/python3.12/site-packages/ovsdbapp/backend/ovs_idl/__init__.py:87}}
Jun 27 01:54:54.034542 np0000003815 devstack@neutron-api.service[87503]: DEBUG ovsdbapp.backend.ovs_idl [None req-ca89318e-ab55-4513-b84e-62dc5bb12b0b None None] Created lookup_table index Logical_Router.name {{(pid=87503) autocreate_indices /opt/stack/data/venv/lib/python3.12/site-packages/ovsdbapp/backend/ovs_idl/__init__.py:87}}
Jun 27 01:54:54.034644 np0000003815 devstack@neutron-api.service[87503]: DEBUG ovsdbapp.backend.ovs_idl [None req-ca89318e-ab55-4513-b84e-62dc5bb12b0b None None] Created lookup_table index Load_Balancer.name {{(pid=87503) autocreate_indices /opt/stack/data/venv/lib/python3.12/site-packages/ovsdbapp/backend/ovs_idl/__init__.py:87}}
Jun 27 01:54:54.034810 np0000003815 devstack@neutron-api.service[87503]: DEBUG ovsdbapp.backend.ovs_idl [None req-ca89318e-ab55-4513-b84e-62dc5bb12b0b None None] Created schema index Copp.name {{(pid=87503) autocreate_indices /opt/stack/data/venv/lib/python3.12/site-packages/ovsdbapp/backend/ovs_idl/__init__.py:106}}
Jun 27 01:54:54.034856 np0000003815 devstack@neutron-api.service[87504]: INFO neutron.plugins.ml2.drivers.ovn.mech_driver.ovsdb.impl_idl_ovn [None req-5651889f-36ff-43b1-849d-016279325c83 None None] Getting OvsdbNbOvnIdl for WorkerService with retry
Jun 27 01:54:54.035142 np0000003815 devstack@neutron-api.service[87503]: DEBUG ovsdbapp.backend.ovs_idl [None req-ca89318e-ab55-4513-b84e-62dc5bb12b0b None None] Created schema index Meter.name {{(pid=87503) autocreate_indices /opt/stack/data/venv/lib/python3.12/site-packages/ovsdbapp/backend/ovs_idl/__init__.py:106}}
Jun 27 01:54:54.035142 np0000003815 devstack@neutron-api.service[87503]: DEBUG ovsdbapp.backend.ovs_idl [None req-ca89318e-ab55-4513-b84e-62dc5bb12b0b None None] Created schema index Load_Balancer_Group.name {{(pid=87503) autocreate_indices /opt/stack/data/venv/lib/python3.12/site-packages/ovsdbapp/backend/ovs_idl/__init__.py:106}}
Jun 27 01:54:54.035142 np0000003815 devstack@neutron-api.service[87503]: DEBUG ovsdbapp.backend.ovs_idl [None req-ca89318e-ab55-4513-b84e-62dc5bb12b0b None None] Created schema index HA_Chassis_Group.name {{(pid=87503) autocreate_indices /opt/stack/data/venv/lib/python3.12/site-packages/ovsdbapp/backend/ovs_idl/__init__.py:106}}
Jun 27 01:54:54.035227 np0000003815 devstack@neutron-api.service[87503]: DEBUG ovsdbapp.backend.ovs_idl [None req-ca89318e-ab55-4513-b84e-62dc5bb12b0b None None] Created schema index Address_Set.name {{(pid=87503) autocreate_indices /opt/stack/data/venv/lib/python3.12/site-packages/ovsdbapp/backend/ovs_idl/__init__.py:106}}
Jun 27 01:54:54.035349 np0000003815 devstack@neutron-api.service[87503]: DEBUG ovsdbapp.backend.ovs_idl [None req-ca89318e-ab55-4513-b84e-62dc5bb12b0b None None] Created schema index Connection.target {{(pid=87503) autocreate_indices /opt/stack/data/venv/lib/python3.12/site-packages/ovsdbapp/backend/ovs_idl/__init__.py:106}}
Jun 27 01:54:54.035681 np0000003815 devstack@neutron-api.service[87503]: DEBUG ovsdbapp.backend.ovs_idl [None req-ca89318e-ab55-4513-b84e-62dc5bb12b0b None None] Created schema index Gateway_Chassis.name {{(pid=87503) autocreate_indices /opt/stack/data/venv/lib/python3.12/site-packages/ovsdbapp/backend/ovs_idl/__init__.py:106}}
Jun 27 01:54:54.035681 np0000003815 devstack@neutron-api.service[87503]: DEBUG ovsdbapp.backend.ovs_idl [None req-ca89318e-ab55-4513-b84e-62dc5bb12b0b None None] Created schema index Mirror.name {{(pid=87503) autocreate_indices /opt/stack/data/venv/lib/python3.12/site-packages/ovsdbapp/backend/ovs_idl/__init__.py:106}}
Jun 27 01:54:54.035681 np0000003815 devstack@neutron-api.service[87503]: DEBUG ovsdbapp.backend.ovs_idl [None req-ca89318e-ab55-4513-b84e-62dc5bb12b0b None None] Created schema index Chassis_Template_Var.chassis {{(pid=87503) autocreate_indices /opt/stack/data/venv/lib/python3.12/site-packages/ovsdbapp/backend/ovs_idl/__init__.py:106}}
Jun 27 01:54:54.035681 np0000003815 devstack@neutron-api.service[87503]: DEBUG ovsdbapp.backend.ovs_idl [None req-ca89318e-ab55-4513-b84e-62dc5bb12b0b None None] Created schema index Logical_Router_Port.name {{(pid=87503) autocreate_indices /opt/stack/data/venv/lib/python3.12/site-packages/ovsdbapp/backend/ovs_idl/__init__.py:106}}
Jun 27 01:54:54.035784 np0000003815 devstack@neutron-api.service[87503]: DEBUG ovsdbapp.backend.ovs_idl [None req-ca89318e-ab55-4513-b84e-62dc5bb12b0b None None] Created schema index Port_Group.name {{(pid=87503) autocreate_indices /opt/stack/data/venv/lib/python3.12/site-packages/ovsdbapp/backend/ovs_idl/__init__.py:106}}
Jun 27 01:54:54.035823 np0000003815 devstack@neutron-api.service[87503]: DEBUG ovsdbapp.backend.ovs_idl [None req-ca89318e-ab55-4513-b84e-62dc5bb12b0b None None] Created schema index Logical_Switch_Port.name {{(pid=87503) autocreate_indices /opt/stack/data/venv/lib/python3.12/site-packages/ovsdbapp/backend/ovs_idl/__init__.py:106}}
Jun 27 01:54:54.038431 np0000003815 devstack@neutron-api.service[87503]: INFO ovsdbapp.backend.ovs_idl.vlog [None req-ca89318e-ab55-4513-b84e-62dc5bb12b0b None None] ssl:10.4.3.215:6641: connecting...
Jun 27 01:54:54.043318 np0000003815 devstack@neutron-api.service[87503]: INFO ovsdbapp.backend.ovs_idl.vlog [None req-ca89318e-ab55-4513-b84e-62dc5bb12b0b None None] ssl:10.4.3.215:6641: connected
Jun 27 01:54:54.077768 np0000003815 devstack@neutron-api.service[87504]: DEBUG ovsdbapp.backend.ovs_idl [None req-5651889f-36ff-43b1-849d-016279325c83 None None] Created lookup_table index Logical_Switch.name {{(pid=87504) autocreate_indices /opt/stack/data/venv/lib/python3.12/site-packages/ovsdbapp/backend/ovs_idl/__init__.py:87}}
Jun 27 01:54:54.077768 np0000003815 devstack@neutron-api.service[87504]: DEBUG ovsdbapp.backend.ovs_idl [None req-5651889f-36ff-43b1-849d-016279325c83 None None] Created lookup_table index Logical_Router.name {{(pid=87504) autocreate_indices /opt/stack/data/venv/lib/python3.12/site-packages/ovsdbapp/backend/ovs_idl/__init__.py:87}}
Jun 27 01:54:54.077768 np0000003815 devstack@neutron-api.service[87504]: DEBUG ovsdbapp.backend.ovs_idl [None req-5651889f-36ff-43b1-849d-016279325c83 None None] Created lookup_table index Load_Balancer.name {{(pid=87504) autocreate_indices /opt/stack/data/venv/lib/python3.12/site-packages/ovsdbapp/backend/ovs_idl/__init__.py:87}}
Jun 27 01:54:54.077768 np0000003815 devstack@neutron-api.service[87504]: DEBUG ovsdbapp.backend.ovs_idl [None req-5651889f-36ff-43b1-849d-016279325c83 None None] Created schema index Copp.name {{(pid=87504) autocreate_indices /opt/stack/data/venv/lib/python3.12/site-packages/ovsdbapp/backend/ovs_idl/__init__.py:106}}
Jun 27 01:54:54.077962 np0000003815 devstack@neutron-api.service[87504]: DEBUG ovsdbapp.backend.ovs_idl [None req-5651889f-36ff-43b1-849d-016279325c83 None None] Created schema index Meter.name {{(pid=87504) autocreate_indices /opt/stack/data/venv/lib/python3.12/site-packages/ovsdbapp/backend/ovs_idl/__init__.py:106}}
Jun 27 01:54:54.077962 np0000003815 devstack@neutron-api.service[87504]: DEBUG ovsdbapp.backend.ovs_idl [None req-5651889f-36ff-43b1-849d-016279325c83 None None] Created schema index Load_Balancer_Group.name {{(pid=87504) autocreate_indices /opt/stack/data/venv/lib/python3.12/site-packages/ovsdbapp/backend/ovs_idl/__init__.py:106}}
Jun 27 01:54:54.078093 np0000003815 devstack@neutron-api.service[87504]: DEBUG ovsdbapp.backend.ovs_idl [None req-5651889f-36ff-43b1-849d-016279325c83 None None] Created schema index HA_Chassis_Group.name {{(pid=87504) autocreate_indices /opt/stack/data/venv/lib/python3.12/site-packages/ovsdbapp/backend/ovs_idl/__init__.py:106}}
Jun 27 01:54:54.078169 np0000003815 devstack@neutron-api.service[87504]: DEBUG ovsdbapp.backend.ovs_idl [None req-5651889f-36ff-43b1-849d-016279325c83 None None] Created schema index Address_Set.name {{(pid=87504) autocreate_indices /opt/stack/data/venv/lib/python3.12/site-packages/ovsdbapp/backend/ovs_idl/__init__.py:106}}
Jun 27 01:54:54.078325 np0000003815 devstack@neutron-api.service[87504]: DEBUG ovsdbapp.backend.ovs_idl [None req-5651889f-36ff-43b1-849d-016279325c83 None None] Created schema index Connection.target {{(pid=87504) autocreate_indices /opt/stack/data/venv/lib/python3.12/site-packages/ovsdbapp/backend/ovs_idl/__init__.py:106}}
Jun 27 01:54:54.078432 np0000003815 devstack@neutron-api.service[87504]: DEBUG ovsdbapp.backend.ovs_idl [None req-5651889f-36ff-43b1-849d-016279325c83 None None] Created schema index Gateway_Chassis.name {{(pid=87504) autocreate_indices /opt/stack/data/venv/lib/python3.12/site-packages/ovsdbapp/backend/ovs_idl/__init__.py:106}}
Jun 27 01:54:54.078530 np0000003815 devstack@neutron-api.service[87504]: DEBUG ovsdbapp.backend.ovs_idl [None req-5651889f-36ff-43b1-849d-016279325c83 None None] Created schema index Mirror.name {{(pid=87504) autocreate_indices /opt/stack/data/venv/lib/python3.12/site-packages/ovsdbapp/backend/ovs_idl/__init__.py:106}}
Jun 27 01:54:54.078613 np0000003815 devstack@neutron-api.service[87504]: DEBUG ovsdbapp.backend.ovs_idl [None req-5651889f-36ff-43b1-849d-016279325c83 None None] Created schema index Chassis_Template_Var.chassis {{(pid=87504) autocreate_indices /opt/stack/data/venv/lib/python3.12/site-packages/ovsdbapp/backend/ovs_idl/__init__.py:106}}
Jun 27 01:54:54.078693 np0000003815 devstack@neutron-api.service[87504]: DEBUG ovsdbapp.backend.ovs_idl [None req-5651889f-36ff-43b1-849d-016279325c83 None None] Created schema index Logical_Router_Port.name {{(pid=87504) autocreate_indices /opt/stack/data/venv/lib/python3.12/site-packages/ovsdbapp/backend/ovs_idl/__init__.py:106}}
Jun 27 01:54:54.079112 np0000003815 devstack@neutron-api.service[87504]: DEBUG ovsdbapp.backend.ovs_idl [None req-5651889f-36ff-43b1-849d-016279325c83 None None] Created schema index Port_Group.name {{(pid=87504) autocreate_indices /opt/stack/data/venv/lib/python3.12/site-packages/ovsdbapp/backend/ovs_idl/__init__.py:106}}
Jun 27 01:54:54.079112 np0000003815 devstack@neutron-api.service[87504]: DEBUG ovsdbapp.backend.ovs_idl [None req-5651889f-36ff-43b1-849d-016279325c83 None None] Created schema index Logical_Switch_Port.name {{(pid=87504) autocreate_indices /opt/stack/data/venv/lib/python3.12/site-packages/ovsdbapp/backend/ovs_idl/__init__.py:106}}
Jun 27 01:54:54.081519 np0000003815 devstack@neutron-api.service[87503]: DEBUG neutron.common.ovn.hash_ring_manager [None req-ca89318e-ab55-4513-b84e-62dc5bb12b0b None None] Allow caching, nodes 3>=3 {{(pid=87503) _wait_startup_before_caching /opt/stack/neutron/neutron/common/ovn/hash_ring_manager.py:71}}
Jun 27 01:54:54.082377 np0000003815 devstack@neutron-api.service[87504]: INFO ovsdbapp.backend.ovs_idl.vlog [None req-5651889f-36ff-43b1-849d-016279325c83 None None] ssl:10.4.3.215:6641: connecting...
Jun 27 01:54:54.087194 np0000003815 devstack@neutron-api.service[87504]: INFO ovsdbapp.backend.ovs_idl.vlog [None req-5651889f-36ff-43b1-849d-016279325c83 None None] ssl:10.4.3.215:6641: connected
Jun 27 01:54:54.099278 np0000003815 devstack@neutron-api.service[87503]: DEBUG neutron.common.ovn.hash_ring_manager [None req-ca89318e-ab55-4513-b84e-62dc5bb12b0b None None] Hash Ring loaded. 3 active nodes. 0 offline nodes {{(pid=87503) _load_hash_ring /opt/stack/neutron/neutron/common/ovn/hash_ring_manager.py:110}}
Jun 27 01:54:54.099278 np0000003815 devstack@neutron-api.service[87503]: DEBUG neutron.plugins.ml2.drivers.ovn.mech_driver.ovsdb.ovsdb_monitor [None req-ca89318e-ab55-4513-b84e-62dc5bb12b0b None None] Hash Ring: Node 894cade45921583181b3a0aae5df2f11 (host: np0000003815) handling event "create" for row 4c8979bd-1daf-47be-b5b6-9faf5cfbf38f (table: ACL) {{(pid=87503) notify /opt/stack/neutron/neutron/plugins/ml2/drivers/ovn/mech_driver/ovsdb/ovsdb_monitor.py:1015}}
Jun 27 01:54:54.099278 np0000003815 devstack@neutron-api.service[87503]: DEBUG neutron.plugins.ml2.drivers.ovn.mech_driver.ovsdb.ovsdb_monitor [None req-ca89318e-ab55-4513-b84e-62dc5bb12b0b None None] Hash Ring: Node 894cade45921583181b3a0aae5df2f11 (host: np0000003815) handling event "create" for row 3cefa93f-e1da-486d-8384-a89213f1d62c (table: SSL) {{(pid=87503) notify /opt/stack/neutron/neutron/plugins/ml2/drivers/ovn/mech_driver/ovsdb/ovsdb_monitor.py:1015}}
Jun 27 01:54:54.099278 np0000003815 devstack@neutron-api.service[87503]: INFO neutron.plugins.ml2.drivers.ovn.mech_driver.ovsdb.impl_idl_ovn [None req-ca89318e-ab55-4513-b84e-62dc5bb12b0b None None] Getting OvsdbSbOvnIdl for WorkerService with retry
Jun 27 01:54:54.121233 np0000003815 devstack@neutron-api.service[87503]: DEBUG ovsdbapp.backend.ovs_idl [None req-ca89318e-ab55-4513-b84e-62dc5bb12b0b None None] Created lookup_table index Chassis.name {{(pid=87503) autocreate_indices /opt/stack/data/venv/lib/python3.12/site-packages/ovsdbapp/backend/ovs_idl/__init__.py:87}}
Jun 27 01:54:54.121404 np0000003815 devstack@neutron-api.service[87503]: DEBUG ovsdbapp.backend.ovs_idl [None req-ca89318e-ab55-4513-b84e-62dc5bb12b0b None None] Created lookup_table index Port_Binding.logical_port {{(pid=87503) autocreate_indices /opt/stack/data/venv/lib/python3.12/site-packages/ovsdbapp/backend/ovs_idl/__init__.py:87}}
Jun 27 01:54:54.121513 np0000003815 devstack@neutron-api.service[87503]: DEBUG ovsdbapp.backend.ovs_idl [None req-ca89318e-ab55-4513-b84e-62dc5bb12b0b None None] Created schema index Chassis_Private.name {{(pid=87503) autocreate_indices /opt/stack/data/venv/lib/python3.12/site-packages/ovsdbapp/backend/ovs_idl/__init__.py:106}}
Jun 27 01:54:54.121711 np0000003815 devstack@neutron-api.service[87503]: DEBUG ovsdbapp.backend.ovs_idl [None req-ca89318e-ab55-4513-b84e-62dc5bb12b0b None None] Created schema index Datapath_Binding.tunnel_key {{(pid=87503) autocreate_indices /opt/stack/data/venv/lib/python3.12/site-packages/ovsdbapp/backend/ovs_idl/__init__.py:106}}
Jun 27 01:54:54.124177 np0000003815 devstack@neutron-api.service[87503]: INFO ovsdbapp.backend.ovs_idl.vlog [None req-ca89318e-ab55-4513-b84e-62dc5bb12b0b None None] ssl:10.4.3.215:6642: connecting...
Jun 27 01:54:54.127137 np0000003815 devstack@neutron-api.service[87504]: DEBUG neutron.common.ovn.hash_ring_manager [None req-5651889f-36ff-43b1-849d-016279325c83 None None] Allow caching, nodes 3>=3 {{(pid=87504) _wait_startup_before_caching /opt/stack/neutron/neutron/common/ovn/hash_ring_manager.py:71}}
Jun 27 01:54:54.128565 np0000003815 devstack@neutron-api.service[87503]: INFO ovsdbapp.backend.ovs_idl.vlog [None req-ca89318e-ab55-4513-b84e-62dc5bb12b0b None None] ssl:10.4.3.215:6642: connected
Jun 27 01:54:54.134454 np0000003815 devstack@neutron-api.service[87504]: DEBUG neutron.common.ovn.hash_ring_manager [None req-5651889f-36ff-43b1-849d-016279325c83 None None] Hash Ring loaded. 3 active nodes. 0 offline nodes {{(pid=87504) _load_hash_ring /opt/stack/neutron/neutron/common/ovn/hash_ring_manager.py:110}}
Jun 27 01:54:54.134454 np0000003815 devstack@neutron-api.service[87504]: DEBUG neutron.plugins.ml2.drivers.ovn.mech_driver.ovsdb.ovsdb_monitor [None req-5651889f-36ff-43b1-849d-016279325c83 None None] Hash Ring: Node 11f8ee6e6c8c543a89945aaa4247f774 (host: np0000003815) handling event "create" for row 0d61424f-7924-4365-a373-12995a482b20 (table: ACL) {{(pid=87504) notify /opt/stack/neutron/neutron/plugins/ml2/drivers/ovn/mech_driver/ovsdb/ovsdb_monitor.py:1015}}
Jun 27 01:54:54.134890 np0000003815 devstack@neutron-api.service[87504]: DEBUG neutron.plugins.ml2.drivers.ovn.mech_driver.ovsdb.ovsdb_monitor [None req-5651889f-36ff-43b1-849d-016279325c83 None None] Hash Ring: Node 11f8ee6e6c8c543a89945aaa4247f774 (host: np0000003815) handling event "create" for row 77613b10-c9da-4631-8951-55dc062b54a3 (table: ACL) {{(pid=87504) notify /opt/stack/neutron/neutron/plugins/ml2/drivers/ovn/mech_driver/ovsdb/ovsdb_monitor.py:1015}}
Jun 27 01:54:54.135022 np0000003815 devstack@neutron-api.service[87504]: DEBUG neutron.plugins.ml2.drivers.ovn.mech_driver.ovsdb.ovsdb_monitor [None req-5651889f-36ff-43b1-849d-016279325c83 None None] Hash Ring: Node 11f8ee6e6c8c543a89945aaa4247f774 (host: np0000003815) handling event "create" for row 330f0ca0-9710-4785-b632-32763fc09f98 (table: NB_Global) {{(pid=87504) notify /opt/stack/neutron/neutron/plugins/ml2/drivers/ovn/mech_driver/ovsdb/ovsdb_monitor.py:1015}}
Jun 27 01:54:54.136083 np0000003815 devstack@neutron-api.service[87504]: INFO neutron.plugins.ml2.drivers.ovn.mech_driver.ovsdb.impl_idl_ovn [None req-5651889f-36ff-43b1-849d-016279325c83 None None] Getting OvsdbSbOvnIdl for WorkerService with retry
