Aug 15 00:01:26.798180 np0000007346 devstack@g-api.service[99811]: DEBUG glance.api.middleware.version_negotiation [None req-3439f1dd-3faa-479b-a0a4-2b722c4b4288 tempest-TestImageHashVerification-1350248036 tempest-TestImageHashVerification-1350248036-project-member] Using url versioning {{(pid=99811) process_request /opt/stack/glance/glance/api/middleware/version_negotiation.py:57}}
Aug 15 00:01:26.798180 np0000007346 devstack@g-api.service[99811]: DEBUG glance.api.middleware.version_negotiation [None req-3439f1dd-3faa-479b-a0a4-2b722c4b4288 tempest-TestImageHashVerification-1350248036 tempest-TestImageHashVerification-1350248036-project-member] Matched version: v2 {{(pid=99811) process_request /opt/stack/glance/glance/api/middleware/version_negotiation.py:69}}
Aug 15 00:01:26.798401 np0000007346 devstack@g-api.service[99811]: DEBUG glance.api.middleware.version_negotiation [None req-3439f1dd-3faa-479b-a0a4-2b722c4b4288 tempest-TestImageHashVerification-1350248036 tempest-TestImageHashVerification-1350248036-project-member] new path /v2/schemas/image {{(pid=99811) process_request /opt/stack/glance/glance/api/middleware/version_negotiation.py:70}}
Aug 15 00:01:26.802463 np0000007346 devstack@g-api.service[99811]: [pid: 99811|app: 0|req: 141/427] 127.0.0.1 () {44 vars in 1055 bytes} [Sat Aug 15 00:01:26 2026] GET /v2/schemas/image => generated 6083 bytes in 5 msecs (HTTP/1.1 200) 4 headers in 158 bytes (1 switches on core 0)
Aug 15 00:01:27.646201 np0000007346 devstack@g-api.service[99810]: DEBUG glance.api.middleware.version_negotiation [None req-e8c7bacd-4300-44bd-b314-084243fb4466 tempest-TestImageHashVerification-1350248036 tempest-TestImageHashVerification-1350248036-project-member] Determining version of request: GET /v2/images/b99ed404-ddff-4394-bf66-127f9c5520fc Accept: */* {{(pid=99810) process_request /opt/stack/glance/glance/api/middleware/version_negotiation.py:44}}
Aug 15 00:01:27.647371 np0000007346 devstack@g-api.service[99810]: DEBUG glance.api.middleware.version_negotiation [None req-e8c7bacd-4300-44bd-b314-084243fb4466 tempest-TestImageHashVerification-1350248036 tempest-TestImageHashVerification-1350248036-project-member] Using url versioning {{(pid=99810) process_request /opt/stack/glance/glance/api/middleware/version_negotiation.py:57}}
Aug 15 00:01:27.648433 np0000007346 devstack@g-api.service[99810]: DEBUG glance.api.middleware.version_negotiation [None req-e8c7bacd-4300-44bd-b314-084243fb4466 tempest-TestImageHashVerification-1350248036 tempest-TestImageHashVerification-1350248036-project-member] Matched version: v2 {{(pid=99810) process_request /opt/stack/glance/glance/api/middleware/version_negotiation.py:69}}
Aug 15 00:01:27.648646 np0000007346 devstack@g-api.service[99810]: DEBUG glance.api.middleware.version_negotiation [None req-e8c7bacd-4300-44bd-b314-084243fb4466 tempest-TestImageHashVerification-1350248036 tempest-TestImageHashVerification-1350248036-project-member] new path /v2/images/b99ed404-ddff-4394-bf66-127f9c5520fc {{(pid=99810) process_request /opt/stack/glance/glance/api/middleware/version_negotiation.py:70}}
Aug 15 00:01:27.679985 np0000007346 devstack@g-api.service[99810]: [pid: 99810|app: 0|req: 161/428] 127.0.0.1 () {44 vars in 1115 bytes} [Sat Aug 15 00:01:27 2026] GET /v2/images/b99ed404-ddff-4394-bf66-127f9c5520fc => generated 1695 bytes in 34 msecs (HTTP/1.1 200) 4 headers in 158 bytes (1 switches on core 0)
Aug 15 00:01:27.726799 np0000007346 devstack@g-api.service[99809]: DEBUG glance.api.middleware.version_negotiation [None req-e8c7bacd-4300-44bd-b314-084243fb4466 tempest-TestImageHashVerification-1350248036 tempest-TestImageHashVerification-1350248036-project-member] Determining version of request: GET /v2/schemas/image Accept: */* {{(pid=99809) process_request /opt/stack/glance/glance/api/middleware/version_negotiation.py:44}}
Aug 15 00:01:27.727367 np0000007346 devstack@g-api.service[99809]: DEBUG glance.api.middleware.version_negotiation [None req-e8c7bacd-4300-44bd-b314-084243fb4466 tempest-TestImageHashVerification-1350248036 tempest-TestImageHashVerification-1350248036-project-member] Using url versioning {{(pid=99809) process_request /opt/stack/glance/glance/api/middleware/version_negotiation.py:57}}
Aug 15 00:01:27.727367 np0000007346 devstack@g-api.service[99809]: DEBUG glance.api.middleware.version_negotiation [None req-e8c7bacd-4300-44bd-b314-084243fb4466 tempest-TestImageHashVerification-1350248036 tempest-TestImageHashVerification-1350248036-project-member] Matched version: v2 {{(pid=99809) process_request /opt/stack/glance/glance/api/middleware/version_negotiation.py:69}}
Aug 15 00:01:27.727367 np0000007346 devstack@g-api.service[99809]: DEBUG glance.api.middleware.version_negotiation [None req-e8c7bacd-4300-44bd-b314-084243fb4466 tempest-TestImageHashVerification-1350248036 tempest-TestImageHashVerification-1350248036-project-member] new path /v2/schemas/image {{(pid=99809) process_request /opt/stack/glance/glance/api/middleware/version_negotiation.py:70}}
Aug 15 00:01:27.731231 np0000007346 devstack@g-api.service[99809]: [pid: 99809|app: 0|req: 127/429] 127.0.0.1 () {44 vars in 1055 bytes} [Sat Aug 15 00:01:27 2026] GET /v2/schemas/image => generated 6083 bytes in 5 msecs (HTTP/1.1 200) 4 headers in 158 bytes (1 switches on core 0)
Aug 15 00:01:27.841493 np0000007346 devstack@g-api.service[99811]: DEBUG glance.api.middleware.version_negotiation [None req-e8c7bacd-4300-44bd-b314-084243fb4466 tempest-TestImageHashVerification-1350248036 tempest-TestImageHashVerification-1350248036-project-member] Determining version of request: GET /v2/images/c5d21860-2bba-457d-8622-c912e240b6e3/tasks Accept: application/json {{(pid=99811) process_request /opt/stack/glance/glance/api/middleware/version_negotiation.py:44}}
Aug 15 00:01:27.841898 np0000007346 devstack@g-api.service[99811]: DEBUG glance.api.middleware.version_negotiation [None req-e8c7bacd-4300-44bd-b314-084243fb4466 tempest-TestImageHashVerification-1350248036 tempest-TestImageHashVerification-1350248036-project-member] Using url versioning {{(pid=99811) process_request /opt/stack/glance/glance/api/middleware/version_negotiation.py:57}}
Aug 15 00:01:27.841898 np0000007346 devstack@g-api.service[99811]: DEBUG glance.api.middleware.version_negotiation [None req-e8c7bacd-4300-44bd-b314-084243fb4466 tempest-TestImageHashVerification-1350248036 tempest-TestImageHashVerification-1350248036-project-member] Matched version: v2 {{(pid=99811) process_request /opt/stack/glance/glance/api/middleware/version_negotiation.py:69}}
Aug 15 00:01:27.844124 np0000007346 devstack@g-api.service[99811]: DEBUG glance.api.middleware.version_negotiation [None req-e8c7bacd-4300-44bd-b314-084243fb4466 tempest-TestImageHashVerification-1350248036 tempest-TestImageHashVerification-1350248036-project-member] new path /v2/images/c5d21860-2bba-457d-8622-c912e240b6e3/tasks {{(pid=99811) process_request /opt/stack/glance/glance/api/middleware/version_negotiation.py:70}}
Aug 15 00:01:27.863902 np0000007346 devstack@g-api.service[99811]: [pid: 99811|app: 0|req: 142/430] 127.0.0.1 () {40 vars in 850 bytes} [Sat Aug 15 00:01:27 2026] GET /v2/images/c5d21860-2bba-457d-8622-c912e240b6e3/tasks => generated 13 bytes in 22 msecs (HTTP/1.1 200) 4 headers in 156 bytes (1 switches on core 0)
Aug 15 00:01:27.872368 np0000007346 devstack@g-api.service[99810]: DEBUG glance.api.middleware.version_negotiation [None req-2e369cd6-d317-43d0-b8f7-0bcf75af6f6e tempest-ServerBootFromVolumeStableRescueTest-1125961438 tempest-ServerBootFromVolumeStableRescueTest-1125961438-project-member] Determining version of request: GET /v2/images/c5d21860-2bba-457d-8622-c912e240b6e3 Accept: application/json {{(pid=99810) process_request /opt/stack/glance/glance/api/middleware/version_negotiation.py:44}}
Aug 15 00:01:27.873208 np0000007346 devstack@g-api.service[99810]: DEBUG glance.api.middleware.version_negotiation [None req-2e369cd6-d317-43d0-b8f7-0bcf75af6f6e tempest-ServerBootFromVolumeStableRescueTest-1125961438 tempest-ServerBootFromVolumeStableRescueTest-1125961438-project-member] Using url versioning {{(pid=99810) process_request /opt/stack/glance/glance/api/middleware/version_negotiation.py:57}}
Aug 15 00:01:27.873208 np0000007346 devstack@g-api.service[99810]: DEBUG glance.api.middleware.version_negotiation [None req-2e369cd6-d317-43d0-b8f7-0bcf75af6f6e tempest-ServerBootFromVolumeStableRescueTest-1125961438 tempest-ServerBootFromVolumeStableRescueTest-1125961438-project-member] Matched version: v2 {{(pid=99810) process_request /opt/stack/glance/glance/api/middleware/version_negotiation.py:69}}
Aug 15 00:01:27.873208 np0000007346 devstack@g-api.service[99810]: DEBUG glance.api.middleware.version_negotiation [None req-2e369cd6-d317-43d0-b8f7-0bcf75af6f6e tempest-ServerBootFromVolumeStableRescueTest-1125961438 tempest-ServerBootFromVolumeStableRescueTest-1125961438-project-member] new path /v2/images/c5d21860-2bba-457d-8622-c912e240b6e3 {{(pid=99810) process_request /opt/stack/glance/glance/api/middleware/version_negotiation.py:70}}
Aug 15 00:01:27.885914 np0000007346 devstack@g-api.service[99810]: [pid: 99810|app: 0|req: 162/431] 127.0.0.1 () {40 vars in 838 bytes} [Sat Aug 15 00:01:27 2026] GET /v2/images/c5d21860-2bba-457d-8622-c912e240b6e3 => generated 821 bytes in 13 msecs (HTTP/1.1 200) 4 headers in 157 bytes (1 switches on core 0)
Aug 15 00:01:27.895351 np0000007346 devstack@g-api.service[99809]: DEBUG glance.api.middleware.version_negotiation [None req-2e369cd6-d317-43d0-b8f7-0bcf75af6f6e tempest-ServerBootFromVolumeStableRescueTest-1125961438 tempest-ServerBootFromVolumeStableRescueTest-1125961438-project-member] Determining version of request: DELETE /v2/images/c5d21860-2bba-457d-8622-c912e240b6e3 Accept: application/json {{(pid=99809) process_request /opt/stack/glance/glance/api/middleware/version_negotiation.py:44}}
Aug 15 00:01:27.895553 np0000007346 devstack@g-api.service[99809]: DEBUG glance.api.middleware.version_negotiation [None req-2e369cd6-d317-43d0-b8f7-0bcf75af6f6e tempest-ServerBootFromVolumeStableRescueTest-1125961438 tempest-ServerBootFromVolumeStableRescueTest-1125961438-project-member] Using url versioning {{(pid=99809) process_request /opt/stack/glance/glance/api/middleware/version_negotiation.py:57}}
Aug 15 00:01:27.895761 np0000007346 devstack@g-api.service[99809]: DEBUG glance.api.middleware.version_negotiation [None req-2e369cd6-d317-43d0-b8f7-0bcf75af6f6e tempest-ServerBootFromVolumeStableRescueTest-1125961438 tempest-ServerBootFromVolumeStableRescueTest-1125961438-project-member] Matched version: v2 {{(pid=99809) process_request /opt/stack/glance/glance/api/middleware/version_negotiation.py:69}}
Aug 15 00:01:27.896029 np0000007346 devstack@g-api.service[99809]: DEBUG glance.api.middleware.version_negotiation [None req-2e369cd6-d317-43d0-b8f7-0bcf75af6f6e tempest-ServerBootFromVolumeStableRescueTest-1125961438 tempest-ServerBootFromVolumeStableRescueTest-1125961438-project-member] new path /v2/images/c5d21860-2bba-457d-8622-c912e240b6e3 {{(pid=99809) process_request /opt/stack/glance/glance/api/middleware/version_negotiation.py:70}}
Aug 15 00:01:27.910549 np0000007346 devstack@g-api.service[99809]: WARNING glance.api.v2.images [None req-0c683297-1437-440c-9644-ccc5e9ad3c3a tempest-TestImageHashVerification-1350248036 tempest-TestImageHashVerification-1350248036-project-member] After upload to backend, deletion of staged image data has failed because it cannot be found at /tmp/staging//c5d21860-2bba-457d-8622-c912e240b6e3
Aug 15 00:01:27.911266 np0000007346 devstack@g-api.service[99809]: DEBUG glance_store.backend [None req-0c683297-1437-440c-9644-ccc5e9ad3c3a tempest-TestImageHashVerification-1350248036 tempest-TestImageHashVerification-1350248036-project-member] Attempting to import store swift {{(pid=99809) _load_store /opt/stack/data/venv/lib/python3.12/site-packages/glance_store/backend.py:215}}
Aug 15 00:01:27.913630 np0000007346 devstack@g-api.service[99809]: DEBUG glance_store.capabilities [None req-0c683297-1437-440c-9644-ccc5e9ad3c3a tempest-TestImageHashVerification-1350248036 tempest-TestImageHashVerification-1350248036-project-member] Store glance_store._drivers.swift.store.SingleTenantStore doesn't support updating dynamic storage capabilities. Please overwrite 'update_capabilities' method of the store to implement updating logics if needed. {{(pid=99809) update_capabilities /opt/stack/data/venv/lib/python3.12/site-packages/glance_store/capabilities.py:91}}
Aug 15 00:01:27.913865 np0000007346 devstack@g-api.service[99809]: DEBUG glance_store.driver [None req-0c683297-1437-440c-9644-ccc5e9ad3c3a tempest-TestImageHashVerification-1350248036 tempest-TestImageHashVerification-1350248036-project-member] Late loading location class glance_store._drivers.swift.store.StoreLocation {{(pid=99809) get_store_location_class /opt/stack/data/venv/lib/python3.12/site-packages/glance_store/driver.py:134}}
Aug 15 00:01:27.914194 np0000007346 devstack@g-api.service[99809]: DEBUG glance_store.location [None req-0c683297-1437-440c-9644-ccc5e9ad3c3a tempest-TestImageHashVerification-1350248036 tempest-TestImageHashVerification-1350248036-project-member] Registering scheme swift+https with {'store': , 'location_class': , 'store_entry': 'swift'} {{(pid=99809) register_scheme_map /opt/stack/data/venv/lib/python3.12/site-packages/glance_store/location.py:146}}
Aug 15 00:01:27.914396 np0000007346 devstack@g-api.service[99809]: DEBUG glance_store.location [None req-0c683297-1437-440c-9644-ccc5e9ad3c3a tempest-TestImageHashVerification-1350248036 tempest-TestImageHashVerification-1350248036-project-member] Registering scheme swift+https with {'store': , 'location_class': , 'store_entry': 'swift'} {{(pid=99809) register_scheme_map /opt/stack/data/venv/lib/python3.12/site-packages/glance_store/location.py:146}}
Aug 15 00:01:27.914578 np0000007346 devstack@g-api.service[99809]: DEBUG glance_store.location [None req-0c683297-1437-440c-9644-ccc5e9ad3c3a tempest-TestImageHashVerification-1350248036 tempest-TestImageHashVerification-1350248036-project-member] Registering scheme swift with {'store': , 'location_class': , 'store_entry': 'swift'} {{(pid=99809) register_scheme_map /opt/stack/data/venv/lib/python3.12/site-packages/glance_store/location.py:146}}
Aug 15 00:01:27.914757 np0000007346 devstack@g-api.service[99809]: DEBUG glance_store.location [None req-0c683297-1437-440c-9644-ccc5e9ad3c3a tempest-TestImageHashVerification-1350248036 tempest-TestImageHashVerification-1350248036-project-member] Registering scheme swift+https with {'store': , 'location_class': , 'store_entry': 'swift'} {{(pid=99809) register_scheme_map /opt/stack/data/venv/lib/python3.12/site-packages/glance_store/location.py:146}}
Aug 15 00:01:27.914924 np0000007346 devstack@g-api.service[99809]: DEBUG glance_store.location [None req-0c683297-1437-440c-9644-ccc5e9ad3c3a tempest-TestImageHashVerification-1350248036 tempest-TestImageHashVerification-1350248036-project-member] Registering scheme swift with {'store': , 'location_class': , 'store_entry': 'swift'} {{(pid=99809) register_scheme_map /opt/stack/data/venv/lib/python3.12/site-packages/glance_store/location.py:146}}
Aug 15 00:01:27.915086 np0000007346 devstack@g-api.service[99809]: DEBUG glance_store.location [None req-0c683297-1437-440c-9644-ccc5e9ad3c3a tempest-TestImageHashVerification-1350248036 tempest-TestImageHashVerification-1350248036-project-member] Registering scheme swift+http with {'store': , 'location_class': , 'store_entry': 'swift'} {{(pid=99809) register_scheme_map /opt/stack/data/venv/lib/python3.12/site-packages/glance_store/location.py:146}}
Aug 15 00:01:27.915285 np0000007346 devstack@g-api.service[99809]: DEBUG glance_store.location [None req-0c683297-1437-440c-9644-ccc5e9ad3c3a tempest-TestImageHashVerification-1350248036 tempest-TestImageHashVerification-1350248036-project-member] Registering scheme swift+https with {'store': , 'location_class': , 'store_entry': 'swift'} {{(pid=99809) register_scheme_map /opt/stack/data/venv/lib/python3.12/site-packages/glance_store/location.py:146}}
Aug 15 00:01:27.915542 np0000007346 devstack@g-api.service[99809]: DEBUG glance_store.location [None req-0c683297-1437-440c-9644-ccc5e9ad3c3a tempest-TestImageHashVerification-1350248036 tempest-TestImageHashVerification-1350248036-project-member] Registering scheme swift with {'store': , 'location_class': , 'store_entry': 'swift'} {{(pid=99809) register_scheme_map /opt/stack/data/venv/lib/python3.12/site-packages/glance_store/location.py:146}}
Aug 15 00:01:27.915747 np0000007346 devstack@g-api.service[99809]: DEBUG glance_store.location [None req-0c683297-1437-440c-9644-ccc5e9ad3c3a tempest-TestImageHashVerification-1350248036 tempest-TestImageHashVerification-1350248036-project-member] Registering scheme swift+http with {'store': , 'location_class': , 'store_entry': 'swift'} {{(pid=99809) register_scheme_map /opt/stack/data/venv/lib/python3.12/site-packages/glance_store/location.py:146}}
Aug 15 00:01:27.915930 np0000007346 devstack@g-api.service[99809]: DEBUG glance_store.location [None req-0c683297-1437-440c-9644-ccc5e9ad3c3a tempest-TestImageHashVerification-1350248036 tempest-TestImageHashVerification-1350248036-project-member] Registering scheme swift+config with {'store': , 'location_class': , 'store_entry': 'swift'} {{(pid=99809) register_scheme_map /opt/stack/data/venv/lib/python3.12/site-packages/glance_store/location.py:146}}
Aug 15 00:01:27.917661 np0000007346 devstack@g-api.service[99809]: DEBUG keystoneclient.auth.identity.v3.base [None req-0c683297-1437-440c-9644-ccc5e9ad3c3a tempest-TestImageHashVerification-1350248036 tempest-TestImageHashVerification-1350248036-project-member] Making authentication request to https://10.4.3.242/identity/v3/auth/tokens {{(pid=99809) get_auth_ref /opt/stack/data/venv/lib/python3.12/site-packages/keystoneclient/auth/identity/v3/base.py:185}}
Aug 15 00:01:28.039012 np0000007346 devstack@g-api.service[99809]: DEBUG keystoneclient.auth.identity.v3.base [None req-0c683297-1437-440c-9644-ccc5e9ad3c3a tempest-TestImageHashVerification-1350248036 tempest-TestImageHashVerification-1350248036-project-member] {"token": {"methods": ["password"], "user": {"domain": {"id": "default", "name": "Default"}, "id": "83fc1d4909134c47b8b49563918fd377", "name": "glance-swift", "password_expires_at": null}, "audit_ids": ["PLpStC3cSuSr4kWQTWJUnQ"], "expires_at": "2026-08-15T01:01:27.000000Z", "issued_at": "2026-08-15T00:01:27.000000Z", "project": {"domain": {"id": "default", "name": "Default"}, "id": "0b08585530ad43a786630cce009d03fd", "name": "service"}, "is_domain": false, "roles": [{"id": "389d79a8d1344fbbb71161ff101e2fa2", "name": "service"}, {"id": "f28afbe9a4b64964b4f5a0d6efacaf98", "name": "ResellerAdmin"}], "catalog": [{"endpoints": [{"id": "1fe78690907e444db44ccbac31ad4aaf", "interface": "public", "region_id": "RegionOne", "url": "https://10.4.3.242/volume/v3", "region": "RegionOne"}], "id": "0da9b444e58e459f99f11ac74973a125", "type": "block-storage", "name": "cinder"}, {"endpoints": [{"id": "3e87f2dfe0d947558bd74c84b7e3de4b", "interface": "public", "region_id": "RegionOne", "url": "https://10.4.3.242/placement", "region": "RegionOne"}], "id": "5726fcab60054b519438e722e16118cd", "type": "placement", "name": "placement"}, {"endpoints": [{"id": "56cbd7b5881747dcae3ea930a1a36ad7", "interface": "public", "region_id": "RegionOne", "url": "https://10.4.3.242/compute/v2/0b08585530ad43a786630cce009d03fd", "region": "RegionOne"}], "id": "69051096b0eb4484a254e39be9cb03ee", "type": "compute_legacy", "name": "nova_legacy"}, {"endpoints": [{"id": "cf7804ff5c584af7a1c5cec66b5a1edd", "interface": "public", "region_id": "RegionOne", "url": "https://10.4.3.242/compute/v2.1", "region": "RegionOne"}], "id": "87dd959377314e8fb617483f5bfed90e", "type": "compute", "name": "nova"}, {"endpoints": [{"id": "ff254d630c9049dd8b64b8b99aa90a15", "interface": "public", "region_id": "RegionOne", "url": "https://10.4.3.242/identity", "region": "RegionOne"}], "id": "aae9f14e7a504032bcb0ddbdbe604c8b", "type": "identity", "name": "keystone"}, {"endpoints": [{"id": "1bd94f96307f4f198681b906a3e1f276", "interface": "admin", "region_id": "RegionOne", "url": "https://10.4.3.242:8080", "region": "RegionOne"}, {"id": "3cb930d9072e42d8abf82135e884f2fa", "interface": "public", "region_id": "RegionOne", "url": "https://10.4.3.242:8080/v1/AUTH_0b08585530ad43a786630cce009d03fd", "region": "RegionOne"}], "id": "d2b726e44d564ffa950063cb0d749674", "type": "object-store", "name": "swift"}, {"endpoints": [{"id": "af6e19aaf1334925ad4bb2702f7d7bc9", "interface": "public", "region_id": "RegionOne", "url": "https://10.4.3.242/networking", "region": "RegionOne"}], "id": "d8d1cc79b02f49459bdb3d9ba4b71d81", "type": "network", "name": "neutron"}, {"endpoints": [{"id": "9e0a11590d54493ebac3cd7b17b6fc3b", "interface": "public", "region_id": "RegionOne", "url": "https://10.4.3.242/image", "region": "RegionOne"}], "id": "e4465d650b814a25b05fcddbdef7d1d3", "type": "image", "name": "glance"}]}} {{(pid=99809) get_auth_ref /opt/stack/data/venv/lib/python3.12/site-packages/keystoneclient/auth/identity/v3/base.py:190}}
Aug 15 00:01:28.039516 np0000007346 devstack@g-api.service[99809]: DEBUG keystoneclient.httpclient [None req-0c683297-1437-440c-9644-ccc5e9ad3c3a tempest-TestImageHashVerification-1350248036 tempest-TestImageHashVerification-1350248036-project-member] Failed to find endpoint for management url admin endpoint for identity service not found {{(pid=99809) _process_management_url /opt/stack/data/venv/lib/python3.12/site-packages/keystoneclient/httpclient.py:670}}
Aug 15 00:01:28.166284 np0000007346 devstack@g-api.service[99809]: DEBUG swiftclient [None req-0c683297-1437-440c-9644-ccc5e9ad3c3a tempest-TestImageHashVerification-1350248036 tempest-TestImageHashVerification-1350248036-project-member] REQ: curl -i https://10.4.3.242:8080/v1/AUTH_0b08585530ad43a786630cce009d03fd/glance/c5d21860-2bba-457d-8622-c912e240b6e3 -I -H "X-Auth-Token: gAAAAABqf6xX-PBC..." {{(pid=99809) http_log /opt/stack/data/venv/lib/python3.12/site-packages/swiftclient/client.py:160}}
Aug 15 00:01:28.166429 np0000007346 devstack@g-api.service[99809]: DEBUG swiftclient [None req-0c683297-1437-440c-9644-ccc5e9ad3c3a tempest-TestImageHashVerification-1350248036 tempest-TestImageHashVerification-1350248036-project-member] RESP STATUS: 200 OK {{(pid=99809) http_log /opt/stack/data/venv/lib/python3.12/site-packages/swiftclient/client.py:161}}
Aug 15 00:01:28.166606 np0000007346 devstack@g-api.service[99809]: DEBUG swiftclient [None req-0c683297-1437-440c-9644-ccc5e9ad3c3a tempest-TestImageHashVerification-1350248036 tempest-TestImageHashVerification-1350248036-project-member] RESP HEADERS: {'Date': 'Sat, 15 Aug 2026 00:01:28 GMT', 'Server': 'Apache/2.4.58 (Ubuntu)', 'Content-Type': 'application/octet-stream', 'Content-Length': '1073741824', 'X-Object-Manifest': 'glance/c5d21860-2bba-457d-8622-c912e240b6e3-', 'Last-Modified': 'Sat, 15 Aug 2026 00:01:27 GMT', 'X-Timestamp': '1786752086.64440', 'Accept-Ranges': 'bytes', 'Etag': '"e2b666a07d254dcd948713f72f2c28d8"', 'X-Trans-Id': 'tx3ab118e181a844c79cd8a-006a7fac58', 'X-Openstack-Request-Id': 'tx3ab118e181a844c79cd8a-006a7fac58', 'Connection': 'close'} {{(pid=99809) http_log /opt/stack/data/venv/lib/python3.12/site-packages/swiftclient/client.py:162}}
Aug 15 00:01:28.175892 np0000007346 devstack@g-api.service[99811]: DEBUG glance.api.middleware.version_negotiation [None req-1ded60e4-7569-494a-af68-98735a3d6079 tempest-TestImageHashVerification-1350248036 tempest-TestImageHashVerification-1350248036-project-member] Determining version of request: GET /v2/images/2dc96322-ade1-4ea1-9639-d65a7a75e5d2 Accept: */* {{(pid=99811) process_request /opt/stack/glance/glance/api/middleware/version_negotiation.py:44}}
Aug 15 00:01:28.177360 np0000007346 devstack@g-api.service[99811]: DEBUG glance.api.middleware.version_negotiation [None req-1ded60e4-7569-494a-af68-98735a3d6079 tempest-TestImageHashVerification-1350248036 tempest-TestImageHashVerification-1350248036-project-member] Using url versioning {{(pid=99811) process_request /opt/stack/glance/glance/api/middleware/version_negotiation.py:57}}
Aug 15 00:01:28.177604 np0000007346 devstack@g-api.service[99811]: DEBUG glance.api.middleware.version_negotiation [None req-1ded60e4-7569-494a-af68-98735a3d6079 tempest-TestImageHashVerification-1350248036 tempest-TestImageHashVerification-1350248036-project-member] Matched version: v2 {{(pid=99811) process_request /opt/stack/glance/glance/api/middleware/version_negotiation.py:69}}
Aug 15 00:01:28.177604 np0000007346 devstack@g-api.service[99811]: DEBUG glance.api.middleware.version_negotiation [None req-1ded60e4-7569-494a-af68-98735a3d6079 tempest-TestImageHashVerification-1350248036 tempest-TestImageHashVerification-1350248036-project-member] new path /v2/images/2dc96322-ade1-4ea1-9639-d65a7a75e5d2 {{(pid=99811) process_request /opt/stack/glance/glance/api/middleware/version_negotiation.py:70}}
Aug 15 00:01:28.192117 np0000007346 devstack@g-api.service[99809]: DEBUG swiftclient [None req-0c683297-1437-440c-9644-ccc5e9ad3c3a tempest-TestImageHashVerification-1350248036 tempest-TestImageHashVerification-1350248036-project-member] REQ: curl -i https://10.4.3.242:8080/v1/AUTH_0b08585530ad43a786630cce009d03fd/glance?format=json&prefix=c5d21860-2bba-457d-8622-c912e240b6e3- -X GET -H "X-Auth-Token: gAAAAABqf6xX-PBC..." -H "Accept-Encoding: gzip" {{(pid=99809) http_log /opt/stack/data/venv/lib/python3.12/site-packages/swiftclient/client.py:160}}
Aug 15 00:01:28.192325 np0000007346 devstack@g-api.service[99809]: DEBUG swiftclient [None req-0c683297-1437-440c-9644-ccc5e9ad3c3a tempest-TestImageHashVerification-1350248036 tempest-TestImageHashVerification-1350248036-project-member] RESP STATUS: 200 OK {{(pid=99809) http_log /opt/stack/data/venv/lib/python3.12/site-packages/swiftclient/client.py:161}}
Aug 15 00:01:28.192477 np0000007346 devstack@g-api.service[99809]: DEBUG swiftclient [None req-0c683297-1437-440c-9644-ccc5e9ad3c3a tempest-TestImageHashVerification-1350248036 tempest-TestImageHashVerification-1350248036-project-member] RESP HEADERS: {'Date': 'Sat, 15 Aug 2026 00:01:28 GMT', 'Server': 'Apache/2.4.58 (Ubuntu)', 'Content-Type': 'application/json; charset=utf-8', 'Content-Length': '1265', 'X-Container-Object-Count': '12', 'X-Container-Bytes-Used': '1161625600', 'X-Timestamp': '1786751652.12419', 'Last-Modified': 'Fri, 14 Aug 2026 23:54:13 GMT', 'Accept-Ranges': 'bytes', 'X-Storage-Policy': 'Policy-0', 'X-Container-Sharding': 'False', 'X-Trans-Id': 'tx0c74841b9f464fa8a3aca-006a7fac58', 'X-Openstack-Request-Id': 'tx0c74841b9f464fa8a3aca-006a7fac58', 'Connection': 'close'} {{(pid=99809) http_log /opt/stack/data/venv/lib/python3.12/site-packages/swiftclient/client.py:162}}
Aug 15 00:01:28.192644 np0000007346 devstack@g-api.service[99809]: DEBUG swiftclient [None req-0c683297-1437-440c-9644-ccc5e9ad3c3a tempest-TestImageHashVerification-1350248036 tempest-TestImageHashVerification-1350248036-project-member] RESP BODY: b'[{"bytes": 204800000, "hash": "eda9a9889837ac4bc81d6387d92c1bec", "name": "c5d21860-2bba-457d-8622-c912e240b6e3-00001", "content_type": "application/octet-stream", "last_modified": "2026-08-15T00:01:11.027850"}, {"bytes": 204800000, "hash": "eda9a9889837ac4bc81d6387d92c1bec", "name": "c5d21860-2bba-457d-8622-c912e240b6e3-00002", "content_type": "application/octet-stream", "last_modified": "2026-08-15T00:01:13.904980"}, {"bytes": 204800000, "hash": "eda9a9889837ac4bc81d6387d92c1bec", "name": "c5d21860-2bba-457d-8622-c912e240b6e3-00003", "content_type": "application/octet-stream", "last_modified": "2026-08-15T00:01:16.755020"}, {"bytes": 204800000, "hash": "eda9a9889837ac4bc81d6387d92c1bec", "name": "c5d21860-2bba-457d-8622-c912e240b6e3-00004", "content_type": "application/octet-stream", "last_modified": "2026-08-15T00:01:19.394290"}, {"bytes": 204800000, "hash": "eda9a9889837ac4bc81d6387d92c1bec", "name": "c5d21860-2bba-457d-8622-c912e240b6e3-00005", "content_type": "application/octet-stream", "last_modified": "2026-08-15T00:01:22.818360"}, {"bytes": 49741824, "hash": "708761f3b8777ec77058e63da08eeeb6", "name": "c5d21860-2bba-457d-8622-c912e240b6e3-00006", "content_type": "application/octet-stream", "last_modified": "2026-08-15T00:01:26.027040"}]' {{(pid=99809) http_log /opt/stack/data/venv/lib/python3.12/site-packages/swiftclient/client.py:166}}
Aug 15 00:01:28.196488 np0000007346 devstack@g-api.service[99811]: [pid: 99811|app: 0|req: 143/432] 127.0.0.1 () {44 vars in 1115 bytes} [Sat Aug 15 00:01:28 2026] GET /v2/images/2dc96322-ade1-4ea1-9639-d65a7a75e5d2 => generated 1044 bytes in 21 msecs (HTTP/1.1 200) 4 headers in 158 bytes (1 switches on core 0)
Aug 15 00:01:28.224330 np0000007346 devstack@g-api.service[99809]: DEBUG swiftclient [None req-0c683297-1437-440c-9644-ccc5e9ad3c3a tempest-TestImageHashVerification-1350248036 tempest-TestImageHashVerification-1350248036-project-member] REQ: curl -i https://10.4.3.242:8080/v1/AUTH_0b08585530ad43a786630cce009d03fd/glance/c5d21860-2bba-457d-8622-c912e240b6e3-00001 DELETE -H "X-Auth-Token: gAAAAABqf6xX-PBC..." {{(pid=99809) http_log /opt/stack/data/venv/lib/python3.12/site-packages/swiftclient/client.py:160}}
Aug 15 00:01:28.224559 np0000007346 devstack@g-api.service[99809]: DEBUG swiftclient [None req-0c683297-1437-440c-9644-ccc5e9ad3c3a tempest-TestImageHashVerification-1350248036 tempest-TestImageHashVerification-1350248036-project-member] RESP STATUS: 204 No Content {{(pid=99809) http_log /opt/stack/data/venv/lib/python3.12/site-packages/swiftclient/client.py:161}}
Aug 15 00:01:28.224826 np0000007346 devstack@g-api.service[99809]: DEBUG swiftclient [None req-0c683297-1437-440c-9644-ccc5e9ad3c3a tempest-TestImageHashVerification-1350248036 tempest-TestImageHashVerification-1350248036-project-member] RESP HEADERS: {'Date': 'Sat, 15 Aug 2026 00:01:28 GMT', 'Server': 'Apache/2.4.58 (Ubuntu)', 'Content-Type': 'text/html; charset=UTF-8', 'X-Trans-Id': 'tx7c4fc7cc546d42f49cb48-006a7fac58', 'X-Openstack-Request-Id': 'tx7c4fc7cc546d42f49cb48-006a7fac58', 'Connection': 'close'} {{(pid=99809) http_log /opt/stack/data/venv/lib/python3.12/site-packages/swiftclient/client.py:162}}
Aug 15 00:01:28.254280 np0000007346 devstack@g-api.service[99810]: DEBUG glance.api.middleware.version_negotiation [None req-2aef101d-4ddc-4567-9f87-1ac7015d0a6b tempest-TestImageHashVerification-1350248036 tempest-TestImageHashVerification-1350248036-project-member] Determining version of request: GET /v2/schemas/image Accept: */* {{(pid=99810) process_request /opt/stack/glance/glance/api/middleware/version_negotiation.py:44}}
Aug 15 00:01:28.254357 np0000007346 devstack@g-api.service[99810]: DEBUG glance.api.middleware.version_negotiation [None req-2aef101d-4ddc-4567-9f87-1ac7015d0a6b tempest-TestImageHashVerification-1350248036 tempest-TestImageHashVerification-1350248036-project-member] Using url versioning {{(pid=99810) process_request /opt/stack/glance/glance/api/middleware/version_negotiation.py:57}}
Aug 15 00:01:28.254691 np0000007346 devstack@g-api.service[99810]: DEBUG glance.api.middleware.version_negotiation [None req-2aef101d-4ddc-4567-9f87-1ac7015d0a6b tempest-TestImageHashVerification-1350248036 tempest-TestImageHashVerification-1350248036-project-member] Matched version: v2 {{(pid=99810) process_request /opt/stack/glance/glance/api/middleware/version_negotiation.py:69}}
Aug 15 00:01:28.254970 np0000007346 devstack@g-api.service[99810]: DEBUG glance.api.middleware.version_negotiation [None req-2aef101d-4ddc-4567-9f87-1ac7015d0a6b tempest-TestImageHashVerification-1350248036 tempest-TestImageHashVerification-1350248036-project-member] new path /v2/schemas/image {{(pid=99810) process_request /opt/stack/glance/glance/api/middleware/version_negotiation.py:70}}
Aug 15 00:01:28.258870 np0000007346 devstack@g-api.service[99809]: DEBUG swiftclient [None req-0c683297-1437-440c-9644-ccc5e9ad3c3a tempest-TestImageHashVerification-1350248036 tempest-TestImageHashVerification-1350248036-project-member] REQ: curl -i https://10.4.3.242:8080/v1/AUTH_0b08585530ad43a786630cce009d03fd/glance/c5d21860-2bba-457d-8622-c912e240b6e3-00002 DELETE -H "X-Auth-Token: gAAAAABqf6xX-PBC..." {{(pid=99809) http_log /opt/stack/data/venv/lib/python3.12/site-packages/swiftclient/client.py:160}}
Aug 15 00:01:28.258870 np0000007346 devstack@g-api.service[99809]: DEBUG swiftclient [None req-0c683297-1437-440c-9644-ccc5e9ad3c3a tempest-TestImageHashVerification-1350248036 tempest-TestImageHashVerification-1350248036-project-member] RESP STATUS: 204 No Content {{(pid=99809) http_log /opt/stack/data/venv/lib/python3.12/site-packages/swiftclient/client.py:161}}
Aug 15 00:01:28.258870 np0000007346 devstack@g-api.service[99809]: DEBUG swiftclient [None req-0c683297-1437-440c-9644-ccc5e9ad3c3a tempest-TestImageHashVerification-1350248036 tempest-TestImageHashVerification-1350248036-project-member] RESP HEADERS: {'Date': 'Sat, 15 Aug 2026 00:01:28 GMT', 'Server': 'Apache/2.4.58 (Ubuntu)', 'Content-Type': 'text/html; charset=UTF-8', 'X-Trans-Id': 'tx9ece741e7f4c4c92829e7-006a7fac58', 'X-Openstack-Request-Id': 'tx9ece741e7f4c4c92829e7-006a7fac58', 'Connection': 'close'} {{(pid=99809) http_log /opt/stack/data/venv/lib/python3.12/site-packages/swiftclient/client.py:162}}
Aug 15 00:01:28.263744 np0000007346 devstack@g-api.service[99810]: [pid: 99810|app: 0|req: 163/433] 127.0.0.1 () {44 vars in 1055 bytes} [Sat Aug 15 00:01:28 2026] GET /v2/schemas/image => generated 6083 bytes in 10 msecs (HTTP/1.1 200) 4 headers in 158 bytes (1 switches on core 0)
Aug 15 00:01:28.292842 np0000007346 devstack@g-api.service[99809]: DEBUG swiftclient [None req-0c683297-1437-440c-9644-ccc5e9ad3c3a tempest-TestImageHashVerification-1350248036 tempest-TestImageHashVerification-1350248036-project-member] REQ: curl -i https://10.4.3.242:8080/v1/AUTH_0b08585530ad43a786630cce009d03fd/glance/c5d21860-2bba-457d-8622-c912e240b6e3-00003 DELETE -H "X-Auth-Token: gAAAAABqf6xX-PBC..." {{(pid=99809) http_log /opt/stack/data/venv/lib/python3.12/site-packages/swiftclient/client.py:160}}
Aug 15 00:01:28.292842 np0000007346 devstack@g-api.service[99809]: DEBUG swiftclient [None req-0c683297-1437-440c-9644-ccc5e9ad3c3a tempest-TestImageHashVerification-1350248036 tempest-TestImageHashVerification-1350248036-project-member] RESP STATUS: 204 No Content {{(pid=99809) http_log /opt/stack/data/venv/lib/python3.12/site-packages/swiftclient/client.py:161}}
Aug 15 00:01:28.292842 np0000007346 devstack@g-api.service[99809]: DEBUG swiftclient [None req-0c683297-1437-440c-9644-ccc5e9ad3c3a tempest-TestImageHashVerification-1350248036 tempest-TestImageHashVerification-1350248036-project-member] RESP HEADERS: {'Date': 'Sat, 15 Aug 2026 00:01:28 GMT', 'Server': 'Apache/2.4.58 (Ubuntu)', 'Content-Type': 'text/html; charset=UTF-8', 'X-Trans-Id': 'txac7a360686d643a78457f-006a7fac58', 'X-Openstack-Request-Id': 'txac7a360686d643a78457f-006a7fac58', 'Connection': 'close'} {{(pid=99809) http_log /opt/stack/data/venv/lib/python3.12/site-packages/swiftclient/client.py:162}}
Aug 15 00:01:28.327246 np0000007346 devstack@g-api.service[99809]: DEBUG swiftclient [None req-0c683297-1437-440c-9644-ccc5e9ad3c3a tempest-TestImageHashVerification-1350248036 tempest-TestImageHashVerification-1350248036-project-member] REQ: curl -i https://10.4.3.242:8080/v1/AUTH_0b08585530ad43a786630cce009d03fd/glance/c5d21860-2bba-457d-8622-c912e240b6e3-00004 DELETE -H "X-Auth-Token: gAAAAABqf6xX-PBC..." {{(pid=99809) http_log /opt/stack/data/venv/lib/python3.12/site-packages/swiftclient/client.py:160}}
Aug 15 00:01:28.327484 np0000007346 devstack@g-api.service[99809]: DEBUG swiftclient [None req-0c683297-1437-440c-9644-ccc5e9ad3c3a tempest-TestImageHashVerification-1350248036 tempest-TestImageHashVerification-1350248036-project-member] RESP STATUS: 204 No Content {{(pid=99809) http_log /opt/stack/data/venv/lib/python3.12/site-packages/swiftclient/client.py:161}}
Aug 15 00:01:28.327654 np0000007346 devstack@g-api.service[99809]: DEBUG swiftclient [None req-0c683297-1437-440c-9644-ccc5e9ad3c3a tempest-TestImageHashVerification-1350248036 tempest-TestImageHashVerification-1350248036-project-member] RESP HEADERS: {'Date': 'Sat, 15 Aug 2026 00:01:28 GMT', 'Server': 'Apache/2.4.58 (Ubuntu)', 'Content-Type': 'text/html; charset=UTF-8', 'X-Trans-Id': 'txdbd1a44be93a491ead45d-006a7fac58', 'X-Openstack-Request-Id': 'txdbd1a44be93a491ead45d-006a7fac58', 'Connection': 'close'} {{(pid=99809) http_log /opt/stack/data/venv/lib/python3.12/site-packages/swiftclient/client.py:162}}
Aug 15 00:01:28.356859 np0000007346 devstack@g-api.service[99811]: DEBUG glance.api.middleware.version_negotiation [None req-2e369cd6-d317-43d0-b8f7-0bcf75af6f6e tempest-ServerBootFromVolumeStableRescueTest-1125961438 tempest-ServerBootFromVolumeStableRescueTest-1125961438-project-member] Determining version of request: GET /v2/images/b99ed404-ddff-4394-bf66-127f9c5520fc Accept: */* {{(pid=99811) process_request /opt/stack/glance/glance/api/middleware/version_negotiation.py:44}}
Aug 15 00:01:28.357075 np0000007346 devstack@g-api.service[99811]: DEBUG glance.api.middleware.version_negotiation [None req-2e369cd6-d317-43d0-b8f7-0bcf75af6f6e tempest-ServerBootFromVolumeStableRescueTest-1125961438 tempest-ServerBootFromVolumeStableRescueTest-1125961438-project-member] Using url versioning {{(pid=99811) process_request /opt/stack/glance/glance/api/middleware/version_negotiation.py:57}}
Aug 15 00:01:28.357538 np0000007346 devstack@g-api.service[99811]: DEBUG glance.api.middleware.version_negotiation [None req-2e369cd6-d317-43d0-b8f7-0bcf75af6f6e tempest-ServerBootFromVolumeStableRescueTest-1125961438 tempest-ServerBootFromVolumeStableRescueTest-1125961438-project-member] Matched version: v2 {{(pid=99811) process_request /opt/stack/glance/glance/api/middleware/version_negotiation.py:69}}
Aug 15 00:01:28.357538 np0000007346 devstack@g-api.service[99811]: DEBUG glance.api.middleware.version_negotiation [None req-2e369cd6-d317-43d0-b8f7-0bcf75af6f6e tempest-ServerBootFromVolumeStableRescueTest-1125961438 tempest-ServerBootFromVolumeStableRescueTest-1125961438-project-member] new path /v2/images/b99ed404-ddff-4394-bf66-127f9c5520fc {{(pid=99811) process_request /opt/stack/glance/glance/api/middleware/version_negotiation.py:70}}
Aug 15 00:01:28.360895 np0000007346 devstack@g-api.service[99809]: DEBUG swiftclient [None req-0c683297-1437-440c-9644-ccc5e9ad3c3a tempest-TestImageHashVerification-1350248036 tempest-TestImageHashVerification-1350248036-project-member] REQ: curl -i https://10.4.3.242:8080/v1/AUTH_0b08585530ad43a786630cce009d03fd/glance/c5d21860-2bba-457d-8622-c912e240b6e3-00005 DELETE -H "X-Auth-Token: gAAAAABqf6xX-PBC..." {{(pid=99809) http_log /opt/stack/data/venv/lib/python3.12/site-packages/swiftclient/client.py:160}}
Aug 15 00:01:28.361126 np0000007346 devstack@g-api.service[99809]: DEBUG swiftclient [None req-0c683297-1437-440c-9644-ccc5e9ad3c3a tempest-TestImageHashVerification-1350248036 tempest-TestImageHashVerification-1350248036-project-member] RESP STATUS: 204 No Content {{(pid=99809) http_log /opt/stack/data/venv/lib/python3.12/site-packages/swiftclient/client.py:161}}
Aug 15 00:01:28.362072 np0000007346 devstack@g-api.service[99809]: DEBUG swiftclient [None req-0c683297-1437-440c-9644-ccc5e9ad3c3a tempest-TestImageHashVerification-1350248036 tempest-TestImageHashVerification-1350248036-project-member] RESP HEADERS: {'Date': 'Sat, 15 Aug 2026 00:01:28 GMT', 'Server': 'Apache/2.4.58 (Ubuntu)', 'Content-Type': 'text/html; charset=UTF-8', 'X-Trans-Id': 'txe093da85a8d543f19f52e-006a7fac58', 'X-Openstack-Request-Id': 'txe093da85a8d543f19f52e-006a7fac58', 'Connection': 'close'} {{(pid=99809) http_log /opt/stack/data/venv/lib/python3.12/site-packages/swiftclient/client.py:162}}
Aug 15 00:01:28.372852 np0000007346 devstack@g-api.service[99811]: [pid: 99811|app: 0|req: 144/434] 127.0.0.1 () {44 vars in 1115 bytes} [Sat Aug 15 00:01:28 2026] GET /v2/images/b99ed404-ddff-4394-bf66-127f9c5520fc => generated 1695 bytes in 16 msecs (HTTP/1.1 200) 4 headers in 158 bytes (1 switches on core 0)
Aug 15 00:01:28.399440 np0000007346 devstack@g-api.service[99809]: DEBUG swiftclient [None req-0c683297-1437-440c-9644-ccc5e9ad3c3a tempest-TestImageHashVerification-1350248036 tempest-TestImageHashVerification-1350248036-project-member] REQ: curl -i https://10.4.3.242:8080/v1/AUTH_0b08585530ad43a786630cce009d03fd/glance/c5d21860-2bba-457d-8622-c912e240b6e3-00006 DELETE -H "X-Auth-Token: gAAAAABqf6xX-PBC..." {{(pid=99809) http_log /opt/stack/data/venv/lib/python3.12/site-packages/swiftclient/client.py:160}}
Aug 15 00:01:28.399617 np0000007346 devstack@g-api.service[99809]: DEBUG swiftclient [None req-0c683297-1437-440c-9644-ccc5e9ad3c3a tempest-TestImageHashVerification-1350248036 tempest-TestImageHashVerification-1350248036-project-member] RESP STATUS: 204 No Content {{(pid=99809) http_log /opt/stack/data/venv/lib/python3.12/site-packages/swiftclient/client.py:161}}
Aug 15 00:01:28.399707 np0000007346 devstack@g-api.service[99809]: DEBUG swiftclient [None req-0c683297-1437-440c-9644-ccc5e9ad3c3a tempest-TestImageHashVerification-1350248036 tempest-TestImageHashVerification-1350248036-project-member] RESP HEADERS: {'Date': 'Sat, 15 Aug 2026 00:01:28 GMT', 'Server': 'Apache/2.4.58 (Ubuntu)', 'Content-Type': 'text/html; charset=UTF-8', 'X-Trans-Id': 'tx9c3642a469af4fe89503f-006a7fac58', 'X-Openstack-Request-Id': 'tx9c3642a469af4fe89503f-006a7fac58', 'Connection': 'close'} {{(pid=99809) http_log /opt/stack/data/venv/lib/python3.12/site-packages/swiftclient/client.py:162}}
Aug 15 00:01:28.413224 np0000007346 devstack@g-api.service[99810]: DEBUG glance.api.middleware.version_negotiation [None req-2e369cd6-d317-43d0-b8f7-0bcf75af6f6e tempest-ServerBootFromVolumeStableRescueTest-1125961438 tempest-ServerBootFromVolumeStableRescueTest-1125961438-project-member] Determining version of request: GET /v2/images/b99ed404-ddff-4394-bf66-127f9c5520fc/file Accept: */* {{(pid=99810) process_request /opt/stack/glance/glance/api/middleware/version_negotiation.py:44}}
Aug 15 00:01:28.416076 np0000007346 devstack@g-api.service[99810]: DEBUG glance.api.middleware.version_negotiation [None req-2e369cd6-d317-43d0-b8f7-0bcf75af6f6e tempest-ServerBootFromVolumeStableRescueTest-1125961438 tempest-ServerBootFromVolumeStableRescueTest-1125961438-project-member] Using url versioning {{(pid=99810) process_request /opt/stack/glance/glance/api/middleware/version_negotiation.py:57}}
Aug 15 00:01:28.416076 np0000007346 devstack@g-api.service[99810]: DEBUG glance.api.middleware.version_negotiation [None req-2e369cd6-d317-43d0-b8f7-0bcf75af6f6e tempest-ServerBootFromVolumeStableRescueTest-1125961438 tempest-ServerBootFromVolumeStableRescueTest-1125961438-project-member] Matched version: v2 {{(pid=99810) process_request /opt/stack/glance/glance/api/middleware/version_negotiation.py:69}}
Aug 15 00:01:28.416076 np0000007346 devstack@g-api.service[99810]: DEBUG glance.api.middleware.version_negotiation [None req-2e369cd6-d317-43d0-b8f7-0bcf75af6f6e tempest-ServerBootFromVolumeStableRescueTest-1125961438 tempest-ServerBootFromVolumeStableRescueTest-1125961438-project-member] new path /v2/images/b99ed404-ddff-4394-bf66-127f9c5520fc/file {{(pid=99810) process_request /opt/stack/glance/glance/api/middleware/version_negotiation.py:70}}
Aug 15 00:01:28.442864 np0000007346 devstack@g-api.service[99809]: DEBUG swiftclient [None req-0c683297-1437-440c-9644-ccc5e9ad3c3a tempest-TestImageHashVerification-1350248036 tempest-TestImageHashVerification-1350248036-project-member] REQ: curl -i https://10.4.3.242:8080/v1/AUTH_0b08585530ad43a786630cce009d03fd/glance/c5d21860-2bba-457d-8622-c912e240b6e3 DELETE -H "X-Auth-Token: gAAAAABqf6xX-PBC..." {{(pid=99809) http_log /opt/stack/data/venv/lib/python3.12/site-packages/swiftclient/client.py:160}}
Aug 15 00:01:28.442864 np0000007346 devstack@g-api.service[99809]: DEBUG swiftclient [None req-0c683297-1437-440c-9644-ccc5e9ad3c3a tempest-TestImageHashVerification-1350248036 tempest-TestImageHashVerification-1350248036-project-member] RESP STATUS: 204 No Content {{(pid=99809) http_log /opt/stack/data/venv/lib/python3.12/site-packages/swiftclient/client.py:161}}
Aug 15 00:01:28.443191 np0000007346 devstack@g-api.service[99810]: DEBUG glance_store.backend [None req-2e369cd6-d317-43d0-b8f7-0bcf75af6f6e tempest-ServerBootFromVolumeStableRescueTest-1125961438 tempest-ServerBootFromVolumeStableRescueTest-1125961438-project-member] Attempting to import store swift {{(pid=99810) _load_store /opt/stack/data/venv/lib/python3.12/site-packages/glance_store/backend.py:215}}
Aug 15 00:01:28.443236 np0000007346 devstack@g-api.service[99809]: DEBUG swiftclient [None req-0c683297-1437-440c-9644-ccc5e9ad3c3a tempest-TestImageHashVerification-1350248036 tempest-TestImageHashVerification-1350248036-project-member] RESP HEADERS: {'Date': 'Sat, 15 Aug 2026 00:01:28 GMT', 'Server': 'Apache/2.4.58 (Ubuntu)', 'Content-Type': 'text/html; charset=UTF-8', 'X-Trans-Id': 'tx99e1bcfee178413b94d54-006a7fac58', 'X-Openstack-Request-Id': 'tx99e1bcfee178413b94d54-006a7fac58', 'Connection': 'close'} {{(pid=99809) http_log /opt/stack/data/venv/lib/python3.12/site-packages/swiftclient/client.py:162}}
Aug 15 00:01:28.448219 np0000007346 devstack@g-api.service[99810]: DEBUG glance_store.capabilities [None req-2e369cd6-d317-43d0-b8f7-0bcf75af6f6e tempest-ServerBootFromVolumeStableRescueTest-1125961438 tempest-ServerBootFromVolumeStableRescueTest-1125961438-project-member] Store glance_store._drivers.swift.store.SingleTenantStore doesn't support updating dynamic storage capabilities. Please overwrite 'update_capabilities' method of the store to implement updating logics if needed. {{(pid=99810) update_capabilities /opt/stack/data/venv/lib/python3.12/site-packages/glance_store/capabilities.py:91}}
Aug 15 00:01:28.448639 np0000007346 devstack@g-api.service[99810]: DEBUG glance_store.driver [None req-2e369cd6-d317-43d0-b8f7-0bcf75af6f6e tempest-ServerBootFromVolumeStableRescueTest-1125961438 tempest-ServerBootFromVolumeStableRescueTest-1125961438-project-member] Late loading location class glance_store._drivers.swift.store.StoreLocation {{(pid=99810) get_store_location_class /opt/stack/data/venv/lib/python3.12/site-packages/glance_store/driver.py:134}}
Aug 15 00:01:28.449530 np0000007346 devstack@g-api.service[99810]: DEBUG glance_store.location [None req-2e369cd6-d317-43d0-b8f7-0bcf75af6f6e tempest-ServerBootFromVolumeStableRescueTest-1125961438 tempest-ServerBootFromVolumeStableRescueTest-1125961438-project-member] Registering scheme swift+https with {'store': , 'location_class': , 'store_entry': 'swift'} {{(pid=99810) register_scheme_map /opt/stack/data/venv/lib/python3.12/site-packages/glance_store/location.py:146}}
Aug 15 00:01:28.449530 np0000007346 devstack@g-api.service[99810]: DEBUG glance_store.location [None req-2e369cd6-d317-43d0-b8f7-0bcf75af6f6e tempest-ServerBootFromVolumeStableRescueTest-1125961438 tempest-ServerBootFromVolumeStableRescueTest-1125961438-project-member] Registering scheme swift+https with {'store': , 'location_class': , 'store_entry': 'swift'} {{(pid=99810) register_scheme_map /opt/stack/data/venv/lib/python3.12/site-packages/glance_store/location.py:146}}
Aug 15 00:01:28.449530 np0000007346 devstack@g-api.service[99810]: DEBUG glance_store.location [None req-2e369cd6-d317-43d0-b8f7-0bcf75af6f6e tempest-ServerBootFromVolumeStableRescueTest-1125961438 tempest-ServerBootFromVolumeStableRescueTest-1125961438-project-member] Registering scheme swift with {'store': , 'location_class': , 'store_entry': 'swift'} {{(pid=99810) register_scheme_map /opt/stack/data/venv/lib/python3.12/site-packages/glance_store/location.py:146}}
Aug 15 00:01:28.449530 np0000007346 devstack@g-api.service[99810]: DEBUG glance_store.location [None req-2e369cd6-d317-43d0-b8f7-0bcf75af6f6e tempest-ServerBootFromVolumeStableRescueTest-1125961438 tempest-ServerBootFromVolumeStableRescueTest-1125961438-project-member] Registering scheme swift+https with {'store': , 'location_class': , 'store_entry': 'swift'} {{(pid=99810) register_scheme_map /opt/stack/data/venv/lib/python3.12/site-packages/glance_store/location.py:146}}
Aug 15 00:01:28.449530 np0000007346 devstack@g-api.service[99810]: DEBUG glance_store.location [None req-2e369cd6-d317-43d0-b8f7-0bcf75af6f6e tempest-ServerBootFromVolumeStableRescueTest-1125961438 tempest-ServerBootFromVolumeStableRescueTest-1125961438-project-member] Registering scheme swift with {'store': , 'location_class': , 'store_entry': 'swift'} {{(pid=99810) register_scheme_map /opt/stack/data/venv/lib/python3.12/site-packages/glance_store/location.py:146}}
Aug 15 00:01:28.452927 np0000007346 devstack@g-api.service[99810]: DEBUG glance_store.location [None req-2e369cd6-d317-43d0-b8f7-0bcf75af6f6e tempest-ServerBootFromVolumeStableRescueTest-1125961438 tempest-ServerBootFromVolumeStableRescueTest-1125961438-project-member] Registering scheme swift+http with {'store': , 'location_class': , 'store_entry': 'swift'} {{(pid=99810) register_scheme_map /opt/stack/data/venv/lib/python3.12/site-packages/glance_store/location.py:146}}
Aug 15 00:01:28.452927 np0000007346 devstack@g-api.service[99810]: DEBUG glance_store.location [None req-2e369cd6-d317-43d0-b8f7-0bcf75af6f6e tempest-ServerBootFromVolumeStableRescueTest-1125961438 tempest-ServerBootFromVolumeStableRescueTest-1125961438-project-member] Registering scheme swift+https with {'store': , 'location_class': , 'store_entry': 'swift'} {{(pid=99810) register_scheme_map /opt/stack/data/venv/lib/python3.12/site-packages/glance_store/location.py:146}}
