Aug 14 23:53:42.622432 np0000007346 nova-scheduler[93503]: DEBUG cotyledon.oslo_config_glue [-] oslo_messaging_rabbit.rabbit_quorum_max_memory_length = 0 {{(pid=93503) log_opt_values /opt/stack/data/venv/lib/python3.12/site-packages/oslo_config/cfg.py:3560}}
Aug 14 23:53:42.622432 np0000007346 nova-scheduler[93503]: DEBUG cotyledon.oslo_config_glue [-] oslo_messaging_rabbit.rabbit_quorum_queue = False {{(pid=93503) log_opt_values /opt/stack/data/venv/lib/python3.12/site-packages/oslo_config/cfg.py:3560}}
Aug 14 23:53:42.622726 np0000007346 nova-scheduler[93503]: DEBUG cotyledon.oslo_config_glue [-] oslo_messaging_rabbit.rabbit_retry_backoff = 2 {{(pid=93503) log_opt_values /opt/stack/data/venv/lib/python3.12/site-packages/oslo_config/cfg.py:3560}}
Aug 14 23:53:42.622726 np0000007346 nova-scheduler[93503]: DEBUG cotyledon.oslo_config_glue [-] oslo_messaging_rabbit.rabbit_retry_interval = 1 {{(pid=93503) log_opt_values /opt/stack/data/venv/lib/python3.12/site-packages/oslo_config/cfg.py:3560}}
Aug 14 23:53:42.622726 np0000007346 nova-scheduler[93503]: DEBUG cotyledon.oslo_config_glue [-] oslo_messaging_rabbit.rabbit_stream_fanout = False {{(pid=93503) log_opt_values /opt/stack/data/venv/lib/python3.12/site-packages/oslo_config/cfg.py:3560}}
Aug 14 23:53:42.622726 np0000007346 nova-scheduler[93503]: DEBUG cotyledon.oslo_config_glue [-] oslo_messaging_rabbit.rabbit_transient_queues_ttl = 1800 {{(pid=93503) log_opt_values /opt/stack/data/venv/lib/python3.12/site-packages/oslo_config/cfg.py:3560}}
Aug 14 23:53:42.622726 np0000007346 nova-scheduler[93503]: DEBUG cotyledon.oslo_config_glue [-] oslo_messaging_rabbit.rabbit_transient_quorum_queue = False {{(pid=93503) log_opt_values /opt/stack/data/venv/lib/python3.12/site-packages/oslo_config/cfg.py:3560}}
Aug 14 23:53:42.622726 np0000007346 nova-scheduler[93503]: DEBUG cotyledon.oslo_config_glue [-] oslo_messaging_rabbit.rpc_conn_pool_size = 30 {{(pid=93503) log_opt_values /opt/stack/data/venv/lib/python3.12/site-packages/oslo_config/cfg.py:3560}}
Aug 14 23:53:42.622726 np0000007346 nova-scheduler[93503]: DEBUG cotyledon.oslo_config_glue [-] oslo_messaging_rabbit.ssl = False {{(pid=93503) log_opt_values /opt/stack/data/venv/lib/python3.12/site-packages/oslo_config/cfg.py:3560}}
Aug 14 23:53:42.622726 np0000007346 nova-scheduler[93503]: DEBUG cotyledon.oslo_config_glue [-] oslo_messaging_rabbit.ssl_ca_file = {{(pid=93503) log_opt_values /opt/stack/data/venv/lib/python3.12/site-packages/oslo_config/cfg.py:3560}}
Aug 14 23:53:42.622726 np0000007346 nova-scheduler[93503]: DEBUG cotyledon.oslo_config_glue [-] oslo_messaging_rabbit.ssl_cert_file = {{(pid=93503) log_opt_values /opt/stack/data/venv/lib/python3.12/site-packages/oslo_config/cfg.py:3560}}
Aug 14 23:53:42.623025 np0000007346 nova-scheduler[93503]: DEBUG cotyledon.oslo_config_glue [-] oslo_messaging_rabbit.ssl_enforce_fips_mode = False {{(pid=93503) log_opt_values /opt/stack/data/venv/lib/python3.12/site-packages/oslo_config/cfg.py:3560}}
Aug 14 23:53:42.623025 np0000007346 nova-scheduler[93503]: DEBUG cotyledon.oslo_config_glue [-] oslo_messaging_rabbit.ssl_enforce_hostname_verification = True {{(pid=93503) log_opt_values /opt/stack/data/venv/lib/python3.12/site-packages/oslo_config/cfg.py:3560}}
Aug 14 23:53:42.623025 np0000007346 nova-scheduler[93503]: DEBUG cotyledon.oslo_config_glue [-] oslo_messaging_rabbit.ssl_key_file = {{(pid=93503) log_opt_values /opt/stack/data/venv/lib/python3.12/site-packages/oslo_config/cfg.py:3560}}
Aug 14 23:53:42.623025 np0000007346 nova-scheduler[93503]: DEBUG cotyledon.oslo_config_glue [-] oslo_messaging_rabbit.ssl_version = {{(pid=93503) log_opt_values /opt/stack/data/venv/lib/python3.12/site-packages/oslo_config/cfg.py:3560}}
Aug 14 23:53:42.623025 np0000007346 nova-scheduler[93503]: DEBUG cotyledon.oslo_config_glue [-] oslo_messaging_rabbit.use_queue_manager = False {{(pid=93503) log_opt_values /opt/stack/data/venv/lib/python3.12/site-packages/oslo_config/cfg.py:3560}}
Aug 14 23:53:42.623025 np0000007346 nova-scheduler[93503]: DEBUG cotyledon.oslo_config_glue [-] oslo_messaging_notifications.driver = ['messagingv2'] {{(pid=93503) log_opt_values /opt/stack/data/venv/lib/python3.12/site-packages/oslo_config/cfg.py:3560}}
Aug 14 23:53:42.623025 np0000007346 nova-scheduler[93503]: DEBUG cotyledon.oslo_config_glue [-] oslo_messaging_notifications.retry = -1 {{(pid=93503) log_opt_values /opt/stack/data/venv/lib/python3.12/site-packages/oslo_config/cfg.py:3560}}
Aug 14 23:53:42.623025 np0000007346 nova-scheduler[93503]: DEBUG cotyledon.oslo_config_glue [-] oslo_messaging_notifications.topics = ['notifications'] {{(pid=93503) log_opt_values /opt/stack/data/venv/lib/python3.12/site-packages/oslo_config/cfg.py:3560}}
Aug 14 23:53:42.623025 np0000007346 nova-scheduler[93503]: DEBUG cotyledon.oslo_config_glue [-] oslo_messaging_notifications.transport_url = **** {{(pid=93503) log_opt_values /opt/stack/data/venv/lib/python3.12/site-packages/oslo_config/cfg.py:3560}}
Aug 14 23:53:42.623334 np0000007346 nova-scheduler[93503]: DEBUG cotyledon.oslo_config_glue [-] oslo_limit.auth_section = None {{(pid=93503) log_opt_values /opt/stack/data/venv/lib/python3.12/site-packages/oslo_config/cfg.py:3560}}
Aug 14 23:53:42.623334 np0000007346 nova-scheduler[93503]: DEBUG cotyledon.oslo_config_glue [-] oslo_limit.auth_type = None {{(pid=93503) log_opt_values /opt/stack/data/venv/lib/python3.12/site-packages/oslo_config/cfg.py:3560}}
Aug 14 23:53:42.623334 np0000007346 nova-scheduler[93503]: DEBUG cotyledon.oslo_config_glue [-] oslo_limit.cafile = None {{(pid=93503) log_opt_values /opt/stack/data/venv/lib/python3.12/site-packages/oslo_config/cfg.py:3560}}
Aug 14 23:53:42.623334 np0000007346 nova-scheduler[93503]: DEBUG cotyledon.oslo_config_glue [-] oslo_limit.certfile = None {{(pid=93503) log_opt_values /opt/stack/data/venv/lib/python3.12/site-packages/oslo_config/cfg.py:3560}}
Aug 14 23:53:42.623334 np0000007346 nova-scheduler[93503]: DEBUG cotyledon.oslo_config_glue [-] oslo_limit.collect_timing = False {{(pid=93503) log_opt_values /opt/stack/data/venv/lib/python3.12/site-packages/oslo_config/cfg.py:3560}}
Aug 14 23:53:42.623334 np0000007346 nova-scheduler[93503]: DEBUG cotyledon.oslo_config_glue [-] oslo_limit.connect_retries = None {{(pid=93503) log_opt_values /opt/stack/data/venv/lib/python3.12/site-packages/oslo_config/cfg.py:3560}}
Aug 14 23:53:42.623334 np0000007346 nova-scheduler[93503]: DEBUG cotyledon.oslo_config_glue [-] oslo_limit.connect_retry_delay = None {{(pid=93503) log_opt_values /opt/stack/data/venv/lib/python3.12/site-packages/oslo_config/cfg.py:3560}}
Aug 14 23:53:42.623334 np0000007346 nova-scheduler[93503]: DEBUG cotyledon.oslo_config_glue [-] oslo_limit.endpoint_id = None {{(pid=93503) log_opt_values /opt/stack/data/venv/lib/python3.12/site-packages/oslo_config/cfg.py:3560}}
Aug 14 23:53:42.623578 np0000007346 nova-scheduler[93501]: INFO dbcounter [None req-7142f186-cdaf-4581-84b8-ee8766f0a01e None None] Registered counter for database nova_cell0
Aug 14 23:53:42.623630 np0000007346 nova-scheduler[93503]: DEBUG cotyledon.oslo_config_glue [-] oslo_limit.endpoint_interface = public {{(pid=93503) log_opt_values /opt/stack/data/venv/lib/python3.12/site-packages/oslo_config/cfg.py:3560}}
Aug 14 23:53:42.623630 np0000007346 nova-scheduler[93503]: DEBUG cotyledon.oslo_config_glue [-] oslo_limit.endpoint_override = None {{(pid=93503) log_opt_values /opt/stack/data/venv/lib/python3.12/site-packages/oslo_config/cfg.py:3560}}
Aug 14 23:53:42.623630 np0000007346 nova-scheduler[93503]: DEBUG cotyledon.oslo_config_glue [-] oslo_limit.endpoint_region_name = None {{(pid=93503) log_opt_values /opt/stack/data/venv/lib/python3.12/site-packages/oslo_config/cfg.py:3560}}
Aug 14 23:53:42.623630 np0000007346 nova-scheduler[93503]: DEBUG cotyledon.oslo_config_glue [-] oslo_limit.endpoint_service_name = None {{(pid=93503) log_opt_values /opt/stack/data/venv/lib/python3.12/site-packages/oslo_config/cfg.py:3560}}
Aug 14 23:53:42.623630 np0000007346 nova-scheduler[93503]: DEBUG cotyledon.oslo_config_glue [-] oslo_limit.endpoint_service_type = None {{(pid=93503) log_opt_values /opt/stack/data/venv/lib/python3.12/site-packages/oslo_config/cfg.py:3560}}
Aug 14 23:53:42.623630 np0000007346 nova-scheduler[93503]: DEBUG cotyledon.oslo_config_glue [-] oslo_limit.insecure = False {{(pid=93503) log_opt_values /opt/stack/data/venv/lib/python3.12/site-packages/oslo_config/cfg.py:3560}}
Aug 14 23:53:42.623630 np0000007346 nova-scheduler[93503]: DEBUG cotyledon.oslo_config_glue [-] oslo_limit.keyfile = None {{(pid=93503) log_opt_values /opt/stack/data/venv/lib/python3.12/site-packages/oslo_config/cfg.py:3560}}
Aug 14 23:53:42.623630 np0000007346 nova-scheduler[93503]: DEBUG cotyledon.oslo_config_glue [-] oslo_limit.max_version = None {{(pid=93503) log_opt_values /opt/stack/data/venv/lib/python3.12/site-packages/oslo_config/cfg.py:3560}}
Aug 14 23:53:42.623630 np0000007346 nova-scheduler[93503]: DEBUG cotyledon.oslo_config_glue [-] oslo_limit.min_version = None {{(pid=93503) log_opt_values /opt/stack/data/venv/lib/python3.12/site-packages/oslo_config/cfg.py:3560}}
Aug 14 23:53:42.623938 np0000007346 nova-scheduler[93503]: DEBUG cotyledon.oslo_config_glue [-] oslo_limit.region_name = None {{(pid=93503) log_opt_values /opt/stack/data/venv/lib/python3.12/site-packages/oslo_config/cfg.py:3560}}
Aug 14 23:53:42.623938 np0000007346 nova-scheduler[93503]: DEBUG cotyledon.oslo_config_glue [-] oslo_limit.retriable_status_codes = None {{(pid=93503) log_opt_values /opt/stack/data/venv/lib/python3.12/site-packages/oslo_config/cfg.py:3560}}
Aug 14 23:53:42.623938 np0000007346 nova-scheduler[93503]: DEBUG cotyledon.oslo_config_glue [-] oslo_limit.service_name = None {{(pid=93503) log_opt_values /opt/stack/data/venv/lib/python3.12/site-packages/oslo_config/cfg.py:3560}}
Aug 14 23:53:42.623938 np0000007346 nova-scheduler[93503]: DEBUG cotyledon.oslo_config_glue [-] oslo_limit.service_type = None {{(pid=93503) log_opt_values /opt/stack/data/venv/lib/python3.12/site-packages/oslo_config/cfg.py:3560}}
Aug 14 23:53:42.623938 np0000007346 nova-scheduler[93503]: DEBUG cotyledon.oslo_config_glue [-] oslo_limit.split_loggers = False {{(pid=93503) log_opt_values /opt/stack/data/venv/lib/python3.12/site-packages/oslo_config/cfg.py:3560}}
Aug 14 23:53:42.623938 np0000007346 nova-scheduler[93503]: DEBUG cotyledon.oslo_config_glue [-] oslo_limit.status_code_retries = None {{(pid=93503) log_opt_values /opt/stack/data/venv/lib/python3.12/site-packages/oslo_config/cfg.py:3560}}
Aug 14 23:53:42.623938 np0000007346 nova-scheduler[93503]: DEBUG cotyledon.oslo_config_glue [-] oslo_limit.status_code_retry_delay = None {{(pid=93503) log_opt_values /opt/stack/data/venv/lib/python3.12/site-packages/oslo_config/cfg.py:3560}}
Aug 14 23:53:42.623938 np0000007346 nova-scheduler[93503]: DEBUG cotyledon.oslo_config_glue [-] oslo_limit.timeout = None {{(pid=93503) log_opt_values /opt/stack/data/venv/lib/python3.12/site-packages/oslo_config/cfg.py:3560}}
Aug 14 23:53:42.623938 np0000007346 nova-scheduler[93503]: DEBUG cotyledon.oslo_config_glue [-] oslo_limit.valid_interfaces = None {{(pid=93503) log_opt_values /opt/stack/data/venv/lib/python3.12/site-packages/oslo_config/cfg.py:3560}}
Aug 14 23:53:42.624259 np0000007346 nova-scheduler[93503]: DEBUG cotyledon.oslo_config_glue [-] oslo_limit.version = None {{(pid=93503) log_opt_values /opt/stack/data/venv/lib/python3.12/site-packages/oslo_config/cfg.py:3560}}
Aug 14 23:53:42.624259 np0000007346 nova-scheduler[93503]: DEBUG cotyledon.oslo_config_glue [-] oslo_reports.file_event_handler = None {{(pid=93503) log_opt_values /opt/stack/data/venv/lib/python3.12/site-packages/oslo_config/cfg.py:3560}}
Aug 14 23:53:42.624259 np0000007346 nova-scheduler[93503]: DEBUG cotyledon.oslo_config_glue [-] oslo_reports.file_event_handler_interval = 1 {{(pid=93503) log_opt_values /opt/stack/data/venv/lib/python3.12/site-packages/oslo_config/cfg.py:3560}}
Aug 14 23:53:42.624259 np0000007346 nova-scheduler[93503]: DEBUG cotyledon.oslo_config_glue [-] oslo_reports.log_dir = None {{(pid=93503) log_opt_values /opt/stack/data/venv/lib/python3.12/site-packages/oslo_config/cfg.py:3560}}
Aug 14 23:53:42.624259 np0000007346 nova-scheduler[93503]: DEBUG cotyledon.oslo_config_glue [-] ******************************************************************************** {{(pid=93503) log_opt_values /opt/stack/data/venv/lib/python3.12/site-packages/oslo_config/cfg.py:3567}}
Aug 14 23:53:42.624259 np0000007346 nova-scheduler[93503]: DEBUG cotyledon._service_worker [-] Run service ServiceWrapper(2) [93503] {{(pid=93503) wait_forever /opt/stack/data/venv/lib/python3.12/site-packages/cotyledon/_service_worker.py:218}}
Aug 14 23:53:42.624259 np0000007346 nova-scheduler[93503]: INFO nova.service [-] Starting scheduler node (version 33.1.0)
Aug 14 23:53:42.624259 np0000007346 nova-scheduler[93503]: INFO dbcounter [None req-777e9d96-b53e-41b0-8e13-fca05b74132c None None] Registered counter for database nova_cell0
Aug 14 23:53:42.624539 np0000007346 nova-scheduler[93501]: DEBUG oslo_db.sqlalchemy.engines [None req-7142f186-cdaf-4581-84b8-ee8766f0a01e None None] MySQL server mode set to STRICT_TRANS_TABLES,STRICT_ALL_TABLES,NO_ZERO_IN_DATE,NO_ZERO_DATE,ERROR_FOR_DIVISION_BY_ZERO,TRADITIONAL,NO_ENGINE_SUBSTITUTION {{(pid=93501) _check_effective_sql_mode /opt/stack/data/venv/lib/python3.12/site-packages/oslo_db/sqlalchemy/engines.py:325}}
Aug 14 23:53:42.624586 np0000007346 nova-scheduler[93499]: DEBUG oslo_db.sqlalchemy.engines [None req-478d1f02-b160-4087-8079-3e3d876f05c1 None None] MySQL server mode set to STRICT_TRANS_TABLES,STRICT_ALL_TABLES,NO_ZERO_IN_DATE,NO_ZERO_DATE,ERROR_FOR_DIVISION_BY_ZERO,TRADITIONAL,NO_ENGINE_SUBSTITUTION {{(pid=93499) _check_effective_sql_mode /opt/stack/data/venv/lib/python3.12/site-packages/oslo_db/sqlalchemy/engines.py:325}}
Aug 14 23:53:42.624632 np0000007346 nova-scheduler[93501]: DEBUG dbcounter [-] [93501] Writer thread running {{(pid=93501) stat_writer /opt/stack/data/venv/lib/python3.12/site-packages/dbcounter.py:102}}
Aug 14 23:53:42.626638 np0000007346 nova-scheduler[93499]: DEBUG dbcounter [-] [93499] Writer thread running {{(pid=93499) stat_writer /opt/stack/data/venv/lib/python3.12/site-packages/dbcounter.py:102}}
Aug 14 23:53:42.632538 np0000007346 nova-scheduler[93503]: DEBUG oslo_db.sqlalchemy.engines [None req-777e9d96-b53e-41b0-8e13-fca05b74132c None None] MySQL server mode set to STRICT_TRANS_TABLES,STRICT_ALL_TABLES,NO_ZERO_IN_DATE,NO_ZERO_DATE,ERROR_FOR_DIVISION_BY_ZERO,TRADITIONAL,NO_ENGINE_SUBSTITUTION {{(pid=93503) _check_effective_sql_mode /opt/stack/data/venv/lib/python3.12/site-packages/oslo_db/sqlalchemy/engines.py:325}}
Aug 14 23:53:42.637091 np0000007346 nova-scheduler[93501]: DEBUG nova.service [None req-7142f186-cdaf-4581-84b8-ee8766f0a01e None None] Creating RPC server for service: nova-scheduler on topic: scheduler {{(pid=93501) start /opt/stack/nova/nova/service.py:262}}
Aug 14 23:53:42.643469 np0000007346 nova-scheduler[93503]: DEBUG dbcounter [-] [93503] Writer thread running {{(pid=93503) stat_writer /opt/stack/data/venv/lib/python3.12/site-packages/dbcounter.py:102}}
Aug 14 23:53:42.643834 np0000007346 nova-scheduler[93499]: DEBUG nova.service [None req-478d1f02-b160-4087-8079-3e3d876f05c1 None None] Creating RPC server for service: nova-scheduler on topic: scheduler {{(pid=93499) start /opt/stack/nova/nova/service.py:262}}
Aug 14 23:53:42.647639 np0000007346 nova-scheduler[93503]: DEBUG nova.service [None req-777e9d96-b53e-41b0-8e13-fca05b74132c None None] Creating RPC server for service: nova-scheduler on topic: scheduler {{(pid=93503) start /opt/stack/nova/nova/service.py:262}}
Aug 14 23:53:42.665605 np0000007346 nova-scheduler[93501]: DEBUG nova.service [None req-7142f186-cdaf-4581-84b8-ee8766f0a01e None None] Join ServiceGroup membership for this service scheduler {{(pid=93501) start /opt/stack/nova/nova/service.py:288}}
Aug 14 23:53:42.665605 np0000007346 nova-scheduler[93501]: DEBUG nova.servicegroup.drivers.db [None req-7142f186-cdaf-4581-84b8-ee8766f0a01e None None] DB_Driver: join new ServiceGroup member np0000007346 to the scheduler group, service = {{(pid=93501) join /opt/stack/nova/nova/servicegroup/drivers/db.py:44}}
Aug 14 23:53:42.667622 np0000007346 nova-scheduler[93503]: DEBUG nova.service [None req-777e9d96-b53e-41b0-8e13-fca05b74132c None None] Join ServiceGroup membership for this service scheduler {{(pid=93503) start /opt/stack/nova/nova/service.py:288}}
Aug 14 23:53:42.668276 np0000007346 nova-scheduler[93503]: DEBUG nova.servicegroup.drivers.db [None req-777e9d96-b53e-41b0-8e13-fca05b74132c None None] DB_Driver: join new ServiceGroup member np0000007346 to the scheduler group, service = {{(pid=93503) join /opt/stack/nova/nova/servicegroup/drivers/db.py:44}}
Aug 14 23:53:42.671515 np0000007346 nova-scheduler[93499]: DEBUG nova.service [None req-478d1f02-b160-4087-8079-3e3d876f05c1 None None] Join ServiceGroup membership for this service scheduler {{(pid=93499) start /opt/stack/nova/nova/service.py:288}}
Aug 14 23:53:42.671802 np0000007346 nova-scheduler[93499]: DEBUG nova.servicegroup.drivers.db [None req-478d1f02-b160-4087-8079-3e3d876f05c1 None None] DB_Driver: join new ServiceGroup member np0000007346 to the scheduler group, service = {{(pid=93499) join /opt/stack/nova/nova/servicegroup/drivers/db.py:44}}
Aug 14 23:53:47.683906 np0000007346 nova-scheduler[93501]: DEBUG oslo.service.backend._threading.loopingcall [-] Fixed interval looping call 'nova.servicegroup.drivers.db.DbDriver._report_state' sleeping for 119.98 seconds {{(pid=93501) _run_loop /opt/stack/data/venv/lib/python3.12/site-packages/oslo_service/backend/_threading/loopingcall.py:125}}
Aug 14 23:53:47.686583 np0000007346 nova-scheduler[93503]: DEBUG oslo.service.backend._threading.loopingcall [-] Fixed interval looping call 'nova.servicegroup.drivers.db.DbDriver._report_state' sleeping for 119.98 seconds {{(pid=93503) _run_loop /opt/stack/data/venv/lib/python3.12/site-packages/oslo_service/backend/_threading/loopingcall.py:125}}
Aug 14 23:53:47.686996 np0000007346 nova-scheduler[93499]: DEBUG oslo.service.backend._threading.loopingcall [-] Fixed interval looping call 'nova.servicegroup.drivers.db.DbDriver._report_state' sleeping for 119.99 seconds {{(pid=93499) _run_loop /opt/stack/data/venv/lib/python3.12/site-packages/oslo_service/backend/_threading/loopingcall.py:125}}
Aug 14 23:53:48.670248 np0000007346 nova-scheduler[93503]: DEBUG oslo.service.backend._threading.loopingcall [None req-a5110ae2-a018-45a0-9859-a1b62454a2aa None None] Dynamic interval looping call 'nova.service.Service.periodic_tasks' sleeping for 60.00 seconds {{(pid=93503) _run_loop /opt/stack/data/venv/lib/python3.12/site-packages/oslo_service/backend/_threading/loopingcall.py:125}}
Aug 14 23:53:51.175124 np0000007346 nova-scheduler[92295]: DEBUG dbcounter [-] [92295] Writing DB stats nova_api:SELECT=3 {{(pid=92295) stat_writer /opt/stack/data/venv/lib/python3.12/site-packages/dbcounter.py:115}}
Aug 14 23:53:51.303938 np0000007346 nova-scheduler[92295]: DEBUG dbcounter [-] [92295] Writing DB stats nova_cell1:SELECT=1 {{(pid=92295) stat_writer /opt/stack/data/venv/lib/python3.12/site-packages/dbcounter.py:115}}
Aug 14 23:53:51.306693 np0000007346 nova-scheduler[92295]: DEBUG dbcounter [-] [92295] Writing DB stats nova_cell0:SELECT=1 {{(pid=92295) stat_writer /opt/stack/data/venv/lib/python3.12/site-packages/dbcounter.py:115}}
Aug 14 23:53:57.678275 np0000007346 nova-scheduler[93501]: DEBUG dbcounter [-] [93501] Writing DB stats nova_cell0:SELECT=4,nova_cell0:INSERT=1,nova_cell0:UPDATE=1 {{(pid=93501) stat_writer /opt/stack/data/venv/lib/python3.12/site-packages/dbcounter.py:115}}
Aug 14 23:53:57.684489 np0000007346 nova-scheduler[93499]: DEBUG dbcounter [-] [93499] Writing DB stats nova_cell0:SELECT=5,nova_cell0:INSERT=1,nova_cell0:UPDATE=1 {{(pid=93499) stat_writer /opt/stack/data/venv/lib/python3.12/site-packages/dbcounter.py:115}}
Aug 14 23:53:57.684950 np0000007346 nova-scheduler[93503]: DEBUG dbcounter [-] [93503] Writing DB stats nova_cell0:SELECT=3,nova_cell0:UPDATE=1 {{(pid=93503) stat_writer /opt/stack/data/venv/lib/python3.12/site-packages/dbcounter.py:115}}
Aug 14 23:54:14.673910 np0000007346 nova-scheduler[93499]: DEBUG oslo.service.backend._threading.loopingcall [None req-ae6ec1ee-d5f2-431e-ba46-05a9fadfcc36 None None] Dynamic interval looping call 'nova.service.Service.periodic_tasks' sleeping for 60.00 seconds {{(pid=93499) _run_loop /opt/stack/data/venv/lib/python3.12/site-packages/oslo_service/backend/_threading/loopingcall.py:125}}
Aug 14 23:54:20.667862 np0000007346 nova-scheduler[93501]: DEBUG oslo.service.backend._threading.loopingcall [None req-a1dce2ad-cded-4ee9-bc6c-337ace22cb9e None None] Dynamic interval looping call 'nova.service.Service.periodic_tasks' sleeping for 60.00 seconds {{(pid=93501) _run_loop /opt/stack/data/venv/lib/python3.12/site-packages/oslo_service/backend/_threading/loopingcall.py:125}}
Aug 14 23:54:48.670713 np0000007346 nova-scheduler[93503]: DEBUG oslo.service.backend._threading.loopingcall [None req-a5110ae2-a018-45a0-9859-a1b62454a2aa None None] Dynamic interval looping call 'nova.service.Service.periodic_tasks' sleeping for 60.00 seconds {{(pid=93503) _run_loop /opt/stack/data/venv/lib/python3.12/site-packages/oslo_service/backend/_threading/loopingcall.py:125}}
Aug 14 23:55:14.674335 np0000007346 nova-scheduler[93499]: DEBUG oslo.service.backend._threading.loopingcall [None req-ae6ec1ee-d5f2-431e-ba46-05a9fadfcc36 None None] Dynamic interval looping call 'nova.service.Service.periodic_tasks' sleeping for 60.00 seconds {{(pid=93499) _run_loop /opt/stack/data/venv/lib/python3.12/site-packages/oslo_service/backend/_threading/loopingcall.py:125}}
Aug 14 23:55:20.668411 np0000007346 nova-scheduler[93501]: DEBUG oslo.service.backend._threading.loopingcall [None req-a1dce2ad-cded-4ee9-bc6c-337ace22cb9e None None] Dynamic interval looping call 'nova.service.Service.periodic_tasks' sleeping for 60.00 seconds {{(pid=93501) _run_loop /opt/stack/data/venv/lib/python3.12/site-packages/oslo_service/backend/_threading/loopingcall.py:125}}
Aug 14 23:55:47.673936 np0000007346 nova-scheduler[93503]: DEBUG oslo.service.backend._threading.loopingcall [-] Fixed interval looping call 'nova.servicegroup.drivers.db.DbDriver._report_state' sleeping for 119.99 seconds {{(pid=93503) _run_loop /opt/stack/data/venv/lib/python3.12/site-packages/oslo_service/backend/_threading/loopingcall.py:125}}
Aug 14 23:55:47.674365 np0000007346 nova-scheduler[93501]: DEBUG oslo.service.backend._threading.loopingcall [-] Fixed interval looping call 'nova.servicegroup.drivers.db.DbDriver._report_state' sleeping for 119.99 seconds {{(pid=93501) _run_loop /opt/stack/data/venv/lib/python3.12/site-packages/oslo_service/backend/_threading/loopingcall.py:125}}
Aug 14 23:55:47.683178 np0000007346 nova-scheduler[93499]: DEBUG oslo.service.backend._threading.loopingcall [-] Fixed interval looping call 'nova.servicegroup.drivers.db.DbDriver._report_state' sleeping for 120.00 seconds {{(pid=93499) _run_loop /opt/stack/data/venv/lib/python3.12/site-packages/oslo_service/backend/_threading/loopingcall.py:125}}
Aug 14 23:55:48.671152 np0000007346 nova-scheduler[93503]: DEBUG oslo.service.backend._threading.loopingcall [None req-a5110ae2-a018-45a0-9859-a1b62454a2aa None None] Dynamic interval looping call 'nova.service.Service.periodic_tasks' sleeping for 60.00 seconds {{(pid=93503) _run_loop /opt/stack/data/venv/lib/python3.12/site-packages/oslo_service/backend/_threading/loopingcall.py:125}}
Aug 14 23:55:53.931760 np0000007346 nova-scheduler[93501]: DEBUG nova.scheduler.manager [None req-b21b7c67-37ad-45b1-b88c-627bbd719d4d tempest-ServerRescueNegativeTestJSON-855191501 tempest-ServerRescueNegativeTestJSON-855191501-project-member] Starting to schedule for instances: ['d0798411-fb80-4025-a84a-b1a864905e77'] {{(pid=93501) select_destinations /opt/stack/nova/nova/scheduler/manager.py:197}}
Aug 14 23:55:53.934718 np0000007346 nova-scheduler[93501]: DEBUG nova.scheduler.request_filter [None req-b21b7c67-37ad-45b1-b88c-627bbd719d4d tempest-ServerRescueNegativeTestJSON-855191501 tempest-ServerRescueNegativeTestJSON-855191501-project-member] compute_status_filter request filter added forbidden trait COMPUTE_STATUS_DISABLED {{(pid=93501) compute_status_filter /opt/stack/nova/nova/scheduler/request_filter.py:253}}
Aug 14 23:55:53.934718 np0000007346 nova-scheduler[93501]: DEBUG nova.scheduler.request_filter [None req-b21b7c67-37ad-45b1-b88c-627bbd719d4d tempest-ServerRescueNegativeTestJSON-855191501 tempest-ServerRescueNegativeTestJSON-855191501-project-member] Request filter 'compute_status_filter' took 0.0 seconds {{(pid=93501) wrapper /opt/stack/nova/nova/scheduler/request_filter.py:46}}
Aug 14 23:55:53.934718 np0000007346 nova-scheduler[93501]: DEBUG nova.scheduler.request_filter [None req-b21b7c67-37ad-45b1-b88c-627bbd719d4d tempest-ServerRescueNegativeTestJSON-855191501 tempest-ServerRescueNegativeTestJSON-855191501-project-member] Request filter 'accelerators_filter' took 0.0 seconds {{(pid=93501) wrapper /opt/stack/nova/nova/scheduler/request_filter.py:46}}
Aug 14 23:55:53.934718 np0000007346 nova-scheduler[93501]: DEBUG nova.scheduler.request_filter [None req-b21b7c67-37ad-45b1-b88c-627bbd719d4d tempest-ServerRescueNegativeTestJSON-855191501 tempest-ServerRescueNegativeTestJSON-855191501-project-member] Request filter 'packed_virtqueue_filter' took 0.0 seconds {{(pid=93501) wrapper /opt/stack/nova/nova/scheduler/request_filter.py:46}}
Aug 14 23:55:53.934718 np0000007346 nova-scheduler[93501]: DEBUG nova.scheduler.request_filter [None req-b21b7c67-37ad-45b1-b88c-627bbd719d4d tempest-ServerRescueNegativeTestJSON-855191501 tempest-ServerRescueNegativeTestJSON-855191501-project-member] Request filter 'remote_managed_ports_filter' took 0.0 seconds {{(pid=93501) wrapper /opt/stack/nova/nova/scheduler/request_filter.py:46}}
Aug 14 23:55:53.935528 np0000007346 nova-scheduler[93501]: DEBUG nova.scheduler.request_filter [None req-b21b7c67-37ad-45b1-b88c-627bbd719d4d tempest-ServerRescueNegativeTestJSON-855191501 tempest-ServerRescueNegativeTestJSON-855191501-project-member] ephemeral_encryption_filter skipped {{(pid=93501) ephemeral_encryption_filter /opt/stack/nova/nova/scheduler/request_filter.py:426}}
Aug 14 23:55:53.935528 np0000007346 nova-scheduler[93501]: DEBUG nova.scheduler.request_filter [None req-b21b7c67-37ad-45b1-b88c-627bbd719d4d tempest-ServerRescueNegativeTestJSON-855191501 tempest-ServerRescueNegativeTestJSON-855191501-project-member] virtio_sound_filter skipped {{(pid=93501) virtio_sound_filter /opt/stack/nova/nova/scheduler/request_filter.py:460}}
Aug 14 23:55:53.935528 np0000007346 nova-scheduler[93501]: DEBUG nova.scheduler.request_filter [None req-b21b7c67-37ad-45b1-b88c-627bbd719d4d tempest-ServerRescueNegativeTestJSON-855191501 tempest-ServerRescueNegativeTestJSON-855191501-project-member] tpm_secret_security_filter skipped {{(pid=93501) tpm_secret_security_filter /opt/stack/nova/nova/scheduler/request_filter.py:477}}
Aug 14 23:55:54.516069 np0000007346 nova-scheduler[93501]: INFO nova.utils [None req-b21b7c67-37ad-45b1-b88c-627bbd719d4d tempest-ServerRescueNegativeTestJSON-855191501 tempest-ServerRescueNegativeTestJSON-855191501-project-member] The cell worker thread pool ForkProcess-2.cell_worker is initialized
Aug 14 23:55:54.516840 np0000007346 nova-scheduler[93501]: DEBUG oslo_concurrency.lockutils [None req-b21b7c67-37ad-45b1-b88c-627bbd719d4d tempest-ServerRescueNegativeTestJSON-855191501 tempest-ServerRescueNegativeTestJSON-855191501-project-member] Acquiring lock "e3ce6e4f-5e47-4576-bcf1-b303ca636b55" by "nova.context.set_target_cell..get_or_set_cached_cell_and_set_connections" {{(pid=93501) inner /opt/stack/data/venv/lib/python3.12/site-packages/oslo_concurrency/lockutils.py:512}}
Aug 14 23:55:54.517168 np0000007346 nova-scheduler[93501]: DEBUG oslo_concurrency.lockutils [None req-b21b7c67-37ad-45b1-b88c-627bbd719d4d tempest-ServerRescueNegativeTestJSON-855191501 tempest-ServerRescueNegativeTestJSON-855191501-project-member] Lock "e3ce6e4f-5e47-4576-bcf1-b303ca636b55" acquired by "nova.context.set_target_cell..get_or_set_cached_cell_and_set_connections" :: waited 0.000s {{(pid=93501) inner /opt/stack/data/venv/lib/python3.12/site-packages/oslo_concurrency/lockutils.py:525}}
Aug 14 23:55:54.518914 np0000007346 nova-scheduler[93501]: DEBUG oslo_concurrency.lockutils [None req-b21b7c67-37ad-45b1-b88c-627bbd719d4d tempest-ServerRescueNegativeTestJSON-855191501 tempest-ServerRescueNegativeTestJSON-855191501-project-member] Lock "e3ce6e4f-5e47-4576-bcf1-b303ca636b55" "released" by "nova.context.set_target_cell..get_or_set_cached_cell_and_set_connections" :: held 0.001s {{(pid=93501) inner /opt/stack/data/venv/lib/python3.12/site-packages/oslo_concurrency/lockutils.py:544}}
Aug 14 23:55:54.520503 np0000007346 nova-scheduler[93501]: INFO dbcounter [None req-b21b7c67-37ad-45b1-b88c-627bbd719d4d tempest-ServerRescueNegativeTestJSON-855191501 tempest-ServerRescueNegativeTestJSON-855191501-project-member] Registered counter for database nova_cell1
Aug 14 23:55:54.560857 np0000007346 nova-scheduler[93501]: DEBUG oslo_db.sqlalchemy.engines [None req-b21b7c67-37ad-45b1-b88c-627bbd719d4d tempest-ServerRescueNegativeTestJSON-855191501 tempest-ServerRescueNegativeTestJSON-855191501-project-member] MySQL server mode set to STRICT_TRANS_TABLES,STRICT_ALL_TABLES,NO_ZERO_IN_DATE,NO_ZERO_DATE,ERROR_FOR_DIVISION_BY_ZERO,TRADITIONAL,NO_ENGINE_SUBSTITUTION {{(pid=93501) _check_effective_sql_mode /opt/stack/data/venv/lib/python3.12/site-packages/oslo_db/sqlalchemy/engines.py:325}}
Aug 14 23:55:54.567053 np0000007346 nova-scheduler[93501]: DEBUG dbcounter [-] [93501] Writer thread running {{(pid=93501) stat_writer /opt/stack/data/venv/lib/python3.12/site-packages/dbcounter.py:102}}
Aug 14 23:55:54.576881 np0000007346 nova-scheduler[93501]: DEBUG oslo_db.sqlalchemy.engines [None req-b21b7c67-37ad-45b1-b88c-627bbd719d4d tempest-ServerRescueNegativeTestJSON-855191501 tempest-ServerRescueNegativeTestJSON-855191501-project-member] Parent process 92295 forked (93501) with an open database connection, which is being discarded and recreated. {{(pid=93501) checkout /opt/stack/data/venv/lib/python3.12/site-packages/oslo_db/sqlalchemy/engines.py:402}}
Aug 14 23:55:54.612936 np0000007346 nova-scheduler[93501]: DEBUG dbcounter [-] [93501] Writer thread running {{(pid=93501) stat_writer /opt/stack/data/venv/lib/python3.12/site-packages/dbcounter.py:102}}
Aug 14 23:55:54.617052 np0000007346 nova-scheduler[93501]: DEBUG oslo_concurrency.lockutils [None req-b21b7c67-37ad-45b1-b88c-627bbd719d4d tempest-ServerRescueNegativeTestJSON-855191501 tempest-ServerRescueNegativeTestJSON-855191501-project-member] Acquiring lock "e3ce6e4f-5e47-4576-bcf1-b303ca636b55" by "nova.context.set_target_cell..get_or_set_cached_cell_and_set_connections" {{(pid=93501) inner /opt/stack/data/venv/lib/python3.12/site-packages/oslo_concurrency/lockutils.py:512}}
Aug 14 23:55:54.617269 np0000007346 nova-scheduler[93501]: DEBUG oslo_concurrency.lockutils [None req-b21b7c67-37ad-45b1-b88c-627bbd719d4d tempest-ServerRescueNegativeTestJSON-855191501 tempest-ServerRescueNegativeTestJSON-855191501-project-member] Lock "e3ce6e4f-5e47-4576-bcf1-b303ca636b55" acquired by "nova.context.set_target_cell..get_or_set_cached_cell_and_set_connections" :: waited 0.000s {{(pid=93501) inner /opt/stack/data/venv/lib/python3.12/site-packages/oslo_concurrency/lockutils.py:525}}
Aug 14 23:55:54.617460 np0000007346 nova-scheduler[93501]: DEBUG oslo_concurrency.lockutils [None req-b21b7c67-37ad-45b1-b88c-627bbd719d4d tempest-ServerRescueNegativeTestJSON-855191501 tempest-ServerRescueNegativeTestJSON-855191501-project-member] Lock "e3ce6e4f-5e47-4576-bcf1-b303ca636b55" "released" by "nova.context.set_target_cell..get_or_set_cached_cell_and_set_connections" :: held 0.000s {{(pid=93501) inner /opt/stack/data/venv/lib/python3.12/site-packages/oslo_concurrency/lockutils.py:544}}
Aug 14 23:55:54.620719 np0000007346 nova-scheduler[93501]: DEBUG oslo_concurrency.lockutils [None req-b21b7c67-37ad-45b1-b88c-627bbd719d4d tempest-ServerRescueNegativeTestJSON-855191501 tempest-ServerRescueNegativeTestJSON-855191501-project-member] Acquiring lock "np0000007346-np0000007346" by "nova.scheduler.host_manager.HostState.update.._locked_update" {{(pid=93501) inner /opt/stack/data/venv/lib/python3.12/site-packages/oslo_concurrency/lockutils.py:512}}
Aug 14 23:55:54.620970 np0000007346 nova-scheduler[93501]: DEBUG oslo_concurrency.lockutils [None req-b21b7c67-37ad-45b1-b88c-627bbd719d4d tempest-ServerRescueNegativeTestJSON-855191501 tempest-ServerRescueNegativeTestJSON-855191501-project-member] Lock "np0000007346-np0000007346" acquired by "nova.scheduler.host_manager.HostState.update.._locked_update" :: waited 0.000s {{(pid=93501) inner /opt/stack/data/venv/lib/python3.12/site-packages/oslo_concurrency/lockutils.py:525}}
Aug 14 23:55:54.621923 np0000007346 nova-scheduler[93501]: DEBUG nova.scheduler.host_manager [None req-b21b7c67-37ad-45b1-b88c-627bbd719d4d tempest-ServerRescueNegativeTestJSON-855191501 tempest-ServerRescueNegativeTestJSON-855191501-project-member] Update host state from compute node: ComputeNode(cpu_allocation_ratio=4.0,cpu_info='{"arch": "x86_64", "model": "EPYC-Milan", "vendor": "AMD", "topology": {"cells": 1, "sockets": 16, "cores": 1, "threads": 1}, "maxphysaddr": {"mode": "emulate", "bits": 40}, "features": ["amd-psfd", "arat", "xsave", "syscall", "mca", "rdctl-no", "no-nested-data-bp", "rdpid", "pause-filter", "sse4.1", "rdrand", "tsc_adjust", "msr", "erms", "npt", "pse", "apic", "cmov", "clzero", "lfence-always-serializing", "f16c", "misalignsse", "rdtscp", "bmi2", "3dnowprefetch", "tsc-deadline", "hypervisor", "avx", "amd-stibp", "fpu", "v-vmsave-vmload", "mmxext", "adx", "pse36", "pge", "wbnoinvd", "pni", "rdseed", "umip", "nx", "xgetbv1", "pae", "invpcid", "aes", "stibp-always-on", "nrip-save", "clwb", "vaes", "pschange-mc-no", "lahf_lm", "pdpe1gb", "ibpb", "popcnt", "mtrr", "ibrs", "vme", "smap", "fxsr", "lbrv", "osvw", "vmcb-clean", "sha-ni", "movbe", "pat", "svm", "vgif", "x2apic", "mmx", "perfctr_core", "pfthreshold", "flushbyasid", "abm", "smep", "xsaveopt", "fsgsbase", "mce", "skip-l1dfl-vmentry", "amd-ssbd", "cmp_legacy", "pclmuldq", "de", "virt-ssbd", "bmi1", "sse", "clflush", "vpclmulqdq", "cx8", "xsavec", "xsaves", "sse2", "ssse3", "clflushopt", "pku", "svme-addr-chk", "fsrm", "gds-no", "mds-no", "sep", "spec-ctrl", "sse4.2", "stibp", "arch-capabilities", "sse4a", "tsc", "topoext", "null-sel-clr-base", "cr8legacy", "pcid", "ssbd", "tsc-scale", "xsaveerptr", "lm", "cx16", "fxsr_opt", "fma", "avx2"]}',created_at=2026-08-14T23:54:04Z,current_workload=0,deleted=False,deleted_at=None,disk_allocation_ratio=1.0,disk_available_least=73,free_disk_gb=95,free_ram_mb=62765,host='np0000007346',host_ip=10.4.3.242,hypervisor_hostname='np0000007346',hypervisor_type='QEMU',hypervisor_version=8002002,id=1,local_gb=95,local_gb_used=0,mapped=1,memory_mb=63277,memory_mb_used=512,metrics='[]',numa_topology='{"nova_object.name": "NUMATopology", "nova_object.namespace": "nova", "nova_object.version": "1.2", "nova_object.data": {"cells": [{"nova_object.name": "NUMACell", "nova_object.namespace": "nova", "nova_object.version": "1.5", "nova_object.data": {"id": 0, "cpuset": [0, 1, 2, 3, 4, 5, 6, 7, 8, 9, 10, 11, 12, 13, 14, 15], "pcpuset": [0, 1, 2, 3, 4, 5, 6, 7, 8, 9, 10, 11, 12, 13, 14, 15], "memory": 63277, "cpu_usage": 0, "memory_usage": 0, "pinned_cpus": [], "siblings": [[6], [12], [2], [15], [5], [11], [8], [14], [4], [1], [7], [10], [0], [13], [3], [9]], "mempages": [{"nova_object.name": "NUMAPagesTopology", "nova_object.namespace": "nova", "nova_object.version": "1.1", "nova_object.data": {"size_kb": 4, "total": 16177929, "used": 0, "reserved": 0}, "nova_object.changes": ["total", "used", "size_kb", "reserved"]}, {"nova_object.name": "NUMAPagesTopology", "nova_object.namespace": "nova", "nova_object.version": "1.1", "nova_object.data": {"size_kb": 2048, "total": 41, "used": 0, "reserved": 0}, "nova_object.changes": ["total", "used", "size_kb", "reserved"]}, {"nova_object.name": "NUMAPagesTopology", "nova_object.namespace": "nova", "nova_object.version": "1.1", "nova_object.data": {"size_kb": 1048576, "total": 0, "used": 0, "reserved": 0}, "nova_object.changes": ["total", "used", "size_kb", "reserved"]}], "network_metadata": {"nova_object.name": "NetworkMetadata", "nova_object.namespace": "nova", "nova_object.version": "1.0", "nova_object.data": {"physnets": [], "tunneled": false}, "nova_object.changes": ["tunneled", "physnets"]}, "socket": null}, "nova_object.changes": ["siblings", "pcpuset", "pinned_cpus", "memory_usage", "socket", "network_metadata", "memory", "cpuset", "mempages", "id", "cpu_usage"]}]}, "nova_object.changes": ["cells"]}',pci_device_pools=PciDevicePoolList,ram_allocation_ratio=1.0,running_vms=0,service_id=3,stats={failed_builds='0',uptime=' 23:55:52 up 13 min, 2 users, load average: 2.73, 1.71, 0.93
Aug 14 23:55:54.621923 np0000007346 nova-scheduler[93501]: '},supported_hv_specs=[HVSpec,HVSpec,HVSpec,HVSpec,HVSpec,HVSpec,HVSpec,HVSpec,HVSpec,HVSpec,HVSpec,HVSpec,HVSpec,HVSpec,HVSpec,HVSpec,HVSpec,HVSpec,HVSpec,HVSpec,HVSpec,HVSpec,HVSpec,HVSpec,HVSpec],updated_at=2026-08-14T23:55:53Z,uuid=a84bfd20-85b0-4d80-ba51-252d4313fe7c,vcpus=16,vcpus_used=0) {{(pid=93501) _locked_update /opt/stack/nova/nova/scheduler/host_manager.py:168}}
Aug 14 23:55:54.623916 np0000007346 nova-scheduler[93501]: DEBUG nova.scheduler.host_manager [None req-b21b7c67-37ad-45b1-b88c-627bbd719d4d tempest-ServerRescueNegativeTestJSON-855191501 tempest-ServerRescueNegativeTestJSON-855191501-project-member] Update host state with aggregates: [] {{(pid=93501) _locked_update /opt/stack/nova/nova/scheduler/host_manager.py:171}}
Aug 14 23:55:54.623916 np0000007346 nova-scheduler[93501]: DEBUG nova.scheduler.host_manager [None req-b21b7c67-37ad-45b1-b88c-627bbd719d4d tempest-ServerRescueNegativeTestJSON-855191501 tempest-ServerRescueNegativeTestJSON-855191501-project-member] Update host state with service dict: {'id': 3, 'uuid': '632f450a-a2f5-4e35-924a-9160ed118b41', 'host': 'np0000007346', 'binary': 'nova-compute', 'topic': 'compute', 'report_count': 1, 'disabled': False, 'disabled_reason': None, 'last_seen_up': datetime.datetime(2026, 8, 14, 23, 54, 10, tzinfo=datetime.timezone.utc), 'forced_down': False, 'version': 72, 'created_at': datetime.datetime(2026, 8, 14, 23, 54, 3, tzinfo=datetime.timezone.utc), 'updated_at': datetime.datetime(2026, 8, 14, 23, 54, 10, tzinfo=datetime.timezone.utc), 'deleted_at': None, 'deleted': False} {{(pid=93501) _locked_update /opt/stack/nova/nova/scheduler/host_manager.py:174}}
Aug 14 23:55:54.623916 np0000007346 nova-scheduler[93501]: DEBUG nova.scheduler.host_manager [None req-b21b7c67-37ad-45b1-b88c-627bbd719d4d tempest-ServerRescueNegativeTestJSON-855191501 tempest-ServerRescueNegativeTestJSON-855191501-project-member] Update host state with instances: [] {{(pid=93501) _locked_update /opt/stack/nova/nova/scheduler/host_manager.py:177}}
Aug 14 23:55:54.623916 np0000007346 nova-scheduler[93501]: DEBUG oslo_concurrency.lockutils [None req-b21b7c67-37ad-45b1-b88c-627bbd719d4d tempest-ServerRescueNegativeTestJSON-855191501 tempest-ServerRescueNegativeTestJSON-855191501-project-member] Lock "np0000007346-np0000007346" "released" by "nova.scheduler.host_manager.HostState.update.._locked_update" :: held 0.002s {{(pid=93501) inner /opt/stack/data/venv/lib/python3.12/site-packages/oslo_concurrency/lockutils.py:544}}
Aug 14 23:55:54.623916 np0000007346 nova-scheduler[93501]: DEBUG nova.filters [None req-b21b7c67-37ad-45b1-b88c-627bbd719d4d tempest-ServerRescueNegativeTestJSON-855191501 tempest-ServerRescueNegativeTestJSON-855191501-project-member] Starting with 1 host(s) {{(pid=93501) get_filtered_objects /opt/stack/nova/nova/filters.py:70}}
Aug 14 23:55:54.624343 np0000007346 nova-scheduler[93501]: DEBUG nova.filters [None req-b21b7c67-37ad-45b1-b88c-627bbd719d4d tempest-ServerRescueNegativeTestJSON-855191501 tempest-ServerRescueNegativeTestJSON-855191501-project-member] Filter ComputeFilter returned 1 host(s) {{(pid=93501) get_filtered_objects /opt/stack/nova/nova/filters.py:102}}
Aug 14 23:55:54.624720 np0000007346 nova-scheduler[93501]: DEBUG nova.filters [None req-b21b7c67-37ad-45b1-b88c-627bbd719d4d tempest-ServerRescueNegativeTestJSON-855191501 tempest-ServerRescueNegativeTestJSON-855191501-project-member] Filter ComputeCapabilitiesFilter returned 1 host(s) {{(pid=93501) get_filtered_objects /opt/stack/nova/nova/filters.py:102}}
Aug 14 23:55:54.624967 np0000007346 nova-scheduler[93501]: DEBUG nova.filters [None req-b21b7c67-37ad-45b1-b88c-627bbd719d4d tempest-ServerRescueNegativeTestJSON-855191501 tempest-ServerRescueNegativeTestJSON-855191501-project-member] Filter ImagePropertiesFilter returned 1 host(s) {{(pid=93501) get_filtered_objects /opt/stack/nova/nova/filters.py:102}}
Aug 14 23:55:54.625230 np0000007346 nova-scheduler[93501]: DEBUG nova.filters [None req-b21b7c67-37ad-45b1-b88c-627bbd719d4d tempest-ServerRescueNegativeTestJSON-855191501 tempest-ServerRescueNegativeTestJSON-855191501-project-member] Filter ServerGroupAntiAffinityFilter returned 1 host(s) {{(pid=93501) get_filtered_objects /opt/stack/nova/nova/filters.py:102}}
Aug 14 23:55:54.625426 np0000007346 nova-scheduler[93501]: DEBUG nova.filters [None req-b21b7c67-37ad-45b1-b88c-627bbd719d4d tempest-ServerRescueNegativeTestJSON-855191501 tempest-ServerRescueNegativeTestJSON-855191501-project-member] Filter ServerGroupAffinityFilter returned 1 host(s) {{(pid=93501) get_filtered_objects /opt/stack/nova/nova/filters.py:102}}
Aug 14 23:55:54.625802 np0000007346 nova-scheduler[93501]: DEBUG nova.filters [None req-b21b7c67-37ad-45b1-b88c-627bbd719d4d tempest-ServerRescueNegativeTestJSON-855191501 tempest-ServerRescueNegativeTestJSON-855191501-project-member] Filter SameHostFilter returned 1 host(s) {{(pid=93501) get_filtered_objects /opt/stack/nova/nova/filters.py:102}}
Aug 14 23:55:54.625978 np0000007346 nova-scheduler[93501]: DEBUG nova.filters [None req-b21b7c67-37ad-45b1-b88c-627bbd719d4d tempest-ServerRescueNegativeTestJSON-855191501 tempest-ServerRescueNegativeTestJSON-855191501-project-member] Filter DifferentHostFilter returned 1 host(s) {{(pid=93501) get_filtered_objects /opt/stack/nova/nova/filters.py:102}}
Aug 14 23:55:54.626201 np0000007346 nova-scheduler[93501]: DEBUG nova.scheduler.manager [None req-b21b7c67-37ad-45b1-b88c-627bbd719d4d tempest-ServerRescueNegativeTestJSON-855191501 tempest-ServerRescueNegativeTestJSON-855191501-project-member] Filtered [(np0000007346, np0000007346) ram: 62765MB disk: 74752MB io_ops: 0 instances: 0, allocation_candidates: 1] {{(pid=93501) _get_sorted_hosts /opt/stack/nova/nova/scheduler/manager.py:730}}
Aug 14 23:55:54.626457 np0000007346 nova-scheduler[93501]: DEBUG nova.scheduler.manager [None req-b21b7c67-37ad-45b1-b88c-627bbd719d4d tempest-ServerRescueNegativeTestJSON-855191501 tempest-ServerRescueNegativeTestJSON-855191501-project-member] Weighed [WeighedHost [host: (np0000007346, np0000007346) ram: 62765MB disk: 74752MB io_ops: 0 instances: 0, allocation_candidates: 1, weight: 0.0]] {{(pid=93501) _get_sorted_hosts /opt/stack/nova/nova/scheduler/manager.py:752}}
Aug 14 23:55:54.626680 np0000007346 nova-scheduler[93501]: DEBUG nova.scheduler.utils [None req-b21b7c67-37ad-45b1-b88c-627bbd719d4d tempest-ServerRescueNegativeTestJSON-855191501 tempest-ServerRescueNegativeTestJSON-855191501-project-member] Attempting to claim resources in the placement API for instance d0798411-fb80-4025-a84a-b1a864905e77 {{(pid=93501) claim_resources /opt/stack/nova/nova/scheduler/utils.py:1345}}
Aug 14 23:55:54.755388 np0000007346 nova-scheduler[93501]: DEBUG nova.scheduler.manager [None req-b21b7c67-37ad-45b1-b88c-627bbd719d4d tempest-ServerRescueNegativeTestJSON-855191501 tempest-ServerRescueNegativeTestJSON-855191501-project-member] [instance: d0798411-fb80-4025-a84a-b1a864905e77] Selected host: (np0000007346, np0000007346) ram: 62765MB disk: 74752MB io_ops: 0 instances: 0, allocation_candidates: 1 {{(pid=93501) _consume_selected_host /opt/stack/nova/nova/scheduler/manager.py:612}}
Aug 14 23:55:54.755688 np0000007346 nova-scheduler[93501]: DEBUG oslo_concurrency.lockutils [None req-b21b7c67-37ad-45b1-b88c-627bbd719d4d tempest-ServerRescueNegativeTestJSON-855191501 tempest-ServerRescueNegativeTestJSON-855191501-project-member] Acquiring lock "np0000007346-np0000007346" by "nova.scheduler.host_manager.HostState.consume_from_request.._locked" {{(pid=93501) inner /opt/stack/data/venv/lib/python3.12/site-packages/oslo_concurrency/lockutils.py:512}}
Aug 14 23:55:54.755886 np0000007346 nova-scheduler[93501]: DEBUG oslo_concurrency.lockutils [None req-b21b7c67-37ad-45b1-b88c-627bbd719d4d tempest-ServerRescueNegativeTestJSON-855191501 tempest-ServerRescueNegativeTestJSON-855191501-project-member] Lock "np0000007346-np0000007346" acquired by "nova.scheduler.host_manager.HostState.consume_from_request.._locked" :: waited 0.000s {{(pid=93501) inner /opt/stack/data/venv/lib/python3.12/site-packages/oslo_concurrency/lockutils.py:525}}
Aug 14 23:55:54.756084 np0000007346 nova-scheduler[93501]: DEBUG oslo_concurrency.lockutils [None req-b21b7c67-37ad-45b1-b88c-627bbd719d4d tempest-ServerRescueNegativeTestJSON-855191501 tempest-ServerRescueNegativeTestJSON-855191501-project-member] Lock "np0000007346-np0000007346" "released" by "nova.scheduler.host_manager.HostState.consume_from_request.._locked" :: held 0.000s {{(pid=93501) inner /opt/stack/data/venv/lib/python3.12/site-packages/oslo_concurrency/lockutils.py:544}}
Aug 14 23:55:57.578117 np0000007346 nova-scheduler[93503]: DEBUG nova.scheduler.manager [None req-6ab178be-7922-4783-b9d9-8cd4bad62597 tempest-ServerRescueNegativeTestJSON-855191501 tempest-ServerRescueNegativeTestJSON-855191501-project-member] Starting to schedule for instances: ['7cba2b14-4b07-47cb-b626-e6c026506540'] {{(pid=93503) select_destinations /opt/stack/nova/nova/scheduler/manager.py:197}}
Aug 14 23:55:57.578785 np0000007346 nova-scheduler[93503]: DEBUG nova.scheduler.request_filter [None req-6ab178be-7922-4783-b9d9-8cd4bad62597 tempest-ServerRescueNegativeTestJSON-855191501 tempest-ServerRescueNegativeTestJSON-855191501-project-member] compute_status_filter request filter added forbidden trait COMPUTE_STATUS_DISABLED {{(pid=93503) compute_status_filter /opt/stack/nova/nova/scheduler/request_filter.py:253}}
Aug 14 23:55:57.579016 np0000007346 nova-scheduler[93503]: DEBUG nova.scheduler.request_filter [None req-6ab178be-7922-4783-b9d9-8cd4bad62597 tempest-ServerRescueNegativeTestJSON-855191501 tempest-ServerRescueNegativeTestJSON-855191501-project-member] Request filter 'compute_status_filter' took 0.0 seconds {{(pid=93503) wrapper /opt/stack/nova/nova/scheduler/request_filter.py:46}}
Aug 14 23:55:57.579418 np0000007346 nova-scheduler[93503]: DEBUG nova.scheduler.request_filter [None req-6ab178be-7922-4783-b9d9-8cd4bad62597 tempest-ServerRescueNegativeTestJSON-855191501 tempest-ServerRescueNegativeTestJSON-855191501-project-member] Request filter 'accelerators_filter' took 0.0 seconds {{(pid=93503) wrapper /opt/stack/nova/nova/scheduler/request_filter.py:46}}
Aug 14 23:55:57.579736 np0000007346 nova-scheduler[93503]: DEBUG nova.scheduler.request_filter [None req-6ab178be-7922-4783-b9d9-8cd4bad62597 tempest-ServerRescueNegativeTestJSON-855191501 tempest-ServerRescueNegativeTestJSON-855191501-project-member] Request filter 'packed_virtqueue_filter' took 0.0 seconds {{(pid=93503) wrapper /opt/stack/nova/nova/scheduler/request_filter.py:46}}
Aug 14 23:55:57.580194 np0000007346 nova-scheduler[93503]: DEBUG nova.scheduler.request_filter [None req-6ab178be-7922-4783-b9d9-8cd4bad62597 tempest-ServerRescueNegativeTestJSON-855191501 tempest-ServerRescueNegativeTestJSON-855191501-project-member] Request filter 'remote_managed_ports_filter' took 0.0 seconds {{(pid=93503) wrapper /opt/stack/nova/nova/scheduler/request_filter.py:46}}
Aug 14 23:55:57.580339 np0000007346 nova-scheduler[93503]: DEBUG nova.scheduler.request_filter [None req-6ab178be-7922-4783-b9d9-8cd4bad62597 tempest-ServerRescueNegativeTestJSON-855191501 tempest-ServerRescueNegativeTestJSON-855191501-project-member] ephemeral_encryption_filter skipped {{(pid=93503) ephemeral_encryption_filter /opt/stack/nova/nova/scheduler/request_filter.py:426}}
Aug 14 23:55:57.581172 np0000007346 nova-scheduler[93503]: DEBUG nova.scheduler.request_filter [None req-6ab178be-7922-4783-b9d9-8cd4bad62597 tempest-ServerRescueNegativeTestJSON-855191501 tempest-ServerRescueNegativeTestJSON-855191501-project-member] virtio_sound_filter skipped {{(pid=93503) virtio_sound_filter /opt/stack/nova/nova/scheduler/request_filter.py:460}}
Aug 14 23:55:57.581172 np0000007346 nova-scheduler[93503]: DEBUG nova.scheduler.request_filter [None req-6ab178be-7922-4783-b9d9-8cd4bad62597 tempest-ServerRescueNegativeTestJSON-855191501 tempest-ServerRescueNegativeTestJSON-855191501-project-member] tpm_secret_security_filter skipped {{(pid=93503) tpm_secret_security_filter /opt/stack/nova/nova/scheduler/request_filter.py:477}}
Aug 14 23:55:57.669979 np0000007346 nova-scheduler[93501]: DEBUG dbcounter [-] [93501] Writing DB stats nova_cell0:SELECT=1,nova_cell0:UPDATE=1 {{(pid=93501) stat_writer /opt/stack/data/venv/lib/python3.12/site-packages/dbcounter.py:115}}
Aug 14 23:55:57.673506 np0000007346 nova-scheduler[93503]: INFO nova.utils [None req-6ab178be-7922-4783-b9d9-8cd4bad62597 tempest-ServerRescueNegativeTestJSON-855191501 tempest-ServerRescueNegativeTestJSON-855191501-project-member] The cell worker thread pool ForkProcess-3.cell_worker is initialized
