Jul 24 08:45:40.524236 np0000005825 nova-scheduler[93426]: DEBUG cotyledon.oslo_config_glue [-] oslo_messaging_rabbit.rabbit_quorum_max_memory_length = 0 {{(pid=93426) log_opt_values /opt/stack/data/venv/lib/python3.12/site-packages/oslo_config/cfg.py:3253}}
Jul 24 08:45:40.524236 np0000005825 nova-scheduler[93426]: DEBUG cotyledon.oslo_config_glue [-] oslo_messaging_rabbit.rabbit_quorum_queue = False {{(pid=93426) log_opt_values /opt/stack/data/venv/lib/python3.12/site-packages/oslo_config/cfg.py:3253}}
Jul 24 08:45:40.524236 np0000005825 nova-scheduler[93426]: DEBUG cotyledon.oslo_config_glue [-] oslo_messaging_rabbit.rabbit_retry_backoff = 2 {{(pid=93426) log_opt_values /opt/stack/data/venv/lib/python3.12/site-packages/oslo_config/cfg.py:3253}}
Jul 24 08:45:40.524236 np0000005825 nova-scheduler[93426]: DEBUG cotyledon.oslo_config_glue [-] oslo_messaging_rabbit.rabbit_retry_interval = 1 {{(pid=93426) log_opt_values /opt/stack/data/venv/lib/python3.12/site-packages/oslo_config/cfg.py:3253}}
Jul 24 08:45:40.524236 np0000005825 nova-scheduler[93426]: DEBUG cotyledon.oslo_config_glue [-] oslo_messaging_rabbit.rabbit_stream_fanout = False {{(pid=93426) log_opt_values /opt/stack/data/venv/lib/python3.12/site-packages/oslo_config/cfg.py:3253}}
Jul 24 08:45:40.524236 np0000005825 nova-scheduler[93426]: DEBUG cotyledon.oslo_config_glue [-] oslo_messaging_rabbit.rabbit_transient_queues_ttl = 1800 {{(pid=93426) log_opt_values /opt/stack/data/venv/lib/python3.12/site-packages/oslo_config/cfg.py:3253}}
Jul 24 08:45:40.524236 np0000005825 nova-scheduler[93426]: DEBUG cotyledon.oslo_config_glue [-] oslo_messaging_rabbit.rabbit_transient_quorum_queue = False {{(pid=93426) log_opt_values /opt/stack/data/venv/lib/python3.12/site-packages/oslo_config/cfg.py:3253}}
Jul 24 08:45:40.524502 np0000005825 nova-scheduler[93426]: DEBUG cotyledon.oslo_config_glue [-] oslo_messaging_rabbit.rpc_conn_pool_size = 30 {{(pid=93426) log_opt_values /opt/stack/data/venv/lib/python3.12/site-packages/oslo_config/cfg.py:3253}}
Jul 24 08:45:40.524502 np0000005825 nova-scheduler[93426]: DEBUG cotyledon.oslo_config_glue [-] oslo_messaging_rabbit.ssl = False {{(pid=93426) log_opt_values /opt/stack/data/venv/lib/python3.12/site-packages/oslo_config/cfg.py:3253}}
Jul 24 08:45:40.524502 np0000005825 nova-scheduler[93426]: DEBUG cotyledon.oslo_config_glue [-] oslo_messaging_rabbit.ssl_ca_file = {{(pid=93426) log_opt_values /opt/stack/data/venv/lib/python3.12/site-packages/oslo_config/cfg.py:3253}}
Jul 24 08:45:40.524502 np0000005825 nova-scheduler[93426]: DEBUG cotyledon.oslo_config_glue [-] oslo_messaging_rabbit.ssl_cert_file = {{(pid=93426) log_opt_values /opt/stack/data/venv/lib/python3.12/site-packages/oslo_config/cfg.py:3253}}
Jul 24 08:45:40.524502 np0000005825 nova-scheduler[93426]: DEBUG cotyledon.oslo_config_glue [-] oslo_messaging_rabbit.ssl_enforce_fips_mode = False {{(pid=93426) log_opt_values /opt/stack/data/venv/lib/python3.12/site-packages/oslo_config/cfg.py:3253}}
Jul 24 08:45:40.524502 np0000005825 nova-scheduler[93426]: DEBUG cotyledon.oslo_config_glue [-] oslo_messaging_rabbit.ssl_enforce_hostname_verification = True {{(pid=93426) log_opt_values /opt/stack/data/venv/lib/python3.12/site-packages/oslo_config/cfg.py:3253}}
Jul 24 08:45:40.524502 np0000005825 nova-scheduler[93426]: DEBUG cotyledon.oslo_config_glue [-] oslo_messaging_rabbit.ssl_key_file = {{(pid=93426) log_opt_values /opt/stack/data/venv/lib/python3.12/site-packages/oslo_config/cfg.py:3253}}
Jul 24 08:45:40.524502 np0000005825 nova-scheduler[93426]: DEBUG cotyledon.oslo_config_glue [-] oslo_messaging_rabbit.ssl_version = {{(pid=93426) log_opt_values /opt/stack/data/venv/lib/python3.12/site-packages/oslo_config/cfg.py:3253}}
Jul 24 08:45:40.524502 np0000005825 nova-scheduler[93426]: DEBUG cotyledon.oslo_config_glue [-] oslo_messaging_rabbit.use_queue_manager = False {{(pid=93426) log_opt_values /opt/stack/data/venv/lib/python3.12/site-packages/oslo_config/cfg.py:3253}}
Jul 24 08:45:40.524780 np0000005825 nova-scheduler[93426]: DEBUG cotyledon.oslo_config_glue [-] oslo_messaging_notifications.driver = ['messagingv2'] {{(pid=93426) log_opt_values /opt/stack/data/venv/lib/python3.12/site-packages/oslo_config/cfg.py:3253}}
Jul 24 08:45:40.524780 np0000005825 nova-scheduler[93426]: DEBUG cotyledon.oslo_config_glue [-] oslo_messaging_notifications.retry = -1 {{(pid=93426) log_opt_values /opt/stack/data/venv/lib/python3.12/site-packages/oslo_config/cfg.py:3253}}
Jul 24 08:45:40.524780 np0000005825 nova-scheduler[93426]: DEBUG cotyledon.oslo_config_glue [-] oslo_messaging_notifications.topics = ['notifications'] {{(pid=93426) log_opt_values /opt/stack/data/venv/lib/python3.12/site-packages/oslo_config/cfg.py:3253}}
Jul 24 08:45:40.524780 np0000005825 nova-scheduler[93426]: DEBUG cotyledon.oslo_config_glue [-] oslo_messaging_notifications.transport_url = **** {{(pid=93426) log_opt_values /opt/stack/data/venv/lib/python3.12/site-packages/oslo_config/cfg.py:3253}}
Jul 24 08:45:40.524780 np0000005825 nova-scheduler[93426]: DEBUG cotyledon.oslo_config_glue [-] oslo_limit.auth_section = None {{(pid=93426) log_opt_values /opt/stack/data/venv/lib/python3.12/site-packages/oslo_config/cfg.py:3253}}
Jul 24 08:45:40.524780 np0000005825 nova-scheduler[93426]: DEBUG cotyledon.oslo_config_glue [-] oslo_limit.auth_type = None {{(pid=93426) log_opt_values /opt/stack/data/venv/lib/python3.12/site-packages/oslo_config/cfg.py:3253}}
Jul 24 08:45:40.524780 np0000005825 nova-scheduler[93426]: DEBUG cotyledon.oslo_config_glue [-] oslo_limit.cafile = None {{(pid=93426) log_opt_values /opt/stack/data/venv/lib/python3.12/site-packages/oslo_config/cfg.py:3253}}
Jul 24 08:45:40.524780 np0000005825 nova-scheduler[93426]: DEBUG cotyledon.oslo_config_glue [-] oslo_limit.certfile = None {{(pid=93426) log_opt_values /opt/stack/data/venv/lib/python3.12/site-packages/oslo_config/cfg.py:3253}}
Jul 24 08:45:40.524780 np0000005825 nova-scheduler[93426]: DEBUG cotyledon.oslo_config_glue [-] oslo_limit.collect_timing = False {{(pid=93426) log_opt_values /opt/stack/data/venv/lib/python3.12/site-packages/oslo_config/cfg.py:3253}}
Jul 24 08:45:40.525071 np0000005825 nova-scheduler[93426]: DEBUG cotyledon.oslo_config_glue [-] oslo_limit.connect_retries = None {{(pid=93426) log_opt_values /opt/stack/data/venv/lib/python3.12/site-packages/oslo_config/cfg.py:3253}}
Jul 24 08:45:40.525071 np0000005825 nova-scheduler[93426]: DEBUG cotyledon.oslo_config_glue [-] oslo_limit.connect_retry_delay = None {{(pid=93426) log_opt_values /opt/stack/data/venv/lib/python3.12/site-packages/oslo_config/cfg.py:3253}}
Jul 24 08:45:40.525071 np0000005825 nova-scheduler[93426]: DEBUG cotyledon.oslo_config_glue [-] oslo_limit.endpoint_id = None {{(pid=93426) log_opt_values /opt/stack/data/venv/lib/python3.12/site-packages/oslo_config/cfg.py:3253}}
Jul 24 08:45:40.525071 np0000005825 nova-scheduler[93426]: DEBUG cotyledon.oslo_config_glue [-] oslo_limit.endpoint_interface = public {{(pid=93426) log_opt_values /opt/stack/data/venv/lib/python3.12/site-packages/oslo_config/cfg.py:3253}}
Jul 24 08:45:40.525071 np0000005825 nova-scheduler[93426]: DEBUG cotyledon.oslo_config_glue [-] oslo_limit.endpoint_override = None {{(pid=93426) log_opt_values /opt/stack/data/venv/lib/python3.12/site-packages/oslo_config/cfg.py:3253}}
Jul 24 08:45:40.525071 np0000005825 nova-scheduler[93426]: DEBUG cotyledon.oslo_config_glue [-] oslo_limit.endpoint_region_name = None {{(pid=93426) log_opt_values /opt/stack/data/venv/lib/python3.12/site-packages/oslo_config/cfg.py:3253}}
Jul 24 08:45:40.525071 np0000005825 nova-scheduler[93426]: DEBUG cotyledon.oslo_config_glue [-] oslo_limit.endpoint_service_name = None {{(pid=93426) log_opt_values /opt/stack/data/venv/lib/python3.12/site-packages/oslo_config/cfg.py:3253}}
Jul 24 08:45:40.525071 np0000005825 nova-scheduler[93426]: DEBUG cotyledon.oslo_config_glue [-] oslo_limit.endpoint_service_type = None {{(pid=93426) log_opt_values /opt/stack/data/venv/lib/python3.12/site-packages/oslo_config/cfg.py:3253}}
Jul 24 08:45:40.525071 np0000005825 nova-scheduler[93426]: DEBUG cotyledon.oslo_config_glue [-] oslo_limit.insecure = False {{(pid=93426) log_opt_values /opt/stack/data/venv/lib/python3.12/site-packages/oslo_config/cfg.py:3253}}
Jul 24 08:45:40.525376 np0000005825 nova-scheduler[93426]: DEBUG cotyledon.oslo_config_glue [-] oslo_limit.keyfile = None {{(pid=93426) log_opt_values /opt/stack/data/venv/lib/python3.12/site-packages/oslo_config/cfg.py:3253}}
Jul 24 08:45:40.525411 np0000005825 nova-scheduler[93424]: INFO dbcounter [None req-bce7754d-fd50-41cd-a4b1-1e2170dacb0d None None] Registered counter for database nova_cell0
Jul 24 08:45:40.525451 np0000005825 nova-scheduler[93426]: DEBUG cotyledon.oslo_config_glue [-] oslo_limit.max_version = None {{(pid=93426) log_opt_values /opt/stack/data/venv/lib/python3.12/site-packages/oslo_config/cfg.py:3253}}
Jul 24 08:45:40.525451 np0000005825 nova-scheduler[93426]: DEBUG cotyledon.oslo_config_glue [-] oslo_limit.min_version = None {{(pid=93426) log_opt_values /opt/stack/data/venv/lib/python3.12/site-packages/oslo_config/cfg.py:3253}}
Jul 24 08:45:40.525451 np0000005825 nova-scheduler[93426]: DEBUG cotyledon.oslo_config_glue [-] oslo_limit.region_name = None {{(pid=93426) log_opt_values /opt/stack/data/venv/lib/python3.12/site-packages/oslo_config/cfg.py:3253}}
Jul 24 08:45:40.525451 np0000005825 nova-scheduler[93426]: DEBUG cotyledon.oslo_config_glue [-] oslo_limit.retriable_status_codes = None {{(pid=93426) log_opt_values /opt/stack/data/venv/lib/python3.12/site-packages/oslo_config/cfg.py:3253}}
Jul 24 08:45:40.525451 np0000005825 nova-scheduler[93426]: DEBUG cotyledon.oslo_config_glue [-] oslo_limit.service_name = None {{(pid=93426) log_opt_values /opt/stack/data/venv/lib/python3.12/site-packages/oslo_config/cfg.py:3253}}
Jul 24 08:45:40.525451 np0000005825 nova-scheduler[93426]: DEBUG cotyledon.oslo_config_glue [-] oslo_limit.service_type = None {{(pid=93426) log_opt_values /opt/stack/data/venv/lib/python3.12/site-packages/oslo_config/cfg.py:3253}}
Jul 24 08:45:40.525451 np0000005825 nova-scheduler[93426]: DEBUG cotyledon.oslo_config_glue [-] oslo_limit.split_loggers = False {{(pid=93426) log_opt_values /opt/stack/data/venv/lib/python3.12/site-packages/oslo_config/cfg.py:3253}}
Jul 24 08:45:40.525451 np0000005825 nova-scheduler[93426]: DEBUG cotyledon.oslo_config_glue [-] oslo_limit.status_code_retries = None {{(pid=93426) log_opt_values /opt/stack/data/venv/lib/python3.12/site-packages/oslo_config/cfg.py:3253}}
Jul 24 08:45:40.525451 np0000005825 nova-scheduler[93426]: DEBUG cotyledon.oslo_config_glue [-] oslo_limit.status_code_retry_delay = None {{(pid=93426) log_opt_values /opt/stack/data/venv/lib/python3.12/site-packages/oslo_config/cfg.py:3253}}
Jul 24 08:45:40.525748 np0000005825 nova-scheduler[93426]: DEBUG cotyledon.oslo_config_glue [-] oslo_limit.timeout = None {{(pid=93426) log_opt_values /opt/stack/data/venv/lib/python3.12/site-packages/oslo_config/cfg.py:3253}}
Jul 24 08:45:40.525748 np0000005825 nova-scheduler[93426]: DEBUG cotyledon.oslo_config_glue [-] oslo_limit.valid_interfaces = None {{(pid=93426) log_opt_values /opt/stack/data/venv/lib/python3.12/site-packages/oslo_config/cfg.py:3253}}
Jul 24 08:45:40.525748 np0000005825 nova-scheduler[93426]: DEBUG cotyledon.oslo_config_glue [-] oslo_limit.version = None {{(pid=93426) log_opt_values /opt/stack/data/venv/lib/python3.12/site-packages/oslo_config/cfg.py:3253}}
Jul 24 08:45:40.525748 np0000005825 nova-scheduler[93426]: DEBUG cotyledon.oslo_config_glue [-] oslo_reports.file_event_handler = None {{(pid=93426) log_opt_values /opt/stack/data/venv/lib/python3.12/site-packages/oslo_config/cfg.py:3253}}
Jul 24 08:45:40.525748 np0000005825 nova-scheduler[93426]: DEBUG cotyledon.oslo_config_glue [-] oslo_reports.file_event_handler_interval = 1 {{(pid=93426) log_opt_values /opt/stack/data/venv/lib/python3.12/site-packages/oslo_config/cfg.py:3253}}
Jul 24 08:45:40.525748 np0000005825 nova-scheduler[93426]: DEBUG cotyledon.oslo_config_glue [-] oslo_reports.log_dir = None {{(pid=93426) log_opt_values /opt/stack/data/venv/lib/python3.12/site-packages/oslo_config/cfg.py:3253}}
Jul 24 08:45:40.525748 np0000005825 nova-scheduler[93426]: DEBUG cotyledon.oslo_config_glue [-] ******************************************************************************** {{(pid=93426) log_opt_values /opt/stack/data/venv/lib/python3.12/site-packages/oslo_config/cfg.py:3260}}
Jul 24 08:45:40.525748 np0000005825 nova-scheduler[93426]: DEBUG cotyledon._service_worker [-] Run service ServiceWrapper(2) [93426] {{(pid=93426) wait_forever /opt/stack/data/venv/lib/python3.12/site-packages/cotyledon/_service_worker.py:218}}
Jul 24 08:45:40.525748 np0000005825 nova-scheduler[93426]: INFO nova.service [-] Starting scheduler node (version 33.1.0)
Jul 24 08:45:40.526699 np0000005825 nova-scheduler[93426]: INFO dbcounter [None req-8cfcd324-a846-4518-99ca-bcf2ae5427da None None] Registered counter for database nova_cell0
Jul 24 08:45:40.538601 np0000005825 nova-scheduler[93422]: DEBUG oslo_db.sqlalchemy.engines [None req-c40e29f2-de3a-4664-88fb-483b3f7607b7 None None] MySQL server mode set to STRICT_TRANS_TABLES,STRICT_ALL_TABLES,NO_ZERO_IN_DATE,NO_ZERO_DATE,ERROR_FOR_DIVISION_BY_ZERO,TRADITIONAL,NO_ENGINE_SUBSTITUTION {{(pid=93422) _check_effective_sql_mode /opt/stack/data/venv/lib/python3.12/site-packages/oslo_db/sqlalchemy/engines.py:325}}
Jul 24 08:45:40.542860 np0000005825 nova-scheduler[93424]: DEBUG oslo_db.sqlalchemy.engines [None req-bce7754d-fd50-41cd-a4b1-1e2170dacb0d None None] MySQL server mode set to STRICT_TRANS_TABLES,STRICT_ALL_TABLES,NO_ZERO_IN_DATE,NO_ZERO_DATE,ERROR_FOR_DIVISION_BY_ZERO,TRADITIONAL,NO_ENGINE_SUBSTITUTION {{(pid=93424) _check_effective_sql_mode /opt/stack/data/venv/lib/python3.12/site-packages/oslo_db/sqlalchemy/engines.py:325}}
Jul 24 08:45:40.547724 np0000005825 nova-scheduler[93422]: DEBUG dbcounter [-] [93422] Writer thread running {{(pid=93422) stat_writer /opt/stack/data/venv/lib/python3.12/site-packages/dbcounter.py:102}}
Jul 24 08:45:40.553027 np0000005825 nova-scheduler[93424]: DEBUG dbcounter [-] [93424] Writer thread running {{(pid=93424) stat_writer /opt/stack/data/venv/lib/python3.12/site-packages/dbcounter.py:102}}
Jul 24 08:45:40.560083 np0000005825 nova-scheduler[93422]: DEBUG nova.service [None req-c40e29f2-de3a-4664-88fb-483b3f7607b7 None None] Creating RPC server for service: nova-scheduler on topic: scheduler {{(pid=93422) start /opt/stack/nova/nova/service.py:196}}
Jul 24 08:45:40.567318 np0000005825 nova-scheduler[93424]: DEBUG nova.service [None req-bce7754d-fd50-41cd-a4b1-1e2170dacb0d None None] Creating RPC server for service: nova-scheduler on topic: scheduler {{(pid=93424) start /opt/stack/nova/nova/service.py:196}}
Jul 24 08:45:40.575801 np0000005825 nova-scheduler[93426]: DEBUG oslo_db.sqlalchemy.engines [None req-8cfcd324-a846-4518-99ca-bcf2ae5427da None None] MySQL server mode set to STRICT_TRANS_TABLES,STRICT_ALL_TABLES,NO_ZERO_IN_DATE,NO_ZERO_DATE,ERROR_FOR_DIVISION_BY_ZERO,TRADITIONAL,NO_ENGINE_SUBSTITUTION {{(pid=93426) _check_effective_sql_mode /opt/stack/data/venv/lib/python3.12/site-packages/oslo_db/sqlalchemy/engines.py:325}}
Jul 24 08:45:40.586262 np0000005825 nova-scheduler[93426]: DEBUG dbcounter [-] [93426] Writer thread running {{(pid=93426) stat_writer /opt/stack/data/venv/lib/python3.12/site-packages/dbcounter.py:102}}
Jul 24 08:45:40.588416 np0000005825 nova-scheduler[93422]: DEBUG nova.service [None req-c40e29f2-de3a-4664-88fb-483b3f7607b7 None None] Join ServiceGroup membership for this service scheduler {{(pid=93422) start /opt/stack/nova/nova/service.py:222}}
Jul 24 08:45:40.588645 np0000005825 nova-scheduler[93422]: DEBUG nova.servicegroup.drivers.db [None req-c40e29f2-de3a-4664-88fb-483b3f7607b7 None None] DB_Driver: join new ServiceGroup member np0000005825 to the scheduler group, service = {{(pid=93422) join /opt/stack/nova/nova/servicegroup/drivers/db.py:44}}
Jul 24 08:45:40.589786 np0000005825 nova-scheduler[93426]: DEBUG nova.service [None req-8cfcd324-a846-4518-99ca-bcf2ae5427da None None] Creating RPC server for service: nova-scheduler on topic: scheduler {{(pid=93426) start /opt/stack/nova/nova/service.py:196}}
Jul 24 08:45:40.595556 np0000005825 nova-scheduler[93424]: DEBUG nova.service [None req-bce7754d-fd50-41cd-a4b1-1e2170dacb0d None None] Join ServiceGroup membership for this service scheduler {{(pid=93424) start /opt/stack/nova/nova/service.py:222}}
Jul 24 08:45:40.595903 np0000005825 nova-scheduler[93424]: DEBUG nova.servicegroup.drivers.db [None req-bce7754d-fd50-41cd-a4b1-1e2170dacb0d None None] DB_Driver: join new ServiceGroup member np0000005825 to the scheduler group, service = {{(pid=93424) join /opt/stack/nova/nova/servicegroup/drivers/db.py:44}}
Jul 24 08:45:40.609385 np0000005825 nova-scheduler[93426]: DEBUG nova.service [None req-8cfcd324-a846-4518-99ca-bcf2ae5427da None None] Join ServiceGroup membership for this service scheduler {{(pid=93426) start /opt/stack/nova/nova/service.py:222}}
Jul 24 08:45:40.609763 np0000005825 nova-scheduler[93426]: DEBUG nova.servicegroup.drivers.db [None req-8cfcd324-a846-4518-99ca-bcf2ae5427da None None] DB_Driver: join new ServiceGroup member np0000005825 to the scheduler group, service = {{(pid=93426) join /opt/stack/nova/nova/servicegroup/drivers/db.py:44}}
Jul 24 08:45:45.609811 np0000005825 nova-scheduler[93422]: DEBUG oslo.service.backend._threading.loopingcall [-] Fixed interval looping call 'nova.servicegroup.drivers.db.DbDriver._report_state' sleeping for 119.98 seconds {{(pid=93422) _run_loop /opt/stack/data/venv/lib/python3.12/site-packages/oslo_service/backend/_threading/loopingcall.py:125}}
Jul 24 08:45:45.611693 np0000005825 nova-scheduler[93424]: DEBUG oslo.service.backend._threading.loopingcall [-] Fixed interval looping call 'nova.servicegroup.drivers.db.DbDriver._report_state' sleeping for 119.99 seconds {{(pid=93424) _run_loop /opt/stack/data/venv/lib/python3.12/site-packages/oslo_service/backend/_threading/loopingcall.py:125}}
Jul 24 08:45:45.621086 np0000005825 nova-scheduler[93426]: DEBUG oslo.service.backend._threading.loopingcall [-] Fixed interval looping call 'nova.servicegroup.drivers.db.DbDriver._report_state' sleeping for 119.99 seconds {{(pid=93426) _run_loop /opt/stack/data/venv/lib/python3.12/site-packages/oslo_service/backend/_threading/loopingcall.py:125}}
Jul 24 08:45:49.174076 np0000005825 nova-scheduler[92218]: DEBUG dbcounter [-] [92218] Writing DB stats nova_api:SELECT=3 {{(pid=92218) stat_writer /opt/stack/data/venv/lib/python3.12/site-packages/dbcounter.py:115}}
Jul 24 08:45:49.290710 np0000005825 nova-scheduler[92218]: DEBUG dbcounter [-] [92218] Writing DB stats nova_cell0:SELECT=1 {{(pid=92218) stat_writer /opt/stack/data/venv/lib/python3.12/site-packages/dbcounter.py:115}}
Jul 24 08:45:49.299296 np0000005825 nova-scheduler[92218]: DEBUG dbcounter [-] [92218] Writing DB stats nova_cell1:SELECT=1 {{(pid=92218) stat_writer /opt/stack/data/venv/lib/python3.12/site-packages/dbcounter.py:115}}
Jul 24 08:45:55.604446 np0000005825 nova-scheduler[93422]: DEBUG dbcounter [-] [93422] Writing DB stats nova_cell0:SELECT=4,nova_cell0:INSERT=1,nova_cell0:UPDATE=1 {{(pid=93422) stat_writer /opt/stack/data/venv/lib/python3.12/site-packages/dbcounter.py:115}}
Jul 24 08:45:55.610973 np0000005825 nova-scheduler[93424]: DEBUG dbcounter [-] [93424] Writing DB stats nova_cell0:SELECT=5,nova_cell0:INSERT=1,nova_cell0:UPDATE=1 {{(pid=93424) stat_writer /opt/stack/data/venv/lib/python3.12/site-packages/dbcounter.py:115}}
Jul 24 08:45:55.620973 np0000005825 nova-scheduler[93426]: DEBUG dbcounter [-] [93426] Writing DB stats nova_cell0:SELECT=3 {{(pid=93426) stat_writer /opt/stack/data/venv/lib/python3.12/site-packages/dbcounter.py:115}}
Jul 24 08:45:59.599188 np0000005825 nova-scheduler[93424]: DEBUG oslo.service.backend._threading.loopingcall [None req-107f9019-cf13-4490-85b3-32399eacc934 None None] Dynamic interval looping call 'nova.service.Service.periodic_tasks' sleeping for 60.00 seconds {{(pid=93424) _run_loop /opt/stack/data/venv/lib/python3.12/site-packages/oslo_service/backend/_threading/loopingcall.py:125}}
Jul 24 08:46:13.612709 np0000005825 nova-scheduler[93426]: DEBUG oslo.service.backend._threading.loopingcall [None req-4e79a3a6-8c18-4164-bdbf-6f4c6b5a7116 None None] Dynamic interval looping call 'nova.service.Service.periodic_tasks' sleeping for 60.00 seconds {{(pid=93426) _run_loop /opt/stack/data/venv/lib/python3.12/site-packages/oslo_service/backend/_threading/loopingcall.py:125}}
Jul 24 08:46:31.591183 np0000005825 nova-scheduler[93422]: DEBUG oslo.service.backend._threading.loopingcall [None req-ba95270c-eb3d-44a3-8a3b-de78bb73b120 None None] Dynamic interval looping call 'nova.service.Service.periodic_tasks' sleeping for 60.00 seconds {{(pid=93422) _run_loop /opt/stack/data/venv/lib/python3.12/site-packages/oslo_service/backend/_threading/loopingcall.py:125}}
Jul 24 08:46:59.599666 np0000005825 nova-scheduler[93424]: DEBUG oslo.service.backend._threading.loopingcall [None req-107f9019-cf13-4490-85b3-32399eacc934 None None] Dynamic interval looping call 'nova.service.Service.periodic_tasks' sleeping for 60.00 seconds {{(pid=93424) _run_loop /opt/stack/data/venv/lib/python3.12/site-packages/oslo_service/backend/_threading/loopingcall.py:125}}
Jul 24 08:47:13.613213 np0000005825 nova-scheduler[93426]: DEBUG oslo.service.backend._threading.loopingcall [None req-4e79a3a6-8c18-4164-bdbf-6f4c6b5a7116 None None] Dynamic interval looping call 'nova.service.Service.periodic_tasks' sleeping for 60.00 seconds {{(pid=93426) _run_loop /opt/stack/data/venv/lib/python3.12/site-packages/oslo_service/backend/_threading/loopingcall.py:125}}
Jul 24 08:47:31.591615 np0000005825 nova-scheduler[93422]: DEBUG oslo.service.backend._threading.loopingcall [None req-ba95270c-eb3d-44a3-8a3b-de78bb73b120 None None] Dynamic interval looping call 'nova.service.Service.periodic_tasks' sleeping for 60.00 seconds {{(pid=93422) _run_loop /opt/stack/data/venv/lib/python3.12/site-packages/oslo_service/backend/_threading/loopingcall.py:125}}
Jul 24 08:47:45.595404 np0000005825 nova-scheduler[93422]: DEBUG oslo.service.backend._threading.loopingcall [-] Fixed interval looping call 'nova.servicegroup.drivers.db.DbDriver._report_state' sleeping for 119.99 seconds {{(pid=93422) _run_loop /opt/stack/data/venv/lib/python3.12/site-packages/oslo_service/backend/_threading/loopingcall.py:125}}
Jul 24 08:47:45.606843 np0000005825 nova-scheduler[93424]: DEBUG oslo.service.backend._threading.loopingcall [-] Fixed interval looping call 'nova.servicegroup.drivers.db.DbDriver._report_state' sleeping for 120.00 seconds {{(pid=93424) _run_loop /opt/stack/data/venv/lib/python3.12/site-packages/oslo_service/backend/_threading/loopingcall.py:125}}
Jul 24 08:47:45.614354 np0000005825 nova-scheduler[93426]: DEBUG oslo.service.backend._threading.loopingcall [-] Fixed interval looping call 'nova.servicegroup.drivers.db.DbDriver._report_state' sleeping for 120.00 seconds {{(pid=93426) _run_loop /opt/stack/data/venv/lib/python3.12/site-packages/oslo_service/backend/_threading/loopingcall.py:125}}
Jul 24 08:47:53.306653 np0000005825 nova-scheduler[93422]: DEBUG nova.scheduler.manager [None req-286e03a6-e21f-4781-b94a-88e4a114c24d tempest-ImageDependencyTests-106724 tempest-ImageDependencyTests-106724-project-member] Starting to schedule for instances: ['dd47c7d5-2697-4348-8044-5694826021e5'] {{(pid=93422) select_destinations /opt/stack/nova/nova/scheduler/manager.py:209}}
Jul 24 08:47:53.307129 np0000005825 nova-scheduler[93422]: DEBUG nova.scheduler.request_filter [None req-286e03a6-e21f-4781-b94a-88e4a114c24d tempest-ImageDependencyTests-106724 tempest-ImageDependencyTests-106724-project-member] compute_status_filter request filter added forbidden trait COMPUTE_STATUS_DISABLED {{(pid=93422) compute_status_filter /opt/stack/nova/nova/scheduler/request_filter.py:253}}
Jul 24 08:47:53.307251 np0000005825 nova-scheduler[93422]: DEBUG nova.scheduler.request_filter [None req-286e03a6-e21f-4781-b94a-88e4a114c24d tempest-ImageDependencyTests-106724 tempest-ImageDependencyTests-106724-project-member] Request filter 'compute_status_filter' took 0.0 seconds {{(pid=93422) wrapper /opt/stack/nova/nova/scheduler/request_filter.py:46}}
Jul 24 08:47:53.307537 np0000005825 nova-scheduler[93422]: DEBUG nova.scheduler.request_filter [None req-286e03a6-e21f-4781-b94a-88e4a114c24d tempest-ImageDependencyTests-106724 tempest-ImageDependencyTests-106724-project-member] Request filter 'accelerators_filter' took 0.0 seconds {{(pid=93422) wrapper /opt/stack/nova/nova/scheduler/request_filter.py:46}}
Jul 24 08:47:53.307720 np0000005825 nova-scheduler[93422]: DEBUG nova.scheduler.request_filter [None req-286e03a6-e21f-4781-b94a-88e4a114c24d tempest-ImageDependencyTests-106724 tempest-ImageDependencyTests-106724-project-member] Request filter 'packed_virtqueue_filter' took 0.0 seconds {{(pid=93422) wrapper /opt/stack/nova/nova/scheduler/request_filter.py:46}}
Jul 24 08:47:53.307952 np0000005825 nova-scheduler[93422]: DEBUG nova.scheduler.request_filter [None req-286e03a6-e21f-4781-b94a-88e4a114c24d tempest-ImageDependencyTests-106724 tempest-ImageDependencyTests-106724-project-member] Request filter 'remote_managed_ports_filter' took 0.0 seconds {{(pid=93422) wrapper /opt/stack/nova/nova/scheduler/request_filter.py:46}}
Jul 24 08:47:53.308080 np0000005825 nova-scheduler[93422]: DEBUG nova.scheduler.request_filter [None req-286e03a6-e21f-4781-b94a-88e4a114c24d tempest-ImageDependencyTests-106724 tempest-ImageDependencyTests-106724-project-member] ephemeral_encryption_filter skipped {{(pid=93422) ephemeral_encryption_filter /opt/stack/nova/nova/scheduler/request_filter.py:426}}
Jul 24 08:47:53.308260 np0000005825 nova-scheduler[93422]: DEBUG nova.scheduler.request_filter [None req-286e03a6-e21f-4781-b94a-88e4a114c24d tempest-ImageDependencyTests-106724 tempest-ImageDependencyTests-106724-project-member] virtio_sound_filter skipped {{(pid=93422) virtio_sound_filter /opt/stack/nova/nova/scheduler/request_filter.py:460}}
Jul 24 08:47:53.308377 np0000005825 nova-scheduler[93422]: DEBUG nova.scheduler.request_filter [None req-286e03a6-e21f-4781-b94a-88e4a114c24d tempest-ImageDependencyTests-106724 tempest-ImageDependencyTests-106724-project-member] tpm_secret_security_filter skipped {{(pid=93422) tpm_secret_security_filter /opt/stack/nova/nova/scheduler/request_filter.py:477}}
Jul 24 08:47:53.795823 np0000005825 nova-scheduler[93422]: INFO nova.utils [None req-286e03a6-e21f-4781-b94a-88e4a114c24d tempest-ImageDependencyTests-106724 tempest-ImageDependencyTests-106724-project-member] The cell worker thread pool ForkProcess-1.cell_worker is initialized
Jul 24 08:47:53.796233 np0000005825 nova-scheduler[93422]: DEBUG oslo_concurrency.lockutils [None req-286e03a6-e21f-4781-b94a-88e4a114c24d tempest-ImageDependencyTests-106724 tempest-ImageDependencyTests-106724-project-member] Acquiring lock "a5dbfba7-f14f-4f1f-8d26-378656d983f5" by "nova.context.set_target_cell..get_or_set_cached_cell_and_set_connections" {{(pid=93422) inner /opt/stack/data/venv/lib/python3.12/site-packages/oslo_concurrency/lockutils.py:512}}
Jul 24 08:47:53.796434 np0000005825 nova-scheduler[93422]: DEBUG oslo_concurrency.lockutils [None req-286e03a6-e21f-4781-b94a-88e4a114c24d tempest-ImageDependencyTests-106724 tempest-ImageDependencyTests-106724-project-member] Lock "a5dbfba7-f14f-4f1f-8d26-378656d983f5" acquired by "nova.context.set_target_cell..get_or_set_cached_cell_and_set_connections" :: waited 0.000s {{(pid=93422) inner /opt/stack/data/venv/lib/python3.12/site-packages/oslo_concurrency/lockutils.py:525}}
Jul 24 08:47:53.797840 np0000005825 nova-scheduler[93422]: DEBUG oslo_concurrency.lockutils [None req-286e03a6-e21f-4781-b94a-88e4a114c24d tempest-ImageDependencyTests-106724 tempest-ImageDependencyTests-106724-project-member] Lock "a5dbfba7-f14f-4f1f-8d26-378656d983f5" "released" by "nova.context.set_target_cell..get_or_set_cached_cell_and_set_connections" :: held 0.001s {{(pid=93422) inner /opt/stack/data/venv/lib/python3.12/site-packages/oslo_concurrency/lockutils.py:544}}
Jul 24 08:47:53.800211 np0000005825 nova-scheduler[93422]: INFO dbcounter [None req-286e03a6-e21f-4781-b94a-88e4a114c24d tempest-ImageDependencyTests-106724 tempest-ImageDependencyTests-106724-project-member] Registered counter for database nova_cell1
Jul 24 08:47:53.830243 np0000005825 nova-scheduler[93422]: DEBUG oslo_db.sqlalchemy.engines [None req-286e03a6-e21f-4781-b94a-88e4a114c24d tempest-ImageDependencyTests-106724 tempest-ImageDependencyTests-106724-project-member] MySQL server mode set to STRICT_TRANS_TABLES,STRICT_ALL_TABLES,NO_ZERO_IN_DATE,NO_ZERO_DATE,ERROR_FOR_DIVISION_BY_ZERO,TRADITIONAL,NO_ENGINE_SUBSTITUTION {{(pid=93422) _check_effective_sql_mode /opt/stack/data/venv/lib/python3.12/site-packages/oslo_db/sqlalchemy/engines.py:325}}
Jul 24 08:47:53.835575 np0000005825 nova-scheduler[93422]: DEBUG dbcounter [-] [93422] Writer thread running {{(pid=93422) stat_writer /opt/stack/data/venv/lib/python3.12/site-packages/dbcounter.py:102}}
Jul 24 08:47:53.847556 np0000005825 nova-scheduler[93422]: DEBUG oslo_db.sqlalchemy.engines [None req-286e03a6-e21f-4781-b94a-88e4a114c24d tempest-ImageDependencyTests-106724 tempest-ImageDependencyTests-106724-project-member] Parent process 92218 forked (93422) with an open database connection, which is being discarded and recreated. {{(pid=93422) checkout /opt/stack/data/venv/lib/python3.12/site-packages/oslo_db/sqlalchemy/engines.py:402}}
Jul 24 08:47:53.878502 np0000005825 nova-scheduler[93422]: DEBUG dbcounter [-] [93422] Writer thread running {{(pid=93422) stat_writer /opt/stack/data/venv/lib/python3.12/site-packages/dbcounter.py:102}}
Jul 24 08:47:53.881338 np0000005825 nova-scheduler[93422]: DEBUG oslo_concurrency.lockutils [None req-286e03a6-e21f-4781-b94a-88e4a114c24d tempest-ImageDependencyTests-106724 tempest-ImageDependencyTests-106724-project-member] Acquiring lock "a5dbfba7-f14f-4f1f-8d26-378656d983f5" by "nova.context.set_target_cell..get_or_set_cached_cell_and_set_connections" {{(pid=93422) inner /opt/stack/data/venv/lib/python3.12/site-packages/oslo_concurrency/lockutils.py:512}}
Jul 24 08:47:53.881609 np0000005825 nova-scheduler[93422]: DEBUG oslo_concurrency.lockutils [None req-286e03a6-e21f-4781-b94a-88e4a114c24d tempest-ImageDependencyTests-106724 tempest-ImageDependencyTests-106724-project-member] Lock "a5dbfba7-f14f-4f1f-8d26-378656d983f5" acquired by "nova.context.set_target_cell..get_or_set_cached_cell_and_set_connections" :: waited 0.000s {{(pid=93422) inner /opt/stack/data/venv/lib/python3.12/site-packages/oslo_concurrency/lockutils.py:525}}
Jul 24 08:47:53.881650 np0000005825 nova-scheduler[93422]: DEBUG oslo_concurrency.lockutils [None req-286e03a6-e21f-4781-b94a-88e4a114c24d tempest-ImageDependencyTests-106724 tempest-ImageDependencyTests-106724-project-member] Lock "a5dbfba7-f14f-4f1f-8d26-378656d983f5" "released" by "nova.context.set_target_cell..get_or_set_cached_cell_and_set_connections" :: held 0.000s {{(pid=93422) inner /opt/stack/data/venv/lib/python3.12/site-packages/oslo_concurrency/lockutils.py:544}}
Jul 24 08:47:53.884913 np0000005825 nova-scheduler[93422]: DEBUG oslo_concurrency.lockutils [None req-286e03a6-e21f-4781-b94a-88e4a114c24d tempest-ImageDependencyTests-106724 tempest-ImageDependencyTests-106724-project-member] Acquiring lock "np0000005825-np0000005825" by "nova.scheduler.host_manager.HostState.update.._locked_update" {{(pid=93422) inner /opt/stack/data/venv/lib/python3.12/site-packages/oslo_concurrency/lockutils.py:512}}
Jul 24 08:47:53.885098 np0000005825 nova-scheduler[93422]: DEBUG oslo_concurrency.lockutils [None req-286e03a6-e21f-4781-b94a-88e4a114c24d tempest-ImageDependencyTests-106724 tempest-ImageDependencyTests-106724-project-member] Lock "np0000005825-np0000005825" acquired by "nova.scheduler.host_manager.HostState.update.._locked_update" :: waited 0.000s {{(pid=93422) inner /opt/stack/data/venv/lib/python3.12/site-packages/oslo_concurrency/lockutils.py:525}}
Jul 24 08:47:53.886034 np0000005825 nova-scheduler[93422]: DEBUG nova.scheduler.host_manager [None req-286e03a6-e21f-4781-b94a-88e4a114c24d tempest-ImageDependencyTests-106724 tempest-ImageDependencyTests-106724-project-member] Update host state from compute node: ComputeNode(cpu_allocation_ratio=4.0,cpu_info='{"arch": "x86_64", "model": "EPYC-Milan", "vendor": "AMD", "topology": {"cells": 1, "sockets": 16, "cores": 1, "threads": 1}, "maxphysaddr": {"mode": "emulate", "bits": 40}, "features": ["cx16", "tsc_adjust", "lfence-always-serializing", "sse2", "cx8", "rdseed", "pcid", "lm", "lahf_lm", "stibp-always-on", "topoext", "pat", "skip-l1dfl-vmentry", "msr", "tsc-scale", "erms", "syscall", "popcnt", "sha-ni", "adx", "pse36", "svm", "ssse3", "fma", "no-nested-data-bp", "gds-no", "nx", "3dnowprefetch", "stibp", "xgetbv1", "sse", "rdrand", "umip", "vme", "f16c", "pae", "perfctr_core", "ibrs", "pause-filter", "vgif", "pdpe1gb", "pku", "hypervisor", "lbrv", "null-sel-clr-base", "pge", "smep", "rdpid", "bmi1", "virt-ssbd", "movbe", "clzero", "v-vmsave-vmload", "ssbd", "fxsr", "xsaveerptr", "tsc", "invpcid", "mmxext", "bmi2", "mmx", "avx", "arat", "fsrm", "npt", "vmcb-clean", "osvw", "mce", "misalignsse", "fxsr_opt", "aes", "pse", "rdtscp", "spec-ctrl", "tsc-deadline", "clflushopt", "x2apic", "apic", "clflush", "vpclmulqdq", "amd-stibp", "sep", "avx2", "sse4.1", "sse4.2", "cr8legacy", "pschange-mc-no", "smap", "svme-addr-chk", "wbnoinvd", "arch-capabilities", "rdctl-no", "amd-ssbd", "fsgsbase", "cmov", "pfthreshold", "mca", "xsaveopt", "nrip-save", "xsaves", "xsavec", "mtrr", "ibpb", "clwb", "vaes", "amd-psfd", "pni", "cmp_legacy", "sse4a", "abm", "de", "xsave", "flushbyasid", "fpu", "mds-no", "pclmuldq"]}',created_at=2026-07-24T08:46:02Z,current_workload=0,deleted=False,deleted_at=None,disk_allocation_ratio=1.0,disk_available_least=73,free_disk_gb=95,free_ram_mb=62765,host='np0000005825',host_ip=10.4.3.248,hypervisor_hostname='np0000005825',hypervisor_type='QEMU',hypervisor_version=8002002,id=1,local_gb=95,local_gb_used=0,mapped=1,memory_mb=63277,memory_mb_used=512,metrics='[]',numa_topology='{"nova_object.name": "NUMATopology", "nova_object.namespace": "nova", "nova_object.version": "1.2", "nova_object.data": {"cells": [{"nova_object.name": "NUMACell", "nova_object.namespace": "nova", "nova_object.version": "1.5", "nova_object.data": {"id": 0, "cpuset": [0, 1, 2, 3, 4, 5, 6, 7, 8, 9, 10, 11, 12, 13, 14, 15], "pcpuset": [0, 1, 2, 3, 4, 5, 6, 7, 8, 9, 10, 11, 12, 13, 14, 15], "memory": 63277, "cpu_usage": 0, "memory_usage": 0, "pinned_cpus": [], "siblings": [[6], [12], [2], [15], [5], [11], [8], [14], [4], [1], [7], [10], [0], [13], [3], [9]], "mempages": [{"nova_object.name": "NUMAPagesTopology", "nova_object.namespace": "nova", "nova_object.version": "1.1", "nova_object.data": {"size_kb": 4, "total": 16177930, "used": 0, "reserved": 0}, "nova_object.changes": ["total", "size_kb", "used", "reserved"]}, {"nova_object.name": "NUMAPagesTopology", "nova_object.namespace": "nova", "nova_object.version": "1.1", "nova_object.data": {"size_kb": 2048, "total": 41, "used": 0, "reserved": 0}, "nova_object.changes": ["total", "size_kb", "used", "reserved"]}, {"nova_object.name": "NUMAPagesTopology", "nova_object.namespace": "nova", "nova_object.version": "1.1", "nova_object.data": {"size_kb": 1048576, "total": 0, "used": 0, "reserved": 0}, "nova_object.changes": ["total", "size_kb", "used", "reserved"]}], "network_metadata": {"nova_object.name": "NetworkMetadata", "nova_object.namespace": "nova", "nova_object.version": "1.0", "nova_object.data": {"physnets": [], "tunneled": false}, "nova_object.changes": ["tunneled", "physnets"]}, "socket": null}, "nova_object.changes": ["memory", "network_metadata", "socket", "mempages", "id", "memory_usage", "pcpuset", "cpu_usage", "siblings", "pinned_cpus", "cpuset"]}]}, "nova_object.changes": ["cells"]}',pci_device_pools=PciDevicePoolList,ram_allocation_ratio=1.0,running_vms=0,service_id=3,stats={failed_builds='0',uptime=' 08:47:48 up 13 min, 2 users, load average: 2.63, 1.64, 0.87
Jul 24 08:47:53.886034 np0000005825 nova-scheduler[93422]: '},supported_hv_specs=[HVSpec,HVSpec,HVSpec,HVSpec,HVSpec,HVSpec,HVSpec,HVSpec,HVSpec,HVSpec,HVSpec,HVSpec,HVSpec,HVSpec,HVSpec,HVSpec,HVSpec,HVSpec,HVSpec,HVSpec,HVSpec,HVSpec,HVSpec,HVSpec,HVSpec],updated_at=2026-07-24T08:47:49Z,uuid=ff554739-e5d5-4652-a796-5f6f40a08a04,vcpus=16,vcpus_used=0) {{(pid=93422) _locked_update /opt/stack/nova/nova/scheduler/host_manager.py:168}}
Jul 24 08:47:53.886850 np0000005825 nova-scheduler[93422]: DEBUG nova.scheduler.host_manager [None req-286e03a6-e21f-4781-b94a-88e4a114c24d tempest-ImageDependencyTests-106724 tempest-ImageDependencyTests-106724-project-member] Update host state with aggregates: [] {{(pid=93422) _locked_update /opt/stack/nova/nova/scheduler/host_manager.py:171}}
Jul 24 08:47:53.887151 np0000005825 nova-scheduler[93422]: DEBUG nova.scheduler.host_manager [None req-286e03a6-e21f-4781-b94a-88e4a114c24d tempest-ImageDependencyTests-106724 tempest-ImageDependencyTests-106724-project-member] Update host state with service dict: {'id': 3, 'uuid': 'f2344573-28dc-4aeb-a910-f8056d28bb9e', 'host': 'np0000005825', 'binary': 'nova-compute', 'topic': 'compute', 'report_count': 1, 'disabled': False, 'disabled_reason': None, 'last_seen_up': datetime.datetime(2026, 7, 24, 8, 46, 8, tzinfo=datetime.timezone.utc), 'forced_down': False, 'version': 72, 'created_at': datetime.datetime(2026, 7, 24, 8, 46, 2, tzinfo=datetime.timezone.utc), 'updated_at': datetime.datetime(2026, 7, 24, 8, 46, 8, tzinfo=datetime.timezone.utc), 'deleted_at': None, 'deleted': False} {{(pid=93422) _locked_update /opt/stack/nova/nova/scheduler/host_manager.py:174}}
Jul 24 08:47:53.887151 np0000005825 nova-scheduler[93422]: DEBUG nova.scheduler.host_manager [None req-286e03a6-e21f-4781-b94a-88e4a114c24d tempest-ImageDependencyTests-106724 tempest-ImageDependencyTests-106724-project-member] Update host state with instances: [] {{(pid=93422) _locked_update /opt/stack/nova/nova/scheduler/host_manager.py:177}}
Jul 24 08:47:53.887291 np0000005825 nova-scheduler[93422]: DEBUG oslo_concurrency.lockutils [None req-286e03a6-e21f-4781-b94a-88e4a114c24d tempest-ImageDependencyTests-106724 tempest-ImageDependencyTests-106724-project-member] Lock "np0000005825-np0000005825" "released" by "nova.scheduler.host_manager.HostState.update.._locked_update" :: held 0.002s {{(pid=93422) inner /opt/stack/data/venv/lib/python3.12/site-packages/oslo_concurrency/lockutils.py:544}}
Jul 24 08:47:53.887995 np0000005825 nova-scheduler[93422]: DEBUG nova.filters [None req-286e03a6-e21f-4781-b94a-88e4a114c24d tempest-ImageDependencyTests-106724 tempest-ImageDependencyTests-106724-project-member] Starting with 1 host(s) {{(pid=93422) get_filtered_objects /opt/stack/nova/nova/filters.py:70}}
Jul 24 08:47:53.888511 np0000005825 nova-scheduler[93422]: DEBUG nova.filters [None req-286e03a6-e21f-4781-b94a-88e4a114c24d tempest-ImageDependencyTests-106724 tempest-ImageDependencyTests-106724-project-member] Filter ComputeFilter returned 1 host(s) {{(pid=93422) get_filtered_objects /opt/stack/nova/nova/filters.py:102}}
Jul 24 08:47:53.889547 np0000005825 nova-scheduler[93422]: DEBUG nova.filters [None req-286e03a6-e21f-4781-b94a-88e4a114c24d tempest-ImageDependencyTests-106724 tempest-ImageDependencyTests-106724-project-member] Filter ComputeCapabilitiesFilter returned 1 host(s) {{(pid=93422) get_filtered_objects /opt/stack/nova/nova/filters.py:102}}
Jul 24 08:47:53.889547 np0000005825 nova-scheduler[93422]: DEBUG nova.filters [None req-286e03a6-e21f-4781-b94a-88e4a114c24d tempest-ImageDependencyTests-106724 tempest-ImageDependencyTests-106724-project-member] Filter ImagePropertiesFilter returned 1 host(s) {{(pid=93422) get_filtered_objects /opt/stack/nova/nova/filters.py:102}}
Jul 24 08:47:53.889547 np0000005825 nova-scheduler[93422]: DEBUG nova.filters [None req-286e03a6-e21f-4781-b94a-88e4a114c24d tempest-ImageDependencyTests-106724 tempest-ImageDependencyTests-106724-project-member] Filter ServerGroupAntiAffinityFilter returned 1 host(s) {{(pid=93422) get_filtered_objects /opt/stack/nova/nova/filters.py:102}}
Jul 24 08:47:53.889547 np0000005825 nova-scheduler[93422]: DEBUG nova.filters [None req-286e03a6-e21f-4781-b94a-88e4a114c24d tempest-ImageDependencyTests-106724 tempest-ImageDependencyTests-106724-project-member] Filter ServerGroupAffinityFilter returned 1 host(s) {{(pid=93422) get_filtered_objects /opt/stack/nova/nova/filters.py:102}}
Jul 24 08:47:53.889547 np0000005825 nova-scheduler[93422]: DEBUG nova.filters [None req-286e03a6-e21f-4781-b94a-88e4a114c24d tempest-ImageDependencyTests-106724 tempest-ImageDependencyTests-106724-project-member] Filter SameHostFilter returned 1 host(s) {{(pid=93422) get_filtered_objects /opt/stack/nova/nova/filters.py:102}}
Jul 24 08:47:53.889547 np0000005825 nova-scheduler[93422]: DEBUG nova.filters [None req-286e03a6-e21f-4781-b94a-88e4a114c24d tempest-ImageDependencyTests-106724 tempest-ImageDependencyTests-106724-project-member] Filter DifferentHostFilter returned 1 host(s) {{(pid=93422) get_filtered_objects /opt/stack/nova/nova/filters.py:102}}
Jul 24 08:47:53.889547 np0000005825 nova-scheduler[93422]: DEBUG nova.scheduler.manager [None req-286e03a6-e21f-4781-b94a-88e4a114c24d tempest-ImageDependencyTests-106724 tempest-ImageDependencyTests-106724-project-member] Filtered [(np0000005825, np0000005825) ram: 62765MB disk: 74752MB io_ops: 0 instances: 0, allocation_candidates: 1] {{(pid=93422) _get_sorted_hosts /opt/stack/nova/nova/scheduler/manager.py:742}}
Jul 24 08:47:53.889907 np0000005825 nova-scheduler[93422]: DEBUG nova.scheduler.manager [None req-286e03a6-e21f-4781-b94a-88e4a114c24d tempest-ImageDependencyTests-106724 tempest-ImageDependencyTests-106724-project-member] Weighed [WeighedHost [host: (np0000005825, np0000005825) ram: 62765MB disk: 74752MB io_ops: 0 instances: 0, allocation_candidates: 1, weight: 0.0]] {{(pid=93422) _get_sorted_hosts /opt/stack/nova/nova/scheduler/manager.py:764}}
Jul 24 08:47:53.890266 np0000005825 nova-scheduler[93422]: DEBUG nova.scheduler.utils [None req-286e03a6-e21f-4781-b94a-88e4a114c24d tempest-ImageDependencyTests-106724 tempest-ImageDependencyTests-106724-project-member] Attempting to claim resources in the placement API for instance dd47c7d5-2697-4348-8044-5694826021e5 {{(pid=93422) claim_resources /opt/stack/nova/nova/scheduler/utils.py:1345}}
Jul 24 08:47:54.051132 np0000005825 nova-scheduler[93422]: DEBUG nova.scheduler.manager [None req-286e03a6-e21f-4781-b94a-88e4a114c24d tempest-ImageDependencyTests-106724 tempest-ImageDependencyTests-106724-project-member] [instance: dd47c7d5-2697-4348-8044-5694826021e5] Selected host: (np0000005825, np0000005825) ram: 62765MB disk: 74752MB io_ops: 0 instances: 0, allocation_candidates: 1 {{(pid=93422) _consume_selected_host /opt/stack/nova/nova/scheduler/manager.py:624}}
Jul 24 08:47:54.051336 np0000005825 nova-scheduler[93422]: DEBUG oslo_concurrency.lockutils [None req-286e03a6-e21f-4781-b94a-88e4a114c24d tempest-ImageDependencyTests-106724 tempest-ImageDependencyTests-106724-project-member] Acquiring lock "np0000005825-np0000005825" by "nova.scheduler.host_manager.HostState.consume_from_request.._locked" {{(pid=93422) inner /opt/stack/data/venv/lib/python3.12/site-packages/oslo_concurrency/lockutils.py:512}}
Jul 24 08:47:54.051482 np0000005825 nova-scheduler[93422]: DEBUG oslo_concurrency.lockutils [None req-286e03a6-e21f-4781-b94a-88e4a114c24d tempest-ImageDependencyTests-106724 tempest-ImageDependencyTests-106724-project-member] Lock "np0000005825-np0000005825" acquired by "nova.scheduler.host_manager.HostState.consume_from_request.._locked" :: waited 0.000s {{(pid=93422) inner /opt/stack/data/venv/lib/python3.12/site-packages/oslo_concurrency/lockutils.py:525}}
Jul 24 08:47:54.051621 np0000005825 nova-scheduler[93422]: DEBUG oslo_concurrency.lockutils [None req-286e03a6-e21f-4781-b94a-88e4a114c24d tempest-ImageDependencyTests-106724 tempest-ImageDependencyTests-106724-project-member] Lock "np0000005825-np0000005825" "released" by "nova.scheduler.host_manager.HostState.consume_from_request.._locked" :: held 0.000s {{(pid=93422) inner /opt/stack/data/venv/lib/python3.12/site-packages/oslo_concurrency/lockutils.py:544}}
Jul 24 08:47:55.593131 np0000005825 nova-scheduler[93422]: DEBUG dbcounter [-] [93422] Writing DB stats nova_cell0:SELECT=1,nova_cell0:UPDATE=1 {{(pid=93422) stat_writer /opt/stack/data/venv/lib/python3.12/site-packages/dbcounter.py:115}}
Jul 24 08:47:55.605435 np0000005825 nova-scheduler[93424]: DEBUG dbcounter [-] [93424] Writing DB stats nova_cell0:SELECT=1 {{(pid=93424) stat_writer /opt/stack/data/venv/lib/python3.12/site-packages/dbcounter.py:115}}
Jul 24 08:47:55.612877 np0000005825 nova-scheduler[93426]: DEBUG dbcounter [-] [93426] Writing DB stats nova_cell0:SELECT=1 {{(pid=93426) stat_writer /opt/stack/data/venv/lib/python3.12/site-packages/dbcounter.py:115}}
Jul 24 08:47:57.328336 np0000005825 nova-scheduler[93424]: DEBUG nova.scheduler.manager [None req-eb771b0f-5082-40c4-833d-2a17fe3f3468 tempest-DeleteServersTestJSON-1819638747 tempest-DeleteServersTestJSON-1819638747-project-member] Starting to schedule for instances: ['65fc25a5-a277-41f5-9436-fba42ed6f850'] {{(pid=93424) select_destinations /opt/stack/nova/nova/scheduler/manager.py:209}}
Jul 24 08:47:57.329099 np0000005825 nova-scheduler[93424]: DEBUG nova.scheduler.request_filter [None req-eb771b0f-5082-40c4-833d-2a17fe3f3468 tempest-DeleteServersTestJSON-1819638747 tempest-DeleteServersTestJSON-1819638747-project-member] compute_status_filter request filter added forbidden trait COMPUTE_STATUS_DISABLED {{(pid=93424) compute_status_filter /opt/stack/nova/nova/scheduler/request_filter.py:253}}
Jul 24 08:47:57.329258 np0000005825 nova-scheduler[93424]: DEBUG nova.scheduler.request_filter [None req-eb771b0f-5082-40c4-833d-2a17fe3f3468 tempest-DeleteServersTestJSON-1819638747 tempest-DeleteServersTestJSON-1819638747-project-member] Request filter 'compute_status_filter' took 0.0 seconds {{(pid=93424) wrapper /opt/stack/nova/nova/scheduler/request_filter.py:46}}
Jul 24 08:47:57.329460 np0000005825 nova-scheduler[93424]: DEBUG nova.scheduler.request_filter [None req-eb771b0f-5082-40c4-833d-2a17fe3f3468 tempest-DeleteServersTestJSON-1819638747 tempest-DeleteServersTestJSON-1819638747-project-member] Request filter 'accelerators_filter' took 0.0 seconds {{(pid=93424) wrapper /opt/stack/nova/nova/scheduler/request_filter.py:46}}
Jul 24 08:47:57.329634 np0000005825 nova-scheduler[93424]: DEBUG nova.scheduler.request_filter [None req-eb771b0f-5082-40c4-833d-2a17fe3f3468 tempest-DeleteServersTestJSON-1819638747 tempest-DeleteServersTestJSON-1819638747-project-member] Request filter 'packed_virtqueue_filter' took 0.0 seconds {{(pid=93424) wrapper /opt/stack/nova/nova/scheduler/request_filter.py:46}}
Jul 24 08:47:57.330003 np0000005825 nova-scheduler[93424]: DEBUG nova.scheduler.request_filter [None req-eb771b0f-5082-40c4-833d-2a17fe3f3468 tempest-DeleteServersTestJSON-1819638747 tempest-DeleteServersTestJSON-1819638747-project-member] Request filter 'remote_managed_ports_filter' took 0.0 seconds {{(pid=93424) wrapper /opt/stack/nova/nova/scheduler/request_filter.py:46}}
Jul 24 08:47:57.330153 np0000005825 nova-scheduler[93424]: DEBUG nova.scheduler.request_filter [None req-eb771b0f-5082-40c4-833d-2a17fe3f3468 tempest-DeleteServersTestJSON-1819638747 tempest-DeleteServersTestJSON-1819638747-project-member] ephemeral_encryption_filter skipped {{(pid=93424) ephemeral_encryption_filter /opt/stack/nova/nova/scheduler/request_filter.py:426}}
Jul 24 08:47:57.330311 np0000005825 nova-scheduler[93424]: DEBUG nova.scheduler.request_filter [None req-eb771b0f-5082-40c4-833d-2a17fe3f3468 tempest-DeleteServersTestJSON-1819638747 tempest-DeleteServersTestJSON-1819638747-project-member] virtio_sound_filter skipped {{(pid=93424) virtio_sound_filter /opt/stack/nova/nova/scheduler/request_filter.py:460}}
Jul 24 08:47:57.330385 np0000005825 nova-scheduler[93424]: DEBUG nova.scheduler.request_filter [None req-eb771b0f-5082-40c4-833d-2a17fe3f3468 tempest-DeleteServersTestJSON-1819638747 tempest-DeleteServersTestJSON-1819638747-project-member] tpm_secret_security_filter skipped {{(pid=93424) tpm_secret_security_filter /opt/stack/nova/nova/scheduler/request_filter.py:477}}
Jul 24 08:47:57.412569 np0000005825 nova-scheduler[93424]: INFO nova.utils [None req-eb771b0f-5082-40c4-833d-2a17fe3f3468 tempest-DeleteServersTestJSON-1819638747 tempest-DeleteServersTestJSON-1819638747-project-member] The cell worker thread pool ForkProcess-2.cell_worker is initialized
Jul 24 08:47:57.413011 np0000005825 nova-scheduler[93424]: DEBUG oslo_concurrency.lockutils [None req-eb771b0f-5082-40c4-833d-2a17fe3f3468 tempest-DeleteServersTestJSON-1819638747 tempest-DeleteServersTestJSON-1819638747-project-member] Acquiring lock "a5dbfba7-f14f-4f1f-8d26-378656d983f5" by "nova.context.set_target_cell..get_or_set_cached_cell_and_set_connections" {{(pid=93424) inner /opt/stack/data/venv/lib/python3.12/site-packages/oslo_concurrency/lockutils.py:512}}
Jul 24 08:47:57.413278 np0000005825 nova-scheduler[93424]: DEBUG oslo_concurrency.lockutils [None req-eb771b0f-5082-40c4-833d-2a17fe3f3468 tempest-DeleteServersTestJSON-1819638747 tempest-DeleteServersTestJSON-1819638747-project-member] Lock "a5dbfba7-f14f-4f1f-8d26-378656d983f5" acquired by "nova.context.set_target_cell..get_or_set_cached_cell_and_set_connections" :: waited 0.000s {{(pid=93424) inner /opt/stack/data/venv/lib/python3.12/site-packages/oslo_concurrency/lockutils.py:525}}
