Aug 19 12:44:29.158509 np0000007775 devstack@neutron-api.service[90809]: DEBUG neutron.plugins.ml2.drivers.ovn.mech_driver.ovsdb.ovsdb_monitor [-] Hash Ring: Node 64b195c65e635e2dbd1a18d109673766 (host: np0000007775) handling event "update" for row 94b7a497-02ac-45da-be51-317966b25a1b (table: Connection) {{(pid=90809) notify /opt/stack/neutron/neutron/plugins/ml2/drivers/ovn/mech_driver/ovsdb/ovsdb_monitor.py:1099}}
Aug 19 12:44:31.655688 np0000007775 devstack@neutron-api.service[90809]: DEBUG neutron.plugins.ml2.drivers.ovn.mech_driver.ovsdb.ovsdb_monitor [-] Hash Ring: Node 64b195c65e635e2dbd1a18d109673766 (host: np0000007775) handling event "update" for row 94b7a497-02ac-45da-be51-317966b25a1b (table: Connection) {{(pid=90809) notify /opt/stack/neutron/neutron/plugins/ml2/drivers/ovn/mech_driver/ovsdb/ovsdb_monitor.py:1099}}
Aug 19 12:44:31.656075 np0000007775 devstack@neutron-api.service[90808]: DEBUG neutron.plugins.ml2.drivers.ovn.mech_driver.ovsdb.ovsdb_monitor [-] Hash Ring: Node c5e64248c24e5ff296455c6a6b06e952 (host: np0000007775) handling event "update" for row 94b7a497-02ac-45da-be51-317966b25a1b (table: Connection) {{(pid=90808) notify /opt/stack/neutron/neutron/plugins/ml2/drivers/ovn/mech_driver/ovsdb/ovsdb_monitor.py:1099}}
Aug 19 12:44:32.400440 np0000007775 devstack@neutron-api.service[90809]: DEBUG neutron.api.wsgi [None req-f0dee35e-1ae2-43f7-ac81-21b9fadf2cb7 admin admin] Missing Content-Type {{(pid=90809) get_content_type /opt/stack/neutron/neutron/api/wsgi.py:80}}
Aug 19 12:44:32.400876 np0000007775 devstack@neutron-api.service[90809]: DEBUG neutron.api.wsgi [None req-f0dee35e-1ae2-43f7-ac81-21b9fadf2cb7 admin admin] https://10.4.3.137/networking/v2.0/extensions returned with HTTP 200 {{(pid=90809) __call__ /opt/stack/neutron/neutron/api/wsgi.py:540}}
Aug 19 12:44:32.401227 np0000007775 devstack@neutron-api.service[90809]: [pid: 90809|app: 0|req: 2/2] 10.4.3.137 () {64 vars in 1292 bytes} [Wed Aug 19 12:44:31 2026] GET /networking/v2.0/extensions => generated 16171 bytes in 540 msecs (HTTP/1.1 200) 4 headers in 159 bytes (1 switches on core 0)
Aug 19 12:44:32.762941 np0000007775 devstack@neutron-api.service[90808]: DEBUG neutron.api.v2.base [None req-c15adf6f-d1e0-4365-b129-1408c1427c80 admin admin] Request body: {'subnetpool': {'prefixes': ['10.1.0.0/20'], 'name': 'shared-default-subnetpool-v4', 'shared': True, 'default_prefixlen': 26, 'is_default': True}} {{(pid=90808) prepare_request_body /opt/stack/neutron/neutron/api/v2/base.py:727}}
Aug 19 12:44:32.946865 np0000007775 devstack@neutron-api.service[90808]: DEBUG neutron.policy [None req-c15adf6f-d1e0-4365-b129-1408c1427c80 admin admin] Loaded default policies from ['neutron'] under neutron.policies entry points {{(pid=90808) register_rules /opt/stack/neutron/neutron/policy.py:65}}
Aug 19 12:44:33.072324 np0000007775 devstack@neutron-api.service[90808]: DEBUG neutron_lib.callbacks.manager [None req-c15adf6f-d1e0-4365-b129-1408c1427c80 admin admin] Publish callbacks ['neutron.objects.securitygroup.RbacNeutronDbObjectMixin.validate_rbac_policy_change-2685974469214', 'neutron.objects.address_group.RbacNeutronDbObjectMixin.validate_rbac_policy_change-2685974446757', 'neutron.objects.network.RbacNeutronDbObjectMixin.validate_rbac_policy_change-2685974589717', 'neutron.objects.qos.policy.RbacNeutronDbObjectMixin.validate_rbac_policy_change-2685974508786', 'neutron.objects.subnetpool.RbacNeutronDbObjectMixin.validate_rbac_policy_change-2685974529604', 'neutron.objects.address_scope.RbacNeutronDbObjectMixin.validate_rbac_policy_change-2685974542894', 'neutron.plugins.ml2.plugin.External_net_db_mixin._process_ext_policy_create-304102', 'neutron.plugins.ml2.plugin.NeutronDbPluginV2.validate_network_rbac_policy_change-327698'] for rbac-policy (None), before_create {{(pid=90808) _notify_loop /opt/stack/data/venv/lib/python3.12/site-packages/neutron_lib/callbacks/manager.py:184}}
Aug 19 12:44:33.114145 np0000007775 devstack@neutron-api.service[90808]: DEBUG neutron_lib.callbacks.manager [None req-c15adf6f-d1e0-4365-b129-1408c1427c80 admin admin] Publish callbacks [] for subnetpool (None), before_response {{(pid=90808) _notify_loop /opt/stack/data/venv/lib/python3.12/site-packages/neutron_lib/callbacks/manager.py:184}}
Aug 19 12:44:33.114717 np0000007775 devstack@neutron-api.service[90808]: [pid: 90808|app: 0|req: 1/3] 10.4.3.137 () {68 vars in 1336 bytes} [Wed Aug 19 12:44:32 2026] POST /networking/v2.0/subnetpools => generated 533 bytes in 442 msecs (HTTP/1.1 201) 4 headers in 162 bytes (1 switches on core 0)
Aug 19 12:44:33.447106 np0000007775 devstack@neutron-api.service[90806]: DEBUG neutron.api.v2.base [None req-c5e87084-4eeb-4305-bb5e-90ee33c32068 admin admin] Request body: {'subnetpool': {'prefixes': ['fd8f:3253:9bb4::/56'], 'name': 'shared-default-subnetpool-v6', 'shared': True, 'default_prefixlen': 64, 'is_default': True}} {{(pid=90806) prepare_request_body /opt/stack/neutron/neutron/api/v2/base.py:727}}
Aug 19 12:44:33.614116 np0000007775 devstack@neutron-api.service[90806]: DEBUG neutron.policy [None req-c5e87084-4eeb-4305-bb5e-90ee33c32068 admin admin] Loaded default policies from ['neutron'] under neutron.policies entry points {{(pid=90806) register_rules /opt/stack/neutron/neutron/policy.py:65}}
Aug 19 12:44:33.741180 np0000007775 devstack@neutron-api.service[90806]: DEBUG neutron_lib.callbacks.manager [None req-c5e87084-4eeb-4305-bb5e-90ee33c32068 admin admin] Publish callbacks ['neutron.objects.securitygroup.RbacNeutronDbObjectMixin.validate_rbac_policy_change-2685974467516', 'neutron.objects.address_group.RbacNeutronDbObjectMixin.validate_rbac_policy_change-2685974460624', 'neutron.objects.network.RbacNeutronDbObjectMixin.validate_rbac_policy_change-2685974589062', 'neutron.objects.qos.policy.RbacNeutronDbObjectMixin.validate_rbac_policy_change-2685974501454', 'neutron.objects.subnetpool.RbacNeutronDbObjectMixin.validate_rbac_policy_change-2685974494199', 'neutron.objects.address_scope.RbacNeutronDbObjectMixin.validate_rbac_policy_change-2685974492247', 'neutron.plugins.ml2.plugin.External_net_db_mixin._process_ext_policy_create-237027', 'neutron.plugins.ml2.plugin.NeutronDbPluginV2.validate_network_rbac_policy_change-153035'] for rbac-policy (None), before_create {{(pid=90806) _notify_loop /opt/stack/data/venv/lib/python3.12/site-packages/neutron_lib/callbacks/manager.py:184}}
Aug 19 12:44:33.778423 np0000007775 devstack@neutron-api.service[90806]: DEBUG neutron_lib.callbacks.manager [None req-c5e87084-4eeb-4305-bb5e-90ee33c32068 admin admin] Publish callbacks [] for subnetpool (None), before_response {{(pid=90806) _notify_loop /opt/stack/data/venv/lib/python3.12/site-packages/neutron_lib/callbacks/manager.py:184}}
Aug 19 12:44:33.778963 np0000007775 devstack@neutron-api.service[90806]: [pid: 90806|app: 0|req: 1/4] 10.4.3.137 () {68 vars in 1336 bytes} [Wed Aug 19 12:44:33 2026] POST /networking/v2.0/subnetpools => generated 543 bytes in 427 msecs (HTTP/1.1 201) 4 headers in 162 bytes (1 switches on core 0)
Aug 19 12:44:34.076862 np0000007775 devstack@neutron-api.service[90807]: DEBUG neutron.api.v2.base [None req-bf7e9a9c-ec4c-4626-b523-28147d387f92 admin admin] Request body: {'network': {'admin_state_up': True, 'name': 'private'}} {{(pid=90807) prepare_request_body /opt/stack/neutron/neutron/api/v2/base.py:727}}
Aug 19 12:44:34.107356 np0000007775 devstack@neutron-api.service[90807]: DEBUG neutron.pecan_wsgi.hooks.quota_enforcement [None req-bf7e9a9c-ec4c-4626-b523-28147d387f92 admin admin] Made reservation on behalf of b69388df4b8e48cbbddbd814e7998425 for: {'network': 1} {{(pid=90807) before /opt/stack/neutron/neutron/pecan_wsgi/hooks/quota_enforcement.py:66}}
Aug 19 12:44:34.263638 np0000007775 devstack@neutron-api.service[90807]: DEBUG neutron.policy [None req-bf7e9a9c-ec4c-4626-b523-28147d387f92 admin admin] Loaded default policies from ['neutron'] under neutron.policies entry points {{(pid=90807) register_rules /opt/stack/neutron/neutron/policy.py:65}}
Aug 19 12:44:34.353890 np0000007775 devstack@neutron-api.service[90807]: DEBUG neutron_lib.callbacks.manager [None req-bf7e9a9c-ec4c-4626-b523-28147d387f92 admin admin] Publish callbacks ['neutron.plugins.ml2.plugin.SecurityGroupDbMixin._ensure_default_security_group_handler-1794734'] for network (None), before_create {{(pid=90807) _notify_loop /opt/stack/data/venv/lib/python3.12/site-packages/neutron_lib/callbacks/manager.py:184}}
Aug 19 12:44:34.374029 np0000007775 devstack@neutron-api.service[90807]: DEBUG neutron_lib.callbacks.manager [None req-bf7e9a9c-ec4c-4626-b523-28147d387f92 admin admin] Publish callbacks [] for security_group (None), before_create {{(pid=90807) _notify_loop /opt/stack/data/venv/lib/python3.12/site-packages/neutron_lib/callbacks/manager.py:184}}
Aug 19 12:44:34.465544 np0000007775 devstack@neutron-api.service[90807]: DEBUG neutron_lib.callbacks.manager [None req-bf7e9a9c-ec4c-4626-b523-28147d387f92 admin admin] Publish callbacks ['neutron.plugins.ml2.drivers.ovn.mech_driver.mech_driver.OVNMechanismDriver._create_security_group_precommit-6963003'] for security_group (8cac8828-85ca-47ad-8c5e-ba218b9f2116), precommit_create {{(pid=90807) _notify_loop /opt/stack/data/venv/lib/python3.12/site-packages/neutron_lib/callbacks/manager.py:184}}
Aug 19 12:44:34.465678 np0000007775 devstack@neutron-api.service[90807]: DEBUG neutron.db.ovn_revision_numbers_db [None req-bf7e9a9c-ec4c-4626-b523-28147d387f92 admin admin] create_initial_revision uuid=8cac8828-85ca-47ad-8c5e-ba218b9f2116, type=security_groups, rev=-1 {{(pid=90807) create_initial_revision /opt/stack/neutron/neutron/db/ovn_revision_numbers_db.py:98}}
Aug 19 12:44:34.467877 np0000007775 devstack@neutron-api.service[90807]: DEBUG neutron.db.ovn_revision_numbers_db [None req-bf7e9a9c-ec4c-4626-b523-28147d387f92 admin admin] create_initial_revision uuid=51549c7e-add8-4d52-8b2e-aced8da2b5ed, type=security_group_rules, rev=-1 {{(pid=90807) create_initial_revision /opt/stack/neutron/neutron/db/ovn_revision_numbers_db.py:98}}
Aug 19 12:44:34.468905 np0000007775 devstack@neutron-api.service[90807]: DEBUG neutron.db.ovn_revision_numbers_db [None req-bf7e9a9c-ec4c-4626-b523-28147d387f92 admin admin] create_initial_revision uuid=967324af-d145-4e73-9630-a48e5a32d71c, type=security_group_rules, rev=-1 {{(pid=90807) create_initial_revision /opt/stack/neutron/neutron/db/ovn_revision_numbers_db.py:98}}
Aug 19 12:44:34.469824 np0000007775 devstack@neutron-api.service[90807]: DEBUG neutron.db.ovn_revision_numbers_db [None req-bf7e9a9c-ec4c-4626-b523-28147d387f92 admin admin] create_initial_revision uuid=e909fb52-31d4-44a6-b990-3e197e25ffa4, type=security_group_rules, rev=-1 {{(pid=90807) create_initial_revision /opt/stack/neutron/neutron/db/ovn_revision_numbers_db.py:98}}
Aug 19 12:44:34.470676 np0000007775 devstack@neutron-api.service[90807]: DEBUG neutron.db.ovn_revision_numbers_db [None req-bf7e9a9c-ec4c-4626-b523-28147d387f92 admin admin] create_initial_revision uuid=fa98c8d7-7d53-480d-8ef0-71bfc3e1836f, type=security_group_rules, rev=-1 {{(pid=90807) create_initial_revision /opt/stack/neutron/neutron/db/ovn_revision_numbers_db.py:98}}
Aug 19 12:44:34.475263 np0000007775 devstack@neutron-api.service[90807]: DEBUG neutron_lib.callbacks.manager [None req-bf7e9a9c-ec4c-4626-b523-28147d387f92 admin admin] Publish callbacks ['neutron.plugins.ml2.drivers.ovn.mech_driver.mech_driver.OVNMechanismDriver._create_security_group-6962977', 'neutron.plugins.ml2.ovo_rpc._ObjectChangeHandler.handle_event-3212383'] for security_group (8cac8828-85ca-47ad-8c5e-ba218b9f2116), after_create {{(pid=90807) _notify_loop /opt/stack/data/venv/lib/python3.12/site-packages/neutron_lib/callbacks/manager.py:184}}
Aug 19 12:44:34.475446 np0000007775 devstack@neutron-api.service[90807]: INFO neutron.plugins.ml2.drivers.ovn.mech_driver.ovsdb.extensions.qos [None req-bf7e9a9c-ec4c-4626-b523-28147d387f92 admin admin] Starting OVNClientQosExtension
Aug 19 12:44:34.475564 np0000007775 devstack@neutron-api.service[90807]: INFO neutron.plugins.ml2.drivers.ovn.mech_driver.ovsdb.extensions.placement [None req-bf7e9a9c-ec4c-4626-b523-28147d387f92 admin admin] Starting OVNClientPlacementExtension
Aug 19 12:44:34.476308 np0000007775 devstack@neutron-api.service[90807]: DEBUG ovsdbapp.backend.ovs_idl.transaction [-] Running txn n=1 command(idx=0): PgAddCommand(_result=None, name=pg_8cac8828_85ca_47ad_8c5e_ba218b9f2116, may_exist=False, columns={'acls': [], 'external_ids': {'neutron:security_group_id': '8cac8828-85ca-47ad-8c5e-ba218b9f2116'}}) {{(pid=90807) do_commit /opt/stack/data/venv/lib/python3.12/site-packages/ovsdbapp/backend/ovs_idl/transaction.py:89}}
Aug 19 12:44:34.477263 np0000007775 devstack@neutron-api.service[90807]: DEBUG ovsdbapp.backend.ovs_idl.transaction [-] Running txn n=1 command(idx=1): PgAclAddCommand(_result=None, entity=pg_8cac8828_85ca_47ad_8c5e_ba218b9f2116, direction=from-lport, priority=1002, match=inport == @pg_8cac8828_85ca_47ad_8c5e_ba218b9f2116 && ip4, action=allow-related, log=False, may_exist=True, severity=[], name=[], meter=[], external_ids={'neutron:security_group_rule_id': '51549c7e-add8-4d52-8b2e-aced8da2b5ed'}) {{(pid=90807) do_commit /opt/stack/data/venv/lib/python3.12/site-packages/ovsdbapp/backend/ovs_idl/transaction.py:89}}
Aug 19 12:44:34.477570 np0000007775 devstack@neutron-api.service[90807]: DEBUG ovsdbapp.backend.ovs_idl.transaction [-] Running txn n=1 command(idx=2): PgAclAddCommand(_result=None, entity=pg_8cac8828_85ca_47ad_8c5e_ba218b9f2116, direction=to-lport, priority=1002, match=outport == @pg_8cac8828_85ca_47ad_8c5e_ba218b9f2116 && ip4 && ip4.src == $pg_8cac8828_85ca_47ad_8c5e_ba218b9f2116_ip4, action=allow-related, log=False, may_exist=True, severity=[], name=[], meter=[], external_ids={'neutron:security_group_rule_id': '967324af-d145-4e73-9630-a48e5a32d71c'}) {{(pid=90807) do_commit /opt/stack/data/venv/lib/python3.12/site-packages/ovsdbapp/backend/ovs_idl/transaction.py:89}}
Aug 19 12:44:34.477823 np0000007775 devstack@neutron-api.service[90807]: DEBUG ovsdbapp.backend.ovs_idl.transaction [-] Running txn n=1 command(idx=3): PgAclAddCommand(_result=None, entity=pg_8cac8828_85ca_47ad_8c5e_ba218b9f2116, direction=from-lport, priority=1002, match=inport == @pg_8cac8828_85ca_47ad_8c5e_ba218b9f2116 && ip6, action=allow-related, log=False, may_exist=True, severity=[], name=[], meter=[], external_ids={'neutron:security_group_rule_id': 'e909fb52-31d4-44a6-b990-3e197e25ffa4'}) {{(pid=90807) do_commit /opt/stack/data/venv/lib/python3.12/site-packages/ovsdbapp/backend/ovs_idl/transaction.py:89}}
Aug 19 12:44:34.478017 np0000007775 devstack@neutron-api.service[90807]: DEBUG ovsdbapp.backend.ovs_idl.transaction [-] Running txn n=1 command(idx=4): PgAclAddCommand(_result=None, entity=pg_8cac8828_85ca_47ad_8c5e_ba218b9f2116, direction=to-lport, priority=1002, match=outport == @pg_8cac8828_85ca_47ad_8c5e_ba218b9f2116 && ip6 && ip6.src == $pg_8cac8828_85ca_47ad_8c5e_ba218b9f2116_ip6, action=allow-related, log=False, may_exist=True, severity=[], name=[], meter=[], external_ids={'neutron:security_group_rule_id': 'fa98c8d7-7d53-480d-8ef0-71bfc3e1836f'}) {{(pid=90807) do_commit /opt/stack/data/venv/lib/python3.12/site-packages/ovsdbapp/backend/ovs_idl/transaction.py:89}}
Aug 19 12:44:34.482748 np0000007775 devstack@neutron-api.service[90807]: DEBUG neutron.plugins.ml2.drivers.ovn.mech_driver.ovsdb.ovsdb_monitor [-] Hash Ring: Node 9409958a7be4536e883d2040855d1f6f (host: np0000007775) handling event "create" for row a02396d3-475d-473b-b4af-e838370408ac (table: ACL) {{(pid=90807) notify /opt/stack/neutron/neutron/plugins/ml2/drivers/ovn/mech_driver/ovsdb/ovsdb_monitor.py:1099}}
Aug 19 12:44:34.483009 np0000007775 devstack@neutron-api.service[90808]: DEBUG neutron.plugins.ml2.drivers.ovn.mech_driver.ovsdb.ovsdb_monitor [-] Hash Ring: Node c5e64248c24e5ff296455c6a6b06e952 (host: np0000007775) handling event "create" for row 0d09a754-91c8-4223-a2f1-6c1292cd5759 (table: ACL) {{(pid=90808) notify /opt/stack/neutron/neutron/plugins/ml2/drivers/ovn/mech_driver/ovsdb/ovsdb_monitor.py:1099}}
Aug 19 12:44:34.483362 np0000007775 devstack@neutron-api.service[90807]: DEBUG neutron.plugins.ml2.drivers.ovn.mech_driver.ovsdb.ovsdb_monitor [-] Hash Ring: Node 9409958a7be4536e883d2040855d1f6f (host: np0000007775) handling event "create" for row c1d3ce73-6959-45fe-bc8b-a3c44a163c13 (table: ACL) {{(pid=90807) notify /opt/stack/neutron/neutron/plugins/ml2/drivers/ovn/mech_driver/ovsdb/ovsdb_monitor.py:1099}}
Aug 19 12:44:34.483493 np0000007775 devstack@neutron-api.service[90809]: DEBUG neutron.plugins.ml2.drivers.ovn.mech_driver.ovsdb.ovsdb_monitor [-] Hash Ring: Node 64b195c65e635e2dbd1a18d109673766 (host: np0000007775) handling event "create" for row 0d09a754-91c8-4223-a2f1-6c1292cd5759 (table: ACL) {{(pid=90809) notify /opt/stack/neutron/neutron/plugins/ml2/drivers/ovn/mech_driver/ovsdb/ovsdb_monitor.py:1099}}
Aug 19 12:44:34.483789 np0000007775 devstack@neutron-api.service[90807]: DEBUG neutron.plugins.ml2.drivers.ovn.mech_driver.ovsdb.ovsdb_monitor [-] Hash Ring: Node 9409958a7be4536e883d2040855d1f6f (host: np0000007775) handling event "create" for row 62f0ce0a-a40c-43ff-83df-8129bc760692 (table: Port_Group) {{(pid=90807) notify /opt/stack/neutron/neutron/plugins/ml2/drivers/ovn/mech_driver/ovsdb/ovsdb_monitor.py:1099}}
Aug 19 12:44:34.483859 np0000007775 devstack@neutron-api.service[90809]: DEBUG neutron.plugins.ml2.drivers.ovn.mech_driver.ovsdb.ovsdb_monitor [-] Hash Ring: Node 64b195c65e635e2dbd1a18d109673766 (host: np0000007775) handling event "create" for row a02396d3-475d-473b-b4af-e838370408ac (table: ACL) {{(pid=90809) notify /opt/stack/neutron/neutron/plugins/ml2/drivers/ovn/mech_driver/ovsdb/ovsdb_monitor.py:1099}}
Aug 19 12:44:34.483859 np0000007775 devstack@neutron-api.service[90809]: DEBUG neutron.plugins.ml2.drivers.ovn.mech_driver.ovsdb.ovsdb_monitor [-] Hash Ring: Node 64b195c65e635e2dbd1a18d109673766 (host: np0000007775) handling event "create" for row c1d3ce73-6959-45fe-bc8b-a3c44a163c13 (table: ACL) {{(pid=90809) notify /opt/stack/neutron/neutron/plugins/ml2/drivers/ovn/mech_driver/ovsdb/ovsdb_monitor.py:1099}}
Aug 19 12:44:34.483859 np0000007775 devstack@neutron-api.service[90809]: DEBUG neutron.plugins.ml2.drivers.ovn.mech_driver.ovsdb.ovsdb_monitor [-] Hash Ring: Node 64b195c65e635e2dbd1a18d109673766 (host: np0000007775) handling event "create" for row df931b13-6b25-49cc-b7de-70a5ef2f3300 (table: ACL) {{(pid=90809) notify /opt/stack/neutron/neutron/plugins/ml2/drivers/ovn/mech_driver/ovsdb/ovsdb_monitor.py:1099}}
Aug 19 12:44:34.483982 np0000007775 devstack@neutron-api.service[90809]: DEBUG neutron.plugins.ml2.drivers.ovn.mech_driver.ovsdb.ovsdb_monitor [-] Hash Ring: Node 64b195c65e635e2dbd1a18d109673766 (host: np0000007775) handling event "create" for row 62f0ce0a-a40c-43ff-83df-8129bc760692 (table: Port_Group) {{(pid=90809) notify /opt/stack/neutron/neutron/plugins/ml2/drivers/ovn/mech_driver/ovsdb/ovsdb_monitor.py:1099}}
Aug 19 12:44:34.506007 np0000007775 devstack@neutron-api.service[90807]: INFO neutron.db.ovn_revision_numbers_db [None req-bf7e9a9c-ec4c-4626-b523-28147d387f92 admin admin] Successfully bumped revision number for resource 8cac8828-85ca-47ad-8c5e-ba218b9f2116 (type: security_groups) to 1
Aug 19 12:44:34.517506 np0000007775 devstack@neutron-api.service[90807]: INFO neutron.db.ovn_revision_numbers_db [None req-bf7e9a9c-ec4c-4626-b523-28147d387f92 admin admin] Successfully bumped revision number for resource 51549c7e-add8-4d52-8b2e-aced8da2b5ed (type: security_group_rules) to 0
Aug 19 12:44:34.526379 np0000007775 devstack@neutron-api.service[90807]: INFO neutron.db.ovn_revision_numbers_db [None req-bf7e9a9c-ec4c-4626-b523-28147d387f92 admin admin] Successfully bumped revision number for resource 967324af-d145-4e73-9630-a48e5a32d71c (type: security_group_rules) to 0
Aug 19 12:44:34.534957 np0000007775 devstack@neutron-api.service[90807]: INFO neutron.db.ovn_revision_numbers_db [None req-bf7e9a9c-ec4c-4626-b523-28147d387f92 admin admin] Successfully bumped revision number for resource e909fb52-31d4-44a6-b990-3e197e25ffa4 (type: security_group_rules) to 0
Aug 19 12:44:34.544511 np0000007775 devstack@neutron-api.service[90807]: INFO neutron.db.ovn_revision_numbers_db [None req-bf7e9a9c-ec4c-4626-b523-28147d387f92 admin admin] Successfully bumped revision number for resource fa98c8d7-7d53-480d-8ef0-71bfc3e1836f (type: security_group_rules) to 0
Aug 19 12:44:34.563848 np0000007775 devstack@neutron-api.service[90807]: DEBUG neutron.api.rpc.handlers.resources_rpc [None req-bf7e9a9c-ec4c-4626-b523-28147d387f92 admin admin] Pushing event updated for resources: {'SecurityGroup': ['ID=8cac8828-85ca-47ad-8c5e-ba218b9f2116,revision_number=1']} {{(pid=90807) push /opt/stack/neutron/neutron/api/rpc/handlers/resources_rpc.py:237}}
Aug 19 12:44:34.569690 np0000007775 devstack@neutron-api.service[90807]: DEBUG ovsdbapp.backend.ovs_idl.transaction [-] Running txn n=1 command(idx=0): CheckLivenessCommand(_result=None) {{(pid=90807) do_commit /opt/stack/data/venv/lib/python3.12/site-packages/ovsdbapp/backend/ovs_idl/transaction.py:89}}
Aug 19 12:44:34.572389 np0000007775 devstack@neutron-api.service[90809]: DEBUG neutron.plugins.ml2.drivers.ovn.mech_driver.ovsdb.ovsdb_monitor [-] Hash Ring: Node 64b195c65e635e2dbd1a18d109673766 (host: np0000007775) handling event "update" for row 2a330af1-fcdc-49a3-903e-122566e4c6f5 (table: NB_Global) {{(pid=90809) notify /opt/stack/neutron/neutron/plugins/ml2/drivers/ovn/mech_driver/ovsdb/ovsdb_monitor.py:1099}}
Aug 19 12:44:34.573785 np0000007775 devstack@neutron-api.service[90806]: DEBUG neutron.plugins.ml2.drivers.ovn.mech_driver.ovsdb.ovsdb_monitor [-] Hash Ring: Node ab205d869b235f3395971f2bcd057ff6 (host: np0000007775) handling event "update" for row 2a330af1-fcdc-49a3-903e-122566e4c6f5 (table: NB_Global) {{(pid=90806) notify /opt/stack/neutron/neutron/plugins/ml2/drivers/ovn/mech_driver/ovsdb/ovsdb_monitor.py:1099}}
Aug 19 12:44:34.574989 np0000007775 devstack@neutron-api.service[90809]: DEBUG neutron.plugins.ml2.drivers.ovn.mech_driver.ovsdb.ovsdb_monitor [-] Hash Ring: Node 64b195c65e635e2dbd1a18d109673766 (host: np0000007775) handling event "update" for row 2a330af1-fcdc-49a3-903e-122566e4c6f5 (table: NB_Global) {{(pid=90809) notify /opt/stack/neutron/neutron/plugins/ml2/drivers/ovn/mech_driver/ovsdb/ovsdb_monitor.py:1099}}
Aug 19 12:44:34.575115 np0000007775 devstack@neutron-api.service[90807]: DEBUG neutron.api.rpc.callbacks.version_manager [None req-bf7e9a9c-ec4c-4626-b523-28147d387f92 admin admin] Tracked resource versions report:
Aug 19 12:44:34.575115 np0000007775 devstack@neutron-api.service[90807]: pushed versions:
Aug 19 12:44:34.575115 np0000007775 devstack@neutron-api.service[90807]: { 'AddressGroup': {'1.2'},
Aug 19 12:44:34.575115 np0000007775 devstack@neutron-api.service[90807]: 'Agent': {'1.1'},
Aug 19 12:44:34.575115 np0000007775 devstack@neutron-api.service[90807]: 'ConntrackHelper': {'1.0'},
Aug 19 12:44:34.575115 np0000007775 devstack@neutron-api.service[90807]: 'LocalIPAssociation': {'1.0'},
Aug 19 12:44:34.575115 np0000007775 devstack@neutron-api.service[90807]: 'Log': {'1.0'},
Aug 19 12:44:34.575115 np0000007775 devstack@neutron-api.service[90807]: 'NDPProxy': {'1.0'},
Aug 19 12:44:34.575115 np0000007775 devstack@neutron-api.service[90807]: 'Network': {'1.3'},
Aug 19 12:44:34.575115 np0000007775 devstack@neutron-api.service[90807]: 'Port': {'1.11'},
Aug 19 12:44:34.575115 np0000007775 devstack@neutron-api.service[90807]: 'PortForwarding': {'1.3'},
Aug 19 12:44:34.575115 np0000007775 devstack@neutron-api.service[90807]: 'QosPolicy': {'1.10'},
Aug 19 12:44:34.575115 np0000007775 devstack@neutron-api.service[90807]: 'SecurityGroup': {'1.6'},
Aug 19 12:44:34.575115 np0000007775 devstack@neutron-api.service[90807]: 'SecurityGroupRule': {'1.3'},
Aug 19 12:44:34.575115 np0000007775 devstack@neutron-api.service[90807]: 'SubPort': {'1.0'},
Aug 19 12:44:34.575115 np0000007775 devstack@neutron-api.service[90807]: 'Subnet': {'1.2'},
Aug 19 12:44:34.575115 np0000007775 devstack@neutron-api.service[90807]: 'Trunk': {'1.1'}}
Aug 19 12:44:34.575115 np0000007775 devstack@neutron-api.service[90807]: consumer versions:
Aug 19 12:44:34.575115 np0000007775 devstack@neutron-api.service[90807]: {}
Aug 19 12:44:34.575115 np0000007775 devstack@neutron-api.service[90807]: {{(pid=90807) report /opt/stack/neutron/neutron/api/rpc/callbacks/version_manager.py:183}}
Aug 19 12:44:34.575815 np0000007775 devstack@neutron-api.service[90809]: DEBUG ovsdbapp.backend.ovs_idl.event [-] Matched UPDATE: ChassisAgentWriteEvent(events=('create', 'update'), table='Chassis_Private', conditions=None, old_conditions=None), priority=20 to row=Chassis_Private(uuid=53e08acb-b9e0-4ecd-93db-8e26820bb139, chassis=a74fa188-c577-4bc1-9b62-2fc02e5dcf3b, external_ids={'neutron:ovn-bridge': 'br-int', 'neutron:ovn-neutron-agent-id': '9c4a0b01-d5c7-5082-b1c2-41f8ba9055ce', 'neutron:ovn-neutron-agent-sb-cfg': '0'}, name='b8b3fd67-b4a3-4372-93ef-4cd47724f332', nb_cfg=1, nb_cfg_timestamp=1787143474571) old=Chassis_Private(uuid=53e08acb-b9e0-4ecd-93db-8e26820bb139, nb_cfg=0, nb_cfg_timestamp=0) {{(pid=90809) matches /opt/stack/data/venv/lib/python3.12/site-packages/ovsdbapp/backend/ovs_idl/event.py:55}}
Aug 19 12:44:34.575952 np0000007775 devstack@neutron-api.service[90806]: DEBUG neutron.plugins.ml2.drivers.ovn.mech_driver.ovsdb.ovsdb_monitor [-] Hash Ring: Node ab205d869b235f3395971f2bcd057ff6 (host: np0000007775) handling event "update" for row 2a330af1-fcdc-49a3-903e-122566e4c6f5 (table: NB_Global) {{(pid=90806) notify /opt/stack/neutron/neutron/plugins/ml2/drivers/ovn/mech_driver/ovsdb/ovsdb_monitor.py:1099}}
Aug 19 12:44:34.576050 np0000007775 devstack@neutron-api.service[90808]: DEBUG ovsdbapp.backend.ovs_idl.event [-] Matched UPDATE: ChassisAgentWriteEvent(events=('create', 'update'), table='Chassis_Private', conditions=None, old_conditions=None), priority=20 to row=Chassis_Private(uuid=53e08acb-b9e0-4ecd-93db-8e26820bb139, chassis=a74fa188-c577-4bc1-9b62-2fc02e5dcf3b, external_ids={'neutron:ovn-bridge': 'br-int', 'neutron:ovn-neutron-agent-id': '9c4a0b01-d5c7-5082-b1c2-41f8ba9055ce', 'neutron:ovn-neutron-agent-sb-cfg': '0'}, name='b8b3fd67-b4a3-4372-93ef-4cd47724f332', nb_cfg=1, nb_cfg_timestamp=1787143474571) old=Chassis_Private(uuid=53e08acb-b9e0-4ecd-93db-8e26820bb139, nb_cfg=0, nb_cfg_timestamp=0) {{(pid=90808) matches /opt/stack/data/venv/lib/python3.12/site-packages/ovsdbapp/backend/ovs_idl/event.py:55}}
Aug 19 12:44:34.576464 np0000007775 devstack@neutron-api.service[90806]: DEBUG neutron.plugins.ml2.drivers.ovn.mech_driver.ovsdb.ovsdb_monitor [-] Hash Ring: Node ab205d869b235f3395971f2bcd057ff6 (host: np0000007775) handling event "update" for row 2a330af1-fcdc-49a3-903e-122566e4c6f5 (table: NB_Global) {{(pid=90806) notify /opt/stack/neutron/neutron/plugins/ml2/drivers/ovn/mech_driver/ovsdb/ovsdb_monitor.py:1099}}
Aug 19 12:44:34.577164 np0000007775 devstack@neutron-api.service[90809]: DEBUG neutron.plugins.ml2.drivers.ovn.mech_driver.ovsdb.ovsdb_monitor [-] Hash Ring: Node 64b195c65e635e2dbd1a18d109673766 (host: np0000007775) handling event "update" for row 2a330af1-fcdc-49a3-903e-122566e4c6f5 (table: NB_Global) {{(pid=90809) notify /opt/stack/neutron/neutron/plugins/ml2/drivers/ovn/mech_driver/ovsdb/ovsdb_monitor.py:1099}}
Aug 19 12:44:34.577763 np0000007775 devstack@neutron-api.service[90806]: DEBUG ovsdbapp.backend.ovs_idl.event [-] Matched UPDATE: ChassisAgentWriteEvent(events=('create', 'update'), table='Chassis_Private', conditions=None, old_conditions=None), priority=20 to row=Chassis_Private(uuid=53e08acb-b9e0-4ecd-93db-8e26820bb139, chassis=a74fa188-c577-4bc1-9b62-2fc02e5dcf3b, external_ids={'neutron:ovn-bridge': 'br-int', 'neutron:ovn-neutron-agent-id': '9c4a0b01-d5c7-5082-b1c2-41f8ba9055ce', 'neutron:ovn-neutron-agent-sb-cfg': '0'}, name='b8b3fd67-b4a3-4372-93ef-4cd47724f332', nb_cfg=1, nb_cfg_timestamp=1787143474571) old=Chassis_Private(uuid=53e08acb-b9e0-4ecd-93db-8e26820bb139, nb_cfg=0, nb_cfg_timestamp=0) {{(pid=90806) matches /opt/stack/data/venv/lib/python3.12/site-packages/ovsdbapp/backend/ovs_idl/event.py:55}}
Aug 19 12:44:34.578380 np0000007775 devstack@neutron-api.service[90809]: DEBUG neutron.plugins.ml2.drivers.ovn.mech_driver.ovsdb.ovsdb_monitor [-] Hash Ring: Node 64b195c65e635e2dbd1a18d109673766 (host: np0000007775) handling event "update" for row 2a330af1-fcdc-49a3-903e-122566e4c6f5 (table: NB_Global) {{(pid=90809) notify /opt/stack/neutron/neutron/plugins/ml2/drivers/ovn/mech_driver/ovsdb/ovsdb_monitor.py:1099}}
Aug 19 12:44:34.578486 np0000007775 devstack@neutron-api.service[90806]: DEBUG neutron.plugins.ml2.drivers.ovn.mech_driver.ovsdb.ovsdb_monitor [-] Hash Ring: Node ab205d869b235f3395971f2bcd057ff6 (host: np0000007775) handling event "update" for row 2a330af1-fcdc-49a3-903e-122566e4c6f5 (table: NB_Global) {{(pid=90806) notify /opt/stack/neutron/neutron/plugins/ml2/drivers/ovn/mech_driver/ovsdb/ovsdb_monitor.py:1099}}
Aug 19 12:44:34.580056 np0000007775 devstack@neutron-api.service[90806]: DEBUG ovsdbapp.backend.ovs_idl.event [-] Matched UPDATE: ChassisOVNAgentWriteEvent(events=('create', 'update'), table='Chassis_Private', conditions=None, old_conditions=None), priority=20 to row=Chassis_Private(uuid=53e08acb-b9e0-4ecd-93db-8e26820bb139, chassis=a74fa188-c577-4bc1-9b62-2fc02e5dcf3b, external_ids={'neutron:ovn-bridge': 'br-int', 'neutron:ovn-neutron-agent-id': '9c4a0b01-d5c7-5082-b1c2-41f8ba9055ce', 'neutron:ovn-neutron-agent-sb-cfg': '1'}, name='b8b3fd67-b4a3-4372-93ef-4cd47724f332', nb_cfg=1, nb_cfg_timestamp=1787143474571) old=Chassis_Private(uuid=53e08acb-b9e0-4ecd-93db-8e26820bb139, external_ids={'neutron:ovn-bridge': 'br-int', 'neutron:ovn-neutron-agent-id': '9c4a0b01-d5c7-5082-b1c2-41f8ba9055ce', 'neutron:ovn-neutron-agent-sb-cfg': '0'}) {{(pid=90806) matches /opt/stack/data/venv/lib/python3.12/site-packages/ovsdbapp/backend/ovs_idl/event.py:55}}
Aug 19 12:44:34.580140 np0000007775 devstack@neutron-api.service[90808]: DEBUG ovsdbapp.backend.ovs_idl.event [-] Matched UPDATE: ChassisOVNAgentWriteEvent(events=('create', 'update'), table='Chassis_Private', conditions=None, old_conditions=None), priority=20 to row=Chassis_Private(uuid=53e08acb-b9e0-4ecd-93db-8e26820bb139, chassis=a74fa188-c577-4bc1-9b62-2fc02e5dcf3b, external_ids={'neutron:ovn-bridge': 'br-int', 'neutron:ovn-neutron-agent-id': '9c4a0b01-d5c7-5082-b1c2-41f8ba9055ce', 'neutron:ovn-neutron-agent-sb-cfg': '1'}, name='b8b3fd67-b4a3-4372-93ef-4cd47724f332', nb_cfg=1, nb_cfg_timestamp=1787143474571) old=Chassis_Private(uuid=53e08acb-b9e0-4ecd-93db-8e26820bb139, external_ids={'neutron:ovn-bridge': 'br-int', 'neutron:ovn-neutron-agent-id': '9c4a0b01-d5c7-5082-b1c2-41f8ba9055ce', 'neutron:ovn-neutron-agent-sb-cfg': '0'}) {{(pid=90808) matches /opt/stack/data/venv/lib/python3.12/site-packages/ovsdbapp/backend/ovs_idl/event.py:55}}
Aug 19 12:44:34.580705 np0000007775 devstack@neutron-api.service[90809]: DEBUG neutron.common.ovn.hash_ring_manager [-] Allow caching, nodes 4>=4 {{(pid=90809) _wait_startup_before_caching /opt/stack/neutron/neutron/common/ovn/hash_ring_manager.py:71}}
Aug 19 12:44:34.580849 np0000007775 devstack@neutron-api.service[90809]: DEBUG neutron.plugins.ml2.drivers.ovn.mech_driver.ovsdb.ovsdb_monitor [-] Hash Ring: Node 64b195c65e635e2dbd1a18d109673766 (host: np0000007775) handling event "update" for row 53e08acb-b9e0-4ecd-93db-8e26820bb139 (table: Chassis_Private) {{(pid=90809) notify /opt/stack/neutron/neutron/plugins/ml2/drivers/ovn/mech_driver/ovsdb/ovsdb_monitor.py:1099}}
Aug 19 12:44:34.581994 np0000007775 devstack@neutron-api.service[90809]: DEBUG ovsdbapp.backend.ovs_idl.event [-] Matched UPDATE: ChassisOVNAgentWriteEvent(events=('create', 'update'), table='Chassis_Private', conditions=None, old_conditions=None), priority=20 to row=Chassis_Private(uuid=53e08acb-b9e0-4ecd-93db-8e26820bb139, chassis=a74fa188-c577-4bc1-9b62-2fc02e5dcf3b, external_ids={'neutron:ovn-bridge': 'br-int', 'neutron:ovn-neutron-agent-id': '9c4a0b01-d5c7-5082-b1c2-41f8ba9055ce', 'neutron:ovn-neutron-agent-sb-cfg': '1'}, name='b8b3fd67-b4a3-4372-93ef-4cd47724f332', nb_cfg=1, nb_cfg_timestamp=1787143474571) old=Chassis_Private(uuid=53e08acb-b9e0-4ecd-93db-8e26820bb139, external_ids={'neutron:ovn-bridge': 'br-int', 'neutron:ovn-neutron-agent-id': '9c4a0b01-d5c7-5082-b1c2-41f8ba9055ce', 'neutron:ovn-neutron-agent-sb-cfg': '0'}) {{(pid=90809) matches /opt/stack/data/venv/lib/python3.12/site-packages/ovsdbapp/backend/ovs_idl/event.py:55}}
Aug 19 12:44:34.582323 np0000007775 devstack@neutron-api.service[90809]: DEBUG neutron.plugins.ml2.drivers.ovn.mech_driver.ovsdb.ovsdb_monitor [-] Hash Ring: Node 64b195c65e635e2dbd1a18d109673766 (host: np0000007775) handling event "update" for row 53e08acb-b9e0-4ecd-93db-8e26820bb139 (table: Chassis_Private) {{(pid=90809) notify /opt/stack/neutron/neutron/plugins/ml2/drivers/ovn/mech_driver/ovsdb/ovsdb_monitor.py:1099}}
Aug 19 12:44:34.582414 np0000007775 devstack@neutron-api.service[90807]: DEBUG ovsdbapp.backend.ovs_idl.event [-] Matched UPDATE: ChassisAgentWriteEvent(events=('create', 'update'), table='Chassis_Private', conditions=None, old_conditions=None), priority=20 to row=Chassis_Private(uuid=53e08acb-b9e0-4ecd-93db-8e26820bb139, chassis=a74fa188-c577-4bc1-9b62-2fc02e5dcf3b, external_ids={'neutron:ovn-bridge': 'br-int', 'neutron:ovn-neutron-agent-id': '9c4a0b01-d5c7-5082-b1c2-41f8ba9055ce', 'neutron:ovn-neutron-agent-sb-cfg': '0'}, name='b8b3fd67-b4a3-4372-93ef-4cd47724f332', nb_cfg=1, nb_cfg_timestamp=1787143474571) old=Chassis_Private(uuid=53e08acb-b9e0-4ecd-93db-8e26820bb139, nb_cfg=0, nb_cfg_timestamp=0) {{(pid=90807) matches /opt/stack/data/venv/lib/python3.12/site-packages/ovsdbapp/backend/ovs_idl/event.py:55}}
Aug 19 12:44:34.583753 np0000007775 devstack@neutron-api.service[90807]: DEBUG neutron.plugins.ml2.drivers.ovn.mech_driver.ovsdb.ovsdb_monitor [-] Hash Ring: Node 9409958a7be4536e883d2040855d1f6f (host: np0000007775) handling event "update" for row 53e08acb-b9e0-4ecd-93db-8e26820bb139 (table: Chassis_Private) {{(pid=90807) notify /opt/stack/neutron/neutron/plugins/ml2/drivers/ovn/mech_driver/ovsdb/ovsdb_monitor.py:1099}}
Aug 19 12:44:34.586332 np0000007775 devstack@neutron-api.service[90807]: DEBUG ovsdbapp.backend.ovs_idl.event [-] Matched UPDATE: ChassisOVNAgentWriteEvent(events=('create', 'update'), table='Chassis_Private', conditions=None, old_conditions=None), priority=20 to row=Chassis_Private(uuid=53e08acb-b9e0-4ecd-93db-8e26820bb139, chassis=a74fa188-c577-4bc1-9b62-2fc02e5dcf3b, external_ids={'neutron:ovn-bridge': 'br-int', 'neutron:ovn-neutron-agent-id': '9c4a0b01-d5c7-5082-b1c2-41f8ba9055ce', 'neutron:ovn-neutron-agent-sb-cfg': '1'}, name='b8b3fd67-b4a3-4372-93ef-4cd47724f332', nb_cfg=1, nb_cfg_timestamp=1787143474571) old=Chassis_Private(uuid=53e08acb-b9e0-4ecd-93db-8e26820bb139, external_ids={'neutron:ovn-bridge': 'br-int', 'neutron:ovn-neutron-agent-id': '9c4a0b01-d5c7-5082-b1c2-41f8ba9055ce', 'neutron:ovn-neutron-agent-sb-cfg': '0'}) {{(pid=90807) matches /opt/stack/data/venv/lib/python3.12/site-packages/ovsdbapp/backend/ovs_idl/event.py:55}}
Aug 19 12:44:34.587339 np0000007775 devstack@neutron-api.service[90807]: DEBUG neutron.plugins.ml2.drivers.ovn.mech_driver.ovsdb.ovsdb_monitor [-] Hash Ring: Node 9409958a7be4536e883d2040855d1f6f (host: np0000007775) handling event "update" for row 53e08acb-b9e0-4ecd-93db-8e26820bb139 (table: Chassis_Private) {{(pid=90807) notify /opt/stack/neutron/neutron/plugins/ml2/drivers/ovn/mech_driver/ovsdb/ovsdb_monitor.py:1099}}
Aug 19 12:44:34.620001 np0000007775 devstack@neutron-api.service[90807]: DEBUG neutron.plugins.ml2.drivers.helpers [None req-bf7e9a9c-ec4c-4626-b523-28147d387f92 admin admin] geneve segment allocate from pool success with {'geneve_vni': 27405} {{(pid=90807) allocate_partially_specified_segment /opt/stack/neutron/neutron/plugins/ml2/drivers/helpers.py:142}}
Aug 19 12:44:34.629372 np0000007775 devstack@neutron-api.service[90807]: DEBUG neutron_lib.callbacks.manager [None req-bf7e9a9c-ec4c-4626-b523-28147d387f92 admin admin] Publish callbacks ['neutron.services.segments.db._add_segment_host_mapping_for_segment-7887500809570', 'neutron.plugins.ml2.plugin.Ml2Plugin._handle_segment_change-463298'] for segment (7016eb8b-c3a8-4d38-b34e-633fc3427879), precommit_create {{(pid=90807) _notify_loop /opt/stack/data/venv/lib/python3.12/site-packages/neutron_lib/callbacks/manager.py:184}}
Aug 19 12:44:34.629539 np0000007775 devstack@neutron-api.service[90807]: INFO neutron.db.segments_db [None req-bf7e9a9c-ec4c-4626-b523-28147d387f92 admin admin] Added segment 7016eb8b-c3a8-4d38-b34e-633fc3427879 of type geneve for network f48fc7fe-279b-4724-a9ae-5a904ea7aba3
Aug 19 12:44:34.668257 np0000007775 devstack@neutron-api.service[90807]: DEBUG neutron_lib.callbacks.manager [None req-bf7e9a9c-ec4c-4626-b523-28147d387f92 admin admin] Publish callbacks ['neutron.services.auto_allocate.db._ensure_external_network_default_value_callback-7887499623364'] for network (f48fc7fe-279b-4724-a9ae-5a904ea7aba3), precommit_create {{(pid=90807) _notify_loop /opt/stack/data/venv/lib/python3.12/site-packages/neutron_lib/callbacks/manager.py:184}}
Aug 19 12:44:34.683455 np0000007775 devstack@neutron-api.service[90807]: DEBUG neutron.plugins.ml2.drivers.ovn.mech_driver.mech_driver [None req-bf7e9a9c-ec4c-4626-b523-28147d387f92 admin admin] Validating network segment with type geneve, segmentation ID 27405, physical network None {{(pid=90807) _validate_network_segments /opt/stack/neutron/neutron/plugins/ml2/drivers/ovn/mech_driver/mech_driver.py:624}}
Aug 19 12:44:34.683564 np0000007775 devstack@neutron-api.service[90807]: DEBUG neutron.db.ovn_revision_numbers_db [None req-bf7e9a9c-ec4c-4626-b523-28147d387f92 admin admin] create_initial_revision uuid=f48fc7fe-279b-4724-a9ae-5a904ea7aba3, type=networks, rev=-1 {{(pid=90807) create_initial_revision /opt/stack/neutron/neutron/db/ovn_revision_numbers_db.py:98}}
Aug 19 12:44:34.699496 np0000007775 devstack@neutron-api.service[90807]: DEBUG neutron_lib.callbacks.manager [None req-bf7e9a9c-ec4c-4626-b523-28147d387f92 admin admin] Publish callbacks ['neutron.plugins.ml2.ovo_rpc._ObjectChangeHandler.handle_event-3212386'] for network (f48fc7fe-279b-4724-a9ae-5a904ea7aba3), after_create {{(pid=90807) _notify_loop /opt/stack/data/venv/lib/python3.12/site-packages/neutron_lib/callbacks/manager.py:184}}
Aug 19 12:44:34.752790 np0000007775 devstack@neutron-api.service[90807]: DEBUG neutron.api.rpc.handlers.resources_rpc [None req-bf7e9a9c-ec4c-4626-b523-28147d387f92 admin admin] Pushing event updated for resources: {'Network': ['ID=f48fc7fe-279b-4724-a9ae-5a904ea7aba3,revision_number=1']} {{(pid=90807) push /opt/stack/neutron/neutron/api/rpc/handlers/resources_rpc.py:237}}
Aug 19 12:44:34.761307 np0000007775 devstack@neutron-api.service[90807]: DEBUG ovsdbapp.backend.ovs_idl.transaction [-] Running txn n=1 command(idx=0): AddNetworkCommand(_result=None, network_uuid=f48fc7fe-279b-4724-a9ae-5a904ea7aba3, may_exist=True, columns={'external_ids': {'neutron:network_name': 'private', 'neutron:mtu': '1372', 'neutron:revision_number': '1', 'neutron:availability_zone_hints': '', 'neutron:provnet-network-type': 'geneve'}, 'other_config': {'mcast_snoop': 'false', 'mcast_flood_unregistered': 'false', 'vlan-passthru': 'false'}}) {{(pid=90807) do_commit /opt/stack/data/venv/lib/python3.12/site-packages/ovsdbapp/backend/ovs_idl/transaction.py:89}}
Aug 19 12:44:34.761759 np0000007775 devstack@neutron-api.service[90807]: DEBUG neutron.common.ovn.utils [-] OVS persist_uuid supported=True {{(pid=90807) ovs_persist_uuid_supported /opt/stack/neutron/neutron/common/ovn/utils.py:1565}}
Aug 19 12:44:34.764316 np0000007775 devstack@neutron-api.service[90809]: DEBUG neutron.plugins.ml2.drivers.ovn.mech_driver.ovsdb.ovsdb_monitor [-] Hash Ring: Node 64b195c65e635e2dbd1a18d109673766 (host: np0000007775) handling event "create" for row f48fc7fe-279b-4724-a9ae-5a904ea7aba3 (table: Logical_Switch) {{(pid=90809) notify /opt/stack/neutron/neutron/plugins/ml2/drivers/ovn/mech_driver/ovsdb/ovsdb_monitor.py:1099}}
Aug 19 12:44:34.765043 np0000007775 devstack@neutron-api.service[90808]: DEBUG neutron.plugins.ml2.drivers.ovn.mech_driver.ovsdb.ovsdb_monitor [-] Hash Ring: Node c5e64248c24e5ff296455c6a6b06e952 (host: np0000007775) handling event "create" for row f48fc7fe-279b-4724-a9ae-5a904ea7aba3 (table: Logical_Switch) {{(pid=90808) notify /opt/stack/neutron/neutron/plugins/ml2/drivers/ovn/mech_driver/ovsdb/ovsdb_monitor.py:1099}}
Aug 19 12:44:34.767978 np0000007775 devstack@neutron-api.service[90809]: DEBUG neutron.plugins.ml2.drivers.ovn.mech_driver.ovsdb.ovsdb_monitor [-] Hash Ring: Node 64b195c65e635e2dbd1a18d109673766 (host: np0000007775) handling event "create" for row 19c38b86-69d5-4de7-9d7c-94391b3a9ff4 (table: Datapath_Binding) {{(pid=90809) notify /opt/stack/neutron/neutron/plugins/ml2/drivers/ovn/mech_driver/ovsdb/ovsdb_monitor.py:1099}}
Aug 19 12:44:34.776754 np0000007775 devstack@neutron-api.service[90807]: DEBUG neutron.plugins.ml2.drivers.ovn.mech_driver.ovsdb.ovsdb_monitor [-] Hash Ring: Node 9409958a7be4536e883d2040855d1f6f (host: np0000007775) handling event "create" for row 19c38b86-69d5-4de7-9d7c-94391b3a9ff4 (table: Datapath_Binding) {{(pid=90807) notify /opt/stack/neutron/neutron/plugins/ml2/drivers/ovn/mech_driver/ovsdb/ovsdb_monitor.py:1099}}
Aug 19 12:44:34.795784 np0000007775 devstack@neutron-api.service[90807]: INFO neutron.db.ovn_revision_numbers_db [None req-bf7e9a9c-ec4c-4626-b523-28147d387f92 admin admin] Successfully bumped revision number for resource f48fc7fe-279b-4724-a9ae-5a904ea7aba3 (type: networks) to 1
Aug 19 12:44:35.037323 np0000007775 devstack@neutron-api.service[90807]: DEBUG neutron_lib.callbacks.manager [None req-bf7e9a9c-ec4c-4626-b523-28147d387f92 admin admin] Publish callbacks ['neutron.plugins.ml2.plugin.SecurityGroupDbMixin._ensure_default_security_group_handler-1794734'] for port (None), before_create {{(pid=90807) _notify_loop /opt/stack/data/venv/lib/python3.12/site-packages/neutron_lib/callbacks/manager.py:184}}
Aug 19 12:44:35.131949 np0000007775 devstack@neutron-api.service[90807]: DEBUG neutron_lib.callbacks.manager [None req-bf7e9a9c-ec4c-4626-b523-28147d387f92 admin admin] Publish callbacks ['neutron.plugins.ml2.drivers.ovn.mech_driver.mech_driver.OVNMechanismDriver._validate_allowed_address_pairs-6969535'] for allowed_address_pair (1c1b430e-1384-4b7f-a6c3-f18929654c38), before_create {{(pid=90807) _notify_loop /opt/stack/data/venv/lib/python3.12/site-packages/neutron_lib/callbacks/manager.py:184}}
Aug 19 12:44:35.132566 np0000007775 devstack@neutron-api.service[90807]: DEBUG neutron_lib.callbacks.manager [None req-bf7e9a9c-ec4c-4626-b523-28147d387f92 admin admin] Publish callbacks [] for port (1c1b430e-1384-4b7f-a6c3-f18929654c38), precommit_create {{(pid=90807) _notify_loop /opt/stack/data/venv/lib/python3.12/site-packages/neutron_lib/callbacks/manager.py:184}}
Aug 19 12:44:35.132807 np0000007775 devstack@neutron-api.service[90807]: DEBUG neutron.plugins.ml2.drivers.ovn.mech_driver.mech_driver [None req-bf7e9a9c-ec4c-4626-b523-28147d387f92 admin admin] No provisioning block for port 1c1b430e-1384-4b7f-a6c3-f18929654c38 since it does not have a host {{(pid=90807) _is_port_provisioning_required /opt/stack/neutron/neutron/plugins/ml2/drivers/ovn/mech_driver/mech_driver.py:877}}
Aug 19 12:44:35.132926 np0000007775 devstack@neutron-api.service[90807]: DEBUG neutron.db.ovn_revision_numbers_db [None req-bf7e9a9c-ec4c-4626-b523-28147d387f92 admin admin] create_initial_revision uuid=1c1b430e-1384-4b7f-a6c3-f18929654c38, type=ports, rev=-1 {{(pid=90807) create_initial_revision /opt/stack/neutron/neutron/db/ovn_revision_numbers_db.py:98}}
Aug 19 12:44:35.193476 np0000007775 devstack@neutron-api.service[90807]: DEBUG neutron_lib.callbacks.manager [None req-bf7e9a9c-ec4c-4626-b523-28147d387f92 admin admin] Publish callbacks ['neutron.plugins.ml2.ovo_rpc._ObjectChangeHandler.handle_event-3212371'] for port (1c1b430e-1384-4b7f-a6c3-f18929654c38), after_create {{(pid=90807) _notify_loop /opt/stack/data/venv/lib/python3.12/site-packages/neutron_lib/callbacks/manager.py:184}}
Aug 19 12:44:35.256578 np0000007775 devstack@neutron-api.service[90807]: DEBUG neutron.api.rpc.handlers.resources_rpc [None req-bf7e9a9c-ec4c-4626-b523-28147d387f92 admin admin] Pushing event updated for resources: {'Port': ['ID=1c1b430e-1384-4b7f-a6c3-f18929654c38,revision_number=1']} {{(pid=90807) push /opt/stack/neutron/neutron/api/rpc/handlers/resources_rpc.py:237}}
Aug 19 12:44:35.285680 np0000007775 devstack@neutron-api.service[90807]: DEBUG neutron.plugins.ml2.drivers.ovn.mech_driver.ovsdb.commands [None req-bf7e9a9c-ec4c-4626-b523-28147d387f92 admin admin] Converting tag [] to a tag_request {{(pid=90807) _tag_column_to_tag_request /opt/stack/neutron/neutron/plugins/ml2/drivers/ovn/mech_driver/ovsdb/commands.py:227}}
Aug 19 12:44:35.286470 np0000007775 devstack@neutron-api.service[90807]: DEBUG ovsdbapp.backend.ovs_idl.transaction [-] Running txn n=1 command(idx=0): AddLSwitchPortCommand(_result=None, lport=1c1b430e-1384-4b7f-a6c3-f18929654c38, lswitch=neutron-f48fc7fe-279b-4724-a9ae-5a904ea7aba3, may_exist=True, network_uuid=f48fc7fe-279b-4724-a9ae-5a904ea7aba3, columns={'addresses': ['fa:16:3e:d2:a9:76'], 'external_ids': {'neutron:port_name': '', 'neutron:device_id': 'ovnmeta-f48fc7fe-279b-4724-a9ae-5a904ea7aba3', 'neutron:project_id': 'b69388df4b8e48cbbddbd814e7998425', 'neutron:cidrs': '', 'neutron:device_owner': 'network:distributed', 'neutron:subnet_pool_addr_scope4': '', 'neutron:subnet_pool_addr_scope6': '', 'neutron:network_name': 'neutron-f48fc7fe-279b-4724-a9ae-5a904ea7aba3', 'neutron:security_group_ids': '', 'neutron:revision_number': '1', 'neutron:vnic_type': 'normal', 'neutron:port_capabilities': '', 'neutron:mtu': '1372'}, 'parent_name': [], 'enabled': True, 'options': {}, 'type': 'localport', 'port_security': [], 'dhcpv4_options': [], 'dhcpv6_options': [], 'tag_request': []}) {{(pid=90807) do_commit /opt/stack/data/venv/lib/python3.12/site-packages/ovsdbapp/backend/ovs_idl/transaction.py:89}}
Aug 19 12:44:35.286960 np0000007775 devstack@neutron-api.service[90807]: DEBUG ovsdbapp.backend.ovs_idl.transaction [-] Running txn n=1 command(idx=1): QoSDelCommand(_result=None, switch=neutron-f48fc7fe-279b-4724-a9ae-5a904ea7aba3, conditions=[('direction', '=', 'to-lport'), ('priority', '=', 2002), ('match', '=', 'outport == "1c1b430e-1384-4b7f-a6c3-f18929654c38"')], if_exists=True) {{(pid=90807) do_commit /opt/stack/data/venv/lib/python3.12/site-packages/ovsdbapp/backend/ovs_idl/transaction.py:89}}
Aug 19 12:44:35.287136 np0000007775 devstack@neutron-api.service[90807]: DEBUG ovsdbapp.backend.ovs_idl.transaction [-] Running txn n=1 command(idx=2): QoSDelCommand(_result=None, switch=neutron-f48fc7fe-279b-4724-a9ae-5a904ea7aba3, conditions=[('direction', '=', 'from-lport'), ('priority', '=', 2002), ('match', '=', 'inport == "1c1b430e-1384-4b7f-a6c3-f18929654c38"')], if_exists=True) {{(pid=90807) do_commit /opt/stack/data/venv/lib/python3.12/site-packages/ovsdbapp/backend/ovs_idl/transaction.py:89}}
Aug 19 12:44:35.291218 np0000007775 devstack@neutron-api.service[90808]: DEBUG neutron.plugins.ml2.drivers.ovn.mech_driver.ovsdb.ovsdb_monitor [-] Hash Ring: Node c5e64248c24e5ff296455c6a6b06e952 (host: np0000007775) handling event "update" for row f48fc7fe-279b-4724-a9ae-5a904ea7aba3 (table: Logical_Switch) {{(pid=90808) notify /opt/stack/neutron/neutron/plugins/ml2/drivers/ovn/mech_driver/ovsdb/ovsdb_monitor.py:1099}}
Aug 19 12:44:35.292229 np0000007775 devstack@neutron-api.service[90809]: DEBUG neutron.plugins.ml2.drivers.ovn.mech_driver.ovsdb.ovsdb_monitor [-] Hash Ring: Node 64b195c65e635e2dbd1a18d109673766 (host: np0000007775) handling event "create" for row 094dc8cb-74a4-45f2-b36a-4e8bf2088f4f (table: Port_Binding) {{(pid=90809) notify /opt/stack/neutron/neutron/plugins/ml2/drivers/ovn/mech_driver/ovsdb/ovsdb_monitor.py:1099}}
Aug 19 12:44:35.294240 np0000007775 devstack@neutron-api.service[90809]: DEBUG neutron.plugins.ml2.drivers.ovn.mech_driver.ovsdb.ovsdb_monitor [-] Hash Ring: Node 64b195c65e635e2dbd1a18d109673766 (host: np0000007775) handling event "update" for row f48fc7fe-279b-4724-a9ae-5a904ea7aba3 (table: Logical_Switch) {{(pid=90809) notify /opt/stack/neutron/neutron/plugins/ml2/drivers/ovn/mech_driver/ovsdb/ovsdb_monitor.py:1099}}
Aug 19 12:44:35.294610 np0000007775 devstack@neutron-api.service[90809]: DEBUG neutron.plugins.ml2.drivers.ovn.mech_driver.ovsdb.ovsdb_monitor [-] Hash Ring: Node 64b195c65e635e2dbd1a18d109673766 (host: np0000007775) handling event "create" for row 59d26402-2ff5-490d-b3bd-4832614e0158 (table: Logical_Switch_Port) {{(pid=90809) notify /opt/stack/neutron/neutron/plugins/ml2/drivers/ovn/mech_driver/ovsdb/ovsdb_monitor.py:1099}}
