Jul 06 21:51:30.895539 np0000004676 devstack@g-api.service[102839]: DEBUG glance.api.middleware.version_negotiation [None req-fbe67ae8-4253-4914-a74b-dfc0ec8d0db4 tempest-ServerBootFromVolumeStableRescueTest-1076413722 tempest-ServerBootFromVolumeStableRescueTest-1076413722-project-member] new path /v2/images/890889e3-aeeb-464b-a650-e223b41dd526 {{(pid=102839) process_request /opt/stack/glance/glance/api/middleware/version_negotiation.py:70}}
Jul 06 21:51:30.917039 np0000004676 devstack@g-api.service[102839]: [pid: 102839|app: 0|req: 26/100] 127.0.0.1 () {44 vars in 1115 bytes} [Mon Jul 6 21:51:30 2026] GET /v2/images/890889e3-aeeb-464b-a650-e223b41dd526 => generated 1470 bytes in 23 msecs (HTTP/1.1 200) 4 headers in 158 bytes (1 switches on core 0)
Jul 06 21:51:30.970211 np0000004676 devstack@g-api.service[102838]: DEBUG glance.api.middleware.version_negotiation [None req-fbe67ae8-4253-4914-a74b-dfc0ec8d0db4 tempest-ServerBootFromVolumeStableRescueTest-1076413722 tempest-ServerBootFromVolumeStableRescueTest-1076413722-project-member] Determining version of request: PUT /v2/images/890889e3-aeeb-464b-a650-e223b41dd526/file Accept: */* {{(pid=102838) process_request /opt/stack/glance/glance/api/middleware/version_negotiation.py:44}}
Jul 06 21:51:30.970485 np0000004676 devstack@g-api.service[102838]: DEBUG glance.api.middleware.version_negotiation [None req-fbe67ae8-4253-4914-a74b-dfc0ec8d0db4 tempest-ServerBootFromVolumeStableRescueTest-1076413722 tempest-ServerBootFromVolumeStableRescueTest-1076413722-project-member] Using url versioning {{(pid=102838) process_request /opt/stack/glance/glance/api/middleware/version_negotiation.py:57}}
Jul 06 21:51:30.970619 np0000004676 devstack@g-api.service[102838]: DEBUG glance.api.middleware.version_negotiation [None req-fbe67ae8-4253-4914-a74b-dfc0ec8d0db4 tempest-ServerBootFromVolumeStableRescueTest-1076413722 tempest-ServerBootFromVolumeStableRescueTest-1076413722-project-member] Matched version: v2 {{(pid=102838) process_request /opt/stack/glance/glance/api/middleware/version_negotiation.py:69}}
Jul 06 21:51:30.970690 np0000004676 devstack@g-api.service[102838]: DEBUG glance.api.middleware.version_negotiation [None req-fbe67ae8-4253-4914-a74b-dfc0ec8d0db4 tempest-ServerBootFromVolumeStableRescueTest-1076413722 tempest-ServerBootFromVolumeStableRescueTest-1076413722-project-member] new path /v2/images/890889e3-aeeb-464b-a650-e223b41dd526/file {{(pid=102838) process_request /opt/stack/glance/glance/api/middleware/version_negotiation.py:70}}
Jul 06 21:51:31.216574 np0000004676 devstack@g-api.service[102841]: DEBUG glance.api.middleware.version_negotiation [None req-fbe67ae8-4253-4914-a74b-dfc0ec8d0db4 tempest-ServerBootFromVolumeStableRescueTest-1076413722 tempest-ServerBootFromVolumeStableRescueTest-1076413722-project-member] Determining version of request: GET /v2/images/890889e3-aeeb-464b-a650-e223b41dd526 Accept: application/json {{(pid=102841) process_request /opt/stack/glance/glance/api/middleware/version_negotiation.py:44}}
Jul 06 21:51:31.216822 np0000004676 devstack@g-api.service[102841]: DEBUG glance.api.middleware.version_negotiation [None req-fbe67ae8-4253-4914-a74b-dfc0ec8d0db4 tempest-ServerBootFromVolumeStableRescueTest-1076413722 tempest-ServerBootFromVolumeStableRescueTest-1076413722-project-member] Using url versioning {{(pid=102841) process_request /opt/stack/glance/glance/api/middleware/version_negotiation.py:57}}
Jul 06 21:51:31.217004 np0000004676 devstack@g-api.service[102841]: DEBUG glance.api.middleware.version_negotiation [None req-fbe67ae8-4253-4914-a74b-dfc0ec8d0db4 tempest-ServerBootFromVolumeStableRescueTest-1076413722 tempest-ServerBootFromVolumeStableRescueTest-1076413722-project-member] Matched version: v2 {{(pid=102841) process_request /opt/stack/glance/glance/api/middleware/version_negotiation.py:69}}
Jul 06 21:51:31.217139 np0000004676 devstack@g-api.service[102841]: DEBUG glance.api.middleware.version_negotiation [None req-fbe67ae8-4253-4914-a74b-dfc0ec8d0db4 tempest-ServerBootFromVolumeStableRescueTest-1076413722 tempest-ServerBootFromVolumeStableRescueTest-1076413722-project-member] new path /v2/images/890889e3-aeeb-464b-a650-e223b41dd526 {{(pid=102841) process_request /opt/stack/glance/glance/api/middleware/version_negotiation.py:70}}
Jul 06 21:51:31.235955 np0000004676 devstack@g-api.service[102841]: [pid: 102841|app: 0|req: 25/101] 127.0.0.1 () {40 vars in 838 bytes} [Mon Jul 6 21:51:31 2026] GET /v2/images/890889e3-aeeb-464b-a650-e223b41dd526 => generated 1470 bytes in 19 msecs (HTTP/1.1 200) 4 headers in 158 bytes (1 switches on core 0)
Jul 06 21:51:31.704433 np0000004676 devstack@g-api.service[102838]: INFO glance.api.v2.image_data [None req-fbe67ae8-4253-4914-a74b-dfc0ec8d0db4 tempest-ServerBootFromVolumeStableRescueTest-1076413722 tempest-ServerBootFromVolumeStableRescueTest-1076413722-project-member] Unable to create trust: no such option collect_timing in group [keystone_authtoken] Use the existing user token.
Jul 06 21:51:32.248954 np0000004676 devstack@g-api.service[102840]: DEBUG glance.api.middleware.version_negotiation [None req-fbe67ae8-4253-4914-a74b-dfc0ec8d0db4 tempest-ServerBootFromVolumeStableRescueTest-1076413722 tempest-ServerBootFromVolumeStableRescueTest-1076413722-project-member] Determining version of request: GET /v2/images/890889e3-aeeb-464b-a650-e223b41dd526 Accept: application/json {{(pid=102840) process_request /opt/stack/glance/glance/api/middleware/version_negotiation.py:44}}
Jul 06 21:51:32.248954 np0000004676 devstack@g-api.service[102840]: DEBUG glance.api.middleware.version_negotiation [None req-fbe67ae8-4253-4914-a74b-dfc0ec8d0db4 tempest-ServerBootFromVolumeStableRescueTest-1076413722 tempest-ServerBootFromVolumeStableRescueTest-1076413722-project-member] Using url versioning {{(pid=102840) process_request /opt/stack/glance/glance/api/middleware/version_negotiation.py:57}}
Jul 06 21:51:32.249459 np0000004676 devstack@g-api.service[102840]: DEBUG glance.api.middleware.version_negotiation [None req-fbe67ae8-4253-4914-a74b-dfc0ec8d0db4 tempest-ServerBootFromVolumeStableRescueTest-1076413722 tempest-ServerBootFromVolumeStableRescueTest-1076413722-project-member] Matched version: v2 {{(pid=102840) process_request /opt/stack/glance/glance/api/middleware/version_negotiation.py:69}}
Jul 06 21:51:32.249459 np0000004676 devstack@g-api.service[102840]: DEBUG glance.api.middleware.version_negotiation [None req-fbe67ae8-4253-4914-a74b-dfc0ec8d0db4 tempest-ServerBootFromVolumeStableRescueTest-1076413722 tempest-ServerBootFromVolumeStableRescueTest-1076413722-project-member] new path /v2/images/890889e3-aeeb-464b-a650-e223b41dd526 {{(pid=102840) process_request /opt/stack/glance/glance/api/middleware/version_negotiation.py:70}}
Jul 06 21:51:32.264844 np0000004676 devstack@g-api.service[102840]: [pid: 102840|app: 0|req: 27/102] 127.0.0.1 () {40 vars in 838 bytes} [Mon Jul 6 21:51:32 2026] GET /v2/images/890889e3-aeeb-464b-a650-e223b41dd526 => generated 1470 bytes in 17 msecs (HTTP/1.1 200) 4 headers in 158 bytes (1 switches on core 0)
Jul 06 21:51:32.378304 np0000004676 devstack@g-api.service[102839]: DEBUG glance.api.middleware.version_negotiation [None req-fbe67ae8-4253-4914-a74b-dfc0ec8d0db4 tempest-ServerBootFromVolumeStableRescueTest-1076413722 tempest-ServerBootFromVolumeStableRescueTest-1076413722-project-member] Determining version of request: GET /v2/schemas/image Accept: */* {{(pid=102839) process_request /opt/stack/glance/glance/api/middleware/version_negotiation.py:44}}
Jul 06 21:51:32.378304 np0000004676 devstack@g-api.service[102839]: DEBUG glance.api.middleware.version_negotiation [None req-fbe67ae8-4253-4914-a74b-dfc0ec8d0db4 tempest-ServerBootFromVolumeStableRescueTest-1076413722 tempest-ServerBootFromVolumeStableRescueTest-1076413722-project-member] Using url versioning {{(pid=102839) process_request /opt/stack/glance/glance/api/middleware/version_negotiation.py:57}}
Jul 06 21:51:32.378304 np0000004676 devstack@g-api.service[102839]: DEBUG glance.api.middleware.version_negotiation [None req-fbe67ae8-4253-4914-a74b-dfc0ec8d0db4 tempest-ServerBootFromVolumeStableRescueTest-1076413722 tempest-ServerBootFromVolumeStableRescueTest-1076413722-project-member] Matched version: v2 {{(pid=102839) process_request /opt/stack/glance/glance/api/middleware/version_negotiation.py:69}}
Jul 06 21:51:32.378304 np0000004676 devstack@g-api.service[102839]: DEBUG glance.api.middleware.version_negotiation [None req-fbe67ae8-4253-4914-a74b-dfc0ec8d0db4 tempest-ServerBootFromVolumeStableRescueTest-1076413722 tempest-ServerBootFromVolumeStableRescueTest-1076413722-project-member] new path /v2/schemas/image {{(pid=102839) process_request /opt/stack/glance/glance/api/middleware/version_negotiation.py:70}}
Jul 06 21:51:32.382442 np0000004676 devstack@g-api.service[102839]: [pid: 102839|app: 0|req: 27/103] 127.0.0.1 () {44 vars in 1055 bytes} [Mon Jul 6 21:51:32 2026] GET /v2/schemas/image => generated 6083 bytes in 3 msecs (HTTP/1.1 200) 4 headers in 158 bytes (1 switches on core 0)
Jul 06 21:51:32.444804 np0000004676 devstack@g-api.service[102841]: DEBUG glance.api.middleware.version_negotiation [None req-6493537e-8ad4-438d-a624-85333f79c555 tempest-ServerBootFromVolumeStableRescueTest-1076413722 tempest-ServerBootFromVolumeStableRescueTest-1076413722-project-member] Determining version of request: POST /v2/images Accept: */* {{(pid=102841) process_request /opt/stack/glance/glance/api/middleware/version_negotiation.py:44}}
Jul 06 21:51:32.444804 np0000004676 devstack@g-api.service[102841]: DEBUG glance.api.middleware.version_negotiation [None req-6493537e-8ad4-438d-a624-85333f79c555 tempest-ServerBootFromVolumeStableRescueTest-1076413722 tempest-ServerBootFromVolumeStableRescueTest-1076413722-project-member] Using url versioning {{(pid=102841) process_request /opt/stack/glance/glance/api/middleware/version_negotiation.py:57}}
Jul 06 21:51:32.444804 np0000004676 devstack@g-api.service[102841]: DEBUG glance.api.middleware.version_negotiation [None req-6493537e-8ad4-438d-a624-85333f79c555 tempest-ServerBootFromVolumeStableRescueTest-1076413722 tempest-ServerBootFromVolumeStableRescueTest-1076413722-project-member] Matched version: v2 {{(pid=102841) process_request /opt/stack/glance/glance/api/middleware/version_negotiation.py:69}}
Jul 06 21:51:32.444804 np0000004676 devstack@g-api.service[102841]: DEBUG glance.api.middleware.version_negotiation [None req-6493537e-8ad4-438d-a624-85333f79c555 tempest-ServerBootFromVolumeStableRescueTest-1076413722 tempest-ServerBootFromVolumeStableRescueTest-1076413722-project-member] new path /v2/images {{(pid=102841) process_request /opt/stack/glance/glance/api/middleware/version_negotiation.py:70}}
Jul 06 21:51:32.496979 np0000004676 devstack@g-api.service[102838]: DEBUG glance.location [None req-fbe67ae8-4253-4914-a74b-dfc0ec8d0db4 tempest-ServerBootFromVolumeStableRescueTest-1076413722 tempest-ServerBootFromVolumeStableRescueTest-1076413722-project-member] Enabling in-flight format inspection for qcow2 {{(pid=102838) set_data /opt/stack/glance/glance/location.py:596}}
Jul 06 21:51:32.497981 np0000004676 devstack@g-api.service[102838]: DEBUG glance_store.backend [None req-fbe67ae8-4253-4914-a74b-dfc0ec8d0db4 tempest-ServerBootFromVolumeStableRescueTest-1076413722 tempest-ServerBootFromVolumeStableRescueTest-1076413722-project-member] Attempting to import store swift {{(pid=102838) _load_store /opt/stack/data/venv/lib/python3.12/site-packages/glance_store/backend.py:215}}
Jul 06 21:51:32.501714 np0000004676 devstack@g-api.service[102838]: DEBUG glance_store.capabilities [None req-fbe67ae8-4253-4914-a74b-dfc0ec8d0db4 tempest-ServerBootFromVolumeStableRescueTest-1076413722 tempest-ServerBootFromVolumeStableRescueTest-1076413722-project-member] Store glance_store._drivers.swift.store.SingleTenantStore doesn't support updating dynamic storage capabilities. Please overwrite 'update_capabilities' method of the store to implement updating logics if needed. {{(pid=102838) update_capabilities /opt/stack/data/venv/lib/python3.12/site-packages/glance_store/capabilities.py:91}}
Jul 06 21:51:32.501714 np0000004676 devstack@g-api.service[102838]: DEBUG glance_store.driver [None req-fbe67ae8-4253-4914-a74b-dfc0ec8d0db4 tempest-ServerBootFromVolumeStableRescueTest-1076413722 tempest-ServerBootFromVolumeStableRescueTest-1076413722-project-member] Late loading location class glance_store._drivers.swift.store.StoreLocation {{(pid=102838) get_store_location_class /opt/stack/data/venv/lib/python3.12/site-packages/glance_store/driver.py:134}}
Jul 06 21:51:32.501714 np0000004676 devstack@g-api.service[102838]: DEBUG glance_store.location [None req-fbe67ae8-4253-4914-a74b-dfc0ec8d0db4 tempest-ServerBootFromVolumeStableRescueTest-1076413722 tempest-ServerBootFromVolumeStableRescueTest-1076413722-project-member] Registering scheme swift+https with {'store': , 'location_class': , 'store_entry': 'swift'} {{(pid=102838) register_scheme_map /opt/stack/data/venv/lib/python3.12/site-packages/glance_store/location.py:146}}
Jul 06 21:51:32.501927 np0000004676 devstack@g-api.service[102838]: DEBUG glance_store.location [None req-fbe67ae8-4253-4914-a74b-dfc0ec8d0db4 tempest-ServerBootFromVolumeStableRescueTest-1076413722 tempest-ServerBootFromVolumeStableRescueTest-1076413722-project-member] Registering scheme swift+https with {'store': , 'location_class': , 'store_entry': 'swift'} {{(pid=102838) register_scheme_map /opt/stack/data/venv/lib/python3.12/site-packages/glance_store/location.py:146}}
Jul 06 21:51:32.501927 np0000004676 devstack@g-api.service[102838]: DEBUG glance_store.location [None req-fbe67ae8-4253-4914-a74b-dfc0ec8d0db4 tempest-ServerBootFromVolumeStableRescueTest-1076413722 tempest-ServerBootFromVolumeStableRescueTest-1076413722-project-member] Registering scheme swift with {'store': , 'location_class': , 'store_entry': 'swift'} {{(pid=102838) register_scheme_map /opt/stack/data/venv/lib/python3.12/site-packages/glance_store/location.py:146}}
Jul 06 21:51:32.501927 np0000004676 devstack@g-api.service[102838]: DEBUG glance_store.location [None req-fbe67ae8-4253-4914-a74b-dfc0ec8d0db4 tempest-ServerBootFromVolumeStableRescueTest-1076413722 tempest-ServerBootFromVolumeStableRescueTest-1076413722-project-member] Registering scheme swift+https with {'store': , 'location_class': , 'store_entry': 'swift'} {{(pid=102838) register_scheme_map /opt/stack/data/venv/lib/python3.12/site-packages/glance_store/location.py:146}}
Jul 06 21:51:32.502059 np0000004676 devstack@g-api.service[102838]: DEBUG glance_store.location [None req-fbe67ae8-4253-4914-a74b-dfc0ec8d0db4 tempest-ServerBootFromVolumeStableRescueTest-1076413722 tempest-ServerBootFromVolumeStableRescueTest-1076413722-project-member] Registering scheme swift with {'store': , 'location_class': , 'store_entry': 'swift'} {{(pid=102838) register_scheme_map /opt/stack/data/venv/lib/python3.12/site-packages/glance_store/location.py:146}}
Jul 06 21:51:32.502059 np0000004676 devstack@g-api.service[102838]: DEBUG glance_store.location [None req-fbe67ae8-4253-4914-a74b-dfc0ec8d0db4 tempest-ServerBootFromVolumeStableRescueTest-1076413722 tempest-ServerBootFromVolumeStableRescueTest-1076413722-project-member] Registering scheme swift+http with {'store': , 'location_class': , 'store_entry': 'swift'} {{(pid=102838) register_scheme_map /opt/stack/data/venv/lib/python3.12/site-packages/glance_store/location.py:146}}
Jul 06 21:51:32.502059 np0000004676 devstack@g-api.service[102838]: DEBUG glance_store.location [None req-fbe67ae8-4253-4914-a74b-dfc0ec8d0db4 tempest-ServerBootFromVolumeStableRescueTest-1076413722 tempest-ServerBootFromVolumeStableRescueTest-1076413722-project-member] Registering scheme swift+https with {'store': , 'location_class': , 'store_entry': 'swift'} {{(pid=102838) register_scheme_map /opt/stack/data/venv/lib/python3.12/site-packages/glance_store/location.py:146}}
Jul 06 21:51:32.502208 np0000004676 devstack@g-api.service[102838]: DEBUG glance_store.location [None req-fbe67ae8-4253-4914-a74b-dfc0ec8d0db4 tempest-ServerBootFromVolumeStableRescueTest-1076413722 tempest-ServerBootFromVolumeStableRescueTest-1076413722-project-member] Registering scheme swift with {'store': , 'location_class': , 'store_entry': 'swift'} {{(pid=102838) register_scheme_map /opt/stack/data/venv/lib/python3.12/site-packages/glance_store/location.py:146}}
Jul 06 21:51:32.502208 np0000004676 devstack@g-api.service[102838]: DEBUG glance_store.location [None req-fbe67ae8-4253-4914-a74b-dfc0ec8d0db4 tempest-ServerBootFromVolumeStableRescueTest-1076413722 tempest-ServerBootFromVolumeStableRescueTest-1076413722-project-member] Registering scheme swift+http with {'store': , 'location_class': , 'store_entry': 'swift'} {{(pid=102838) register_scheme_map /opt/stack/data/venv/lib/python3.12/site-packages/glance_store/location.py:146}}
Jul 06 21:51:32.502208 np0000004676 devstack@g-api.service[102838]: DEBUG glance_store.location [None req-fbe67ae8-4253-4914-a74b-dfc0ec8d0db4 tempest-ServerBootFromVolumeStableRescueTest-1076413722 tempest-ServerBootFromVolumeStableRescueTest-1076413722-project-member] Registering scheme swift+config with {'store': , 'location_class': , 'store_entry': 'swift'} {{(pid=102838) register_scheme_map /opt/stack/data/venv/lib/python3.12/site-packages/glance_store/location.py:146}}
Jul 06 21:51:33.000287 np0000004676 devstack@g-api.service[102838]: DEBUG swiftclient [None req-fbe67ae8-4253-4914-a74b-dfc0ec8d0db4 tempest-ServerBootFromVolumeStableRescueTest-1076413722 tempest-ServerBootFromVolumeStableRescueTest-1076413722-project-member] REQ: curl -i https://10.4.3.174:8080/v1/AUTH_bc0b5eee225c484097d44db822949658/glance -I -H "X-Auth-Token: gAAAAABqTCNkK0qF..." {{(pid=102838) http_log /opt/stack/data/venv/lib/python3.12/site-packages/swiftclient/client.py:160}}
Jul 06 21:51:33.000830 np0000004676 devstack@g-api.service[102838]: DEBUG swiftclient [None req-fbe67ae8-4253-4914-a74b-dfc0ec8d0db4 tempest-ServerBootFromVolumeStableRescueTest-1076413722 tempest-ServerBootFromVolumeStableRescueTest-1076413722-project-member] RESP STATUS: 204 No Content {{(pid=102838) http_log /opt/stack/data/venv/lib/python3.12/site-packages/swiftclient/client.py:161}}
Jul 06 21:51:33.000830 np0000004676 devstack@g-api.service[102838]: DEBUG swiftclient [None req-fbe67ae8-4253-4914-a74b-dfc0ec8d0db4 tempest-ServerBootFromVolumeStableRescueTest-1076413722 tempest-ServerBootFromVolumeStableRescueTest-1076413722-project-member] RESP HEADERS: {'Date': 'Mon, 06 Jul 2026 21:51:32 GMT', 'Server': 'Apache/2.4.58 (Ubuntu)', 'Content-Type': 'text/plain; charset=utf-8', 'X-Container-Object-Count': '5', 'X-Container-Bytes-Used': '86048768', 'X-Timestamp': '1783374508.43810', 'Last-Modified': 'Mon, 06 Jul 2026 21:48:29 GMT', 'Accept-Ranges': 'bytes', 'X-Storage-Policy': 'Policy-0', 'X-Container-Sharding': 'False', 'Vary': 'Accept', 'X-Trans-Id': 'tx407b655e22484f07bf51a-006a4c2364', 'X-Openstack-Request-Id': 'tx407b655e22484f07bf51a-006a4c2364', 'Connection': 'close'} {{(pid=102838) http_log /opt/stack/data/venv/lib/python3.12/site-packages/swiftclient/client.py:162}}
Jul 06 21:51:33.000830 np0000004676 devstack@g-api.service[102838]: DEBUG glance_store._drivers.swift.store [None req-fbe67ae8-4253-4914-a74b-dfc0ec8d0db4 tempest-ServerBootFromVolumeStableRescueTest-1076413722 tempest-ServerBootFromVolumeStableRescueTest-1076413722-project-member] Adding image object '890889e3-aeeb-464b-a650-e223b41dd526' to Swift {{(pid=102838) add /opt/stack/data/venv/lib/python3.12/site-packages/glance_store/_drivers/swift/store.py:970}}
Jul 06 21:51:33.001185 np0000004676 devstack@g-api.service[102838]: DEBUG glance_store._drivers.swift.store [None req-fbe67ae8-4253-4914-a74b-dfc0ec8d0db4 tempest-ServerBootFromVolumeStableRescueTest-1076413722 tempest-ServerBootFromVolumeStableRescueTest-1076413722-project-member] Cannot determine image size because it is either not provided in the request or chunked-transfer encoding is used. Adding image as a segmented object to Swift. {{(pid=102838) add /opt/stack/data/venv/lib/python3.12/site-packages/glance_store/_drivers/swift/store.py:994}}
Jul 06 21:51:33.008789 np0000004676 devstack@g-api.service[102838]: DEBUG oslo_utils.imageutils.format_inspector [None req-fbe67ae8-4253-4914-a74b-dfc0ec8d0db4 tempest-ServerBootFromVolumeStableRescueTest-1076413722 tempest-ServerBootFromVolumeStableRescueTest-1076413722-project-member] Format inspector for vmdk does not match, excluding from consideration (Signature KDMV not found: b'QFI\xfb') {{(pid=102838) _process_chunk /opt/stack/data/venv/lib/python3.12/site-packages/oslo_utils/imageutils/format_inspector.py:1758}}
Jul 06 21:51:33.012197 np0000004676 devstack@g-api.service[102838]: DEBUG oslo_utils.imageutils.format_inspector [None req-fbe67ae8-4253-4914-a74b-dfc0ec8d0db4 tempest-ServerBootFromVolumeStableRescueTest-1076413722 tempest-ServerBootFromVolumeStableRescueTest-1076413722-project-member] Format inspector for vhdx does not match, excluding from consideration (Region signature not found at 30000) {{(pid=102838) _process_chunk /opt/stack/data/venv/lib/python3.12/site-packages/oslo_utils/imageutils/format_inspector.py:1758}}
Jul 06 21:51:33.267016 np0000004676 devstack@g-api.service[102838]: DEBUG swiftclient [None req-fbe67ae8-4253-4914-a74b-dfc0ec8d0db4 tempest-ServerBootFromVolumeStableRescueTest-1076413722 tempest-ServerBootFromVolumeStableRescueTest-1076413722-project-member] REQ: curl -i https://10.4.3.174:8080/v1/AUTH_bc0b5eee225c484097d44db822949658/glance/890889e3-aeeb-464b-a650-e223b41dd526-00001 -X PUT -H "X-Auth-Token: gAAAAABqTCNkK0qF..." {{(pid=102838) http_log /opt/stack/data/venv/lib/python3.12/site-packages/swiftclient/client.py:160}}
Jul 06 21:51:33.267128 np0000004676 devstack@g-api.service[102838]: DEBUG swiftclient [None req-fbe67ae8-4253-4914-a74b-dfc0ec8d0db4 tempest-ServerBootFromVolumeStableRescueTest-1076413722 tempest-ServerBootFromVolumeStableRescueTest-1076413722-project-member] RESP STATUS: 201 Created {{(pid=102838) http_log /opt/stack/data/venv/lib/python3.12/site-packages/swiftclient/client.py:161}}
Jul 06 21:51:33.267340 np0000004676 devstack@g-api.service[102838]: DEBUG swiftclient [None req-fbe67ae8-4253-4914-a74b-dfc0ec8d0db4 tempest-ServerBootFromVolumeStableRescueTest-1076413722 tempest-ServerBootFromVolumeStableRescueTest-1076413722-project-member] RESP HEADERS: {'Date': 'Mon, 06 Jul 2026 21:51:33 GMT', 'Server': 'Apache/2.4.58 (Ubuntu)', 'Content-Type': 'text/html; charset=UTF-8', 'Content-Length': '0', 'Etag': '4fa343ee581d8d2e78533191fd1ac3e1', 'Last-Modified': 'Mon, 06 Jul 2026 21:51:34 GMT', 'X-Trans-Id': 'tx0441660867d64cdf83889-006a4c2365', 'X-Openstack-Request-Id': 'tx0441660867d64cdf83889-006a4c2365', 'Connection': 'close'} {{(pid=102838) http_log /opt/stack/data/venv/lib/python3.12/site-packages/swiftclient/client.py:162}}
Jul 06 21:51:33.267481 np0000004676 devstack@g-api.service[102838]: DEBUG glance_store._drivers.swift.store [None req-fbe67ae8-4253-4914-a74b-dfc0ec8d0db4 tempest-ServerBootFromVolumeStableRescueTest-1076413722 tempest-ServerBootFromVolumeStableRescueTest-1076413722-project-member] Wrote chunk 890889e3-aeeb-464b-a650-e223b41dd526-00001 (1/?) of length 23527424 to Swift returning MD5 of content: 4fa343ee581d8d2e78533191fd1ac3e1 {{(pid=102838) add /opt/stack/data/venv/lib/python3.12/site-packages/glance_store/_drivers/swift/store.py:1059}}
Jul 06 21:51:33.267768 np0000004676 devstack@g-api.service[102838]: DEBUG glance_store._drivers.swift.store [None req-fbe67ae8-4253-4914-a74b-dfc0ec8d0db4 tempest-ServerBootFromVolumeStableRescueTest-1076413722 tempest-ServerBootFromVolumeStableRescueTest-1076413722-project-member] Not writing zero-length chunk. {{(pid=102838) add /opt/stack/data/venv/lib/python3.12/site-packages/glance_store/_drivers/swift/store.py:1028}}
Jul 06 21:51:33.273337 np0000004676 devstack@g-api.service[102840]: DEBUG glance.api.middleware.version_negotiation [None req-e1422a20-6996-4a18-9dc3-66966e0eaacc tempest-ServerBootFromVolumeStableRescueTest-1076413722 tempest-ServerBootFromVolumeStableRescueTest-1076413722-project-member] Determining version of request: GET /v2/images/890889e3-aeeb-464b-a650-e223b41dd526 Accept: application/json {{(pid=102840) process_request /opt/stack/glance/glance/api/middleware/version_negotiation.py:44}}
Jul 06 21:51:33.273732 np0000004676 devstack@g-api.service[102840]: DEBUG glance.api.middleware.version_negotiation [None req-e1422a20-6996-4a18-9dc3-66966e0eaacc tempest-ServerBootFromVolumeStableRescueTest-1076413722 tempest-ServerBootFromVolumeStableRescueTest-1076413722-project-member] Using url versioning {{(pid=102840) process_request /opt/stack/glance/glance/api/middleware/version_negotiation.py:57}}
Jul 06 21:51:33.273732 np0000004676 devstack@g-api.service[102840]: DEBUG glance.api.middleware.version_negotiation [None req-e1422a20-6996-4a18-9dc3-66966e0eaacc tempest-ServerBootFromVolumeStableRescueTest-1076413722 tempest-ServerBootFromVolumeStableRescueTest-1076413722-project-member] Matched version: v2 {{(pid=102840) process_request /opt/stack/glance/glance/api/middleware/version_negotiation.py:69}}
Jul 06 21:51:33.273856 np0000004676 devstack@g-api.service[102840]: DEBUG glance.api.middleware.version_negotiation [None req-e1422a20-6996-4a18-9dc3-66966e0eaacc tempest-ServerBootFromVolumeStableRescueTest-1076413722 tempest-ServerBootFromVolumeStableRescueTest-1076413722-project-member] new path /v2/images/890889e3-aeeb-464b-a650-e223b41dd526 {{(pid=102840) process_request /opt/stack/glance/glance/api/middleware/version_negotiation.py:70}}
Jul 06 21:51:33.286040 np0000004676 devstack@g-api.service[102840]: [pid: 102840|app: 0|req: 28/104] 127.0.0.1 () {40 vars in 838 bytes} [Mon Jul 6 21:51:33 2026] GET /v2/images/890889e3-aeeb-464b-a650-e223b41dd526 => generated 1470 bytes in 13 msecs (HTTP/1.1 200) 4 headers in 158 bytes (1 switches on core 0)
Jul 06 21:51:33.293897 np0000004676 devstack@g-api.service[102838]: DEBUG swiftclient [None req-fbe67ae8-4253-4914-a74b-dfc0ec8d0db4 tempest-ServerBootFromVolumeStableRescueTest-1076413722 tempest-ServerBootFromVolumeStableRescueTest-1076413722-project-member] REQ: curl -i https://10.4.3.174:8080/v1/AUTH_bc0b5eee225c484097d44db822949658/glance/890889e3-aeeb-464b-a650-e223b41dd526 -X PUT -H "X-Object-Manifest: glance/890889e3-aeeb-464b-a650-e223b41dd526-" -H "X-Auth-Token: gAAAAABqTCNkK0qF..." -H "Content-Length: 0" {{(pid=102838) http_log /opt/stack/data/venv/lib/python3.12/site-packages/swiftclient/client.py:160}}
Jul 06 21:51:33.294040 np0000004676 devstack@g-api.service[102838]: DEBUG swiftclient [None req-fbe67ae8-4253-4914-a74b-dfc0ec8d0db4 tempest-ServerBootFromVolumeStableRescueTest-1076413722 tempest-ServerBootFromVolumeStableRescueTest-1076413722-project-member] RESP STATUS: 201 Created {{(pid=102838) http_log /opt/stack/data/venv/lib/python3.12/site-packages/swiftclient/client.py:161}}
Jul 06 21:51:33.294209 np0000004676 devstack@g-api.service[102838]: DEBUG swiftclient [None req-fbe67ae8-4253-4914-a74b-dfc0ec8d0db4 tempest-ServerBootFromVolumeStableRescueTest-1076413722 tempest-ServerBootFromVolumeStableRescueTest-1076413722-project-member] RESP HEADERS: {'Date': 'Mon, 06 Jul 2026 21:51:33 GMT', 'Server': 'Apache/2.4.58 (Ubuntu)', 'Content-Type': 'text/html; charset=UTF-8', 'Content-Length': '0', 'Etag': 'd41d8cd98f00b204e9800998ecf8427e', 'Last-Modified': 'Mon, 06 Jul 2026 21:51:34 GMT', 'X-Trans-Id': 'txedd32c8af17d41e3bb9cd-006a4c2365', 'X-Openstack-Request-Id': 'txedd32c8af17d41e3bb9cd-006a4c2365', 'Connection': 'close'} {{(pid=102838) http_log /opt/stack/data/venv/lib/python3.12/site-packages/swiftclient/client.py:162}}
Jul 06 21:51:33.294708 np0000004676 devstack@g-api.service[102838]: INFO glance.location [None req-fbe67ae8-4253-4914-a74b-dfc0ec8d0db4 tempest-ServerBootFromVolumeStableRescueTest-1076413722 tempest-ServerBootFromVolumeStableRescueTest-1076413722-project-member] Image format matched and virtual size computed: 1073741824
Jul 06 21:51:33.296607 np0000004676 devstack@g-api.service[102841]: [pid: 102841|app: 0|req: 26/105] 127.0.0.1 () {46 vars in 1055 bytes} [Mon Jul 6 21:51:32 2026] POST /v2/images => generated 1333 bytes in 858 msecs (HTTP/1.1 201) 6 headers in 316 bytes (1 switches on core 0)
Jul 06 21:51:33.347733 np0000004676 devstack@g-api.service[102838]: DEBUG glance_store.backend [None req-fbe67ae8-4253-4914-a74b-dfc0ec8d0db4 tempest-ServerBootFromVolumeStableRescueTest-1076413722 tempest-ServerBootFromVolumeStableRescueTest-1076413722-project-member] Attempting to import store swift {{(pid=102838) _load_store /opt/stack/data/venv/lib/python3.12/site-packages/glance_store/backend.py:215}}
Jul 06 21:51:33.348999 np0000004676 devstack@g-api.service[102838]: DEBUG glance_store.capabilities [None req-fbe67ae8-4253-4914-a74b-dfc0ec8d0db4 tempest-ServerBootFromVolumeStableRescueTest-1076413722 tempest-ServerBootFromVolumeStableRescueTest-1076413722-project-member] Store glance_store._drivers.swift.store.SingleTenantStore doesn't support updating dynamic storage capabilities. Please overwrite 'update_capabilities' method of the store to implement updating logics if needed. {{(pid=102838) update_capabilities /opt/stack/data/venv/lib/python3.12/site-packages/glance_store/capabilities.py:91}}
Jul 06 21:51:33.349096 np0000004676 devstack@g-api.service[102838]: DEBUG glance_store.driver [None req-fbe67ae8-4253-4914-a74b-dfc0ec8d0db4 tempest-ServerBootFromVolumeStableRescueTest-1076413722 tempest-ServerBootFromVolumeStableRescueTest-1076413722-project-member] Late loading location class glance_store._drivers.swift.store.StoreLocation {{(pid=102838) get_store_location_class /opt/stack/data/venv/lib/python3.12/site-packages/glance_store/driver.py:134}}
Jul 06 21:51:33.349213 np0000004676 devstack@g-api.service[102838]: DEBUG glance_store.location [None req-fbe67ae8-4253-4914-a74b-dfc0ec8d0db4 tempest-ServerBootFromVolumeStableRescueTest-1076413722 tempest-ServerBootFromVolumeStableRescueTest-1076413722-project-member] Registering scheme swift+https with {'store': , 'location_class': , 'store_entry': 'swift'} {{(pid=102838) register_scheme_map /opt/stack/data/venv/lib/python3.12/site-packages/glance_store/location.py:146}}
Jul 06 21:51:33.349353 np0000004676 devstack@g-api.service[102838]: DEBUG glance_store.location [None req-fbe67ae8-4253-4914-a74b-dfc0ec8d0db4 tempest-ServerBootFromVolumeStableRescueTest-1076413722 tempest-ServerBootFromVolumeStableRescueTest-1076413722-project-member] Registering scheme swift+https with {'store': , 'location_class': , 'store_entry': 'swift'} {{(pid=102838) register_scheme_map /opt/stack/data/venv/lib/python3.12/site-packages/glance_store/location.py:146}}
Jul 06 21:51:33.349462 np0000004676 devstack@g-api.service[102838]: DEBUG glance_store.location [None req-fbe67ae8-4253-4914-a74b-dfc0ec8d0db4 tempest-ServerBootFromVolumeStableRescueTest-1076413722 tempest-ServerBootFromVolumeStableRescueTest-1076413722-project-member] Registering scheme swift with {'store': , 'location_class': , 'store_entry': 'swift'} {{(pid=102838) register_scheme_map /opt/stack/data/venv/lib/python3.12/site-packages/glance_store/location.py:146}}
Jul 06 21:51:33.349590 np0000004676 devstack@g-api.service[102838]: DEBUG glance_store.location [None req-fbe67ae8-4253-4914-a74b-dfc0ec8d0db4 tempest-ServerBootFromVolumeStableRescueTest-1076413722 tempest-ServerBootFromVolumeStableRescueTest-1076413722-project-member] Registering scheme swift+https with {'store': , 'location_class': , 'store_entry': 'swift'} {{(pid=102838) register_scheme_map /opt/stack/data/venv/lib/python3.12/site-packages/glance_store/location.py:146}}
Jul 06 21:51:33.349663 np0000004676 devstack@g-api.service[102838]: DEBUG glance_store.location [None req-fbe67ae8-4253-4914-a74b-dfc0ec8d0db4 tempest-ServerBootFromVolumeStableRescueTest-1076413722 tempest-ServerBootFromVolumeStableRescueTest-1076413722-project-member] Registering scheme swift with {'store': , 'location_class': , 'store_entry': 'swift'} {{(pid=102838) register_scheme_map /opt/stack/data/venv/lib/python3.12/site-packages/glance_store/location.py:146}}
Jul 06 21:51:33.349780 np0000004676 devstack@g-api.service[102838]: DEBUG glance_store.location [None req-fbe67ae8-4253-4914-a74b-dfc0ec8d0db4 tempest-ServerBootFromVolumeStableRescueTest-1076413722 tempest-ServerBootFromVolumeStableRescueTest-1076413722-project-member] Registering scheme swift+http with {'store': , 'location_class': , 'store_entry': 'swift'} {{(pid=102838) register_scheme_map /opt/stack/data/venv/lib/python3.12/site-packages/glance_store/location.py:146}}
Jul 06 21:51:33.349780 np0000004676 devstack@g-api.service[102838]: DEBUG glance_store.location [None req-fbe67ae8-4253-4914-a74b-dfc0ec8d0db4 tempest-ServerBootFromVolumeStableRescueTest-1076413722 tempest-ServerBootFromVolumeStableRescueTest-1076413722-project-member] Registering scheme swift+https with {'store': , 'location_class': , 'store_entry': 'swift'} {{(pid=102838) register_scheme_map /opt/stack/data/venv/lib/python3.12/site-packages/glance_store/location.py:146}}
Jul 06 21:51:33.349878 np0000004676 devstack@g-api.service[102838]: DEBUG glance_store.location [None req-fbe67ae8-4253-4914-a74b-dfc0ec8d0db4 tempest-ServerBootFromVolumeStableRescueTest-1076413722 tempest-ServerBootFromVolumeStableRescueTest-1076413722-project-member] Registering scheme swift with {'store': , 'location_class': , 'store_entry': 'swift'} {{(pid=102838) register_scheme_map /opt/stack/data/venv/lib/python3.12/site-packages/glance_store/location.py:146}}
Jul 06 21:51:33.349914 np0000004676 devstack@g-api.service[102838]: DEBUG glance_store.location [None req-fbe67ae8-4253-4914-a74b-dfc0ec8d0db4 tempest-ServerBootFromVolumeStableRescueTest-1076413722 tempest-ServerBootFromVolumeStableRescueTest-1076413722-project-member] Registering scheme swift+http with {'store': , 'location_class': , 'store_entry': 'swift'} {{(pid=102838) register_scheme_map /opt/stack/data/venv/lib/python3.12/site-packages/glance_store/location.py:146}}
Jul 06 21:51:33.349975 np0000004676 devstack@g-api.service[102838]: DEBUG glance_store.location [None req-fbe67ae8-4253-4914-a74b-dfc0ec8d0db4 tempest-ServerBootFromVolumeStableRescueTest-1076413722 tempest-ServerBootFromVolumeStableRescueTest-1076413722-project-member] Registering scheme swift+config with {'store': , 'location_class': , 'store_entry': 'swift'} {{(pid=102838) register_scheme_map /opt/stack/data/venv/lib/python3.12/site-packages/glance_store/location.py:146}}
Jul 06 21:51:33.350087 np0000004676 devstack@g-api.service[102838]: DEBUG glance_store.backend [None req-fbe67ae8-4253-4914-a74b-dfc0ec8d0db4 tempest-ServerBootFromVolumeStableRescueTest-1076413722 tempest-ServerBootFromVolumeStableRescueTest-1076413722-project-member] Skipping store.set_acls... not implemented. {{(pid=102838) set_acls /opt/stack/data/venv/lib/python3.12/site-packages/glance_store/backend.py:507}}
Jul 06 21:51:33.351909 np0000004676 devstack@g-api.service[102838]: [pid: 102838|app: 0|req: 25/106] 127.0.0.1 () {46 vars in 1158 bytes} [Mon Jul 6 21:51:30 2026] PUT /v2/images/890889e3-aeeb-464b-a650-e223b41dd526/file => generated 0 bytes in 2382 msecs (HTTP/1.1 204) 4 headers in 171 bytes (1 switches on core 0)
Jul 06 21:51:33.395282 np0000004676 devstack@g-api.service[102839]: DEBUG glance.api.middleware.version_negotiation [None req-4991aff1-170a-45a7-bbae-0feab0c3965f tempest-ServerStableDeviceRescueTest-305464573 tempest-ServerStableDeviceRescueTest-305464573-project-member] Determining version of request: GET /v2/images/890889e3-aeeb-464b-a650-e223b41dd526 Accept: */* {{(pid=102839) process_request /opt/stack/glance/glance/api/middleware/version_negotiation.py:44}}
Jul 06 21:51:33.395282 np0000004676 devstack@g-api.service[102839]: DEBUG glance.api.middleware.version_negotiation [None req-4991aff1-170a-45a7-bbae-0feab0c3965f tempest-ServerStableDeviceRescueTest-305464573 tempest-ServerStableDeviceRescueTest-305464573-project-member] Using url versioning {{(pid=102839) process_request /opt/stack/glance/glance/api/middleware/version_negotiation.py:57}}
Jul 06 21:51:33.395282 np0000004676 devstack@g-api.service[102839]: DEBUG glance.api.middleware.version_negotiation [None req-4991aff1-170a-45a7-bbae-0feab0c3965f tempest-ServerStableDeviceRescueTest-305464573 tempest-ServerStableDeviceRescueTest-305464573-project-member] Matched version: v2 {{(pid=102839) process_request /opt/stack/glance/glance/api/middleware/version_negotiation.py:69}}
Jul 06 21:51:33.395282 np0000004676 devstack@g-api.service[102839]: DEBUG glance.api.middleware.version_negotiation [None req-4991aff1-170a-45a7-bbae-0feab0c3965f tempest-ServerStableDeviceRescueTest-305464573 tempest-ServerStableDeviceRescueTest-305464573-project-member] new path /v2/images/890889e3-aeeb-464b-a650-e223b41dd526 {{(pid=102839) process_request /opt/stack/glance/glance/api/middleware/version_negotiation.py:70}}
Jul 06 21:51:33.408774 np0000004676 devstack@g-api.service[102839]: [pid: 102839|app: 0|req: 28/107] 127.0.0.1 () {44 vars in 1115 bytes} [Mon Jul 6 21:51:33 2026] GET /v2/images/890889e3-aeeb-464b-a650-e223b41dd526 => generated 1640 bytes in 14 msecs (HTTP/1.1 200) 4 headers in 158 bytes (1 switches on core 0)
Jul 06 21:51:33.436826 np0000004676 devstack@g-api.service[102840]: DEBUG glance.api.middleware.version_negotiation [None req-16afea5e-c353-46d1-9d0a-8b1a1e917e85 tempest-ServerBootFromVolumeStableRescueTest-1076413722 tempest-ServerBootFromVolumeStableRescueTest-1076413722-project-member] Determining version of request: GET /v2/images/071c39cb-0370-4878-8e8e-d49d228d7776 Accept: */* {{(pid=102840) process_request /opt/stack/glance/glance/api/middleware/version_negotiation.py:44}}
Jul 06 21:51:33.437058 np0000004676 devstack@g-api.service[102840]: DEBUG glance.api.middleware.version_negotiation [None req-16afea5e-c353-46d1-9d0a-8b1a1e917e85 tempest-ServerBootFromVolumeStableRescueTest-1076413722 tempest-ServerBootFromVolumeStableRescueTest-1076413722-project-member] Using url versioning {{(pid=102840) process_request /opt/stack/glance/glance/api/middleware/version_negotiation.py:57}}
Jul 06 21:51:33.437201 np0000004676 devstack@g-api.service[102840]: DEBUG glance.api.middleware.version_negotiation [None req-16afea5e-c353-46d1-9d0a-8b1a1e917e85 tempest-ServerBootFromVolumeStableRescueTest-1076413722 tempest-ServerBootFromVolumeStableRescueTest-1076413722-project-member] Matched version: v2 {{(pid=102840) process_request /opt/stack/glance/glance/api/middleware/version_negotiation.py:69}}
Jul 06 21:51:33.437349 np0000004676 devstack@g-api.service[102840]: DEBUG glance.api.middleware.version_negotiation [None req-16afea5e-c353-46d1-9d0a-8b1a1e917e85 tempest-ServerBootFromVolumeStableRescueTest-1076413722 tempest-ServerBootFromVolumeStableRescueTest-1076413722-project-member] new path /v2/images/071c39cb-0370-4878-8e8e-d49d228d7776 {{(pid=102840) process_request /opt/stack/glance/glance/api/middleware/version_negotiation.py:70}}
Jul 06 21:51:33.438954 np0000004676 devstack@g-api.service[102841]: DEBUG glance.api.middleware.version_negotiation [None req-4991aff1-170a-45a7-bbae-0feab0c3965f tempest-ServerStableDeviceRescueTest-305464573 tempest-ServerStableDeviceRescueTest-305464573-project-member] Determining version of request: GET /v2/schemas/image Accept: */* {{(pid=102841) process_request /opt/stack/glance/glance/api/middleware/version_negotiation.py:44}}
Jul 06 21:51:33.439138 np0000004676 devstack@g-api.service[102841]: DEBUG glance.api.middleware.version_negotiation [None req-4991aff1-170a-45a7-bbae-0feab0c3965f tempest-ServerStableDeviceRescueTest-305464573 tempest-ServerStableDeviceRescueTest-305464573-project-member] Using url versioning {{(pid=102841) process_request /opt/stack/glance/glance/api/middleware/version_negotiation.py:57}}
Jul 06 21:51:33.439297 np0000004676 devstack@g-api.service[102841]: DEBUG glance.api.middleware.version_negotiation [None req-4991aff1-170a-45a7-bbae-0feab0c3965f tempest-ServerStableDeviceRescueTest-305464573 tempest-ServerStableDeviceRescueTest-305464573-project-member] Matched version: v2 {{(pid=102841) process_request /opt/stack/glance/glance/api/middleware/version_negotiation.py:69}}
Jul 06 21:51:33.439403 np0000004676 devstack@g-api.service[102841]: DEBUG glance.api.middleware.version_negotiation [None req-4991aff1-170a-45a7-bbae-0feab0c3965f tempest-ServerStableDeviceRescueTest-305464573 tempest-ServerStableDeviceRescueTest-305464573-project-member] new path /v2/schemas/image {{(pid=102841) process_request /opt/stack/glance/glance/api/middleware/version_negotiation.py:70}}
Jul 06 21:51:33.441887 np0000004676 devstack@g-api.service[102841]: [pid: 102841|app: 0|req: 27/108] 127.0.0.1 () {44 vars in 1055 bytes} [Mon Jul 6 21:51:33 2026] GET /v2/schemas/image => generated 6083 bytes in 3 msecs (HTTP/1.1 200) 4 headers in 158 bytes (1 switches on core 0)
Jul 06 21:51:33.450152 np0000004676 devstack@g-api.service[102840]: [pid: 102840|app: 0|req: 29/109] 127.0.0.1 () {44 vars in 1115 bytes} [Mon Jul 6 21:51:33 2026] GET /v2/images/071c39cb-0370-4878-8e8e-d49d228d7776 => generated 1333 bytes in 13 msecs (HTTP/1.1 200) 4 headers in 158 bytes (1 switches on core 0)
Jul 06 21:51:33.489718 np0000004676 devstack@g-api.service[102838]: DEBUG glance.api.middleware.version_negotiation [None req-fbe67ae8-4253-4914-a74b-dfc0ec8d0db4 tempest-ServerBootFromVolumeStableRescueTest-1076413722 tempest-ServerBootFromVolumeStableRescueTest-1076413722-project-member] Determining version of request: GET /v2/schemas/image Accept: */* {{(pid=102838) process_request /opt/stack/glance/glance/api/middleware/version_negotiation.py:44}}
Jul 06 21:51:33.489913 np0000004676 devstack@g-api.service[102838]: DEBUG glance.api.middleware.version_negotiation [None req-fbe67ae8-4253-4914-a74b-dfc0ec8d0db4 tempest-ServerBootFromVolumeStableRescueTest-1076413722 tempest-ServerBootFromVolumeStableRescueTest-1076413722-project-member] Using url versioning {{(pid=102838) process_request /opt/stack/glance/glance/api/middleware/version_negotiation.py:57}}
Jul 06 21:51:33.489984 np0000004676 devstack@g-api.service[102838]: DEBUG glance.api.middleware.version_negotiation [None req-fbe67ae8-4253-4914-a74b-dfc0ec8d0db4 tempest-ServerBootFromVolumeStableRescueTest-1076413722 tempest-ServerBootFromVolumeStableRescueTest-1076413722-project-member] Matched version: v2 {{(pid=102838) process_request /opt/stack/glance/glance/api/middleware/version_negotiation.py:69}}
Jul 06 21:51:33.490118 np0000004676 devstack@g-api.service[102838]: DEBUG glance.api.middleware.version_negotiation [None req-fbe67ae8-4253-4914-a74b-dfc0ec8d0db4 tempest-ServerBootFromVolumeStableRescueTest-1076413722 tempest-ServerBootFromVolumeStableRescueTest-1076413722-project-member] new path /v2/schemas/image {{(pid=102838) process_request /opt/stack/glance/glance/api/middleware/version_negotiation.py:70}}
Jul 06 21:51:33.492839 np0000004676 devstack@g-api.service[102838]: [pid: 102838|app: 0|req: 26/110] 127.0.0.1 () {44 vars in 1055 bytes} [Mon Jul 6 21:51:33 2026] GET /v2/schemas/image => generated 6083 bytes in 3 msecs (HTTP/1.1 200) 4 headers in 158 bytes (1 switches on core 0)
Jul 06 21:51:34.295795 np0000004676 devstack@g-api.service[102839]: DEBUG glance.api.middleware.version_negotiation [None req-fbe67ae8-4253-4914-a74b-dfc0ec8d0db4 tempest-ServerBootFromVolumeStableRescueTest-1076413722 tempest-ServerBootFromVolumeStableRescueTest-1076413722-project-member] Determining version of request: GET /v2/images/890889e3-aeeb-464b-a650-e223b41dd526 Accept: application/json {{(pid=102839) process_request /opt/stack/glance/glance/api/middleware/version_negotiation.py:44}}
Jul 06 21:51:34.296514 np0000004676 devstack@g-api.service[102839]: DEBUG glance.api.middleware.version_negotiation [None req-fbe67ae8-4253-4914-a74b-dfc0ec8d0db4 tempest-ServerBootFromVolumeStableRescueTest-1076413722 tempest-ServerBootFromVolumeStableRescueTest-1076413722-project-member] Using url versioning {{(pid=102839) process_request /opt/stack/glance/glance/api/middleware/version_negotiation.py:57}}
Jul 06 21:51:34.296741 np0000004676 devstack@g-api.service[102839]: DEBUG glance.api.middleware.version_negotiation [None req-fbe67ae8-4253-4914-a74b-dfc0ec8d0db4 tempest-ServerBootFromVolumeStableRescueTest-1076413722 tempest-ServerBootFromVolumeStableRescueTest-1076413722-project-member] Matched version: v2 {{(pid=102839) process_request /opt/stack/glance/glance/api/middleware/version_negotiation.py:69}}
Jul 06 21:51:34.297421 np0000004676 devstack@g-api.service[102839]: DEBUG glance.api.middleware.version_negotiation [None req-fbe67ae8-4253-4914-a74b-dfc0ec8d0db4 tempest-ServerBootFromVolumeStableRescueTest-1076413722 tempest-ServerBootFromVolumeStableRescueTest-1076413722-project-member] new path /v2/images/890889e3-aeeb-464b-a650-e223b41dd526 {{(pid=102839) process_request /opt/stack/glance/glance/api/middleware/version_negotiation.py:70}}
Jul 06 21:51:34.307784 np0000004676 devstack@g-api.service[102839]: [pid: 102839|app: 0|req: 29/111] 127.0.0.1 () {40 vars in 838 bytes} [Mon Jul 6 21:51:34 2026] GET /v2/images/890889e3-aeeb-464b-a650-e223b41dd526 => generated 1640 bytes in 12 msecs (HTTP/1.1 200) 4 headers in 158 bytes (1 switches on core 0)
Jul 06 21:51:34.316939 np0000004676 devstack@g-api.service[102841]: DEBUG glance.api.middleware.version_negotiation [None req-fbe67ae8-4253-4914-a74b-dfc0ec8d0db4 tempest-ServerBootFromVolumeStableRescueTest-1076413722 tempest-ServerBootFromVolumeStableRescueTest-1076413722-project-member] Determining version of request: GET /v2/images/890889e3-aeeb-464b-a650-e223b41dd526 Accept: application/json {{(pid=102841) process_request /opt/stack/glance/glance/api/middleware/version_negotiation.py:44}}
Jul 06 21:51:34.317287 np0000004676 devstack@g-api.service[102841]: DEBUG glance.api.middleware.version_negotiation [None req-fbe67ae8-4253-4914-a74b-dfc0ec8d0db4 tempest-ServerBootFromVolumeStableRescueTest-1076413722 tempest-ServerBootFromVolumeStableRescueTest-1076413722-project-member] Using url versioning {{(pid=102841) process_request /opt/stack/glance/glance/api/middleware/version_negotiation.py:57}}
Jul 06 21:51:34.317330 np0000004676 devstack@g-api.service[102841]: DEBUG glance.api.middleware.version_negotiation [None req-fbe67ae8-4253-4914-a74b-dfc0ec8d0db4 tempest-ServerBootFromVolumeStableRescueTest-1076413722 tempest-ServerBootFromVolumeStableRescueTest-1076413722-project-member] Matched version: v2 {{(pid=102841) process_request /opt/stack/glance/glance/api/middleware/version_negotiation.py:69}}
Jul 06 21:51:34.317467 np0000004676 devstack@g-api.service[102841]: DEBUG glance.api.middleware.version_negotiation [None req-fbe67ae8-4253-4914-a74b-dfc0ec8d0db4 tempest-ServerBootFromVolumeStableRescueTest-1076413722 tempest-ServerBootFromVolumeStableRescueTest-1076413722-project-member] new path /v2/images/890889e3-aeeb-464b-a650-e223b41dd526 {{(pid=102841) process_request /opt/stack/glance/glance/api/middleware/version_negotiation.py:70}}
Jul 06 21:51:34.330276 np0000004676 devstack@g-api.service[102841]: [pid: 102841|app: 0|req: 28/112] 127.0.0.1 () {40 vars in 838 bytes} [Mon Jul 6 21:51:34 2026] GET /v2/images/890889e3-aeeb-464b-a650-e223b41dd526 => generated 1640 bytes in 13 msecs (HTTP/1.1 200) 4 headers in 158 bytes (1 switches on core 0)
Jul 06 21:51:34.563451 np0000004676 devstack@g-api.service[102840]: DEBUG glance.api.middleware.version_negotiation [None req-1ca1bad4-5314-4dbc-a227-1838eb148d1f tempest-ServerStableDeviceRescueTest-305464573 tempest-ServerStableDeviceRescueTest-305464573-project-member] Determining version of request: GET /v2/images/071c39cb-0370-4878-8e8e-d49d228d7776 Accept: */* {{(pid=102840) process_request /opt/stack/glance/glance/api/middleware/version_negotiation.py:44}}
Jul 06 21:51:34.563857 np0000004676 devstack@g-api.service[102840]: DEBUG glance.api.middleware.version_negotiation [None req-1ca1bad4-5314-4dbc-a227-1838eb148d1f tempest-ServerStableDeviceRescueTest-305464573 tempest-ServerStableDeviceRescueTest-305464573-project-member] Using url versioning {{(pid=102840) process_request /opt/stack/glance/glance/api/middleware/version_negotiation.py:57}}
Jul 06 21:51:34.563857 np0000004676 devstack@g-api.service[102840]: DEBUG glance.api.middleware.version_negotiation [None req-1ca1bad4-5314-4dbc-a227-1838eb148d1f tempest-ServerStableDeviceRescueTest-305464573 tempest-ServerStableDeviceRescueTest-305464573-project-member] Matched version: v2 {{(pid=102840) process_request /opt/stack/glance/glance/api/middleware/version_negotiation.py:69}}
Jul 06 21:51:34.563857 np0000004676 devstack@g-api.service[102840]: DEBUG glance.api.middleware.version_negotiation [None req-1ca1bad4-5314-4dbc-a227-1838eb148d1f tempest-ServerStableDeviceRescueTest-305464573 tempest-ServerStableDeviceRescueTest-305464573-project-member] new path /v2/images/071c39cb-0370-4878-8e8e-d49d228d7776 {{(pid=102840) process_request /opt/stack/glance/glance/api/middleware/version_negotiation.py:70}}
Jul 06 21:51:34.574746 np0000004676 devstack@g-api.service[102840]: [pid: 102840|app: 0|req: 30/113] 127.0.0.1 () {44 vars in 1115 bytes} [Mon Jul 6 21:51:34 2026] GET /v2/images/071c39cb-0370-4878-8e8e-d49d228d7776 => generated 1333 bytes in 11 msecs (HTTP/1.1 200) 4 headers in 158 bytes (1 switches on core 0)
Jul 06 21:51:34.608735 np0000004676 devstack@g-api.service[102838]: DEBUG glance.api.middleware.version_negotiation [None req-1ca1bad4-5314-4dbc-a227-1838eb148d1f tempest-ServerStableDeviceRescueTest-305464573 tempest-ServerStableDeviceRescueTest-305464573-project-member] Determining version of request: GET /v2/schemas/image Accept: */* {{(pid=102838) process_request /opt/stack/glance/glance/api/middleware/version_negotiation.py:44}}
