Jul 06 21:47:53.507544 np0000004676 systemd[1]: Starting devstack@n-api-meta.service - Devstack devstack@n-api-meta.service...
Jul 06 21:47:53.512634 np0000004676 devstack@n-api-meta.service[95839]: [uWSGI] getting INI configuration from /etc/nova/nova-metadata-uwsgi.ini
Jul 06 21:47:53.514935 np0000004676 devstack@n-api-meta.service[95839]: *** Starting uWSGI 2.0.24-debian (64bit) on [Mon Jul 6 21:47:53 2026] ***
Jul 06 21:47:53.514935 np0000004676 devstack@n-api-meta.service[95839]: compiled with version: 13.2.0 on 17 April 2024 16:23:48
Jul 06 21:47:53.514935 np0000004676 devstack@n-api-meta.service[95839]: os: Linux-6.8.0-100-generic #100-Ubuntu SMP PREEMPT_DYNAMIC Tue Jan 13 16:40:06 UTC 2026
Jul 06 21:47:53.514935 np0000004676 devstack@n-api-meta.service[95839]: nodename: np0000004676
Jul 06 21:47:53.514935 np0000004676 devstack@n-api-meta.service[95839]: machine: x86_64
Jul 06 21:47:53.514935 np0000004676 devstack@n-api-meta.service[95839]: clock source: unix
Jul 06 21:47:53.514935 np0000004676 devstack@n-api-meta.service[95839]: pcre jit disabled
Jul 06 21:47:53.514935 np0000004676 devstack@n-api-meta.service[95839]: detected number of CPU cores: 16
Jul 06 21:47:53.514935 np0000004676 devstack@n-api-meta.service[95839]: current working directory: /
Jul 06 21:47:53.514935 np0000004676 devstack@n-api-meta.service[95839]: detected binary path: /usr/bin/uwsgi-core
Jul 06 21:47:53.514935 np0000004676 devstack@n-api-meta.service[95839]: your processes number limit is 257052
Jul 06 21:47:53.514935 np0000004676 devstack@n-api-meta.service[95839]: your memory page size is 4096 bytes
Jul 06 21:47:53.514935 np0000004676 devstack@n-api-meta.service[95839]: detected max file descriptor number: 2048
Jul 06 21:47:53.514935 np0000004676 devstack@n-api-meta.service[95839]: lock engine: pthread robust mutexes
Jul 06 21:47:53.515432 np0000004676 devstack@n-api-meta.service[95839]: thunder lock: enabled
Jul 06 21:47:53.515676 np0000004676 devstack@n-api-meta.service[95839]: uWSGI http bound on 0.0.0.0:8775 fd 5
Jul 06 21:47:53.515725 np0000004676 devstack@n-api-meta.service[95839]: uwsgi socket 0 bound to TCP address 127.0.0.1:33371 (port auto-assigned) fd 4
Jul 06 21:47:53.515725 np0000004676 devstack@n-api-meta.service[95839]: Python version: 3.12.3 (main, Jun 19 2026, 12:46:00) [GCC 13.3.0]
Jul 06 21:47:53.515773 np0000004676 devstack@n-api-meta.service[95839]: PEP 405 virtualenv detected: /opt/stack/data/venv
Jul 06 21:47:53.515773 np0000004676 devstack@n-api-meta.service[95839]: Set PythonHome to /opt/stack/data/venv
Jul 06 21:47:53.548261 np0000004676 devstack@n-api-meta.service[95839]: Python main interpreter initialized at 0x7d6f9b8a4668
Jul 06 21:47:53.548261 np0000004676 devstack@n-api-meta.service[95839]: python threads support enabled
Jul 06 21:47:53.548261 np0000004676 devstack@n-api-meta.service[95839]: your server socket listen backlog is limited to 100 connections
Jul 06 21:47:53.548261 np0000004676 devstack@n-api-meta.service[95839]: your mercy for graceful operations on workers is 80 seconds
Jul 06 21:47:53.548752 np0000004676 devstack@n-api-meta.service[95839]: mapped 671795 bytes (656 KB) for 4 cores
Jul 06 21:47:53.548886 np0000004676 devstack@n-api-meta.service[95839]: *** Operational MODE: preforking ***
Jul 06 21:47:53.549049 np0000004676 devstack@n-api-meta.service[95839]: *** uWSGI is running in multiple interpreter mode ***
Jul 06 21:47:53.549049 np0000004676 devstack@n-api-meta.service[95839]: spawned uWSGI master process (pid: 95839)
Jul 06 21:47:53.549226 np0000004676 systemd[1]: Started devstack@n-api-meta.service - Devstack devstack@n-api-meta.service.
Jul 06 21:47:53.549684 np0000004676 devstack@n-api-meta.service[95839]: spawned uWSGI worker 1 (pid: 95840, cores: 1)
Jul 06 21:47:53.550240 np0000004676 devstack@n-api-meta.service[95839]: spawned uWSGI worker 2 (pid: 95841, cores: 1)
Jul 06 21:47:53.550886 np0000004676 devstack@n-api-meta.service[95839]: spawned uWSGI worker 3 (pid: 95842, cores: 1)
Jul 06 21:47:53.551352 np0000004676 devstack@n-api-meta.service[95839]: spawned uWSGI worker 4 (pid: 95843, cores: 1)
Jul 06 21:47:53.551812 np0000004676 devstack@n-api-meta.service[95839]: spawned uWSGI http 1 (pid: 95844)
Jul 06 21:47:53.551812 np0000004676 devstack@n-api-meta.service[95839]: running "unix_signal:15 gracefully_kill_them_all" (master-start)...
Jul 06 21:47:55.389142 np0000004676 devstack@n-api-meta.service[95842]: INFO dbcounter [None req-9026498d-f357-46c3-b158-e1fad93b0575 None None] Registered counter for database nova_api
Jul 06 21:47:55.438961 np0000004676 devstack@n-api-meta.service[95842]: DEBUG oslo_db.sqlalchemy.engines [None req-9026498d-f357-46c3-b158-e1fad93b0575 None None] MySQL server mode set to STRICT_TRANS_TABLES,STRICT_ALL_TABLES,NO_ZERO_IN_DATE,NO_ZERO_DATE,ERROR_FOR_DIVISION_BY_ZERO,TRADITIONAL,NO_ENGINE_SUBSTITUTION {{(pid=95842) _check_effective_sql_mode /opt/stack/data/venv/lib/python3.12/site-packages/oslo_db/sqlalchemy/engines.py:325}}
Jul 06 21:47:55.453054 np0000004676 devstack@n-api-meta.service[95841]: INFO dbcounter [None req-47ebcd53-1ae8-41d3-ae05-c724d8d339e0 None None] Registered counter for database nova_api
Jul 06 21:47:55.470407 np0000004676 devstack@n-api-meta.service[95842]: DEBUG dbcounter [-] [95842] Writer thread running {{(pid=95842) stat_writer /opt/stack/data/venv/lib/python3.12/site-packages/dbcounter.py:102}}
Jul 06 21:47:55.473418 np0000004676 devstack@n-api-meta.service[95842]: DEBUG nova.context [None req-9026498d-f357-46c3-b158-e1fad93b0575 None None] Found 2 cells: 00000000-0000-0000-0000-000000000000(cell0),fd6104fe-9127-4f11-a746-029786581989(cell1) {{(pid=95842) load_cells /opt/stack/nova/nova/context.py:509}}
Jul 06 21:47:55.473701 np0000004676 devstack@n-api-meta.service[95842]: INFO nova.utils [None req-9026498d-f357-46c3-b158-e1fad93b0575 None None] The cell worker thread pool MainProcess.cell_worker is initialized
Jul 06 21:47:55.476086 np0000004676 devstack@n-api-meta.service[95842]: DEBUG oslo_concurrency.lockutils [None req-9026498d-f357-46c3-b158-e1fad93b0575 None None] Acquiring lock "00000000-0000-0000-0000-000000000000" by "nova.context.set_target_cell..get_or_set_cached_cell_and_set_connections" {{(pid=95842) inner /opt/stack/data/venv/lib/python3.12/site-packages/oslo_concurrency/lockutils.py:511}}
Jul 06 21:47:55.476086 np0000004676 devstack@n-api-meta.service[95842]: DEBUG oslo_concurrency.lockutils [None req-9026498d-f357-46c3-b158-e1fad93b0575 None None] Lock "00000000-0000-0000-0000-000000000000" acquired by "nova.context.set_target_cell..get_or_set_cached_cell_and_set_connections" :: waited 0.000s {{(pid=95842) inner /opt/stack/data/venv/lib/python3.12/site-packages/oslo_concurrency/lockutils.py:524}}
Jul 06 21:47:55.476086 np0000004676 devstack@n-api-meta.service[95842]: DEBUG oslo_concurrency.lockutils [None req-9026498d-f357-46c3-b158-e1fad93b0575 None None] Lock "00000000-0000-0000-0000-000000000000" "released" by "nova.context.set_target_cell..get_or_set_cached_cell_and_set_connections" :: held 0.000s {{(pid=95842) inner /opt/stack/data/venv/lib/python3.12/site-packages/oslo_concurrency/lockutils.py:543}}
Jul 06 21:47:55.477098 np0000004676 devstack@n-api-meta.service[95842]: DEBUG oslo_concurrency.lockutils [None req-9026498d-f357-46c3-b158-e1fad93b0575 None None] Acquiring lock "fd6104fe-9127-4f11-a746-029786581989" by "nova.context.set_target_cell..get_or_set_cached_cell_and_set_connections" {{(pid=95842) inner /opt/stack/data/venv/lib/python3.12/site-packages/oslo_concurrency/lockutils.py:511}}
Jul 06 21:47:55.477783 np0000004676 devstack@n-api-meta.service[95842]: DEBUG oslo_concurrency.lockutils [None req-9026498d-f357-46c3-b158-e1fad93b0575 None None] Lock "fd6104fe-9127-4f11-a746-029786581989" acquired by "nova.context.set_target_cell..get_or_set_cached_cell_and_set_connections" :: waited 0.000s {{(pid=95842) inner /opt/stack/data/venv/lib/python3.12/site-packages/oslo_concurrency/lockutils.py:524}}
Jul 06 21:47:55.477999 np0000004676 devstack@n-api-meta.service[95842]: DEBUG oslo_concurrency.lockutils [None req-9026498d-f357-46c3-b158-e1fad93b0575 None None] Lock "fd6104fe-9127-4f11-a746-029786581989" "released" by "nova.context.set_target_cell..get_or_set_cached_cell_and_set_connections" :: held 0.001s {{(pid=95842) inner /opt/stack/data/venv/lib/python3.12/site-packages/oslo_concurrency/lockutils.py:543}}
Jul 06 21:47:55.480346 np0000004676 devstack@n-api-meta.service[95842]: INFO dbcounter [None req-9026498d-f357-46c3-b158-e1fad93b0575 None None] Registered counter for database nova_cell0
Jul 06 21:47:55.483614 np0000004676 devstack@n-api-meta.service[95842]: INFO dbcounter [None req-9026498d-f357-46c3-b158-e1fad93b0575 None None] Registered counter for database nova_cell1
Jul 06 21:47:55.518746 np0000004676 devstack@n-api-meta.service[95841]: DEBUG oslo_db.sqlalchemy.engines [None req-47ebcd53-1ae8-41d3-ae05-c724d8d339e0 None None] MySQL server mode set to STRICT_TRANS_TABLES,STRICT_ALL_TABLES,NO_ZERO_IN_DATE,NO_ZERO_DATE,ERROR_FOR_DIVISION_BY_ZERO,TRADITIONAL,NO_ENGINE_SUBSTITUTION {{(pid=95841) _check_effective_sql_mode /opt/stack/data/venv/lib/python3.12/site-packages/oslo_db/sqlalchemy/engines.py:325}}
Jul 06 21:47:55.530416 np0000004676 devstack@n-api-meta.service[95842]: DEBUG oslo_db.sqlalchemy.engines [None req-9026498d-f357-46c3-b158-e1fad93b0575 None None] MySQL server mode set to STRICT_TRANS_TABLES,STRICT_ALL_TABLES,NO_ZERO_IN_DATE,NO_ZERO_DATE,ERROR_FOR_DIVISION_BY_ZERO,TRADITIONAL,NO_ENGINE_SUBSTITUTION {{(pid=95842) _check_effective_sql_mode /opt/stack/data/venv/lib/python3.12/site-packages/oslo_db/sqlalchemy/engines.py:325}}
Jul 06 21:47:55.551939 np0000004676 devstack@n-api-meta.service[95841]: DEBUG dbcounter [-] [95841] Writer thread running {{(pid=95841) stat_writer /opt/stack/data/venv/lib/python3.12/site-packages/dbcounter.py:102}}
Jul 06 21:47:55.555019 np0000004676 devstack@n-api-meta.service[95841]: DEBUG nova.context [None req-47ebcd53-1ae8-41d3-ae05-c724d8d339e0 None None] Found 2 cells: 00000000-0000-0000-0000-000000000000(cell0),fd6104fe-9127-4f11-a746-029786581989(cell1) {{(pid=95841) load_cells /opt/stack/nova/nova/context.py:509}}
Jul 06 21:47:55.555297 np0000004676 devstack@n-api-meta.service[95841]: INFO nova.utils [None req-47ebcd53-1ae8-41d3-ae05-c724d8d339e0 None None] The cell worker thread pool MainProcess.cell_worker is initialized
Jul 06 21:47:55.557044 np0000004676 devstack@n-api-meta.service[95841]: DEBUG oslo_concurrency.lockutils [None req-47ebcd53-1ae8-41d3-ae05-c724d8d339e0 None None] Acquiring lock "00000000-0000-0000-0000-000000000000" by "nova.context.set_target_cell..get_or_set_cached_cell_and_set_connections" {{(pid=95841) inner /opt/stack/data/venv/lib/python3.12/site-packages/oslo_concurrency/lockutils.py:511}}
Jul 06 21:47:55.557268 np0000004676 devstack@n-api-meta.service[95841]: DEBUG oslo_concurrency.lockutils [None req-47ebcd53-1ae8-41d3-ae05-c724d8d339e0 None None] Lock "00000000-0000-0000-0000-000000000000" acquired by "nova.context.set_target_cell..get_or_set_cached_cell_and_set_connections" :: waited 0.000s {{(pid=95841) inner /opt/stack/data/venv/lib/python3.12/site-packages/oslo_concurrency/lockutils.py:524}}
Jul 06 21:47:55.557717 np0000004676 devstack@n-api-meta.service[95841]: DEBUG oslo_concurrency.lockutils [None req-47ebcd53-1ae8-41d3-ae05-c724d8d339e0 None None] Lock "00000000-0000-0000-0000-000000000000" "released" by "nova.context.set_target_cell..get_or_set_cached_cell_and_set_connections" :: held 0.000s {{(pid=95841) inner /opt/stack/data/venv/lib/python3.12/site-packages/oslo_concurrency/lockutils.py:543}}
Jul 06 21:47:55.558395 np0000004676 devstack@n-api-meta.service[95841]: DEBUG oslo_concurrency.lockutils [None req-47ebcd53-1ae8-41d3-ae05-c724d8d339e0 None None] Acquiring lock "fd6104fe-9127-4f11-a746-029786581989" by "nova.context.set_target_cell..get_or_set_cached_cell_and_set_connections" {{(pid=95841) inner /opt/stack/data/venv/lib/python3.12/site-packages/oslo_concurrency/lockutils.py:511}}
Jul 06 21:47:55.558545 np0000004676 devstack@n-api-meta.service[95841]: DEBUG oslo_concurrency.lockutils [None req-47ebcd53-1ae8-41d3-ae05-c724d8d339e0 None None] Lock "fd6104fe-9127-4f11-a746-029786581989" acquired by "nova.context.set_target_cell..get_or_set_cached_cell_and_set_connections" :: waited 0.000s {{(pid=95841) inner /opt/stack/data/venv/lib/python3.12/site-packages/oslo_concurrency/lockutils.py:524}}
Jul 06 21:47:55.560942 np0000004676 devstack@n-api-meta.service[95841]: INFO dbcounter [None req-47ebcd53-1ae8-41d3-ae05-c724d8d339e0 None None] Registered counter for database nova_cell0
Jul 06 21:47:55.562507 np0000004676 devstack@n-api-meta.service[95841]: DEBUG oslo_concurrency.lockutils [None req-47ebcd53-1ae8-41d3-ae05-c724d8d339e0 None None] Lock "fd6104fe-9127-4f11-a746-029786581989" "released" by "nova.context.set_target_cell..get_or_set_cached_cell_and_set_connections" :: held 0.002s {{(pid=95841) inner /opt/stack/data/venv/lib/python3.12/site-packages/oslo_concurrency/lockutils.py:543}}
Jul 06 21:47:55.564157 np0000004676 devstack@n-api-meta.service[95841]: INFO dbcounter [None req-47ebcd53-1ae8-41d3-ae05-c724d8d339e0 None None] Registered counter for database nova_cell1
Jul 06 21:47:55.602201 np0000004676 devstack@n-api-meta.service[95843]: INFO dbcounter [None req-cb17b887-c50b-4561-9b89-1b453004ed80 None None] Registered counter for database nova_api
Jul 06 21:47:55.602664 np0000004676 devstack@n-api-meta.service[95840]: INFO dbcounter [None req-99366ef9-1b1c-47f0-a6b2-1b3653d93d2a None None] Registered counter for database nova_api
Jul 06 21:47:55.620496 np0000004676 devstack@n-api-meta.service[95841]: DEBUG oslo_db.sqlalchemy.engines [None req-47ebcd53-1ae8-41d3-ae05-c724d8d339e0 None None] MySQL server mode set to STRICT_TRANS_TABLES,STRICT_ALL_TABLES,NO_ZERO_IN_DATE,NO_ZERO_DATE,ERROR_FOR_DIVISION_BY_ZERO,TRADITIONAL,NO_ENGINE_SUBSTITUTION {{(pid=95841) _check_effective_sql_mode /opt/stack/data/venv/lib/python3.12/site-packages/oslo_db/sqlalchemy/engines.py:325}}
Jul 06 21:47:55.625256 np0000004676 devstack@n-api-meta.service[95841]: DEBUG oslo_db.sqlalchemy.engines [None req-47ebcd53-1ae8-41d3-ae05-c724d8d339e0 None None] MySQL server mode set to STRICT_TRANS_TABLES,STRICT_ALL_TABLES,NO_ZERO_IN_DATE,NO_ZERO_DATE,ERROR_FOR_DIVISION_BY_ZERO,TRADITIONAL,NO_ENGINE_SUBSTITUTION {{(pid=95841) _check_effective_sql_mode /opt/stack/data/venv/lib/python3.12/site-packages/oslo_db/sqlalchemy/engines.py:325}}
Jul 06 21:47:55.637372 np0000004676 devstack@n-api-meta.service[95842]: DEBUG dbcounter [-] [95842] Writer thread running {{(pid=95842) stat_writer /opt/stack/data/venv/lib/python3.12/site-packages/dbcounter.py:102}}
Jul 06 21:47:55.638299 np0000004676 devstack@n-api-meta.service[95842]: DEBUG oslo_db.sqlalchemy.engines [None req-9026498d-f357-46c3-b158-e1fad93b0575 None None] MySQL server mode set to STRICT_TRANS_TABLES,STRICT_ALL_TABLES,NO_ZERO_IN_DATE,NO_ZERO_DATE,ERROR_FOR_DIVISION_BY_ZERO,TRADITIONAL,NO_ENGINE_SUBSTITUTION {{(pid=95842) _check_effective_sql_mode /opt/stack/data/venv/lib/python3.12/site-packages/oslo_db/sqlalchemy/engines.py:325}}
Jul 06 21:47:55.644233 np0000004676 devstack@n-api-meta.service[95842]: DEBUG dbcounter [-] [95842] Writer thread running {{(pid=95842) stat_writer /opt/stack/data/venv/lib/python3.12/site-packages/dbcounter.py:102}}
Jul 06 21:47:55.647154 np0000004676 devstack@n-api-meta.service[95842]: INFO dbcounter [None req-9026498d-f357-46c3-b158-e1fad93b0575 None None] Registered counter for database nova_cell0
Jul 06 21:47:55.650190 np0000004676 devstack@n-api-meta.service[95840]: DEBUG oslo_db.sqlalchemy.engines [None req-99366ef9-1b1c-47f0-a6b2-1b3653d93d2a None None] MySQL server mode set to STRICT_TRANS_TABLES,STRICT_ALL_TABLES,NO_ZERO_IN_DATE,NO_ZERO_DATE,ERROR_FOR_DIVISION_BY_ZERO,TRADITIONAL,NO_ENGINE_SUBSTITUTION {{(pid=95840) _check_effective_sql_mode /opt/stack/data/venv/lib/python3.12/site-packages/oslo_db/sqlalchemy/engines.py:325}}
Jul 06 21:47:55.654542 np0000004676 devstack@n-api-meta.service[95843]: DEBUG oslo_db.sqlalchemy.engines [None req-cb17b887-c50b-4561-9b89-1b453004ed80 None None] MySQL server mode set to STRICT_TRANS_TABLES,STRICT_ALL_TABLES,NO_ZERO_IN_DATE,NO_ZERO_DATE,ERROR_FOR_DIVISION_BY_ZERO,TRADITIONAL,NO_ENGINE_SUBSTITUTION {{(pid=95843) _check_effective_sql_mode /opt/stack/data/venv/lib/python3.12/site-packages/oslo_db/sqlalchemy/engines.py:325}}
Jul 06 21:47:55.689454 np0000004676 devstack@n-api-meta.service[95843]: DEBUG dbcounter [-] [95843] Writer thread running {{(pid=95843) stat_writer /opt/stack/data/venv/lib/python3.12/site-packages/dbcounter.py:102}}
Jul 06 21:47:55.689575 np0000004676 devstack@n-api-meta.service[95840]: DEBUG dbcounter [-] [95840] Writer thread running {{(pid=95840) stat_writer /opt/stack/data/venv/lib/python3.12/site-packages/dbcounter.py:102}}
Jul 06 21:47:55.691427 np0000004676 devstack@n-api-meta.service[95842]: DEBUG oslo_db.sqlalchemy.engines [None req-9026498d-f357-46c3-b158-e1fad93b0575 None None] MySQL server mode set to STRICT_TRANS_TABLES,STRICT_ALL_TABLES,NO_ZERO_IN_DATE,NO_ZERO_DATE,ERROR_FOR_DIVISION_BY_ZERO,TRADITIONAL,NO_ENGINE_SUBSTITUTION {{(pid=95842) _check_effective_sql_mode /opt/stack/data/venv/lib/python3.12/site-packages/oslo_db/sqlalchemy/engines.py:325}}
Jul 06 21:47:55.692786 np0000004676 devstack@n-api-meta.service[95840]: DEBUG nova.context [None req-99366ef9-1b1c-47f0-a6b2-1b3653d93d2a None None] Found 2 cells: 00000000-0000-0000-0000-000000000000(cell0),fd6104fe-9127-4f11-a746-029786581989(cell1) {{(pid=95840) load_cells /opt/stack/nova/nova/context.py:509}}
Jul 06 21:47:55.692968 np0000004676 devstack@n-api-meta.service[95843]: DEBUG nova.context [None req-cb17b887-c50b-4561-9b89-1b453004ed80 None None] Found 2 cells: 00000000-0000-0000-0000-000000000000(cell0),fd6104fe-9127-4f11-a746-029786581989(cell1) {{(pid=95843) load_cells /opt/stack/nova/nova/context.py:509}}
Jul 06 21:47:55.693141 np0000004676 devstack@n-api-meta.service[95840]: INFO nova.utils [None req-99366ef9-1b1c-47f0-a6b2-1b3653d93d2a None None] The cell worker thread pool MainProcess.cell_worker is initialized
Jul 06 21:47:55.693244 np0000004676 devstack@n-api-meta.service[95843]: INFO nova.utils [None req-cb17b887-c50b-4561-9b89-1b453004ed80 None None] The cell worker thread pool MainProcess.cell_worker is initialized
Jul 06 21:47:55.695691 np0000004676 devstack@n-api-meta.service[95843]: DEBUG oslo_concurrency.lockutils [None req-cb17b887-c50b-4561-9b89-1b453004ed80 None None] Acquiring lock "00000000-0000-0000-0000-000000000000" by "nova.context.set_target_cell..get_or_set_cached_cell_and_set_connections" {{(pid=95843) inner /opt/stack/data/venv/lib/python3.12/site-packages/oslo_concurrency/lockutils.py:511}}
Jul 06 21:47:55.695828 np0000004676 devstack@n-api-meta.service[95840]: DEBUG oslo_concurrency.lockutils [None req-99366ef9-1b1c-47f0-a6b2-1b3653d93d2a None None] Acquiring lock "00000000-0000-0000-0000-000000000000" by "nova.context.set_target_cell..get_or_set_cached_cell_and_set_connections" {{(pid=95840) inner /opt/stack/data/venv/lib/python3.12/site-packages/oslo_concurrency/lockutils.py:511}}
Jul 06 21:47:55.695934 np0000004676 devstack@n-api-meta.service[95843]: DEBUG oslo_concurrency.lockutils [None req-cb17b887-c50b-4561-9b89-1b453004ed80 None None] Lock "00000000-0000-0000-0000-000000000000" acquired by "nova.context.set_target_cell..get_or_set_cached_cell_and_set_connections" :: waited 0.000s {{(pid=95843) inner /opt/stack/data/venv/lib/python3.12/site-packages/oslo_concurrency/lockutils.py:524}}
Jul 06 21:47:55.695994 np0000004676 devstack@n-api-meta.service[95840]: DEBUG oslo_concurrency.lockutils [None req-99366ef9-1b1c-47f0-a6b2-1b3653d93d2a None None] Lock "00000000-0000-0000-0000-000000000000" acquired by "nova.context.set_target_cell..get_or_set_cached_cell_and_set_connections" :: waited 0.000s {{(pid=95840) inner /opt/stack/data/venv/lib/python3.12/site-packages/oslo_concurrency/lockutils.py:524}}
Jul 06 21:47:55.696483 np0000004676 devstack@n-api-meta.service[95843]: DEBUG oslo_concurrency.lockutils [None req-cb17b887-c50b-4561-9b89-1b453004ed80 None None] Lock "00000000-0000-0000-0000-000000000000" "released" by "nova.context.set_target_cell..get_or_set_cached_cell_and_set_connections" :: held 0.001s {{(pid=95843) inner /opt/stack/data/venv/lib/python3.12/site-packages/oslo_concurrency/lockutils.py:543}}
Jul 06 21:47:55.696565 np0000004676 devstack@n-api-meta.service[95840]: DEBUG oslo_concurrency.lockutils [None req-99366ef9-1b1c-47f0-a6b2-1b3653d93d2a None None] Lock "00000000-0000-0000-0000-000000000000" "released" by "nova.context.set_target_cell..get_or_set_cached_cell_and_set_connections" :: held 0.001s {{(pid=95840) inner /opt/stack/data/venv/lib/python3.12/site-packages/oslo_concurrency/lockutils.py:543}}
Jul 06 21:47:55.697304 np0000004676 devstack@n-api-meta.service[95843]: DEBUG oslo_concurrency.lockutils [None req-cb17b887-c50b-4561-9b89-1b453004ed80 None None] Acquiring lock "fd6104fe-9127-4f11-a746-029786581989" by "nova.context.set_target_cell..get_or_set_cached_cell_and_set_connections" {{(pid=95843) inner /opt/stack/data/venv/lib/python3.12/site-packages/oslo_concurrency/lockutils.py:511}}
Jul 06 21:47:55.697476 np0000004676 devstack@n-api-meta.service[95840]: DEBUG oslo_concurrency.lockutils [None req-99366ef9-1b1c-47f0-a6b2-1b3653d93d2a None None] Acquiring lock "fd6104fe-9127-4f11-a746-029786581989" by "nova.context.set_target_cell..get_or_set_cached_cell_and_set_connections" {{(pid=95840) inner /opt/stack/data/venv/lib/python3.12/site-packages/oslo_concurrency/lockutils.py:511}}
Jul 06 21:47:55.697615 np0000004676 devstack@n-api-meta.service[95840]: DEBUG oslo_concurrency.lockutils [None req-99366ef9-1b1c-47f0-a6b2-1b3653d93d2a None None] Lock "fd6104fe-9127-4f11-a746-029786581989" acquired by "nova.context.set_target_cell..get_or_set_cached_cell_and_set_connections" :: waited 0.000s {{(pid=95840) inner /opt/stack/data/venv/lib/python3.12/site-packages/oslo_concurrency/lockutils.py:524}}
Jul 06 21:47:55.698564 np0000004676 devstack@n-api-meta.service[95840]: DEBUG oslo_concurrency.lockutils [None req-99366ef9-1b1c-47f0-a6b2-1b3653d93d2a None None] Lock "fd6104fe-9127-4f11-a746-029786581989" "released" by "nova.context.set_target_cell..get_or_set_cached_cell_and_set_connections" :: held 0.001s {{(pid=95840) inner /opt/stack/data/venv/lib/python3.12/site-packages/oslo_concurrency/lockutils.py:543}}
Jul 06 21:47:55.698769 np0000004676 devstack@n-api-meta.service[95842]: DEBUG dbcounter [-] [95842] Writer thread running {{(pid=95842) stat_writer /opt/stack/data/venv/lib/python3.12/site-packages/dbcounter.py:102}}
Jul 06 21:47:55.699248 np0000004676 devstack@n-api-meta.service[95843]: INFO dbcounter [None req-cb17b887-c50b-4561-9b89-1b453004ed80 None None] Registered counter for database nova_cell0
Jul 06 21:47:55.700560 np0000004676 devstack@n-api-meta.service[95843]: DEBUG oslo_concurrency.lockutils [None req-cb17b887-c50b-4561-9b89-1b453004ed80 None None] Lock "fd6104fe-9127-4f11-a746-029786581989" acquired by "nova.context.set_target_cell..get_or_set_cached_cell_and_set_connections" :: waited 0.002s {{(pid=95843) inner /opt/stack/data/venv/lib/python3.12/site-packages/oslo_concurrency/lockutils.py:524}}
Jul 06 21:47:55.700774 np0000004676 devstack@n-api-meta.service[95840]: INFO dbcounter [None req-99366ef9-1b1c-47f0-a6b2-1b3653d93d2a None None] Registered counter for database nova_cell0
Jul 06 21:47:55.702260 np0000004676 devstack@n-api-meta.service[95843]: DEBUG oslo_concurrency.lockutils [None req-cb17b887-c50b-4561-9b89-1b453004ed80 None None] Lock "fd6104fe-9127-4f11-a746-029786581989" "released" by "nova.context.set_target_cell..get_or_set_cached_cell_and_set_connections" :: held 0.003s {{(pid=95843) inner /opt/stack/data/venv/lib/python3.12/site-packages/oslo_concurrency/lockutils.py:543}}
Jul 06 21:47:55.703947 np0000004676 devstack@n-api-meta.service[95840]: INFO dbcounter [None req-99366ef9-1b1c-47f0-a6b2-1b3653d93d2a None None] Registered counter for database nova_cell1
Jul 06 21:47:55.704782 np0000004676 devstack@n-api-meta.service[95843]: INFO dbcounter [None req-cb17b887-c50b-4561-9b89-1b453004ed80 None None] Registered counter for database nova_cell1
Jul 06 21:47:55.716358 np0000004676 devstack@n-api-meta.service[95841]: DEBUG dbcounter [-] [95841] Writer thread running {{(pid=95841) stat_writer /opt/stack/data/venv/lib/python3.12/site-packages/dbcounter.py:102}}
Jul 06 21:47:55.721020 np0000004676 devstack@n-api-meta.service[95841]: DEBUG dbcounter [-] [95841] Writer thread running {{(pid=95841) stat_writer /opt/stack/data/venv/lib/python3.12/site-packages/dbcounter.py:102}}
Jul 06 21:47:55.724895 np0000004676 devstack@n-api-meta.service[95841]: INFO dbcounter [None req-47ebcd53-1ae8-41d3-ae05-c724d8d339e0 None None] Registered counter for database nova_cell0
Jul 06 21:47:55.747509 np0000004676 devstack@n-api-meta.service[95842]: WARNING nova.api.metadata.handler [None req-9026498d-f357-46c3-b158-e1fad93b0575 None None] metadata_proxy_shared_secret is not configured, the metadata information returned by the proxy cannot be trusted
Jul 06 21:47:55.748063 np0000004676 devstack@n-api-meta.service[95843]: DEBUG oslo_db.sqlalchemy.engines [None req-cb17b887-c50b-4561-9b89-1b453004ed80 None None] MySQL server mode set to STRICT_TRANS_TABLES,STRICT_ALL_TABLES,NO_ZERO_IN_DATE,NO_ZERO_DATE,ERROR_FOR_DIVISION_BY_ZERO,TRADITIONAL,NO_ENGINE_SUBSTITUTION {{(pid=95843) _check_effective_sql_mode /opt/stack/data/venv/lib/python3.12/site-packages/oslo_db/sqlalchemy/engines.py:325}}
Jul 06 21:47:55.750070 np0000004676 devstack@n-api-meta.service[95842]: DEBUG nova.api.openstack.wsgi_app [None req-9026498d-f357-46c3-b158-e1fad93b0575 None None] ******************************************************************************** {{(pid=95842) log_opt_values /opt/stack/data/venv/lib/python3.12/site-packages/oslo_config/cfg.py:3226}}
Jul 06 21:47:55.750271 np0000004676 devstack@n-api-meta.service[95842]: DEBUG nova.api.openstack.wsgi_app [None req-9026498d-f357-46c3-b158-e1fad93b0575 None None] Configuration options gathered from: {{(pid=95842) log_opt_values /opt/stack/data/venv/lib/python3.12/site-packages/oslo_config/cfg.py:3227}}
Jul 06 21:47:55.750429 np0000004676 devstack@n-api-meta.service[95842]: DEBUG nova.api.openstack.wsgi_app [None req-9026498d-f357-46c3-b158-e1fad93b0575 None None] command line args: [] {{(pid=95842) log_opt_values /opt/stack/data/venv/lib/python3.12/site-packages/oslo_config/cfg.py:3228}}
Jul 06 21:47:55.750694 np0000004676 devstack@n-api-meta.service[95842]: DEBUG nova.api.openstack.wsgi_app [None req-9026498d-f357-46c3-b158-e1fad93b0575 None None] config files: ['/etc/nova/api-paste.ini', '/etc/nova/nova.conf'] {{(pid=95842) log_opt_values /opt/stack/data/venv/lib/python3.12/site-packages/oslo_config/cfg.py:3229}}
Jul 06 21:47:55.750820 np0000004676 devstack@n-api-meta.service[95842]: DEBUG nova.api.openstack.wsgi_app [None req-9026498d-f357-46c3-b158-e1fad93b0575 None None] ================================================================================ {{(pid=95842) log_opt_values /opt/stack/data/venv/lib/python3.12/site-packages/oslo_config/cfg.py:3234}}
Jul 06 21:47:55.751065 np0000004676 devstack@n-api-meta.service[95842]: DEBUG nova.api.openstack.wsgi_app [None req-9026498d-f357-46c3-b158-e1fad93b0575 None None] allow_resize_to_same_host = True {{(pid=95842) log_opt_values /opt/stack/data/venv/lib/python3.12/site-packages/oslo_config/cfg.py:3242}}
Jul 06 21:47:55.751271 np0000004676 devstack@n-api-meta.service[95842]: DEBUG nova.api.openstack.wsgi_app [None req-9026498d-f357-46c3-b158-e1fad93b0575 None None] arq_binding_timeout = 300 {{(pid=95842) log_opt_values /opt/stack/data/venv/lib/python3.12/site-packages/oslo_config/cfg.py:3242}}
Jul 06 21:47:55.751448 np0000004676 devstack@n-api-meta.service[95842]: DEBUG nova.api.openstack.wsgi_app [None req-9026498d-f357-46c3-b158-e1fad93b0575 None None] block_device_allocate_retries = 60 {{(pid=95842) log_opt_values /opt/stack/data/venv/lib/python3.12/site-packages/oslo_config/cfg.py:3242}}
Jul 06 21:47:55.751621 np0000004676 devstack@n-api-meta.service[95842]: DEBUG nova.api.openstack.wsgi_app [None req-9026498d-f357-46c3-b158-e1fad93b0575 None None] block_device_allocate_retries_interval = 3 {{(pid=95842) log_opt_values /opt/stack/data/venv/lib/python3.12/site-packages/oslo_config/cfg.py:3242}}
Jul 06 21:47:55.751816 np0000004676 devstack@n-api-meta.service[95842]: DEBUG nova.api.openstack.wsgi_app [None req-9026498d-f357-46c3-b158-e1fad93b0575 None None] cell_worker_thread_pool_size = 5 {{(pid=95842) log_opt_values /opt/stack/data/venv/lib/python3.12/site-packages/oslo_config/cfg.py:3242}}
Jul 06 21:47:55.751999 np0000004676 devstack@n-api-meta.service[95842]: DEBUG nova.api.openstack.wsgi_app [None req-9026498d-f357-46c3-b158-e1fad93b0575 None None] cert = self.pem {{(pid=95842) log_opt_values /opt/stack/data/venv/lib/python3.12/site-packages/oslo_config/cfg.py:3242}}
Jul 06 21:47:55.752270 np0000004676 devstack@n-api-meta.service[95842]: DEBUG nova.api.openstack.wsgi_app [None req-9026498d-f357-46c3-b158-e1fad93b0575 None None] compute_driver = libvirt.LibvirtDriver {{(pid=95842) log_opt_values /opt/stack/data/venv/lib/python3.12/site-packages/oslo_config/cfg.py:3242}}
Jul 06 21:47:55.752458 np0000004676 devstack@n-api-meta.service[95842]: DEBUG nova.api.openstack.wsgi_app [None req-9026498d-f357-46c3-b158-e1fad93b0575 None None] compute_monitors = [] {{(pid=95842) log_opt_values /opt/stack/data/venv/lib/python3.12/site-packages/oslo_config/cfg.py:3242}}
Jul 06 21:47:55.752646 np0000004676 devstack@n-api-meta.service[95842]: DEBUG nova.api.openstack.wsgi_app [None req-9026498d-f357-46c3-b158-e1fad93b0575 None None] concurrency_backend = auto {{(pid=95842) log_opt_values /opt/stack/data/venv/lib/python3.12/site-packages/oslo_config/cfg.py:3242}}
Jul 06 21:47:55.752851 np0000004676 devstack@n-api-meta.service[95842]: DEBUG nova.api.openstack.wsgi_app [None req-9026498d-f357-46c3-b158-e1fad93b0575 None None] config_dir = [] {{(pid=95842) log_opt_values /opt/stack/data/venv/lib/python3.12/site-packages/oslo_config/cfg.py:3242}}
Jul 06 21:47:55.753030 np0000004676 devstack@n-api-meta.service[95842]: DEBUG nova.api.openstack.wsgi_app [None req-9026498d-f357-46c3-b158-e1fad93b0575 None None] config_drive_format = iso9660 {{(pid=95842) log_opt_values /opt/stack/data/venv/lib/python3.12/site-packages/oslo_config/cfg.py:3242}}
Jul 06 21:47:55.753188 np0000004676 devstack@n-api-meta.service[95842]: DEBUG nova.api.openstack.wsgi_app [None req-9026498d-f357-46c3-b158-e1fad93b0575 None None] config_file = ['/etc/nova/api-paste.ini', '/etc/nova/nova.conf'] {{(pid=95842) log_opt_values /opt/stack/data/venv/lib/python3.12/site-packages/oslo_config/cfg.py:3242}}
Jul 06 21:47:55.753371 np0000004676 devstack@n-api-meta.service[95842]: DEBUG nova.api.openstack.wsgi_app [None req-9026498d-f357-46c3-b158-e1fad93b0575 None None] config_source = [] {{(pid=95842) log_opt_values /opt/stack/data/venv/lib/python3.12/site-packages/oslo_config/cfg.py:3242}}
Jul 06 21:47:55.753554 np0000004676 devstack@n-api-meta.service[95842]: DEBUG nova.api.openstack.wsgi_app [None req-9026498d-f357-46c3-b158-e1fad93b0575 None None] console_host = np0000004676 {{(pid=95842) log_opt_values /opt/stack/data/venv/lib/python3.12/site-packages/oslo_config/cfg.py:3242}}
Jul 06 21:47:55.753748 np0000004676 devstack@n-api-meta.service[95842]: DEBUG nova.api.openstack.wsgi_app [None req-9026498d-f357-46c3-b158-e1fad93b0575 None None] control_exchange = nova {{(pid=95842) log_opt_values /opt/stack/data/venv/lib/python3.12/site-packages/oslo_config/cfg.py:3242}}
Jul 06 21:47:55.753920 np0000004676 devstack@n-api-meta.service[95842]: DEBUG nova.api.openstack.wsgi_app [None req-9026498d-f357-46c3-b158-e1fad93b0575 None None] cpu_allocation_ratio = None {{(pid=95842) log_opt_values /opt/stack/data/venv/lib/python3.12/site-packages/oslo_config/cfg.py:3242}}
Jul 06 21:47:55.754091 np0000004676 devstack@n-api-meta.service[95842]: DEBUG nova.api.openstack.wsgi_app [None req-9026498d-f357-46c3-b158-e1fad93b0575 None None] daemon = False {{(pid=95842) log_opt_values /opt/stack/data/venv/lib/python3.12/site-packages/oslo_config/cfg.py:3242}}
Jul 06 21:47:55.754288 np0000004676 devstack@n-api-meta.service[95842]: DEBUG nova.api.openstack.wsgi_app [None req-9026498d-f357-46c3-b158-e1fad93b0575 None None] debug = True {{(pid=95842) log_opt_values /opt/stack/data/venv/lib/python3.12/site-packages/oslo_config/cfg.py:3242}}
Jul 06 21:47:55.754465 np0000004676 devstack@n-api-meta.service[95842]: DEBUG nova.api.openstack.wsgi_app [None req-9026498d-f357-46c3-b158-e1fad93b0575 None None] default_access_ip_network_name = None {{(pid=95842) log_opt_values /opt/stack/data/venv/lib/python3.12/site-packages/oslo_config/cfg.py:3242}}
Jul 06 21:47:55.754645 np0000004676 devstack@n-api-meta.service[95842]: DEBUG nova.api.openstack.wsgi_app [None req-9026498d-f357-46c3-b158-e1fad93b0575 None None] default_availability_zone = nova {{(pid=95842) log_opt_values /opt/stack/data/venv/lib/python3.12/site-packages/oslo_config/cfg.py:3242}}
Jul 06 21:47:55.754840 np0000004676 devstack@n-api-meta.service[95842]: DEBUG nova.api.openstack.wsgi_app [None req-9026498d-f357-46c3-b158-e1fad93b0575 None None] default_ephemeral_format = ext4 {{(pid=95842) log_opt_values /opt/stack/data/venv/lib/python3.12/site-packages/oslo_config/cfg.py:3242}}
Jul 06 21:47:55.755015 np0000004676 devstack@n-api-meta.service[95842]: DEBUG nova.api.openstack.wsgi_app [None req-9026498d-f357-46c3-b158-e1fad93b0575 None None] default_green_pool_size = 1000 {{(pid=95842) log_opt_values /opt/stack/data/venv/lib/python3.12/site-packages/oslo_config/cfg.py:3242}}
Jul 06 21:47:55.755309 np0000004676 devstack@n-api-meta.service[95842]: DEBUG nova.api.openstack.wsgi_app [None req-9026498d-f357-46c3-b158-e1fad93b0575 None None] default_log_levels = ['amqp=WARN', 'boto=WARN', 'sqlalchemy=WARN', 'suds=INFO', 'oslo.messaging=INFO', 'oslo_messaging=INFO', 'iso8601=WARN', 'requests.packages.urllib3.connectionpool=WARN', 'urllib3.connectionpool=WARN', 'websocket=WARN', 'requests.packages.urllib3.util.retry=WARN', 'urllib3.util.retry=WARN', 'keystonemiddleware=WARN', 'routes.middleware=WARN', 'stevedore=WARN', 'taskflow=WARN', 'keystoneauth=WARN', 'oslo.cache=INFO', 'oslo_policy=INFO', 'dogpile.core.dogpile=INFO', 'glanceclient=WARN', 'oslo.privsep.daemon=INFO'] {{(pid=95842) log_opt_values /opt/stack/data/venv/lib/python3.12/site-packages/oslo_config/cfg.py:3242}}
Jul 06 21:47:55.755486 np0000004676 devstack@n-api-meta.service[95842]: DEBUG nova.api.openstack.wsgi_app [None req-9026498d-f357-46c3-b158-e1fad93b0575 None None] default_schedule_zone = None {{(pid=95842) log_opt_values /opt/stack/data/venv/lib/python3.12/site-packages/oslo_config/cfg.py:3242}}
Jul 06 21:47:55.755672 np0000004676 devstack@n-api-meta.service[95842]: DEBUG nova.api.openstack.wsgi_app [None req-9026498d-f357-46c3-b158-e1fad93b0575 None None] default_thread_pool_size = 10 {{(pid=95842) log_opt_values /opt/stack/data/venv/lib/python3.12/site-packages/oslo_config/cfg.py:3242}}
Jul 06 21:47:55.755841 np0000004676 devstack@n-api-meta.service[95842]: DEBUG nova.api.openstack.wsgi_app [None req-9026498d-f357-46c3-b158-e1fad93b0575 None None] disk_allocation_ratio = None {{(pid=95842) log_opt_values /opt/stack/data/venv/lib/python3.12/site-packages/oslo_config/cfg.py:3242}}
Jul 06 21:47:55.756008 np0000004676 devstack@n-api-meta.service[95842]: DEBUG nova.api.openstack.wsgi_app [None req-9026498d-f357-46c3-b158-e1fad93b0575 None None] enable_new_services = True {{(pid=95842) log_opt_values /opt/stack/data/venv/lib/python3.12/site-packages/oslo_config/cfg.py:3242}}
Jul 06 21:47:55.756233 np0000004676 devstack@n-api-meta.service[95842]: DEBUG nova.api.openstack.wsgi_app [None req-9026498d-f357-46c3-b158-e1fad93b0575 None None] flat_injected = False {{(pid=95842) log_opt_values /opt/stack/data/venv/lib/python3.12/site-packages/oslo_config/cfg.py:3242}}
Jul 06 21:47:55.756414 np0000004676 devstack@n-api-meta.service[95842]: DEBUG nova.api.openstack.wsgi_app [None req-9026498d-f357-46c3-b158-e1fad93b0575 None None] force_config_drive = True {{(pid=95842) log_opt_values /opt/stack/data/venv/lib/python3.12/site-packages/oslo_config/cfg.py:3242}}
Jul 06 21:47:55.756570 np0000004676 devstack@n-api-meta.service[95842]: DEBUG nova.api.openstack.wsgi_app [None req-9026498d-f357-46c3-b158-e1fad93b0575 None None] force_raw_images = True {{(pid=95842) log_opt_values /opt/stack/data/venv/lib/python3.12/site-packages/oslo_config/cfg.py:3242}}
Jul 06 21:47:55.756773 np0000004676 devstack@n-api-meta.service[95842]: DEBUG nova.api.openstack.wsgi_app [None req-9026498d-f357-46c3-b158-e1fad93b0575 None None] graceful_shutdown_timeout = 5 {{(pid=95842) log_opt_values /opt/stack/data/venv/lib/python3.12/site-packages/oslo_config/cfg.py:3242}}
Jul 06 21:47:55.756931 np0000004676 devstack@n-api-meta.service[95842]: DEBUG nova.api.openstack.wsgi_app [None req-9026498d-f357-46c3-b158-e1fad93b0575 None None] heal_instance_info_cache_interval = -1 {{(pid=95842) log_opt_values /opt/stack/data/venv/lib/python3.12/site-packages/oslo_config/cfg.py:3242}}
Jul 06 21:47:55.757150 np0000004676 devstack@n-api-meta.service[95842]: DEBUG nova.api.openstack.wsgi_app [None req-9026498d-f357-46c3-b158-e1fad93b0575 None None] host = np0000004676 {{(pid=95842) log_opt_values /opt/stack/data/venv/lib/python3.12/site-packages/oslo_config/cfg.py:3242}}
Jul 06 21:47:55.757319 np0000004676 devstack@n-api-meta.service[95842]: DEBUG nova.api.openstack.wsgi_app [None req-9026498d-f357-46c3-b158-e1fad93b0575 None None] initial_cpu_allocation_ratio = 4.0 {{(pid=95842) log_opt_values /opt/stack/data/venv/lib/python3.12/site-packages/oslo_config/cfg.py:3242}}
Jul 06 21:47:55.757438 np0000004676 devstack@n-api-meta.service[95842]: DEBUG nova.api.openstack.wsgi_app [None req-9026498d-f357-46c3-b158-e1fad93b0575 None None] initial_disk_allocation_ratio = 1.0 {{(pid=95842) log_opt_values /opt/stack/data/venv/lib/python3.12/site-packages/oslo_config/cfg.py:3242}}
Jul 06 21:47:55.757552 np0000004676 devstack@n-api-meta.service[95842]: DEBUG nova.api.openstack.wsgi_app [None req-9026498d-f357-46c3-b158-e1fad93b0575 None None] initial_ram_allocation_ratio = 1.0 {{(pid=95842) log_opt_values /opt/stack/data/venv/lib/python3.12/site-packages/oslo_config/cfg.py:3242}}
Jul 06 21:47:55.757748 np0000004676 devstack@n-api-meta.service[95842]: DEBUG nova.api.openstack.wsgi_app [None req-9026498d-f357-46c3-b158-e1fad93b0575 None None] injected_network_template = /opt/stack/nova/nova/virt/interfaces.template {{(pid=95842) log_opt_values /opt/stack/data/venv/lib/python3.12/site-packages/oslo_config/cfg.py:3242}}
Jul 06 21:47:55.757869 np0000004676 devstack@n-api-meta.service[95842]: DEBUG nova.api.openstack.wsgi_app [None req-9026498d-f357-46c3-b158-e1fad93b0575 None None] instance_build_timeout = 0 {{(pid=95842) log_opt_values /opt/stack/data/venv/lib/python3.12/site-packages/oslo_config/cfg.py:3242}}
Jul 06 21:47:55.758010 np0000004676 devstack@n-api-meta.service[95842]: DEBUG nova.api.openstack.wsgi_app [None req-9026498d-f357-46c3-b158-e1fad93b0575 None None] instance_delete_interval = 300 {{(pid=95842) log_opt_values /opt/stack/data/venv/lib/python3.12/site-packages/oslo_config/cfg.py:3242}}
Jul 06 21:47:55.758214 np0000004676 devstack@n-api-meta.service[95842]: DEBUG nova.api.openstack.wsgi_app [None req-9026498d-f357-46c3-b158-e1fad93b0575 None None] instance_format = [instance: %(uuid)s] {{(pid=95842) log_opt_values /opt/stack/data/venv/lib/python3.12/site-packages/oslo_config/cfg.py:3242}}
Jul 06 21:47:55.758425 np0000004676 devstack@n-api-meta.service[95842]: DEBUG nova.api.openstack.wsgi_app [None req-9026498d-f357-46c3-b158-e1fad93b0575 None None] instance_name_template = instance-%08x {{(pid=95842) log_opt_values /opt/stack/data/venv/lib/python3.12/site-packages/oslo_config/cfg.py:3242}}
Jul 06 21:47:55.758611 np0000004676 devstack@n-api-meta.service[95842]: DEBUG nova.api.openstack.wsgi_app [None req-9026498d-f357-46c3-b158-e1fad93b0575 None None] instance_usage_audit = False {{(pid=95842) log_opt_values /opt/stack/data/venv/lib/python3.12/site-packages/oslo_config/cfg.py:3242}}
Jul 06 21:47:55.758824 np0000004676 devstack@n-api-meta.service[95842]: DEBUG nova.api.openstack.wsgi_app [None req-9026498d-f357-46c3-b158-e1fad93b0575 None None] instance_usage_audit_period = month {{(pid=95842) log_opt_values /opt/stack/data/venv/lib/python3.12/site-packages/oslo_config/cfg.py:3242}}
Jul 06 21:47:55.759010 np0000004676 devstack@n-api-meta.service[95842]: DEBUG nova.api.openstack.wsgi_app [None req-9026498d-f357-46c3-b158-e1fad93b0575 None None] instance_uuid_format = [instance: %(uuid)s] {{(pid=95842) log_opt_values /opt/stack/data/venv/lib/python3.12/site-packages/oslo_config/cfg.py:3242}}
Jul 06 21:47:55.759199 np0000004676 devstack@n-api-meta.service[95842]: DEBUG nova.api.openstack.wsgi_app [None req-9026498d-f357-46c3-b158-e1fad93b0575 None None] instances_path = /opt/stack/data/nova/instances {{(pid=95842) log_opt_values /opt/stack/data/venv/lib/python3.12/site-packages/oslo_config/cfg.py:3242}}
Jul 06 21:47:55.759371 np0000004676 devstack@n-api-meta.service[95842]: DEBUG nova.api.openstack.wsgi_app [None req-9026498d-f357-46c3-b158-e1fad93b0575 None None] internal_service_availability_zone = internal {{(pid=95842) log_opt_values /opt/stack/data/venv/lib/python3.12/site-packages/oslo_config/cfg.py:3242}}
Jul 06 21:47:55.759412 np0000004676 devstack@n-api-meta.service[95840]: DEBUG oslo_db.sqlalchemy.engines [None req-99366ef9-1b1c-47f0-a6b2-1b3653d93d2a None None] MySQL server mode set to STRICT_TRANS_TABLES,STRICT_ALL_TABLES,NO_ZERO_IN_DATE,NO_ZERO_DATE,ERROR_FOR_DIVISION_BY_ZERO,TRADITIONAL,NO_ENGINE_SUBSTITUTION {{(pid=95840) _check_effective_sql_mode /opt/stack/data/venv/lib/python3.12/site-packages/oslo_db/sqlalchemy/engines.py:325}}
Jul 06 21:47:55.759497 np0000004676 devstack@n-api-meta.service[95842]: DEBUG nova.api.openstack.wsgi_app [None req-9026498d-f357-46c3-b158-e1fad93b0575 None None] key = None {{(pid=95842) log_opt_values /opt/stack/data/venv/lib/python3.12/site-packages/oslo_config/cfg.py:3242}}
Jul 06 21:47:55.759643 np0000004676 devstack@n-api-meta.service[95842]: DEBUG nova.api.openstack.wsgi_app [None req-9026498d-f357-46c3-b158-e1fad93b0575 None None] live_migration_retry_count = 30 {{(pid=95842) log_opt_values /opt/stack/data/venv/lib/python3.12/site-packages/oslo_config/cfg.py:3242}}
Jul 06 21:47:55.759775 np0000004676 devstack@n-api-meta.service[95842]: DEBUG nova.api.openstack.wsgi_app [None req-9026498d-f357-46c3-b158-e1fad93b0575 None None] log_color = False {{(pid=95842) log_opt_values /opt/stack/data/venv/lib/python3.12/site-packages/oslo_config/cfg.py:3242}}
Jul 06 21:47:55.759952 np0000004676 devstack@n-api-meta.service[95842]: DEBUG nova.api.openstack.wsgi_app [None req-9026498d-f357-46c3-b158-e1fad93b0575 None None] log_config_append = None {{(pid=95842) log_opt_values /opt/stack/data/venv/lib/python3.12/site-packages/oslo_config/cfg.py:3242}}
Jul 06 21:47:55.760108 np0000004676 devstack@n-api-meta.service[95842]: DEBUG nova.api.openstack.wsgi_app [None req-9026498d-f357-46c3-b158-e1fad93b0575 None None] log_date_format = %Y-%m-%d %H:%M:%S {{(pid=95842) log_opt_values /opt/stack/data/venv/lib/python3.12/site-packages/oslo_config/cfg.py:3242}}
Jul 06 21:47:55.760300 np0000004676 devstack@n-api-meta.service[95842]: DEBUG nova.api.openstack.wsgi_app [None req-9026498d-f357-46c3-b158-e1fad93b0575 None None] log_dir = None {{(pid=95842) log_opt_values /opt/stack/data/venv/lib/python3.12/site-packages/oslo_config/cfg.py:3242}}
Jul 06 21:47:55.760420 np0000004676 devstack@n-api-meta.service[95842]: DEBUG nova.api.openstack.wsgi_app [None req-9026498d-f357-46c3-b158-e1fad93b0575 None None] log_file = None {{(pid=95842) log_opt_values /opt/stack/data/venv/lib/python3.12/site-packages/oslo_config/cfg.py:3242}}
Jul 06 21:47:55.760514 np0000004676 devstack@n-api-meta.service[95842]: DEBUG nova.api.openstack.wsgi_app [None req-9026498d-f357-46c3-b158-e1fad93b0575 None None] log_options = True {{(pid=95842) log_opt_values /opt/stack/data/venv/lib/python3.12/site-packages/oslo_config/cfg.py:3242}}
Jul 06 21:47:55.760635 np0000004676 devstack@n-api-meta.service[95842]: DEBUG nova.api.openstack.wsgi_app [None req-9026498d-f357-46c3-b158-e1fad93b0575 None None] log_rotate_interval = 1 {{(pid=95842) log_opt_values /opt/stack/data/venv/lib/python3.12/site-packages/oslo_config/cfg.py:3242}}
Jul 06 21:47:55.760827 np0000004676 devstack@n-api-meta.service[95842]: DEBUG nova.api.openstack.wsgi_app [None req-9026498d-f357-46c3-b158-e1fad93b0575 None None] log_rotate_interval_type = days {{(pid=95842) log_opt_values /opt/stack/data/venv/lib/python3.12/site-packages/oslo_config/cfg.py:3242}}
Jul 06 21:47:55.760989 np0000004676 devstack@n-api-meta.service[95842]: DEBUG nova.api.openstack.wsgi_app [None req-9026498d-f357-46c3-b158-e1fad93b0575 None None] log_rotation_type = none {{(pid=95842) log_opt_values /opt/stack/data/venv/lib/python3.12/site-packages/oslo_config/cfg.py:3242}}
Jul 06 21:47:55.761139 np0000004676 devstack@n-api-meta.service[95842]: DEBUG nova.api.openstack.wsgi_app [None req-9026498d-f357-46c3-b158-e1fad93b0575 None None] logging_context_format_string = %(color)s%(levelname)s %(name)s [%(global_request_id)s %(request_id)s %(project_name)s %(user_name)s%(color)s] %(instance)s%(color)s%(message)s {{(pid=95842) log_opt_values /opt/stack/data/venv/lib/python3.12/site-packages/oslo_config/cfg.py:3242}}
Jul 06 21:47:55.761317 np0000004676 devstack@n-api-meta.service[95842]: DEBUG nova.api.openstack.wsgi_app [None req-9026498d-f357-46c3-b158-e1fad93b0575 None None] logging_debug_format_suffix = {{(pid=%(process)d) %(funcName)s %(pathname)s:%(lineno)d}} {{(pid=95842) log_opt_values /opt/stack/data/venv/lib/python3.12/site-packages/oslo_config/cfg.py:3242}}
Jul 06 21:47:55.761448 np0000004676 devstack@n-api-meta.service[95842]: DEBUG nova.api.openstack.wsgi_app [None req-9026498d-f357-46c3-b158-e1fad93b0575 None None] logging_default_format_string = %(color)s%(levelname)s %(name)s [-%(color)s] %(instance)s%(color)s%(message)s {{(pid=95842) log_opt_values /opt/stack/data/venv/lib/python3.12/site-packages/oslo_config/cfg.py:3242}}
Jul 06 21:47:55.761569 np0000004676 devstack@n-api-meta.service[95842]: DEBUG nova.api.openstack.wsgi_app [None req-9026498d-f357-46c3-b158-e1fad93b0575 None None] logging_exception_prefix = ERROR %(name)s %(instance)s {{(pid=95842) log_opt_values /opt/stack/data/venv/lib/python3.12/site-packages/oslo_config/cfg.py:3242}}
Jul 06 21:47:55.761677 np0000004676 devstack@n-api-meta.service[95842]: DEBUG nova.api.openstack.wsgi_app [None req-9026498d-f357-46c3-b158-e1fad93b0575 None None] logging_user_identity_format = %(user)s %(project)s %(domain)s %(system_scope)s %(user_domain)s %(project_domain)s {{(pid=95842) log_opt_values /opt/stack/data/venv/lib/python3.12/site-packages/oslo_config/cfg.py:3242}}
Jul 06 21:47:55.761803 np0000004676 devstack@n-api-meta.service[95842]: DEBUG nova.api.openstack.wsgi_app [None req-9026498d-f357-46c3-b158-e1fad93b0575 None None] long_rpc_timeout = 1800 {{(pid=95842) log_opt_values /opt/stack/data/venv/lib/python3.12/site-packages/oslo_config/cfg.py:3242}}
Jul 06 21:47:55.761954 np0000004676 devstack@n-api-meta.service[95842]: DEBUG nova.api.openstack.wsgi_app [None req-9026498d-f357-46c3-b158-e1fad93b0575 None None] manager_shutdown_timeout = 160 {{(pid=95842) log_opt_values /opt/stack/data/venv/lib/python3.12/site-packages/oslo_config/cfg.py:3242}}
Jul 06 21:47:55.762125 np0000004676 devstack@n-api-meta.service[95842]: DEBUG nova.api.openstack.wsgi_app [None req-9026498d-f357-46c3-b158-e1fad93b0575 None None] max_concurrent_builds = 10 {{(pid=95842) log_opt_values /opt/stack/data/venv/lib/python3.12/site-packages/oslo_config/cfg.py:3242}}
Jul 06 21:47:55.762332 np0000004676 devstack@n-api-meta.service[95842]: DEBUG nova.api.openstack.wsgi_app [None req-9026498d-f357-46c3-b158-e1fad93b0575 None None] max_concurrent_live_migrations = 1 {{(pid=95842) log_opt_values /opt/stack/data/venv/lib/python3.12/site-packages/oslo_config/cfg.py:3242}}
Jul 06 21:47:55.762450 np0000004676 devstack@n-api-meta.service[95842]: DEBUG nova.api.openstack.wsgi_app [None req-9026498d-f357-46c3-b158-e1fad93b0575 None None] max_concurrent_snapshots = 5 {{(pid=95842) log_opt_values /opt/stack/data/venv/lib/python3.12/site-packages/oslo_config/cfg.py:3242}}
Jul 06 21:47:55.762564 np0000004676 devstack@n-api-meta.service[95842]: DEBUG nova.api.openstack.wsgi_app [None req-9026498d-f357-46c3-b158-e1fad93b0575 None None] max_local_block_devices = 3 {{(pid=95842) log_opt_values /opt/stack/data/venv/lib/python3.12/site-packages/oslo_config/cfg.py:3242}}
Jul 06 21:47:55.762697 np0000004676 devstack@n-api-meta.service[95842]: DEBUG nova.api.openstack.wsgi_app [None req-9026498d-f357-46c3-b158-e1fad93b0575 None None] max_logfile_count = 30 {{(pid=95842) log_opt_values /opt/stack/data/venv/lib/python3.12/site-packages/oslo_config/cfg.py:3242}}
Jul 06 21:47:55.762818 np0000004676 devstack@n-api-meta.service[95842]: DEBUG nova.api.openstack.wsgi_app [None req-9026498d-f357-46c3-b158-e1fad93b0575 None None] max_logfile_size_mb = 200 {{(pid=95842) log_opt_values /opt/stack/data/venv/lib/python3.12/site-packages/oslo_config/cfg.py:3242}}
Jul 06 21:47:55.762932 np0000004676 devstack@n-api-meta.service[95842]: DEBUG nova.api.openstack.wsgi_app [None req-9026498d-f357-46c3-b158-e1fad93b0575 None None] maximum_instance_delete_attempts = 5 {{(pid=95842) log_opt_values /opt/stack/data/venv/lib/python3.12/site-packages/oslo_config/cfg.py:3242}}
