Jul 06 21:47:55.198514 np0000004676 nova-scheduler[96456]: DEBUG cotyledon.oslo_config_glue [-] profiler.connection_string = messaging:// {{(pid=96456) log_opt_values /opt/stack/data/venv/lib/python3.12/site-packages/oslo_config/cfg.py:3253}}
Jul 06 21:47:55.198514 np0000004676 nova-scheduler[96456]: DEBUG cotyledon.oslo_config_glue [-] profiler.enabled = False {{(pid=96456) log_opt_values /opt/stack/data/venv/lib/python3.12/site-packages/oslo_config/cfg.py:3253}}
Jul 06 21:47:55.198514 np0000004676 nova-scheduler[96456]: DEBUG cotyledon.oslo_config_glue [-] profiler.es_doc_type = notification {{(pid=96456) log_opt_values /opt/stack/data/venv/lib/python3.12/site-packages/oslo_config/cfg.py:3253}}
Jul 06 21:47:55.198514 np0000004676 nova-scheduler[96456]: DEBUG cotyledon.oslo_config_glue [-] profiler.es_scroll_size = 10000 {{(pid=96456) log_opt_values /opt/stack/data/venv/lib/python3.12/site-packages/oslo_config/cfg.py:3253}}
Jul 06 21:47:55.198514 np0000004676 nova-scheduler[96456]: DEBUG cotyledon.oslo_config_glue [-] profiler.es_scroll_time = 2m {{(pid=96456) log_opt_values /opt/stack/data/venv/lib/python3.12/site-packages/oslo_config/cfg.py:3253}}
Jul 06 21:47:55.198514 np0000004676 nova-scheduler[96456]: DEBUG cotyledon.oslo_config_glue [-] profiler.filter_error_trace = False {{(pid=96456) log_opt_values /opt/stack/data/venv/lib/python3.12/site-packages/oslo_config/cfg.py:3253}}
Jul 06 21:47:55.198828 np0000004676 nova-scheduler[96456]: DEBUG cotyledon.oslo_config_glue [-] profiler.hmac_keys = **** {{(pid=96456) log_opt_values /opt/stack/data/venv/lib/python3.12/site-packages/oslo_config/cfg.py:3253}}
Jul 06 21:47:55.198828 np0000004676 nova-scheduler[96456]: DEBUG cotyledon.oslo_config_glue [-] profiler.sentinel_service_name = mymaster {{(pid=96456) log_opt_values /opt/stack/data/venv/lib/python3.12/site-packages/oslo_config/cfg.py:3253}}
Jul 06 21:47:55.198828 np0000004676 nova-scheduler[96456]: DEBUG cotyledon.oslo_config_glue [-] profiler.socket_timeout = 0.1 {{(pid=96456) log_opt_values /opt/stack/data/venv/lib/python3.12/site-packages/oslo_config/cfg.py:3253}}
Jul 06 21:47:55.198828 np0000004676 nova-scheduler[96456]: DEBUG cotyledon.oslo_config_glue [-] profiler.trace_requests = False {{(pid=96456) log_opt_values /opt/stack/data/venv/lib/python3.12/site-packages/oslo_config/cfg.py:3253}}
Jul 06 21:47:55.198828 np0000004676 nova-scheduler[96456]: DEBUG cotyledon.oslo_config_glue [-] profiler.trace_sqlalchemy = False {{(pid=96456) log_opt_values /opt/stack/data/venv/lib/python3.12/site-packages/oslo_config/cfg.py:3253}}
Jul 06 21:47:55.198828 np0000004676 nova-scheduler[96456]: DEBUG cotyledon.oslo_config_glue [-] profiler_jaeger.process_tags = {} {{(pid=96456) log_opt_values /opt/stack/data/venv/lib/python3.12/site-packages/oslo_config/cfg.py:3253}}
Jul 06 21:47:55.198828 np0000004676 nova-scheduler[96456]: DEBUG cotyledon.oslo_config_glue [-] profiler_jaeger.service_name_prefix = None {{(pid=96456) log_opt_values /opt/stack/data/venv/lib/python3.12/site-packages/oslo_config/cfg.py:3253}}
Jul 06 21:47:55.198828 np0000004676 nova-scheduler[96456]: DEBUG cotyledon.oslo_config_glue [-] profiler_otlp.service_name_prefix = None {{(pid=96456) log_opt_values /opt/stack/data/venv/lib/python3.12/site-packages/oslo_config/cfg.py:3253}}
Jul 06 21:47:55.198828 np0000004676 nova-scheduler[96456]: DEBUG cotyledon.oslo_config_glue [-] oslo_messaging_rabbit.amqp_auto_delete = False {{(pid=96456) log_opt_values /opt/stack/data/venv/lib/python3.12/site-packages/oslo_config/cfg.py:3253}}
Jul 06 21:47:55.199013 np0000004676 nova-scheduler[96456]: DEBUG cotyledon.oslo_config_glue [-] oslo_messaging_rabbit.amqp_durable_queues = False {{(pid=96456) log_opt_values /opt/stack/data/venv/lib/python3.12/site-packages/oslo_config/cfg.py:3253}}
Jul 06 21:47:55.199013 np0000004676 nova-scheduler[96456]: DEBUG cotyledon.oslo_config_glue [-] oslo_messaging_rabbit.conn_pool_min_size = 2 {{(pid=96456) log_opt_values /opt/stack/data/venv/lib/python3.12/site-packages/oslo_config/cfg.py:3253}}
Jul 06 21:47:55.199013 np0000004676 nova-scheduler[96456]: DEBUG cotyledon.oslo_config_glue [-] oslo_messaging_rabbit.conn_pool_ttl = 1200 {{(pid=96456) log_opt_values /opt/stack/data/venv/lib/python3.12/site-packages/oslo_config/cfg.py:3253}}
Jul 06 21:47:55.199013 np0000004676 nova-scheduler[96456]: DEBUG cotyledon.oslo_config_glue [-] oslo_messaging_rabbit.direct_mandatory_flag = True {{(pid=96456) log_opt_values /opt/stack/data/venv/lib/python3.12/site-packages/oslo_config/cfg.py:3253}}
Jul 06 21:47:55.199013 np0000004676 nova-scheduler[96456]: DEBUG cotyledon.oslo_config_glue [-] oslo_messaging_rabbit.enable_cancel_on_failover = False {{(pid=96456) log_opt_values /opt/stack/data/venv/lib/python3.12/site-packages/oslo_config/cfg.py:3253}}
Jul 06 21:47:55.199013 np0000004676 nova-scheduler[96456]: DEBUG cotyledon.oslo_config_glue [-] oslo_messaging_rabbit.heartbeat_rate = 3 {{(pid=96456) log_opt_values /opt/stack/data/venv/lib/python3.12/site-packages/oslo_config/cfg.py:3253}}
Jul 06 21:47:55.199013 np0000004676 nova-scheduler[96456]: DEBUG cotyledon.oslo_config_glue [-] oslo_messaging_rabbit.heartbeat_timeout_threshold = 60 {{(pid=96456) log_opt_values /opt/stack/data/venv/lib/python3.12/site-packages/oslo_config/cfg.py:3253}}
Jul 06 21:47:55.199013 np0000004676 nova-scheduler[96456]: DEBUG cotyledon.oslo_config_glue [-] oslo_messaging_rabbit.hostname = np0000004676 {{(pid=96456) log_opt_values /opt/stack/data/venv/lib/python3.12/site-packages/oslo_config/cfg.py:3253}}
Jul 06 21:47:55.199013 np0000004676 nova-scheduler[96456]: DEBUG cotyledon.oslo_config_glue [-] oslo_messaging_rabbit.kombu_compression = None {{(pid=96456) log_opt_values /opt/stack/data/venv/lib/python3.12/site-packages/oslo_config/cfg.py:3253}}
Jul 06 21:47:55.199260 np0000004676 nova-scheduler[96456]: DEBUG cotyledon.oslo_config_glue [-] oslo_messaging_rabbit.kombu_failover_strategy = round-robin {{(pid=96456) log_opt_values /opt/stack/data/venv/lib/python3.12/site-packages/oslo_config/cfg.py:3253}}
Jul 06 21:47:55.199260 np0000004676 nova-scheduler[96456]: DEBUG cotyledon.oslo_config_glue [-] oslo_messaging_rabbit.kombu_missing_consumer_retry_timeout = 60 {{(pid=96456) log_opt_values /opt/stack/data/venv/lib/python3.12/site-packages/oslo_config/cfg.py:3253}}
Jul 06 21:47:55.199260 np0000004676 nova-scheduler[96456]: DEBUG cotyledon.oslo_config_glue [-] oslo_messaging_rabbit.kombu_reconnect_delay = 1.0 {{(pid=96456) log_opt_values /opt/stack/data/venv/lib/python3.12/site-packages/oslo_config/cfg.py:3253}}
Jul 06 21:47:55.199260 np0000004676 nova-scheduler[96456]: DEBUG cotyledon.oslo_config_glue [-] oslo_messaging_rabbit.kombu_reconnect_splay = 0.0 {{(pid=96456) log_opt_values /opt/stack/data/venv/lib/python3.12/site-packages/oslo_config/cfg.py:3253}}
Jul 06 21:47:55.199260 np0000004676 nova-scheduler[96456]: DEBUG cotyledon.oslo_config_glue [-] oslo_messaging_rabbit.processname = nova-scheduler {{(pid=96456) log_opt_values /opt/stack/data/venv/lib/python3.12/site-packages/oslo_config/cfg.py:3253}}
Jul 06 21:47:55.199260 np0000004676 nova-scheduler[96456]: DEBUG cotyledon.oslo_config_glue [-] oslo_messaging_rabbit.rabbit_ha_queues = False {{(pid=96456) log_opt_values /opt/stack/data/venv/lib/python3.12/site-packages/oslo_config/cfg.py:3253}}
Jul 06 21:47:55.199260 np0000004676 nova-scheduler[96456]: DEBUG cotyledon.oslo_config_glue [-] oslo_messaging_rabbit.rabbit_interval_max = 30 {{(pid=96456) log_opt_values /opt/stack/data/venv/lib/python3.12/site-packages/oslo_config/cfg.py:3253}}
Jul 06 21:47:55.199260 np0000004676 nova-scheduler[96456]: DEBUG cotyledon.oslo_config_glue [-] oslo_messaging_rabbit.rabbit_login_method = AMQPLAIN {{(pid=96456) log_opt_values /opt/stack/data/venv/lib/python3.12/site-packages/oslo_config/cfg.py:3253}}
Jul 06 21:47:55.199514 np0000004676 nova-scheduler[96456]: DEBUG cotyledon.oslo_config_glue [-] oslo_messaging_rabbit.rabbit_qos_prefetch_count = 0 {{(pid=96456) log_opt_values /opt/stack/data/venv/lib/python3.12/site-packages/oslo_config/cfg.py:3253}}
Jul 06 21:47:55.199514 np0000004676 nova-scheduler[96456]: DEBUG cotyledon.oslo_config_glue [-] oslo_messaging_rabbit.rabbit_quorum_delivery_limit = 0 {{(pid=96456) log_opt_values /opt/stack/data/venv/lib/python3.12/site-packages/oslo_config/cfg.py:3253}}
Jul 06 21:47:55.199514 np0000004676 nova-scheduler[96456]: DEBUG cotyledon.oslo_config_glue [-] oslo_messaging_rabbit.rabbit_quorum_max_memory_bytes = 0 {{(pid=96456) log_opt_values /opt/stack/data/venv/lib/python3.12/site-packages/oslo_config/cfg.py:3253}}
Jul 06 21:47:55.199514 np0000004676 nova-scheduler[96456]: DEBUG cotyledon.oslo_config_glue [-] oslo_messaging_rabbit.rabbit_quorum_max_memory_length = 0 {{(pid=96456) log_opt_values /opt/stack/data/venv/lib/python3.12/site-packages/oslo_config/cfg.py:3253}}
Jul 06 21:47:55.199514 np0000004676 nova-scheduler[96456]: DEBUG cotyledon.oslo_config_glue [-] oslo_messaging_rabbit.rabbit_quorum_queue = False {{(pid=96456) log_opt_values /opt/stack/data/venv/lib/python3.12/site-packages/oslo_config/cfg.py:3253}}
Jul 06 21:47:55.199514 np0000004676 nova-scheduler[96456]: DEBUG cotyledon.oslo_config_glue [-] oslo_messaging_rabbit.rabbit_retry_backoff = 2 {{(pid=96456) log_opt_values /opt/stack/data/venv/lib/python3.12/site-packages/oslo_config/cfg.py:3253}}
Jul 06 21:47:55.199514 np0000004676 nova-scheduler[96456]: DEBUG cotyledon.oslo_config_glue [-] oslo_messaging_rabbit.rabbit_retry_interval = 1 {{(pid=96456) log_opt_values /opt/stack/data/venv/lib/python3.12/site-packages/oslo_config/cfg.py:3253}}
Jul 06 21:47:55.199514 np0000004676 nova-scheduler[96456]: DEBUG cotyledon.oslo_config_glue [-] oslo_messaging_rabbit.rabbit_stream_fanout = False {{(pid=96456) log_opt_values /opt/stack/data/venv/lib/python3.12/site-packages/oslo_config/cfg.py:3253}}
Jul 06 21:47:55.199690 np0000004676 nova-scheduler[96456]: DEBUG cotyledon.oslo_config_glue [-] oslo_messaging_rabbit.rabbit_transient_queues_ttl = 1800 {{(pid=96456) log_opt_values /opt/stack/data/venv/lib/python3.12/site-packages/oslo_config/cfg.py:3253}}
Jul 06 21:47:55.199690 np0000004676 nova-scheduler[96456]: DEBUG cotyledon.oslo_config_glue [-] oslo_messaging_rabbit.rabbit_transient_quorum_queue = False {{(pid=96456) log_opt_values /opt/stack/data/venv/lib/python3.12/site-packages/oslo_config/cfg.py:3253}}
Jul 06 21:47:55.199690 np0000004676 nova-scheduler[96456]: DEBUG cotyledon.oslo_config_glue [-] oslo_messaging_rabbit.rpc_conn_pool_size = 30 {{(pid=96456) log_opt_values /opt/stack/data/venv/lib/python3.12/site-packages/oslo_config/cfg.py:3253}}
Jul 06 21:47:55.199690 np0000004676 nova-scheduler[96456]: DEBUG cotyledon.oslo_config_glue [-] oslo_messaging_rabbit.ssl = False {{(pid=96456) log_opt_values /opt/stack/data/venv/lib/python3.12/site-packages/oslo_config/cfg.py:3253}}
Jul 06 21:47:55.199690 np0000004676 nova-scheduler[96456]: DEBUG cotyledon.oslo_config_glue [-] oslo_messaging_rabbit.ssl_ca_file = {{(pid=96456) log_opt_values /opt/stack/data/venv/lib/python3.12/site-packages/oslo_config/cfg.py:3253}}
Jul 06 21:47:55.199690 np0000004676 nova-scheduler[96456]: DEBUG cotyledon.oslo_config_glue [-] oslo_messaging_rabbit.ssl_cert_file = {{(pid=96456) log_opt_values /opt/stack/data/venv/lib/python3.12/site-packages/oslo_config/cfg.py:3253}}
Jul 06 21:47:55.199690 np0000004676 nova-scheduler[96456]: DEBUG cotyledon.oslo_config_glue [-] oslo_messaging_rabbit.ssl_enforce_fips_mode = False {{(pid=96456) log_opt_values /opt/stack/data/venv/lib/python3.12/site-packages/oslo_config/cfg.py:3253}}
Jul 06 21:47:55.199690 np0000004676 nova-scheduler[96456]: DEBUG cotyledon.oslo_config_glue [-] oslo_messaging_rabbit.ssl_enforce_hostname_verification = True {{(pid=96456) log_opt_values /opt/stack/data/venv/lib/python3.12/site-packages/oslo_config/cfg.py:3253}}
Jul 06 21:47:55.199690 np0000004676 nova-scheduler[96456]: DEBUG cotyledon.oslo_config_glue [-] oslo_messaging_rabbit.ssl_key_file = {{(pid=96456) log_opt_values /opt/stack/data/venv/lib/python3.12/site-packages/oslo_config/cfg.py:3253}}
Jul 06 21:47:55.199910 np0000004676 nova-scheduler[96456]: DEBUG cotyledon.oslo_config_glue [-] oslo_messaging_rabbit.ssl_version = {{(pid=96456) log_opt_values /opt/stack/data/venv/lib/python3.12/site-packages/oslo_config/cfg.py:3253}}
Jul 06 21:47:55.199910 np0000004676 nova-scheduler[96456]: DEBUG cotyledon.oslo_config_glue [-] oslo_messaging_rabbit.use_queue_manager = False {{(pid=96456) log_opt_values /opt/stack/data/venv/lib/python3.12/site-packages/oslo_config/cfg.py:3253}}
Jul 06 21:47:55.199910 np0000004676 nova-scheduler[96456]: DEBUG cotyledon.oslo_config_glue [-] oslo_messaging_notifications.driver = ['messagingv2'] {{(pid=96456) log_opt_values /opt/stack/data/venv/lib/python3.12/site-packages/oslo_config/cfg.py:3253}}
Jul 06 21:47:55.199910 np0000004676 nova-scheduler[96456]: DEBUG cotyledon.oslo_config_glue [-] oslo_messaging_notifications.retry = -1 {{(pid=96456) log_opt_values /opt/stack/data/venv/lib/python3.12/site-packages/oslo_config/cfg.py:3253}}
Jul 06 21:47:55.199910 np0000004676 nova-scheduler[96456]: DEBUG cotyledon.oslo_config_glue [-] oslo_messaging_notifications.topics = ['notifications'] {{(pid=96456) log_opt_values /opt/stack/data/venv/lib/python3.12/site-packages/oslo_config/cfg.py:3253}}
Jul 06 21:47:55.199910 np0000004676 nova-scheduler[96456]: DEBUG cotyledon.oslo_config_glue [-] oslo_messaging_notifications.transport_url = **** {{(pid=96456) log_opt_values /opt/stack/data/venv/lib/python3.12/site-packages/oslo_config/cfg.py:3253}}
Jul 06 21:47:55.199910 np0000004676 nova-scheduler[96456]: DEBUG cotyledon.oslo_config_glue [-] oslo_limit.auth_section = None {{(pid=96456) log_opt_values /opt/stack/data/venv/lib/python3.12/site-packages/oslo_config/cfg.py:3253}}
Jul 06 21:47:55.199910 np0000004676 nova-scheduler[96456]: DEBUG cotyledon.oslo_config_glue [-] oslo_limit.auth_type = None {{(pid=96456) log_opt_values /opt/stack/data/venv/lib/python3.12/site-packages/oslo_config/cfg.py:3253}}
Jul 06 21:47:55.199910 np0000004676 nova-scheduler[96456]: DEBUG cotyledon.oslo_config_glue [-] oslo_limit.cafile = None {{(pid=96456) log_opt_values /opt/stack/data/venv/lib/python3.12/site-packages/oslo_config/cfg.py:3253}}
Jul 06 21:47:55.200157 np0000004676 nova-scheduler[96456]: DEBUG cotyledon.oslo_config_glue [-] oslo_limit.certfile = None {{(pid=96456) log_opt_values /opt/stack/data/venv/lib/python3.12/site-packages/oslo_config/cfg.py:3253}}
Jul 06 21:47:55.200157 np0000004676 nova-scheduler[96456]: DEBUG cotyledon.oslo_config_glue [-] oslo_limit.collect_timing = False {{(pid=96456) log_opt_values /opt/stack/data/venv/lib/python3.12/site-packages/oslo_config/cfg.py:3253}}
Jul 06 21:47:55.200157 np0000004676 nova-scheduler[96456]: DEBUG cotyledon.oslo_config_glue [-] oslo_limit.connect_retries = None {{(pid=96456) log_opt_values /opt/stack/data/venv/lib/python3.12/site-packages/oslo_config/cfg.py:3253}}
Jul 06 21:47:55.200157 np0000004676 nova-scheduler[96456]: DEBUG cotyledon.oslo_config_glue [-] oslo_limit.connect_retry_delay = None {{(pid=96456) log_opt_values /opt/stack/data/venv/lib/python3.12/site-packages/oslo_config/cfg.py:3253}}
Jul 06 21:47:55.200157 np0000004676 nova-scheduler[96456]: DEBUG cotyledon.oslo_config_glue [-] oslo_limit.endpoint_id = None {{(pid=96456) log_opt_values /opt/stack/data/venv/lib/python3.12/site-packages/oslo_config/cfg.py:3253}}
Jul 06 21:47:55.200157 np0000004676 nova-scheduler[96456]: DEBUG cotyledon.oslo_config_glue [-] oslo_limit.endpoint_interface = public {{(pid=96456) log_opt_values /opt/stack/data/venv/lib/python3.12/site-packages/oslo_config/cfg.py:3253}}
Jul 06 21:47:55.200157 np0000004676 nova-scheduler[96456]: DEBUG cotyledon.oslo_config_glue [-] oslo_limit.endpoint_override = None {{(pid=96456) log_opt_values /opt/stack/data/venv/lib/python3.12/site-packages/oslo_config/cfg.py:3253}}
Jul 06 21:47:55.200157 np0000004676 nova-scheduler[96456]: DEBUG cotyledon.oslo_config_glue [-] oslo_limit.endpoint_region_name = None {{(pid=96456) log_opt_values /opt/stack/data/venv/lib/python3.12/site-packages/oslo_config/cfg.py:3253}}
Jul 06 21:47:55.200157 np0000004676 nova-scheduler[96456]: DEBUG cotyledon.oslo_config_glue [-] oslo_limit.endpoint_service_name = None {{(pid=96456) log_opt_values /opt/stack/data/venv/lib/python3.12/site-packages/oslo_config/cfg.py:3253}}
Jul 06 21:47:55.200393 np0000004676 nova-scheduler[96456]: DEBUG cotyledon.oslo_config_glue [-] oslo_limit.endpoint_service_type = None {{(pid=96456) log_opt_values /opt/stack/data/venv/lib/python3.12/site-packages/oslo_config/cfg.py:3253}}
Jul 06 21:47:55.200393 np0000004676 nova-scheduler[96456]: DEBUG cotyledon.oslo_config_glue [-] oslo_limit.insecure = False {{(pid=96456) log_opt_values /opt/stack/data/venv/lib/python3.12/site-packages/oslo_config/cfg.py:3253}}
Jul 06 21:47:55.200393 np0000004676 nova-scheduler[96456]: DEBUG cotyledon.oslo_config_glue [-] oslo_limit.keyfile = None {{(pid=96456) log_opt_values /opt/stack/data/venv/lib/python3.12/site-packages/oslo_config/cfg.py:3253}}
Jul 06 21:47:55.200393 np0000004676 nova-scheduler[96456]: DEBUG cotyledon.oslo_config_glue [-] oslo_limit.max_version = None {{(pid=96456) log_opt_values /opt/stack/data/venv/lib/python3.12/site-packages/oslo_config/cfg.py:3253}}
Jul 06 21:47:55.200393 np0000004676 nova-scheduler[96456]: DEBUG cotyledon.oslo_config_glue [-] oslo_limit.min_version = None {{(pid=96456) log_opt_values /opt/stack/data/venv/lib/python3.12/site-packages/oslo_config/cfg.py:3253}}
Jul 06 21:47:55.200393 np0000004676 nova-scheduler[96456]: DEBUG cotyledon.oslo_config_glue [-] oslo_limit.region_name = None {{(pid=96456) log_opt_values /opt/stack/data/venv/lib/python3.12/site-packages/oslo_config/cfg.py:3253}}
Jul 06 21:47:55.200393 np0000004676 nova-scheduler[96456]: DEBUG cotyledon.oslo_config_glue [-] oslo_limit.retriable_status_codes = None {{(pid=96456) log_opt_values /opt/stack/data/venv/lib/python3.12/site-packages/oslo_config/cfg.py:3253}}
Jul 06 21:47:55.200393 np0000004676 nova-scheduler[96456]: DEBUG cotyledon.oslo_config_glue [-] oslo_limit.service_name = None {{(pid=96456) log_opt_values /opt/stack/data/venv/lib/python3.12/site-packages/oslo_config/cfg.py:3253}}
Jul 06 21:47:55.200393 np0000004676 nova-scheduler[96456]: DEBUG cotyledon.oslo_config_glue [-] oslo_limit.service_type = None {{(pid=96456) log_opt_values /opt/stack/data/venv/lib/python3.12/site-packages/oslo_config/cfg.py:3253}}
Jul 06 21:47:55.200555 np0000004676 nova-scheduler[96456]: DEBUG cotyledon.oslo_config_glue [-] oslo_limit.split_loggers = False {{(pid=96456) log_opt_values /opt/stack/data/venv/lib/python3.12/site-packages/oslo_config/cfg.py:3253}}
Jul 06 21:47:55.200577 np0000004676 nova-scheduler[96420]: INFO dbcounter [None req-1d3f03a1-247c-460c-a6b0-9899f9124751 None None] Registered counter for database nova_cell0
Jul 06 21:47:55.200600 np0000004676 nova-scheduler[96456]: DEBUG cotyledon.oslo_config_glue [-] oslo_limit.status_code_retries = None {{(pid=96456) log_opt_values /opt/stack/data/venv/lib/python3.12/site-packages/oslo_config/cfg.py:3253}}
Jul 06 21:47:55.200600 np0000004676 nova-scheduler[96456]: DEBUG cotyledon.oslo_config_glue [-] oslo_limit.status_code_retry_delay = None {{(pid=96456) log_opt_values /opt/stack/data/venv/lib/python3.12/site-packages/oslo_config/cfg.py:3253}}
Jul 06 21:47:55.200600 np0000004676 nova-scheduler[96456]: DEBUG cotyledon.oslo_config_glue [-] oslo_limit.timeout = None {{(pid=96456) log_opt_values /opt/stack/data/venv/lib/python3.12/site-packages/oslo_config/cfg.py:3253}}
Jul 06 21:47:55.200600 np0000004676 nova-scheduler[96456]: DEBUG cotyledon.oslo_config_glue [-] oslo_limit.valid_interfaces = None {{(pid=96456) log_opt_values /opt/stack/data/venv/lib/python3.12/site-packages/oslo_config/cfg.py:3253}}
Jul 06 21:47:55.200600 np0000004676 nova-scheduler[96456]: DEBUG cotyledon.oslo_config_glue [-] oslo_limit.version = None {{(pid=96456) log_opt_values /opt/stack/data/venv/lib/python3.12/site-packages/oslo_config/cfg.py:3253}}
Jul 06 21:47:55.200600 np0000004676 nova-scheduler[96456]: DEBUG cotyledon.oslo_config_glue [-] oslo_reports.file_event_handler = None {{(pid=96456) log_opt_values /opt/stack/data/venv/lib/python3.12/site-packages/oslo_config/cfg.py:3253}}
Jul 06 21:47:55.200600 np0000004676 nova-scheduler[96456]: DEBUG cotyledon.oslo_config_glue [-] oslo_reports.file_event_handler_interval = 1 {{(pid=96456) log_opt_values /opt/stack/data/venv/lib/python3.12/site-packages/oslo_config/cfg.py:3253}}
Jul 06 21:47:55.200600 np0000004676 nova-scheduler[96456]: DEBUG cotyledon.oslo_config_glue [-] oslo_reports.log_dir = None {{(pid=96456) log_opt_values /opt/stack/data/venv/lib/python3.12/site-packages/oslo_config/cfg.py:3253}}
Jul 06 21:47:55.200600 np0000004676 nova-scheduler[96456]: DEBUG cotyledon.oslo_config_glue [-] ******************************************************************************** {{(pid=96456) log_opt_values /opt/stack/data/venv/lib/python3.12/site-packages/oslo_config/cfg.py:3260}}
Jul 06 21:47:55.200828 np0000004676 nova-scheduler[96456]: DEBUG cotyledon._service_worker [-] Run service ServiceWrapper(3) [96456] {{(pid=96456) wait_forever /opt/stack/data/venv/lib/python3.12/site-packages/cotyledon/_service_worker.py:218}}
Jul 06 21:47:55.200828 np0000004676 nova-scheduler[96456]: INFO nova.service [-] Starting scheduler node (version 33.1.0)
Jul 06 21:47:55.200828 np0000004676 nova-scheduler[96456]: INFO dbcounter [None req-94d8b60c-adf9-497b-80f9-cc29970e725e None None] Registered counter for database nova_cell0
Jul 06 21:47:55.200916 np0000004676 nova-scheduler[96416]: DEBUG oslo_db.sqlalchemy.engines [None req-8528d731-07e7-482f-8637-37d2f965e5d4 None None] MySQL server mode set to STRICT_TRANS_TABLES,STRICT_ALL_TABLES,NO_ZERO_IN_DATE,NO_ZERO_DATE,ERROR_FOR_DIVISION_BY_ZERO,TRADITIONAL,NO_ENGINE_SUBSTITUTION {{(pid=96416) _check_effective_sql_mode /opt/stack/data/venv/lib/python3.12/site-packages/oslo_db/sqlalchemy/engines.py:325}}
Jul 06 21:47:55.208066 np0000004676 nova-scheduler[96416]: DEBUG dbcounter [-] [96416] Writer thread running {{(pid=96416) stat_writer /opt/stack/data/venv/lib/python3.12/site-packages/dbcounter.py:102}}
Jul 06 21:47:55.211432 np0000004676 nova-scheduler[96418]: DEBUG oslo_db.sqlalchemy.engines [None req-343cd7c7-8422-4a1b-a149-49abc99820d8 None None] MySQL server mode set to STRICT_TRANS_TABLES,STRICT_ALL_TABLES,NO_ZERO_IN_DATE,NO_ZERO_DATE,ERROR_FOR_DIVISION_BY_ZERO,TRADITIONAL,NO_ENGINE_SUBSTITUTION {{(pid=96418) _check_effective_sql_mode /opt/stack/data/venv/lib/python3.12/site-packages/oslo_db/sqlalchemy/engines.py:325}}
Jul 06 21:47:55.226737 np0000004676 nova-scheduler[96418]: DEBUG dbcounter [-] [96418] Writer thread running {{(pid=96418) stat_writer /opt/stack/data/venv/lib/python3.12/site-packages/dbcounter.py:102}}
Jul 06 21:47:55.228259 np0000004676 nova-scheduler[96416]: DEBUG nova.service [None req-8528d731-07e7-482f-8637-37d2f965e5d4 None None] Creating RPC server for service: nova-scheduler on topic: scheduler {{(pid=96416) start /opt/stack/nova/nova/service.py:196}}
Jul 06 21:47:55.230229 np0000004676 nova-scheduler[96420]: DEBUG oslo_db.sqlalchemy.engines [None req-1d3f03a1-247c-460c-a6b0-9899f9124751 None None] MySQL server mode set to STRICT_TRANS_TABLES,STRICT_ALL_TABLES,NO_ZERO_IN_DATE,NO_ZERO_DATE,ERROR_FOR_DIVISION_BY_ZERO,TRADITIONAL,NO_ENGINE_SUBSTITUTION {{(pid=96420) _check_effective_sql_mode /opt/stack/data/venv/lib/python3.12/site-packages/oslo_db/sqlalchemy/engines.py:325}}
Jul 06 21:47:55.230932 np0000004676 nova-scheduler[96418]: DEBUG nova.service [None req-343cd7c7-8422-4a1b-a149-49abc99820d8 None None] Creating RPC server for service: nova-scheduler on topic: scheduler {{(pid=96418) start /opt/stack/nova/nova/service.py:196}}
Jul 06 21:47:55.234073 np0000004676 nova-scheduler[96456]: DEBUG oslo_db.sqlalchemy.engines [None req-94d8b60c-adf9-497b-80f9-cc29970e725e None None] MySQL server mode set to STRICT_TRANS_TABLES,STRICT_ALL_TABLES,NO_ZERO_IN_DATE,NO_ZERO_DATE,ERROR_FOR_DIVISION_BY_ZERO,TRADITIONAL,NO_ENGINE_SUBSTITUTION {{(pid=96456) _check_effective_sql_mode /opt/stack/data/venv/lib/python3.12/site-packages/oslo_db/sqlalchemy/engines.py:325}}
Jul 06 21:47:55.245797 np0000004676 nova-scheduler[96456]: DEBUG dbcounter [-] [96456] Writer thread running {{(pid=96456) stat_writer /opt/stack/data/venv/lib/python3.12/site-packages/dbcounter.py:102}}
Jul 06 21:47:55.246810 np0000004676 nova-scheduler[96420]: DEBUG dbcounter [-] [96420] Writer thread running {{(pid=96420) stat_writer /opt/stack/data/venv/lib/python3.12/site-packages/dbcounter.py:102}}
Jul 06 21:47:55.250113 np0000004676 nova-scheduler[96456]: DEBUG nova.service [None req-94d8b60c-adf9-497b-80f9-cc29970e725e None None] Creating RPC server for service: nova-scheduler on topic: scheduler {{(pid=96456) start /opt/stack/nova/nova/service.py:196}}
Jul 06 21:47:55.252893 np0000004676 nova-scheduler[96420]: DEBUG nova.service [None req-1d3f03a1-247c-460c-a6b0-9899f9124751 None None] Creating RPC server for service: nova-scheduler on topic: scheduler {{(pid=96420) start /opt/stack/nova/nova/service.py:196}}
Jul 06 21:47:55.262099 np0000004676 nova-scheduler[96418]: DEBUG nova.service [None req-343cd7c7-8422-4a1b-a149-49abc99820d8 None None] Join ServiceGroup membership for this service scheduler {{(pid=96418) start /opt/stack/nova/nova/service.py:222}}
Jul 06 21:47:55.262400 np0000004676 nova-scheduler[96418]: DEBUG nova.servicegroup.drivers.db [None req-343cd7c7-8422-4a1b-a149-49abc99820d8 None None] DB_Driver: join new ServiceGroup member np0000004676 to the scheduler group, service = {{(pid=96418) join /opt/stack/nova/nova/servicegroup/drivers/db.py:44}}
Jul 06 21:47:55.270815 np0000004676 nova-scheduler[96416]: DEBUG nova.service [None req-8528d731-07e7-482f-8637-37d2f965e5d4 None None] Join ServiceGroup membership for this service scheduler {{(pid=96416) start /opt/stack/nova/nova/service.py:222}}
Jul 06 21:47:55.271103 np0000004676 nova-scheduler[96416]: DEBUG nova.servicegroup.drivers.db [None req-8528d731-07e7-482f-8637-37d2f965e5d4 None None] DB_Driver: join new ServiceGroup member np0000004676 to the scheduler group, service = {{(pid=96416) join /opt/stack/nova/nova/servicegroup/drivers/db.py:44}}
Jul 06 21:47:55.274706 np0000004676 nova-scheduler[96456]: DEBUG nova.service [None req-94d8b60c-adf9-497b-80f9-cc29970e725e None None] Join ServiceGroup membership for this service scheduler {{(pid=96456) start /opt/stack/nova/nova/service.py:222}}
Jul 06 21:47:55.275136 np0000004676 nova-scheduler[96456]: DEBUG nova.servicegroup.drivers.db [None req-94d8b60c-adf9-497b-80f9-cc29970e725e None None] DB_Driver: join new ServiceGroup member np0000004676 to the scheduler group, service = {{(pid=96456) join /opt/stack/nova/nova/servicegroup/drivers/db.py:44}}
Jul 06 21:47:55.284583 np0000004676 nova-scheduler[96420]: DEBUG nova.service [None req-1d3f03a1-247c-460c-a6b0-9899f9124751 None None] Join ServiceGroup membership for this service scheduler {{(pid=96420) start /opt/stack/nova/nova/service.py:222}}
Jul 06 21:47:55.284858 np0000004676 nova-scheduler[96420]: DEBUG nova.servicegroup.drivers.db [None req-1d3f03a1-247c-460c-a6b0-9899f9124751 None None] DB_Driver: join new ServiceGroup member np0000004676 to the scheduler group, service = {{(pid=96420) join /opt/stack/nova/nova/servicegroup/drivers/db.py:44}}
Jul 06 21:48:00.283842 np0000004676 nova-scheduler[96418]: DEBUG oslo.service.backend._threading.loopingcall [-] Fixed interval looping call 'nova.servicegroup.drivers.db.DbDriver._report_state' sleeping for 119.98 seconds {{(pid=96418) _run_loop /opt/stack/data/venv/lib/python3.12/site-packages/oslo_service/backend/_threading/loopingcall.py:125}}
Jul 06 21:48:00.287641 np0000004676 nova-scheduler[96416]: DEBUG oslo.service.backend._threading.loopingcall [-] Fixed interval looping call 'nova.servicegroup.drivers.db.DbDriver._report_state' sleeping for 119.99 seconds {{(pid=96416) _run_loop /opt/stack/data/venv/lib/python3.12/site-packages/oslo_service/backend/_threading/loopingcall.py:125}}
Jul 06 21:48:00.290852 np0000004676 nova-scheduler[96456]: DEBUG oslo.service.backend._threading.loopingcall [-] Fixed interval looping call 'nova.servicegroup.drivers.db.DbDriver._report_state' sleeping for 119.99 seconds {{(pid=96456) _run_loop /opt/stack/data/venv/lib/python3.12/site-packages/oslo_service/backend/_threading/loopingcall.py:125}}
Jul 06 21:48:00.297087 np0000004676 nova-scheduler[96420]: DEBUG oslo.service.backend._threading.loopingcall [-] Fixed interval looping call 'nova.servicegroup.drivers.db.DbDriver._report_state' sleeping for 119.99 seconds {{(pid=96420) _run_loop /opt/stack/data/venv/lib/python3.12/site-packages/oslo_service/backend/_threading/loopingcall.py:125}}
Jul 06 21:48:03.725709 np0000004676 nova-scheduler[95215]: DEBUG dbcounter [-] [95215] Writing DB stats nova_api:SELECT=3 {{(pid=95215) stat_writer /opt/stack/data/venv/lib/python3.12/site-packages/dbcounter.py:115}}
Jul 06 21:48:03.879555 np0000004676 nova-scheduler[95215]: DEBUG dbcounter [-] [95215] Writing DB stats nova_cell1:SELECT=1 {{(pid=95215) stat_writer /opt/stack/data/venv/lib/python3.12/site-packages/dbcounter.py:115}}
Jul 06 21:48:03.883752 np0000004676 nova-scheduler[95215]: DEBUG dbcounter [-] [95215] Writing DB stats nova_cell0:SELECT=1 {{(pid=95215) stat_writer /opt/stack/data/venv/lib/python3.12/site-packages/dbcounter.py:115}}
Jul 06 21:48:10.277261 np0000004676 nova-scheduler[96418]: DEBUG dbcounter [-] [96418] Writing DB stats nova_cell0:SELECT=3,nova_cell0:UPDATE=1 {{(pid=96418) stat_writer /opt/stack/data/venv/lib/python3.12/site-packages/dbcounter.py:115}}
Jul 06 21:48:10.285928 np0000004676 nova-scheduler[96416]: DEBUG dbcounter [-] [96416] Writing DB stats nova_cell0:SELECT=4,nova_cell0:INSERT=1 {{(pid=96416) stat_writer /opt/stack/data/venv/lib/python3.12/site-packages/dbcounter.py:115}}
Jul 06 21:48:10.288619 np0000004676 nova-scheduler[96456]: DEBUG dbcounter [-] [96456] Writing DB stats nova_cell0:SELECT=3 {{(pid=96456) stat_writer /opt/stack/data/venv/lib/python3.12/site-packages/dbcounter.py:115}}
Jul 06 21:48:10.294431 np0000004676 nova-scheduler[96420]: DEBUG dbcounter [-] [96420] Writing DB stats nova_cell0:SELECT=3 {{(pid=96420) stat_writer /opt/stack/data/venv/lib/python3.12/site-packages/dbcounter.py:115}}
Jul 06 21:48:28.274505 np0000004676 nova-scheduler[96416]: DEBUG oslo.service.backend._threading.loopingcall [None req-bc913d3e-1878-4471-b81b-d73389d1cab2 None None] Dynamic interval looping call 'nova.service.Service.periodic_tasks' sleeping for 60.00 seconds {{(pid=96416) _run_loop /opt/stack/data/venv/lib/python3.12/site-packages/oslo_service/backend/_threading/loopingcall.py:125}}
Jul 06 21:48:42.265469 np0000004676 nova-scheduler[96418]: DEBUG oslo.service.backend._threading.loopingcall [None req-63edb1ee-f78c-4639-b3e5-327d21faff6e None None] Dynamic interval looping call 'nova.service.Service.periodic_tasks' sleeping for 60.00 seconds {{(pid=96418) _run_loop /opt/stack/data/venv/lib/python3.12/site-packages/oslo_service/backend/_threading/loopingcall.py:125}}
Jul 06 21:48:43.287855 np0000004676 nova-scheduler[96420]: DEBUG oslo.service.backend._threading.loopingcall [None req-edb6f601-9fcf-47c0-8982-e890582f8e77 None None] Dynamic interval looping call 'nova.service.Service.periodic_tasks' sleeping for 60.00 seconds {{(pid=96420) _run_loop /opt/stack/data/venv/lib/python3.12/site-packages/oslo_service/backend/_threading/loopingcall.py:125}}
Jul 06 21:48:46.277818 np0000004676 nova-scheduler[96456]: DEBUG oslo.service.backend._threading.loopingcall [None req-ed050009-81d6-480b-aa13-3db7d72c4d66 None None] Dynamic interval looping call 'nova.service.Service.periodic_tasks' sleeping for 60.00 seconds {{(pid=96456) _run_loop /opt/stack/data/venv/lib/python3.12/site-packages/oslo_service/backend/_threading/loopingcall.py:125}}
Jul 06 21:49:28.275066 np0000004676 nova-scheduler[96416]: DEBUG oslo.service.backend._threading.loopingcall [None req-bc913d3e-1878-4471-b81b-d73389d1cab2 None None] Dynamic interval looping call 'nova.service.Service.periodic_tasks' sleeping for 60.00 seconds {{(pid=96416) _run_loop /opt/stack/data/venv/lib/python3.12/site-packages/oslo_service/backend/_threading/loopingcall.py:125}}
Jul 06 21:49:42.266015 np0000004676 nova-scheduler[96418]: DEBUG oslo.service.backend._threading.loopingcall [None req-63edb1ee-f78c-4639-b3e5-327d21faff6e None None] Dynamic interval looping call 'nova.service.Service.periodic_tasks' sleeping for 60.00 seconds {{(pid=96418) _run_loop /opt/stack/data/venv/lib/python3.12/site-packages/oslo_service/backend/_threading/loopingcall.py:125}}
Jul 06 21:49:43.288391 np0000004676 nova-scheduler[96420]: DEBUG oslo.service.backend._threading.loopingcall [None req-edb6f601-9fcf-47c0-8982-e890582f8e77 None None] Dynamic interval looping call 'nova.service.Service.periodic_tasks' sleeping for 60.00 seconds {{(pid=96420) _run_loop /opt/stack/data/venv/lib/python3.12/site-packages/oslo_service/backend/_threading/loopingcall.py:125}}
Jul 06 21:49:46.278407 np0000004676 nova-scheduler[96456]: DEBUG oslo.service.backend._threading.loopingcall [None req-ed050009-81d6-480b-aa13-3db7d72c4d66 None None] Dynamic interval looping call 'nova.service.Service.periodic_tasks' sleeping for 60.00 seconds {{(pid=96456) _run_loop /opt/stack/data/venv/lib/python3.12/site-packages/oslo_service/backend/_threading/loopingcall.py:125}}
Jul 06 21:50:00.272921 np0000004676 nova-scheduler[96418]: DEBUG oslo.service.backend._threading.loopingcall [-] Fixed interval looping call 'nova.servicegroup.drivers.db.DbDriver._report_state' sleeping for 119.99 seconds {{(pid=96418) _run_loop /opt/stack/data/venv/lib/python3.12/site-packages/oslo_service/backend/_threading/loopingcall.py:125}}
Jul 06 21:50:00.281038 np0000004676 nova-scheduler[96416]: DEBUG oslo.service.backend._threading.loopingcall [-] Fixed interval looping call 'nova.servicegroup.drivers.db.DbDriver._report_state' sleeping for 120.00 seconds {{(pid=96416) _run_loop /opt/stack/data/venv/lib/python3.12/site-packages/oslo_service/backend/_threading/loopingcall.py:125}}
Jul 06 21:50:00.284901 np0000004676 nova-scheduler[96456]: DEBUG oslo.service.backend._threading.loopingcall [-] Fixed interval looping call 'nova.servicegroup.drivers.db.DbDriver._report_state' sleeping for 120.00 seconds {{(pid=96456) _run_loop /opt/stack/data/venv/lib/python3.12/site-packages/oslo_service/backend/_threading/loopingcall.py:125}}
Jul 06 21:50:00.290972 np0000004676 nova-scheduler[96420]: DEBUG oslo.service.backend._threading.loopingcall [-] Fixed interval looping call 'nova.servicegroup.drivers.db.DbDriver._report_state' sleeping for 120.00 seconds {{(pid=96420) _run_loop /opt/stack/data/venv/lib/python3.12/site-packages/oslo_service/backend/_threading/loopingcall.py:125}}
Jul 06 21:50:10.267782 np0000004676 nova-scheduler[96418]: DEBUG dbcounter [-] [96418] Writing DB stats nova_cell0:SELECT=1,nova_cell0:UPDATE=1 {{(pid=96418) stat_writer /opt/stack/data/venv/lib/python3.12/site-packages/dbcounter.py:115}}
Jul 06 21:50:10.279458 np0000004676 nova-scheduler[96416]: DEBUG dbcounter [-] [96416] Writing DB stats nova_cell0:SELECT=1 {{(pid=96416) stat_writer /opt/stack/data/venv/lib/python3.12/site-packages/dbcounter.py:115}}
Jul 06 21:50:10.282945 np0000004676 nova-scheduler[96456]: DEBUG dbcounter [-] [96456] Writing DB stats nova_cell0:SELECT=1 {{(pid=96456) stat_writer /opt/stack/data/venv/lib/python3.12/site-packages/dbcounter.py:115}}
Jul 06 21:50:10.288918 np0000004676 nova-scheduler[96420]: DEBUG dbcounter [-] [96420] Writing DB stats nova_cell0:SELECT=1 {{(pid=96420) stat_writer /opt/stack/data/venv/lib/python3.12/site-packages/dbcounter.py:115}}
Jul 06 21:50:27.958527 np0000004676 nova-scheduler[96418]: DEBUG nova.scheduler.manager [None req-73053477-75c0-4a26-b07e-8f89e184caea tempest-ServerBootFromVolumeStableRescueTest-1076413722 tempest-ServerBootFromVolumeStableRescueTest-1076413722-project-member] Starting to schedule for instances: ['df574f03-9153-4b68-914e-3b4b09d9e29b'] {{(pid=96418) select_destinations /opt/stack/nova/nova/scheduler/manager.py:209}}
Jul 06 21:50:27.959076 np0000004676 nova-scheduler[96418]: DEBUG nova.scheduler.request_filter [None req-73053477-75c0-4a26-b07e-8f89e184caea tempest-ServerBootFromVolumeStableRescueTest-1076413722 tempest-ServerBootFromVolumeStableRescueTest-1076413722-project-member] compute_status_filter request filter added forbidden trait COMPUTE_STATUS_DISABLED {{(pid=96418) compute_status_filter /opt/stack/nova/nova/scheduler/request_filter.py:253}}
Jul 06 21:50:27.959230 np0000004676 nova-scheduler[96418]: DEBUG nova.scheduler.request_filter [None req-73053477-75c0-4a26-b07e-8f89e184caea tempest-ServerBootFromVolumeStableRescueTest-1076413722 tempest-ServerBootFromVolumeStableRescueTest-1076413722-project-member] Request filter 'compute_status_filter' took 0.0 seconds {{(pid=96418) wrapper /opt/stack/nova/nova/scheduler/request_filter.py:46}}
Jul 06 21:50:27.959957 np0000004676 nova-scheduler[96418]: DEBUG nova.scheduler.request_filter [None req-73053477-75c0-4a26-b07e-8f89e184caea tempest-ServerBootFromVolumeStableRescueTest-1076413722 tempest-ServerBootFromVolumeStableRescueTest-1076413722-project-member] Request filter 'accelerators_filter' took 0.0 seconds {{(pid=96418) wrapper /opt/stack/nova/nova/scheduler/request_filter.py:46}}
Jul 06 21:50:27.959957 np0000004676 nova-scheduler[96418]: DEBUG nova.scheduler.request_filter [None req-73053477-75c0-4a26-b07e-8f89e184caea tempest-ServerBootFromVolumeStableRescueTest-1076413722 tempest-ServerBootFromVolumeStableRescueTest-1076413722-project-member] Request filter 'packed_virtqueue_filter' took 0.0 seconds {{(pid=96418) wrapper /opt/stack/nova/nova/scheduler/request_filter.py:46}}
Jul 06 21:50:27.960149 np0000004676 nova-scheduler[96418]: DEBUG nova.scheduler.request_filter [None req-73053477-75c0-4a26-b07e-8f89e184caea tempest-ServerBootFromVolumeStableRescueTest-1076413722 tempest-ServerBootFromVolumeStableRescueTest-1076413722-project-member] Request filter 'remote_managed_ports_filter' took 0.0 seconds {{(pid=96418) wrapper /opt/stack/nova/nova/scheduler/request_filter.py:46}}
Jul 06 21:50:27.960320 np0000004676 nova-scheduler[96418]: DEBUG nova.scheduler.request_filter [None req-73053477-75c0-4a26-b07e-8f89e184caea tempest-ServerBootFromVolumeStableRescueTest-1076413722 tempest-ServerBootFromVolumeStableRescueTest-1076413722-project-member] ephemeral_encryption_filter skipped {{(pid=96418) ephemeral_encryption_filter /opt/stack/nova/nova/scheduler/request_filter.py:426}}
Jul 06 21:50:27.960501 np0000004676 nova-scheduler[96418]: DEBUG nova.scheduler.request_filter [None req-73053477-75c0-4a26-b07e-8f89e184caea tempest-ServerBootFromVolumeStableRescueTest-1076413722 tempest-ServerBootFromVolumeStableRescueTest-1076413722-project-member] virtio_sound_filter skipped {{(pid=96418) virtio_sound_filter /opt/stack/nova/nova/scheduler/request_filter.py:460}}
Jul 06 21:50:27.960730 np0000004676 nova-scheduler[96418]: DEBUG nova.scheduler.request_filter [None req-73053477-75c0-4a26-b07e-8f89e184caea tempest-ServerBootFromVolumeStableRescueTest-1076413722 tempest-ServerBootFromVolumeStableRescueTest-1076413722-project-member] tpm_secret_security_filter skipped {{(pid=96418) tpm_secret_security_filter /opt/stack/nova/nova/scheduler/request_filter.py:477}}
Jul 06 21:50:28.276158 np0000004676 nova-scheduler[96416]: DEBUG oslo.service.backend._threading.loopingcall [None req-bc913d3e-1878-4471-b81b-d73389d1cab2 None None] Dynamic interval looping call 'nova.service.Service.periodic_tasks' sleeping for 60.00 seconds {{(pid=96416) _run_loop /opt/stack/data/venv/lib/python3.12/site-packages/oslo_service/backend/_threading/loopingcall.py:125}}
Jul 06 21:50:28.319989 np0000004676 nova-scheduler[96416]: DEBUG nova.scheduler.manager [None req-06668309-85be-402f-987f-aa4a90523b8c tempest-ServerStableDeviceRescueTest-305464573 tempest-ServerStableDeviceRescueTest-305464573-project-member] Starting to schedule for instances: ['22b0a803-1b1e-43e2-a7eb-054410fae2ed'] {{(pid=96416) select_destinations /opt/stack/nova/nova/scheduler/manager.py:209}}
Jul 06 21:50:28.320888 np0000004676 nova-scheduler[96416]: DEBUG nova.scheduler.request_filter [None req-06668309-85be-402f-987f-aa4a90523b8c tempest-ServerStableDeviceRescueTest-305464573 tempest-ServerStableDeviceRescueTest-305464573-project-member] compute_status_filter request filter added forbidden trait COMPUTE_STATUS_DISABLED {{(pid=96416) compute_status_filter /opt/stack/nova/nova/scheduler/request_filter.py:253}}
Jul 06 21:50:28.321341 np0000004676 nova-scheduler[96416]: DEBUG nova.scheduler.request_filter [None req-06668309-85be-402f-987f-aa4a90523b8c tempest-ServerStableDeviceRescueTest-305464573 tempest-ServerStableDeviceRescueTest-305464573-project-member] Request filter 'compute_status_filter' took 0.0 seconds {{(pid=96416) wrapper /opt/stack/nova/nova/scheduler/request_filter.py:46}}
Jul 06 21:50:28.321341 np0000004676 nova-scheduler[96416]: DEBUG nova.scheduler.request_filter [None req-06668309-85be-402f-987f-aa4a90523b8c tempest-ServerStableDeviceRescueTest-305464573 tempest-ServerStableDeviceRescueTest-305464573-project-member] Request filter 'accelerators_filter' took 0.0 seconds {{(pid=96416) wrapper /opt/stack/nova/nova/scheduler/request_filter.py:46}}
Jul 06 21:50:28.321640 np0000004676 nova-scheduler[96416]: DEBUG nova.scheduler.request_filter [None req-06668309-85be-402f-987f-aa4a90523b8c tempest-ServerStableDeviceRescueTest-305464573 tempest-ServerStableDeviceRescueTest-305464573-project-member] Request filter 'packed_virtqueue_filter' took 0.0 seconds {{(pid=96416) wrapper /opt/stack/nova/nova/scheduler/request_filter.py:46}}
Jul 06 21:50:28.322211 np0000004676 nova-scheduler[96416]: DEBUG nova.scheduler.request_filter [None req-06668309-85be-402f-987f-aa4a90523b8c tempest-ServerStableDeviceRescueTest-305464573 tempest-ServerStableDeviceRescueTest-305464573-project-member] Request filter 'remote_managed_ports_filter' took 0.0 seconds {{(pid=96416) wrapper /opt/stack/nova/nova/scheduler/request_filter.py:46}}
Jul 06 21:50:28.322211 np0000004676 nova-scheduler[96416]: DEBUG nova.scheduler.request_filter [None req-06668309-85be-402f-987f-aa4a90523b8c tempest-ServerStableDeviceRescueTest-305464573 tempest-ServerStableDeviceRescueTest-305464573-project-member] ephemeral_encryption_filter skipped {{(pid=96416) ephemeral_encryption_filter /opt/stack/nova/nova/scheduler/request_filter.py:426}}
Jul 06 21:50:28.322211 np0000004676 nova-scheduler[96416]: DEBUG nova.scheduler.request_filter [None req-06668309-85be-402f-987f-aa4a90523b8c tempest-ServerStableDeviceRescueTest-305464573 tempest-ServerStableDeviceRescueTest-305464573-project-member] virtio_sound_filter skipped {{(pid=96416) virtio_sound_filter /opt/stack/nova/nova/scheduler/request_filter.py:460}}
Jul 06 21:50:28.322211 np0000004676 nova-scheduler[96416]: DEBUG nova.scheduler.request_filter [None req-06668309-85be-402f-987f-aa4a90523b8c tempest-ServerStableDeviceRescueTest-305464573 tempest-ServerStableDeviceRescueTest-305464573-project-member] tpm_secret_security_filter skipped {{(pid=96416) tpm_secret_security_filter /opt/stack/nova/nova/scheduler/request_filter.py:477}}
Jul 06 21:50:28.653970 np0000004676 nova-scheduler[96418]: INFO nova.utils [None req-73053477-75c0-4a26-b07e-8f89e184caea tempest-ServerBootFromVolumeStableRescueTest-1076413722 tempest-ServerBootFromVolumeStableRescueTest-1076413722-project-member] The cell worker thread pool ForkProcess-2.cell_worker is initialized
Jul 06 21:50:28.654422 np0000004676 nova-scheduler[96418]: DEBUG oslo_concurrency.lockutils [None req-73053477-75c0-4a26-b07e-8f89e184caea tempest-ServerBootFromVolumeStableRescueTest-1076413722 tempest-ServerBootFromVolumeStableRescueTest-1076413722-project-member] Acquiring lock "fd6104fe-9127-4f11-a746-029786581989" by "nova.context.set_target_cell..get_or_set_cached_cell_and_set_connections" {{(pid=96418) inner /opt/stack/data/venv/lib/python3.12/site-packages/oslo_concurrency/lockutils.py:511}}
Jul 06 21:50:28.654711 np0000004676 nova-scheduler[96418]: DEBUG oslo_concurrency.lockutils [None req-73053477-75c0-4a26-b07e-8f89e184caea tempest-ServerBootFromVolumeStableRescueTest-1076413722 tempest-ServerBootFromVolumeStableRescueTest-1076413722-project-member] Lock "fd6104fe-9127-4f11-a746-029786581989" acquired by "nova.context.set_target_cell..get_or_set_cached_cell_and_set_connections" :: waited 0.000s {{(pid=96418) inner /opt/stack/data/venv/lib/python3.12/site-packages/oslo_concurrency/lockutils.py:524}}
Jul 06 21:50:28.656588 np0000004676 nova-scheduler[96418]: DEBUG oslo_concurrency.lockutils [None req-73053477-75c0-4a26-b07e-8f89e184caea tempest-ServerBootFromVolumeStableRescueTest-1076413722 tempest-ServerBootFromVolumeStableRescueTest-1076413722-project-member] Lock "fd6104fe-9127-4f11-a746-029786581989" "released" by "nova.context.set_target_cell..get_or_set_cached_cell_and_set_connections" :: held 0.002s {{(pid=96418) inner /opt/stack/data/venv/lib/python3.12/site-packages/oslo_concurrency/lockutils.py:543}}
Jul 06 21:50:28.660206 np0000004676 nova-scheduler[96418]: INFO dbcounter [None req-73053477-75c0-4a26-b07e-8f89e184caea tempest-ServerBootFromVolumeStableRescueTest-1076413722 tempest-ServerBootFromVolumeStableRescueTest-1076413722-project-member] Registered counter for database nova_cell1
Jul 06 21:50:28.714821 np0000004676 nova-scheduler[96418]: DEBUG oslo_db.sqlalchemy.engines [None req-73053477-75c0-4a26-b07e-8f89e184caea tempest-ServerBootFromVolumeStableRescueTest-1076413722 tempest-ServerBootFromVolumeStableRescueTest-1076413722-project-member] MySQL server mode set to STRICT_TRANS_TABLES,STRICT_ALL_TABLES,NO_ZERO_IN_DATE,NO_ZERO_DATE,ERROR_FOR_DIVISION_BY_ZERO,TRADITIONAL,NO_ENGINE_SUBSTITUTION {{(pid=96418) _check_effective_sql_mode /opt/stack/data/venv/lib/python3.12/site-packages/oslo_db/sqlalchemy/engines.py:325}}
Jul 06 21:50:28.724681 np0000004676 nova-scheduler[96418]: DEBUG dbcounter [-] [96418] Writer thread running {{(pid=96418) stat_writer /opt/stack/data/venv/lib/python3.12/site-packages/dbcounter.py:102}}
Jul 06 21:50:28.743419 np0000004676 nova-scheduler[96418]: DEBUG oslo_db.sqlalchemy.engines [None req-73053477-75c0-4a26-b07e-8f89e184caea tempest-ServerBootFromVolumeStableRescueTest-1076413722 tempest-ServerBootFromVolumeStableRescueTest-1076413722-project-member] Parent process 95215 forked (96418) with an open database connection, which is being discarded and recreated. {{(pid=96418) checkout /opt/stack/data/venv/lib/python3.12/site-packages/oslo_db/sqlalchemy/engines.py:402}}
Jul 06 21:50:28.800913 np0000004676 nova-scheduler[96418]: DEBUG dbcounter [-] [96418] Writer thread running {{(pid=96418) stat_writer /opt/stack/data/venv/lib/python3.12/site-packages/dbcounter.py:102}}
Jul 06 21:50:28.804131 np0000004676 nova-scheduler[96418]: DEBUG oslo_concurrency.lockutils [None req-73053477-75c0-4a26-b07e-8f89e184caea tempest-ServerBootFromVolumeStableRescueTest-1076413722 tempest-ServerBootFromVolumeStableRescueTest-1076413722-project-member] Acquiring lock "fd6104fe-9127-4f11-a746-029786581989" by "nova.context.set_target_cell..get_or_set_cached_cell_and_set_connections" {{(pid=96418) inner /opt/stack/data/venv/lib/python3.12/site-packages/oslo_concurrency/lockutils.py:511}}
Jul 06 21:50:28.804354 np0000004676 nova-scheduler[96418]: DEBUG oslo_concurrency.lockutils [None req-73053477-75c0-4a26-b07e-8f89e184caea tempest-ServerBootFromVolumeStableRescueTest-1076413722 tempest-ServerBootFromVolumeStableRescueTest-1076413722-project-member] Lock "fd6104fe-9127-4f11-a746-029786581989" acquired by "nova.context.set_target_cell..get_or_set_cached_cell_and_set_connections" :: waited 0.000s {{(pid=96418) inner /opt/stack/data/venv/lib/python3.12/site-packages/oslo_concurrency/lockutils.py:524}}
Jul 06 21:50:28.804584 np0000004676 nova-scheduler[96418]: DEBUG oslo_concurrency.lockutils [None req-73053477-75c0-4a26-b07e-8f89e184caea tempest-ServerBootFromVolumeStableRescueTest-1076413722 tempest-ServerBootFromVolumeStableRescueTest-1076413722-project-member] Lock "fd6104fe-9127-4f11-a746-029786581989" "released" by "nova.context.set_target_cell..get_or_set_cached_cell_and_set_connections" :: held 0.000s {{(pid=96418) inner /opt/stack/data/venv/lib/python3.12/site-packages/oslo_concurrency/lockutils.py:543}}
Jul 06 21:50:28.808393 np0000004676 nova-scheduler[96418]: DEBUG oslo_concurrency.lockutils [None req-73053477-75c0-4a26-b07e-8f89e184caea tempest-ServerBootFromVolumeStableRescueTest-1076413722 tempest-ServerBootFromVolumeStableRescueTest-1076413722-project-member] Acquiring lock "np0000004676-np0000004676" by "nova.scheduler.host_manager.HostState.update.._locked_update" {{(pid=96418) inner /opt/stack/data/venv/lib/python3.12/site-packages/oslo_concurrency/lockutils.py:511}}
Jul 06 21:50:28.808638 np0000004676 nova-scheduler[96418]: DEBUG oslo_concurrency.lockutils [None req-73053477-75c0-4a26-b07e-8f89e184caea tempest-ServerBootFromVolumeStableRescueTest-1076413722 tempest-ServerBootFromVolumeStableRescueTest-1076413722-project-member] Lock "np0000004676-np0000004676" acquired by "nova.scheduler.host_manager.HostState.update.._locked_update" :: waited 0.000s {{(pid=96418) inner /opt/stack/data/venv/lib/python3.12/site-packages/oslo_concurrency/lockutils.py:524}}
