Jun 05 07:03:29.226908 np0000002210 devstack@placement-api.service[92330]: DEBUG placement.objects.allocation_candidate [req-b3a81d37-0b04-44c3-800c-a77be57a0c92 req-23931dde-a99e-407e-a639-4117a1986838 service nova] RequestGroup(use_same_provider=False, resources={DISK_GB:1, MEMORY_MB:192, VCPU:1}, traits=(), aggregates=[]) (suffix '') returned 1 matches {{(pid=92330) _get_by_requests /opt/stack/placement/placement/objects/allocation_candidate.py:158}}
Jun 05 07:03:29.227477 np0000002210 devstack@placement-api.service[92330]: DEBUG placement.objects.allocation_candidate [req-b3a81d37-0b04-44c3-800c-a77be57a0c92 req-23931dde-a99e-407e-a639-4117a1986838 service nova] Merging candidates yields 1 allocation requests and 1 provider summaries {{(pid=92330) _merge_candidates /opt/stack/placement/placement/objects/allocation_candidate.py:908}}
Jun 05 07:03:29.228765 np0000002210 devstack@placement-api.service[92330]: INFO placement.requestlog [req-b3a81d37-0b04-44c3-800c-a77be57a0c92 req-23931dde-a99e-407e-a639-4117a1986838 service nova] 10.4.3.100 "GET /placement/allocation_candidates?limit=1000&resources=DISK_GB%3A1%2CMEMORY_MB%3A192%2CVCPU%3A1&root_required=%21COMPUTE_STATUS_DISABLED" status: 200 len: 2492 microversion: 1.36
Jun 05 07:03:29.229360 np0000002210 devstack@placement-api.service[92330]: [pid: 92330|app: 0|req: 10/29] 10.4.3.100 () {68 vars in 1625 bytes} [Fri Jun 5 07:03:29 2026] GET /placement/allocation_candidates?limit=1000&resources=DISK_GB%3A1%2CMEMORY_MB%3A192%2CVCPU%3A1&root_required=%21COMPUTE_STATUS_DISABLED => generated 2492 bytes in 57 msecs (HTTP/1.1 200) 8 headers in 297 bytes (1 switches on core 0)
Jun 05 07:03:29.303658 np0000002210 devstack@placement-api.service[92332]: DEBUG placement.requestlog [req-b3a81d37-0b04-44c3-800c-a77be57a0c92 req-62ac2069-b6fc-4e93-b416-b4367bcd760e None None] Starting request: 10.4.3.100 "GET /placement/allocations/aacb752a-d139-4beb-b835-20d98e708f2e" {{(pid=92332) __call__ /opt/stack/placement/placement/requestlog.py:55}}
Jun 05 07:03:29.308427 np0000002210 devstack@placement-api.service[92332]: INFO placement.requestlog [req-b3a81d37-0b04-44c3-800c-a77be57a0c92 req-62ac2069-b6fc-4e93-b416-b4367bcd760e service nova] 10.4.3.100 "GET /placement/allocations/aacb752a-d139-4beb-b835-20d98e708f2e" status: 200 len: 19 microversion: 1.28
Jun 05 07:03:29.308679 np0000002210 devstack@placement-api.service[92332]: [pid: 92332|app: 0|req: 11/30] 10.4.3.100 () {68 vars in 1501 bytes} [Fri Jun 5 07:03:29 2026] GET /placement/allocations/aacb752a-d139-4beb-b835-20d98e708f2e => generated 19 bytes in 6 msecs (HTTP/1.1 200) 8 headers in 295 bytes (1 switches on core 0)
Jun 05 07:03:29.357384 np0000002210 devstack@placement-api.service[92331]: DEBUG placement.requestlog [req-b3a81d37-0b04-44c3-800c-a77be57a0c92 req-6a65c1da-8122-401d-a2a6-b72d6fe0848b None None] Starting request: 10.4.3.100 "PUT /placement/allocations/aacb752a-d139-4beb-b835-20d98e708f2e" {{(pid=92331) __call__ /opt/stack/placement/placement/requestlog.py:55}}
Jun 05 07:03:29.425094 np0000002210 devstack@placement-api.service[92331]: DEBUG placement.handlers.allocation [req-b3a81d37-0b04-44c3-800c-a77be57a0c92 req-6a65c1da-8122-401d-a2a6-b72d6fe0848b service nova] Successfully wrote allocations [, , ] {{(pid=92331) _update_consumers_and_create_allocations /opt/stack/placement/placement/handlers/allocation.py:462}}
Jun 05 07:03:29.429802 np0000002210 devstack@placement-api.service[92331]: INFO placement.requestlog [req-b3a81d37-0b04-44c3-800c-a77be57a0c92 req-6a65c1da-8122-401d-a2a6-b72d6fe0848b service nova] 10.4.3.100 "PUT /placement/allocations/aacb752a-d139-4beb-b835-20d98e708f2e" status: 204 len: 0 microversion: 1.36
Jun 05 07:03:29.430030 np0000002210 devstack@placement-api.service[92331]: [pid: 92331|app: 0|req: 10/31] 10.4.3.100 () {72 vars in 1554 bytes} [Fri Jun 5 07:03:29 2026] PUT /placement/allocations/aacb752a-d139-4beb-b835-20d98e708f2e => generated 0 bytes in 73 msecs (HTTP/1.1 204) 5 headers in 199 bytes (1 switches on core 0)
Jun 05 07:03:29.450793 np0000002210 devstack@placement-api.service[92330]: DEBUG placement.requestlog [req-4de7aae7-a1b5-4ae1-9852-1aed4108f4f9 req-d52c543e-4e12-42f5-90ad-1bc6851b9af2 None None] Starting request: 10.4.3.100 "GET /placement/allocations/13799390-f008-41be-8c51-e07806463267" {{(pid=92330) __call__ /opt/stack/placement/placement/requestlog.py:55}}
Jun 05 07:03:29.460570 np0000002210 devstack@placement-api.service[92330]: INFO placement.requestlog [req-4de7aae7-a1b5-4ae1-9852-1aed4108f4f9 req-d52c543e-4e12-42f5-90ad-1bc6851b9af2 service nova] 10.4.3.100 "GET /placement/allocations/13799390-f008-41be-8c51-e07806463267" status: 200 len: 257 microversion: 1.28
Jun 05 07:03:29.460834 np0000002210 devstack@placement-api.service[92330]: [pid: 92330|app: 0|req: 11/32] 10.4.3.100 () {68 vars in 1499 bytes} [Fri Jun 5 07:03:29 2026] GET /placement/allocations/13799390-f008-41be-8c51-e07806463267 => generated 257 bytes in 10 msecs (HTTP/1.1 200) 8 headers in 296 bytes (1 switches on core 0)
Jun 05 07:03:29.750874 np0000002210 devstack@placement-api.service[92332]: DEBUG placement.requestlog [req-b58d5497-c788-4ae3-93cd-2c4ff8485bd8 req-0d3aec43-91ee-4fb8-b784-a1a72dbe0396 None None] Starting request: 10.4.3.100 "GET /placement/allocation_candidates?limit=1000&resources=DISK_GB%3A1%2CMEMORY_MB%3A192%2CVCPU%3A1&root_required=%21COMPUTE_STATUS_DISABLED" {{(pid=92332) __call__ /opt/stack/placement/placement/requestlog.py:55}}
Jun 05 07:03:29.783527 np0000002210 devstack@placement-api.service[92332]: DEBUG placement.objects.research_context [req-b58d5497-c788-4ae3-93cd-2c4ff8485bd8 req-0d3aec43-91ee-4fb8-b784-a1a72dbe0396 service nova] getting providers with 1 DISK_GB {{(pid=92332) __init__ /opt/stack/placement/placement/objects/research_context.py:137}}
Jun 05 07:03:29.793652 np0000002210 devstack@placement-api.service[92332]: DEBUG placement.objects.research_context [req-b58d5497-c788-4ae3-93cd-2c4ff8485bd8 req-0d3aec43-91ee-4fb8-b784-a1a72dbe0396 service nova] getting providers with 192 MEMORY_MB {{(pid=92332) __init__ /opt/stack/placement/placement/objects/research_context.py:137}}
Jun 05 07:03:29.797806 np0000002210 devstack@placement-api.service[92332]: DEBUG placement.objects.research_context [req-b58d5497-c788-4ae3-93cd-2c4ff8485bd8 req-0d3aec43-91ee-4fb8-b784-a1a72dbe0396 service nova] getting providers with 1 VCPU {{(pid=92332) __init__ /opt/stack/placement/placement/objects/research_context.py:137}}
Jun 05 07:03:29.803149 np0000002210 devstack@placement-api.service[92332]: DEBUG placement.objects.research_context [req-b58d5497-c788-4ae3-93cd-2c4ff8485bd8 req-0d3aec43-91ee-4fb8-b784-a1a72dbe0396 service nova] found 1 providers with available 1 DISK_GB {{(pid=92332) get_provider_ids_matching /opt/stack/placement/placement/objects/research_context.py:563}}
Jun 05 07:03:29.803424 np0000002210 devstack@placement-api.service[92332]: DEBUG placement.objects.research_context [req-b58d5497-c788-4ae3-93cd-2c4ff8485bd8 req-0d3aec43-91ee-4fb8-b784-a1a72dbe0396 service nova] found 1 providers with available 192 MEMORY_MB {{(pid=92332) get_provider_ids_matching /opt/stack/placement/placement/objects/research_context.py:563}}
Jun 05 07:03:29.803905 np0000002210 devstack@placement-api.service[92332]: DEBUG placement.objects.research_context [req-b58d5497-c788-4ae3-93cd-2c4ff8485bd8 req-0d3aec43-91ee-4fb8-b784-a1a72dbe0396 service nova] found 1 providers after filtering by previous result {{(pid=92332) get_provider_ids_matching /opt/stack/placement/placement/objects/research_context.py:594}}
Jun 05 07:03:29.803905 np0000002210 devstack@placement-api.service[92332]: DEBUG placement.objects.research_context [req-b58d5497-c788-4ae3-93cd-2c4ff8485bd8 req-0d3aec43-91ee-4fb8-b784-a1a72dbe0396 service nova] found 1 providers with available 1 VCPU {{(pid=92332) get_provider_ids_matching /opt/stack/placement/placement/objects/research_context.py:563}}
Jun 05 07:03:29.804049 np0000002210 devstack@placement-api.service[92332]: DEBUG placement.objects.research_context [req-b58d5497-c788-4ae3-93cd-2c4ff8485bd8 req-0d3aec43-91ee-4fb8-b784-a1a72dbe0396 service nova] found 1 providers after filtering by previous result {{(pid=92332) get_provider_ids_matching /opt/stack/placement/placement/objects/research_context.py:594}}
Jun 05 07:03:29.814223 np0000002210 devstack@placement-api.service[92332]: DEBUG placement.objects.allocation_candidate [req-b58d5497-c788-4ae3-93cd-2c4ff8485bd8 req-0d3aec43-91ee-4fb8-b784-a1a72dbe0396 service nova] RequestGroup(use_same_provider=False, resources={DISK_GB:1, MEMORY_MB:192, VCPU:1}, traits=(), aggregates=[]) (suffix '') returned 1 matches {{(pid=92332) _get_by_requests /opt/stack/placement/placement/objects/allocation_candidate.py:158}}
Jun 05 07:03:29.814677 np0000002210 devstack@placement-api.service[92332]: DEBUG placement.objects.allocation_candidate [req-b58d5497-c788-4ae3-93cd-2c4ff8485bd8 req-0d3aec43-91ee-4fb8-b784-a1a72dbe0396 service nova] Merging candidates yields 1 allocation requests and 1 provider summaries {{(pid=92332) _merge_candidates /opt/stack/placement/placement/objects/allocation_candidate.py:908}}
Jun 05 07:03:29.816105 np0000002210 devstack@placement-api.service[92332]: INFO placement.requestlog [req-b58d5497-c788-4ae3-93cd-2c4ff8485bd8 req-0d3aec43-91ee-4fb8-b784-a1a72dbe0396 service nova] 10.4.3.100 "GET /placement/allocation_candidates?limit=1000&resources=DISK_GB%3A1%2CMEMORY_MB%3A192%2CVCPU%3A1&root_required=%21COMPUTE_STATUS_DISABLED" status: 200 len: 2492 microversion: 1.36
Jun 05 07:03:29.816513 np0000002210 devstack@placement-api.service[92332]: [pid: 92332|app: 0|req: 12/33] 10.4.3.100 () {68 vars in 1625 bytes} [Fri Jun 5 07:03:29 2026] GET /placement/allocation_candidates?limit=1000&resources=DISK_GB%3A1%2CMEMORY_MB%3A192%2CVCPU%3A1&root_required=%21COMPUTE_STATUS_DISABLED => generated 2492 bytes in 66 msecs (HTTP/1.1 200) 8 headers in 297 bytes (1 switches on core 0)
Jun 05 07:03:29.873539 np0000002210 devstack@placement-api.service[92331]: DEBUG placement.requestlog [req-b58d5497-c788-4ae3-93cd-2c4ff8485bd8 req-f4ff75ad-0dee-4cde-b63f-7cbc8b981bf4 None None] Starting request: 10.4.3.100 "GET /placement/allocations/b3caa0a3-0c73-46c4-9e04-5ef9f3fbf57d" {{(pid=92331) __call__ /opt/stack/placement/placement/requestlog.py:55}}
Jun 05 07:03:29.879195 np0000002210 devstack@placement-api.service[92331]: INFO placement.requestlog [req-b58d5497-c788-4ae3-93cd-2c4ff8485bd8 req-f4ff75ad-0dee-4cde-b63f-7cbc8b981bf4 service nova] 10.4.3.100 "GET /placement/allocations/b3caa0a3-0c73-46c4-9e04-5ef9f3fbf57d" status: 200 len: 19 microversion: 1.28
Jun 05 07:03:29.879381 np0000002210 devstack@placement-api.service[92331]: [pid: 92331|app: 0|req: 11/34] 10.4.3.100 () {68 vars in 1501 bytes} [Fri Jun 5 07:03:29 2026] GET /placement/allocations/b3caa0a3-0c73-46c4-9e04-5ef9f3fbf57d => generated 19 bytes in 6 msecs (HTTP/1.1 200) 8 headers in 295 bytes (1 switches on core 0)
Jun 05 07:03:29.925408 np0000002210 devstack@placement-api.service[92330]: DEBUG placement.requestlog [req-b58d5497-c788-4ae3-93cd-2c4ff8485bd8 req-3766633e-871f-4192-83db-5f1001ace0b2 None None] Starting request: 10.4.3.100 "PUT /placement/allocations/b3caa0a3-0c73-46c4-9e04-5ef9f3fbf57d" {{(pid=92330) __call__ /opt/stack/placement/placement/requestlog.py:55}}
Jun 05 07:03:30.006408 np0000002210 devstack@placement-api.service[92330]: DEBUG placement.handlers.allocation [req-b58d5497-c788-4ae3-93cd-2c4ff8485bd8 req-3766633e-871f-4192-83db-5f1001ace0b2 service nova] Successfully wrote allocations [, , ] {{(pid=92330) _update_consumers_and_create_allocations /opt/stack/placement/placement/handlers/allocation.py:462}}
Jun 05 07:03:30.011320 np0000002210 devstack@placement-api.service[92330]: INFO placement.requestlog [req-b58d5497-c788-4ae3-93cd-2c4ff8485bd8 req-3766633e-871f-4192-83db-5f1001ace0b2 service nova] 10.4.3.100 "PUT /placement/allocations/b3caa0a3-0c73-46c4-9e04-5ef9f3fbf57d" status: 204 len: 0 microversion: 1.36
Jun 05 07:03:30.011587 np0000002210 devstack@placement-api.service[92330]: [pid: 92330|app: 0|req: 12/35] 10.4.3.100 () {72 vars in 1554 bytes} [Fri Jun 5 07:03:29 2026] PUT /placement/allocations/b3caa0a3-0c73-46c4-9e04-5ef9f3fbf57d => generated 0 bytes in 86 msecs (HTTP/1.1 204) 5 headers in 199 bytes (1 switches on core 0)
Jun 05 07:03:30.057455 np0000002210 devstack@placement-api.service[92332]: DEBUG placement.requestlog [req-b58d5497-c788-4ae3-93cd-2c4ff8485bd8 req-f59c3c1f-3951-4a53-b45f-ef8208f108a0 None None] Starting request: 10.4.3.100 "GET /placement/allocations/3e4e9bfb-e9b0-4d5e-b6b4-25c5b352035b" {{(pid=92332) __call__ /opt/stack/placement/placement/requestlog.py:55}}
Jun 05 07:03:30.064456 np0000002210 devstack@placement-api.service[92332]: INFO placement.requestlog [req-b58d5497-c788-4ae3-93cd-2c4ff8485bd8 req-f59c3c1f-3951-4a53-b45f-ef8208f108a0 service nova] 10.4.3.100 "GET /placement/allocations/3e4e9bfb-e9b0-4d5e-b6b4-25c5b352035b" status: 200 len: 19 microversion: 1.28
Jun 05 07:03:30.064543 np0000002210 devstack@placement-api.service[92332]: [pid: 92332|app: 0|req: 13/36] 10.4.3.100 () {68 vars in 1501 bytes} [Fri Jun 5 07:03:30 2026] GET /placement/allocations/3e4e9bfb-e9b0-4d5e-b6b4-25c5b352035b => generated 19 bytes in 7 msecs (HTTP/1.1 200) 8 headers in 295 bytes (1 switches on core 0)
Jun 05 07:03:30.101932 np0000002210 devstack@placement-api.service[92331]: DEBUG placement.requestlog [req-b58d5497-c788-4ae3-93cd-2c4ff8485bd8 req-54f381cd-aeee-4b7f-ab59-09dc4aec4b0f None None] Starting request: 10.4.3.100 "PUT /placement/allocations/3e4e9bfb-e9b0-4d5e-b6b4-25c5b352035b" {{(pid=92331) __call__ /opt/stack/placement/placement/requestlog.py:55}}
Jun 05 07:03:30.152705 np0000002210 devstack@placement-api.service[92331]: DEBUG placement.handlers.allocation [req-b58d5497-c788-4ae3-93cd-2c4ff8485bd8 req-54f381cd-aeee-4b7f-ab59-09dc4aec4b0f service nova] Successfully wrote allocations [, , ] {{(pid=92331) _update_consumers_and_create_allocations /opt/stack/placement/placement/handlers/allocation.py:462}}
Jun 05 07:03:30.157713 np0000002210 devstack@placement-api.service[92331]: INFO placement.requestlog [req-b58d5497-c788-4ae3-93cd-2c4ff8485bd8 req-54f381cd-aeee-4b7f-ab59-09dc4aec4b0f service nova] 10.4.3.100 "PUT /placement/allocations/3e4e9bfb-e9b0-4d5e-b6b4-25c5b352035b" status: 204 len: 0 microversion: 1.36
Jun 05 07:03:30.157713 np0000002210 devstack@placement-api.service[92331]: [pid: 92331|app: 0|req: 12/37] 10.4.3.100 () {72 vars in 1554 bytes} [Fri Jun 5 07:03:30 2026] PUT /placement/allocations/3e4e9bfb-e9b0-4d5e-b6b4-25c5b352035b => generated 0 bytes in 54 msecs (HTTP/1.1 204) 5 headers in 199 bytes (1 switches on core 0)
Jun 05 07:03:30.466768 np0000002210 devstack@placement-api.service[92330]: DEBUG placement.requestlog [req-7e438e58-723b-4a89-b726-65616e5c3524 req-5cc7c87b-8f04-4529-9ffb-ff63a2343a63 None None] Starting request: 10.4.3.100 "GET /placement/allocations/b8e83032-560b-468e-b297-54b6daeb42da" {{(pid=92330) __call__ /opt/stack/placement/placement/requestlog.py:55}}
Jun 05 07:03:30.477533 np0000002210 devstack@placement-api.service[92330]: INFO placement.requestlog [req-7e438e58-723b-4a89-b726-65616e5c3524 req-5cc7c87b-8f04-4529-9ffb-ff63a2343a63 service nova] 10.4.3.100 "GET /placement/allocations/b8e83032-560b-468e-b297-54b6daeb42da" status: 200 len: 257 microversion: 1.28
Jun 05 07:03:30.477845 np0000002210 devstack@placement-api.service[92330]: [pid: 92330|app: 0|req: 13/38] 10.4.3.100 () {68 vars in 1499 bytes} [Fri Jun 5 07:03:30 2026] GET /placement/allocations/b8e83032-560b-468e-b297-54b6daeb42da => generated 257 bytes in 11 msecs (HTTP/1.1 200) 8 headers in 296 bytes (1 switches on core 0)
Jun 05 07:03:30.502563 np0000002210 devstack@placement-api.service[92332]: DEBUG placement.requestlog [None req-fc773a95-8a1d-4a64-9438-c99d133f4386 None None] Starting request: 10.4.3.100 "GET /placement/resource_providers/a1e961b2-9e38-4c50-bc9c-122dfa46a4fc/aggregates" {{(pid=92332) __call__ /opt/stack/placement/placement/requestlog.py:55}}
Jun 05 07:03:30.525873 np0000002210 devstack@placement-api.service[92331]: DEBUG placement.requestlog [req-4de7aae7-a1b5-4ae1-9852-1aed4108f4f9 req-17badd1f-8c8a-4832-9dc5-fb92cdce3768 None None] Starting request: 10.4.3.100 "GET /placement/resource_providers/9a1e720c-a94d-468a-81af-f75cd6280f8d/allocations" {{(pid=92331) __call__ /opt/stack/placement/placement/requestlog.py:55}}
Jun 05 07:03:30.541362 np0000002210 devstack@placement-api.service[92331]: INFO placement.requestlog [req-4de7aae7-a1b5-4ae1-9852-1aed4108f4f9 req-17badd1f-8c8a-4832-9dc5-fb92cdce3768 service nova] 10.4.3.100 "GET /placement/resource_providers/9a1e720c-a94d-468a-81af-f75cd6280f8d/allocations" status: 200 len: 652 microversion: 1.0
Jun 05 07:03:30.541653 np0000002210 devstack@placement-api.service[92331]: [pid: 92331|app: 0|req: 13/39] 10.4.3.100 () {66 vars in 1512 bytes} [Fri Jun 5 07:03:30 2026] GET /placement/resource_providers/9a1e720c-a94d-468a-81af-f75cd6280f8d/allocations => generated 652 bytes in 16 msecs (HTTP/1.1 200) 6 headers in 224 bytes (1 switches on core 0)
Jun 05 07:03:30.583675 np0000002210 devstack@placement-api.service[92330]: DEBUG placement.requestlog [req-4de7aae7-a1b5-4ae1-9852-1aed4108f4f9 req-2ce4cf7e-50be-47a6-90fd-b97359774c93 None None] Starting request: 10.4.3.100 "GET /placement/allocations/3e4e9bfb-e9b0-4d5e-b6b4-25c5b352035b" {{(pid=92330) __call__ /opt/stack/placement/placement/requestlog.py:55}}
Jun 05 07:03:30.593886 np0000002210 devstack@placement-api.service[92330]: INFO placement.requestlog [req-4de7aae7-a1b5-4ae1-9852-1aed4108f4f9 req-2ce4cf7e-50be-47a6-90fd-b97359774c93 service nova] 10.4.3.100 "GET /placement/allocations/3e4e9bfb-e9b0-4d5e-b6b4-25c5b352035b" status: 200 len: 257 microversion: 1.28
Jun 05 07:03:30.594182 np0000002210 devstack@placement-api.service[92330]: [pid: 92330|app: 0|req: 14/40] 10.4.3.100 () {68 vars in 1499 bytes} [Fri Jun 5 07:03:30 2026] GET /placement/allocations/3e4e9bfb-e9b0-4d5e-b6b4-25c5b352035b => generated 257 bytes in 11 msecs (HTTP/1.1 200) 8 headers in 296 bytes (1 switches on core 0)
Jun 05 07:03:30.632146 np0000002210 devstack@placement-api.service[92331]: DEBUG placement.requestlog [req-4de7aae7-a1b5-4ae1-9852-1aed4108f4f9 req-3fd6fb5b-7c03-44ff-a8dd-24a6cf14f3c0 None None] Starting request: 10.4.3.100 "GET /placement/allocations/b3caa0a3-0c73-46c4-9e04-5ef9f3fbf57d" {{(pid=92331) __call__ /opt/stack/placement/placement/requestlog.py:55}}
Jun 05 07:03:30.642036 np0000002210 devstack@placement-api.service[92331]: INFO placement.requestlog [req-4de7aae7-a1b5-4ae1-9852-1aed4108f4f9 req-3fd6fb5b-7c03-44ff-a8dd-24a6cf14f3c0 service nova] 10.4.3.100 "GET /placement/allocations/b3caa0a3-0c73-46c4-9e04-5ef9f3fbf57d" status: 200 len: 257 microversion: 1.28
Jun 05 07:03:30.642469 np0000002210 devstack@placement-api.service[92331]: [pid: 92331|app: 0|req: 14/41] 10.4.3.100 () {68 vars in 1499 bytes} [Fri Jun 5 07:03:30 2026] GET /placement/allocations/b3caa0a3-0c73-46c4-9e04-5ef9f3fbf57d => generated 257 bytes in 10 msecs (HTTP/1.1 200) 8 headers in 296 bytes (1 switches on core 0)
Jun 05 07:03:30.702266 np0000002210 devstack@placement-api.service[92330]: DEBUG placement.requestlog [req-4de7aae7-a1b5-4ae1-9852-1aed4108f4f9 req-20c3ee54-735d-4aac-b53a-e925b3ff2bfa None None] Starting request: 10.4.3.100 "GET /placement/allocations/fce9b063-58c8-4762-80b5-9700fbd22f62" {{(pid=92330) __call__ /opt/stack/placement/placement/requestlog.py:55}}
Jun 05 07:03:30.715824 np0000002210 devstack@placement-api.service[92330]: INFO placement.requestlog [req-4de7aae7-a1b5-4ae1-9852-1aed4108f4f9 req-20c3ee54-735d-4aac-b53a-e925b3ff2bfa service nova] 10.4.3.100 "GET /placement/allocations/fce9b063-58c8-4762-80b5-9700fbd22f62" status: 200 len: 257 microversion: 1.28
Jun 05 07:03:30.716053 np0000002210 devstack@placement-api.service[92330]: [pid: 92330|app: 0|req: 15/42] 10.4.3.100 () {68 vars in 1499 bytes} [Fri Jun 5 07:03:30 2026] GET /placement/allocations/fce9b063-58c8-4762-80b5-9700fbd22f62 => generated 257 bytes in 14 msecs (HTTP/1.1 200) 8 headers in 296 bytes (1 switches on core 0)
Jun 05 07:03:30.759678 np0000002210 devstack@placement-api.service[92332]: INFO placement.requestlog [None req-fc773a95-8a1d-4a64-9438-c99d133f4386 service placement] 10.4.3.100 "GET /placement/resource_providers/a1e961b2-9e38-4c50-bc9c-122dfa46a4fc/aggregates" status: 404 len: 235 microversion: 1.1
Jun 05 07:03:30.759678 np0000002210 devstack@placement-api.service[92332]: [pid: 92332|app: 0|req: 14/43] 10.4.3.100 () {66 vars in 1474 bytes} [Fri Jun 5 07:03:30 2026] GET /placement/resource_providers/a1e961b2-9e38-4c50-bc9c-122dfa46a4fc/aggregates => generated 235 bytes in 257 msecs (HTTP/1.1 404) 5 headers in 202 bytes (1 switches on core 0)
Jun 05 07:03:30.802858 np0000002210 devstack@placement-api.service[92331]: DEBUG placement.requestlog [None req-1233dbfb-d28b-45c0-bf4e-3a54e0087e78 None None] Starting request: 10.4.3.100 "DELETE /placement/resource_providers/a1e961b2-9e38-4c50-bc9c-122dfa46a4fc" {{(pid=92331) __call__ /opt/stack/placement/placement/requestlog.py:55}}
Jun 05 07:03:30.807467 np0000002210 devstack@placement-api.service[92330]: DEBUG placement.requestlog [req-4de7aae7-a1b5-4ae1-9852-1aed4108f4f9 req-d3b71daf-1529-4d36-9825-4d2af290f8b0 None None] Starting request: 10.4.3.100 "GET /placement/allocations/13799390-f008-41be-8c51-e07806463267" {{(pid=92330) __call__ /opt/stack/placement/placement/requestlog.py:55}}
Jun 05 07:03:30.809505 np0000002210 devstack@placement-api.service[92331]: DEBUG placement.wsgi_wrapper [None req-1233dbfb-d28b-45c0-bf4e-3a54e0087e78 service placement] Placement API returning an error response: No resource provider with uuid a1e961b2-9e38-4c50-bc9c-122dfa46a4fc found for delete {{(pid=92331) call_func /opt/stack/placement/placement/wsgi_wrapper.py:31}}
Jun 05 07:03:30.809505 np0000002210 devstack@placement-api.service[92331]: INFO placement.requestlog [None req-1233dbfb-d28b-45c0-bf4e-3a54e0087e78 service placement] 10.4.3.100 "DELETE /placement/resource_providers/a1e961b2-9e38-4c50-bc9c-122dfa46a4fc" status: 404 len: 246 microversion: 1.1
Jun 05 07:03:30.809914 np0000002210 devstack@placement-api.service[92331]: [pid: 92331|app: 0|req: 15/44] 10.4.3.100 () {68 vars in 1463 bytes} [Fri Jun 5 07:03:30 2026] DELETE /placement/resource_providers/a1e961b2-9e38-4c50-bc9c-122dfa46a4fc => generated 246 bytes in 8 msecs (HTTP/1.1 404) 6 headers in 231 bytes (1 switches on core 0)
Jun 05 07:03:30.819925 np0000002210 devstack@placement-api.service[92330]: INFO placement.requestlog [req-4de7aae7-a1b5-4ae1-9852-1aed4108f4f9 req-d3b71daf-1529-4d36-9825-4d2af290f8b0 service nova] 10.4.3.100 "GET /placement/allocations/13799390-f008-41be-8c51-e07806463267" status: 200 len: 257 microversion: 1.28
Jun 05 07:03:30.820159 np0000002210 devstack@placement-api.service[92330]: [pid: 92330|app: 0|req: 16/45] 10.4.3.100 () {68 vars in 1499 bytes} [Fri Jun 5 07:03:30 2026] GET /placement/allocations/13799390-f008-41be-8c51-e07806463267 => generated 257 bytes in 14 msecs (HTTP/1.1 200) 8 headers in 296 bytes (1 switches on core 0)
Jun 05 07:03:30.855488 np0000002210 devstack@placement-api.service[92332]: DEBUG placement.requestlog [req-7ec80e60-ad67-4bff-ac4e-5a8f30898cdb req-121f2ea3-720d-44cc-8728-c7e02eb2eed9 None None] Starting request: 10.4.3.100 "GET /placement/allocation_candidates?limit=1000&resources=DISK_GB%3A1%2CMEMORY_MB%3A192%2CVCPU%3A1&root_required=%21COMPUTE_STATUS_DISABLED" {{(pid=92332) __call__ /opt/stack/placement/placement/requestlog.py:55}}
Jun 05 07:03:30.872656 np0000002210 devstack@placement-api.service[92331]: DEBUG placement.requestlog [req-b3a81d37-0b04-44c3-800c-a77be57a0c92 req-5eda7680-ba27-48b4-b565-773d3cc41eb8 None None] Starting request: 10.4.3.100 "GET /placement/allocations/aacb752a-d139-4beb-b835-20d98e708f2e" {{(pid=92331) __call__ /opt/stack/placement/placement/requestlog.py:55}}
Jun 05 07:03:30.875324 np0000002210 devstack@placement-api.service[92332]: DEBUG placement.objects.research_context [req-7ec80e60-ad67-4bff-ac4e-5a8f30898cdb req-121f2ea3-720d-44cc-8728-c7e02eb2eed9 service nova] getting providers with 1 DISK_GB {{(pid=92332) __init__ /opt/stack/placement/placement/objects/research_context.py:137}}
Jun 05 07:03:30.878806 np0000002210 devstack@placement-api.service[92332]: DEBUG placement.objects.research_context [req-7ec80e60-ad67-4bff-ac4e-5a8f30898cdb req-121f2ea3-720d-44cc-8728-c7e02eb2eed9 service nova] getting providers with 192 MEMORY_MB {{(pid=92332) __init__ /opt/stack/placement/placement/objects/research_context.py:137}}
Jun 05 07:03:30.881476 np0000002210 devstack@placement-api.service[92332]: DEBUG placement.objects.research_context [req-7ec80e60-ad67-4bff-ac4e-5a8f30898cdb req-121f2ea3-720d-44cc-8728-c7e02eb2eed9 service nova] getting providers with 1 VCPU {{(pid=92332) __init__ /opt/stack/placement/placement/objects/research_context.py:137}}
Jun 05 07:03:30.881766 np0000002210 devstack@placement-api.service[92330]: DEBUG placement.requestlog [req-4de7aae7-a1b5-4ae1-9852-1aed4108f4f9 req-f2df2f78-0a5f-43b7-87b8-7424854343bc None None] Starting request: 10.4.3.100 "GET /placement/allocations/b8e83032-560b-468e-b297-54b6daeb42da" {{(pid=92330) __call__ /opt/stack/placement/placement/requestlog.py:55}}
Jun 05 07:03:30.884682 np0000002210 devstack@placement-api.service[92332]: DEBUG placement.objects.research_context [req-7ec80e60-ad67-4bff-ac4e-5a8f30898cdb req-121f2ea3-720d-44cc-8728-c7e02eb2eed9 service nova] found 1 providers with available 1 DISK_GB {{(pid=92332) get_provider_ids_matching /opt/stack/placement/placement/objects/research_context.py:563}}
Jun 05 07:03:30.884814 np0000002210 devstack@placement-api.service[92332]: DEBUG placement.objects.research_context [req-7ec80e60-ad67-4bff-ac4e-5a8f30898cdb req-121f2ea3-720d-44cc-8728-c7e02eb2eed9 service nova] found 1 providers with available 192 MEMORY_MB {{(pid=92332) get_provider_ids_matching /opt/stack/placement/placement/objects/research_context.py:563}}
Jun 05 07:03:30.884943 np0000002210 devstack@placement-api.service[92332]: DEBUG placement.objects.research_context [req-7ec80e60-ad67-4bff-ac4e-5a8f30898cdb req-121f2ea3-720d-44cc-8728-c7e02eb2eed9 service nova] found 1 providers after filtering by previous result {{(pid=92332) get_provider_ids_matching /opt/stack/placement/placement/objects/research_context.py:594}}
Jun 05 07:03:30.885051 np0000002210 devstack@placement-api.service[92332]: DEBUG placement.objects.research_context [req-7ec80e60-ad67-4bff-ac4e-5a8f30898cdb req-121f2ea3-720d-44cc-8728-c7e02eb2eed9 service nova] found 1 providers with available 1 VCPU {{(pid=92332) get_provider_ids_matching /opt/stack/placement/placement/objects/research_context.py:563}}
Jun 05 07:03:30.885158 np0000002210 devstack@placement-api.service[92332]: DEBUG placement.objects.research_context [req-7ec80e60-ad67-4bff-ac4e-5a8f30898cdb req-121f2ea3-720d-44cc-8728-c7e02eb2eed9 service nova] found 1 providers after filtering by previous result {{(pid=92332) get_provider_ids_matching /opt/stack/placement/placement/objects/research_context.py:594}}
Jun 05 07:03:30.889544 np0000002210 devstack@placement-api.service[92331]: INFO placement.requestlog [req-b3a81d37-0b04-44c3-800c-a77be57a0c92 req-5eda7680-ba27-48b4-b565-773d3cc41eb8 service nova] 10.4.3.100 "GET /placement/allocations/aacb752a-d139-4beb-b835-20d98e708f2e" status: 200 len: 257 microversion: 1.28
Jun 05 07:03:30.889827 np0000002210 devstack@placement-api.service[92331]: [pid: 92331|app: 0|req: 16/46] 10.4.3.100 () {68 vars in 1499 bytes} [Fri Jun 5 07:03:30 2026] GET /placement/allocations/aacb752a-d139-4beb-b835-20d98e708f2e => generated 257 bytes in 18 msecs (HTTP/1.1 200) 8 headers in 296 bytes (1 switches on core 0)
Jun 05 07:03:30.891611 np0000002210 devstack@placement-api.service[92330]: INFO placement.requestlog [req-4de7aae7-a1b5-4ae1-9852-1aed4108f4f9 req-f2df2f78-0a5f-43b7-87b8-7424854343bc service nova] 10.4.3.100 "GET /placement/allocations/b8e83032-560b-468e-b297-54b6daeb42da" status: 200 len: 257 microversion: 1.28
Jun 05 07:03:30.891826 np0000002210 devstack@placement-api.service[92330]: [pid: 92330|app: 0|req: 17/47] 10.4.3.100 () {68 vars in 1499 bytes} [Fri Jun 5 07:03:30 2026] GET /placement/allocations/b8e83032-560b-468e-b297-54b6daeb42da => generated 257 bytes in 10 msecs (HTTP/1.1 200) 8 headers in 296 bytes (1 switches on core 0)
Jun 05 07:03:30.893804 np0000002210 devstack@placement-api.service[92332]: DEBUG placement.objects.allocation_candidate [req-7ec80e60-ad67-4bff-ac4e-5a8f30898cdb req-121f2ea3-720d-44cc-8728-c7e02eb2eed9 service nova] RequestGroup(use_same_provider=False, resources={DISK_GB:1, MEMORY_MB:192, VCPU:1}, traits=(), aggregates=[]) (suffix '') returned 1 matches {{(pid=92332) _get_by_requests /opt/stack/placement/placement/objects/allocation_candidate.py:158}}
Jun 05 07:03:30.894041 np0000002210 devstack@placement-api.service[92332]: DEBUG placement.objects.allocation_candidate [req-7ec80e60-ad67-4bff-ac4e-5a8f30898cdb req-121f2ea3-720d-44cc-8728-c7e02eb2eed9 service nova] Merging candidates yields 1 allocation requests and 1 provider summaries {{(pid=92332) _merge_candidates /opt/stack/placement/placement/objects/allocation_candidate.py:908}}
Jun 05 07:03:30.895180 np0000002210 devstack@placement-api.service[92332]: INFO placement.requestlog [req-7ec80e60-ad67-4bff-ac4e-5a8f30898cdb req-121f2ea3-720d-44cc-8728-c7e02eb2eed9 service nova] 10.4.3.100 "GET /placement/allocation_candidates?limit=1000&resources=DISK_GB%3A1%2CMEMORY_MB%3A192%2CVCPU%3A1&root_required=%21COMPUTE_STATUS_DISABLED" status: 200 len: 2493 microversion: 1.36
Jun 05 07:03:30.895402 np0000002210 devstack@placement-api.service[92332]: [pid: 92332|app: 0|req: 15/48] 10.4.3.100 () {68 vars in 1625 bytes} [Fri Jun 5 07:03:30 2026] GET /placement/allocation_candidates?limit=1000&resources=DISK_GB%3A1%2CMEMORY_MB%3A192%2CVCPU%3A1&root_required=%21COMPUTE_STATUS_DISABLED => generated 2493 bytes in 40 msecs (HTTP/1.1 200) 8 headers in 297 bytes (1 switches on core 0)
Jun 05 07:03:30.949012 np0000002210 devstack@placement-api.service[92331]: DEBUG placement.requestlog [req-4de7aae7-a1b5-4ae1-9852-1aed4108f4f9 req-5a6efca3-c2c1-4605-951a-702c2e802098 None None] Starting request: 10.4.3.100 "GET /placement/allocations/aacb752a-d139-4beb-b835-20d98e708f2e" {{(pid=92331) __call__ /opt/stack/placement/placement/requestlog.py:55}}
Jun 05 07:03:30.967076 np0000002210 devstack@placement-api.service[92331]: INFO placement.requestlog [req-4de7aae7-a1b5-4ae1-9852-1aed4108f4f9 req-5a6efca3-c2c1-4605-951a-702c2e802098 service nova] 10.4.3.100 "GET /placement/allocations/aacb752a-d139-4beb-b835-20d98e708f2e" status: 200 len: 257 microversion: 1.28
Jun 05 07:03:30.967352 np0000002210 devstack@placement-api.service[92331]: [pid: 92331|app: 0|req: 17/49] 10.4.3.100 () {68 vars in 1499 bytes} [Fri Jun 5 07:03:30 2026] GET /placement/allocations/aacb752a-d139-4beb-b835-20d98e708f2e => generated 257 bytes in 19 msecs (HTTP/1.1 200) 8 headers in 296 bytes (1 switches on core 0)
Jun 05 07:03:30.968714 np0000002210 devstack@placement-api.service[92330]: DEBUG placement.requestlog [req-7ec80e60-ad67-4bff-ac4e-5a8f30898cdb req-599cb4a1-d2be-4e19-8453-c20f31fa6033 None None] Starting request: 10.4.3.100 "GET /placement/allocations/c95dbd00-1f78-4c0e-8ad0-5d822229b914" {{(pid=92330) __call__ /opt/stack/placement/placement/requestlog.py:55}}
Jun 05 07:03:30.979949 np0000002210 devstack@placement-api.service[92330]: INFO placement.requestlog [req-7ec80e60-ad67-4bff-ac4e-5a8f30898cdb req-599cb4a1-d2be-4e19-8453-c20f31fa6033 service nova] 10.4.3.100 "GET /placement/allocations/c95dbd00-1f78-4c0e-8ad0-5d822229b914" status: 200 len: 19 microversion: 1.28
Jun 05 07:03:30.980287 np0000002210 devstack@placement-api.service[92330]: [pid: 92330|app: 0|req: 18/50] 10.4.3.100 () {68 vars in 1501 bytes} [Fri Jun 5 07:03:30 2026] GET /placement/allocations/c95dbd00-1f78-4c0e-8ad0-5d822229b914 => generated 19 bytes in 11 msecs (HTTP/1.1 200) 8 headers in 295 bytes (1 switches on core 0)
Jun 05 07:03:31.026069 np0000002210 devstack@placement-api.service[92332]: DEBUG placement.requestlog [req-7ec80e60-ad67-4bff-ac4e-5a8f30898cdb req-66d1b194-1a58-4eb0-a93d-5caaa9125c1a None None] Starting request: 10.4.3.100 "PUT /placement/allocations/c95dbd00-1f78-4c0e-8ad0-5d822229b914" {{(pid=92332) __call__ /opt/stack/placement/placement/requestlog.py:55}}
Jun 05 07:03:31.110881 np0000002210 devstack@placement-api.service[92332]: DEBUG placement.handlers.allocation [req-7ec80e60-ad67-4bff-ac4e-5a8f30898cdb req-66d1b194-1a58-4eb0-a93d-5caaa9125c1a service nova] Successfully wrote allocations [, , ] {{(pid=92332) _update_consumers_and_create_allocations /opt/stack/placement/placement/handlers/allocation.py:462}}
Jun 05 07:03:31.120874 np0000002210 devstack@placement-api.service[92332]: INFO placement.requestlog [req-7ec80e60-ad67-4bff-ac4e-5a8f30898cdb req-66d1b194-1a58-4eb0-a93d-5caaa9125c1a service nova] 10.4.3.100 "PUT /placement/allocations/c95dbd00-1f78-4c0e-8ad0-5d822229b914" status: 204 len: 0 microversion: 1.36
Jun 05 07:03:31.121140 np0000002210 devstack@placement-api.service[92332]: [pid: 92332|app: 0|req: 16/51] 10.4.3.100 () {72 vars in 1554 bytes} [Fri Jun 5 07:03:31 2026] PUT /placement/allocations/c95dbd00-1f78-4c0e-8ad0-5d822229b914 => generated 0 bytes in 95 msecs (HTTP/1.1 204) 5 headers in 199 bytes (1 switches on core 0)
Jun 05 07:03:31.392203 np0000002210 devstack@placement-api.service[92331]: DEBUG placement.requestlog [req-b58d5497-c788-4ae3-93cd-2c4ff8485bd8 req-9245b34f-9b60-46d7-8337-68ea92acfaf6 None None] Starting request: 10.4.3.100 "GET /placement/allocations/b3caa0a3-0c73-46c4-9e04-5ef9f3fbf57d" {{(pid=92331) __call__ /opt/stack/placement/placement/requestlog.py:55}}
Jun 05 07:03:31.405479 np0000002210 devstack@placement-api.service[92331]: INFO placement.requestlog [req-b58d5497-c788-4ae3-93cd-2c4ff8485bd8 req-9245b34f-9b60-46d7-8337-68ea92acfaf6 service nova] 10.4.3.100 "GET /placement/allocations/b3caa0a3-0c73-46c4-9e04-5ef9f3fbf57d" status: 200 len: 257 microversion: 1.28
Jun 05 07:03:31.405752 np0000002210 devstack@placement-api.service[92331]: [pid: 92331|app: 0|req: 18/52] 10.4.3.100 () {68 vars in 1499 bytes} [Fri Jun 5 07:03:31 2026] GET /placement/allocations/b3caa0a3-0c73-46c4-9e04-5ef9f3fbf57d => generated 257 bytes in 14 msecs (HTTP/1.1 200) 8 headers in 296 bytes (1 switches on core 0)
Jun 05 07:03:31.451254 np0000002210 devstack@placement-api.service[92330]: DEBUG placement.requestlog [req-b58d5497-c788-4ae3-93cd-2c4ff8485bd8 req-95db8509-a15c-4606-b37e-54ba2f011ebc None None] Starting request: 10.4.3.100 "GET /placement/allocations/3e4e9bfb-e9b0-4d5e-b6b4-25c5b352035b" {{(pid=92330) __call__ /opt/stack/placement/placement/requestlog.py:55}}
Jun 05 07:03:31.462786 np0000002210 devstack@placement-api.service[92330]: INFO placement.requestlog [req-b58d5497-c788-4ae3-93cd-2c4ff8485bd8 req-95db8509-a15c-4606-b37e-54ba2f011ebc service nova] 10.4.3.100 "GET /placement/allocations/3e4e9bfb-e9b0-4d5e-b6b4-25c5b352035b" status: 200 len: 257 microversion: 1.28
Jun 05 07:03:31.463040 np0000002210 devstack@placement-api.service[92330]: [pid: 92330|app: 0|req: 19/53] 10.4.3.100 () {68 vars in 1499 bytes} [Fri Jun 5 07:03:31 2026] GET /placement/allocations/3e4e9bfb-e9b0-4d5e-b6b4-25c5b352035b => generated 257 bytes in 12 msecs (HTTP/1.1 200) 8 headers in 296 bytes (1 switches on core 0)
Jun 05 07:03:32.488275 np0000002210 devstack@placement-api.service[92332]: DEBUG placement.requestlog [req-7ec80e60-ad67-4bff-ac4e-5a8f30898cdb req-2589f148-b4ea-40a6-abbc-7612f3e1f91e None None] Starting request: 10.4.3.100 "GET /placement/allocations/c95dbd00-1f78-4c0e-8ad0-5d822229b914" {{(pid=92332) __call__ /opt/stack/placement/placement/requestlog.py:55}}
Jun 05 07:03:32.497481 np0000002210 devstack@placement-api.service[92332]: INFO placement.requestlog [req-7ec80e60-ad67-4bff-ac4e-5a8f30898cdb req-2589f148-b4ea-40a6-abbc-7612f3e1f91e service nova] 10.4.3.100 "GET /placement/allocations/c95dbd00-1f78-4c0e-8ad0-5d822229b914" status: 200 len: 257 microversion: 1.28
Jun 05 07:03:32.497758 np0000002210 devstack@placement-api.service[92332]: [pid: 92332|app: 0|req: 17/54] 10.4.3.100 () {68 vars in 1499 bytes} [Fri Jun 5 07:03:32 2026] GET /placement/allocations/c95dbd00-1f78-4c0e-8ad0-5d822229b914 => generated 257 bytes in 9 msecs (HTTP/1.1 200) 8 headers in 296 bytes (1 switches on core 0)
Jun 05 07:03:32.925241 np0000002210 devstack@placement-api.service[92331]: DEBUG placement.requestlog [None req-d05b3246-ce2c-4f91-aad4-ccf53b763ae5 None None] Starting request: 10.4.3.100 "GET /placement/resource_providers/c777b248-3b9f-4d42-ab40-a70052fdba06/aggregates" {{(pid=92331) __call__ /opt/stack/placement/placement/requestlog.py:55}}
Jun 05 07:03:32.934891 np0000002210 devstack@placement-api.service[92331]: INFO placement.requestlog [None req-d05b3246-ce2c-4f91-aad4-ccf53b763ae5 service placement] 10.4.3.100 "GET /placement/resource_providers/c777b248-3b9f-4d42-ab40-a70052fdba06/aggregates" status: 404 len: 235 microversion: 1.1
Jun 05 07:03:32.935104 np0000002210 devstack@placement-api.service[92331]: [pid: 92331|app: 0|req: 19/55] 10.4.3.100 () {66 vars in 1474 bytes} [Fri Jun 5 07:03:32 2026] GET /placement/resource_providers/c777b248-3b9f-4d42-ab40-a70052fdba06/aggregates => generated 235 bytes in 10 msecs (HTTP/1.1 404) 5 headers in 202 bytes (1 switches on core 0)
Jun 05 07:03:32.971659 np0000002210 devstack@placement-api.service[92330]: DEBUG placement.requestlog [None req-5e774713-7f6c-4912-9473-1e541e45417f None None] Starting request: 10.4.3.100 "DELETE /placement/resource_providers/c777b248-3b9f-4d42-ab40-a70052fdba06" {{(pid=92330) __call__ /opt/stack/placement/placement/requestlog.py:55}}
Jun 05 07:03:32.979102 np0000002210 devstack@placement-api.service[92330]: DEBUG placement.wsgi_wrapper [None req-5e774713-7f6c-4912-9473-1e541e45417f service placement] Placement API returning an error response: No resource provider with uuid c777b248-3b9f-4d42-ab40-a70052fdba06 found for delete {{(pid=92330) call_func /opt/stack/placement/placement/wsgi_wrapper.py:31}}
Jun 05 07:03:32.979543 np0000002210 devstack@placement-api.service[92330]: INFO placement.requestlog [None req-5e774713-7f6c-4912-9473-1e541e45417f service placement] 10.4.3.100 "DELETE /placement/resource_providers/c777b248-3b9f-4d42-ab40-a70052fdba06" status: 404 len: 246 microversion: 1.1
Jun 05 07:03:32.979908 np0000002210 devstack@placement-api.service[92330]: [pid: 92330|app: 0|req: 20/56] 10.4.3.100 () {68 vars in 1463 bytes} [Fri Jun 5 07:03:32 2026] DELETE /placement/resource_providers/c777b248-3b9f-4d42-ab40-a70052fdba06 => generated 246 bytes in 8 msecs (HTTP/1.1 404) 6 headers in 231 bytes (1 switches on core 0)
Jun 05 07:03:33.036441 np0000002210 devstack@placement-api.service[92332]: DEBUG placement.requestlog [req-7e438e58-723b-4a89-b726-65616e5c3524 req-b8ca35ed-c5df-468e-a618-b21a048c2350 None None] Starting request: 10.4.3.100 "GET /placement/resource_providers/9a1e720c-a94d-468a-81af-f75cd6280f8d/allocations" {{(pid=92332) __call__ /opt/stack/placement/placement/requestlog.py:55}}
Jun 05 07:03:33.047882 np0000002210 devstack@placement-api.service[92332]: INFO placement.requestlog [req-7e438e58-723b-4a89-b726-65616e5c3524 req-b8ca35ed-c5df-468e-a618-b21a048c2350 service nova] 10.4.3.100 "GET /placement/resource_providers/9a1e720c-a94d-468a-81af-f75cd6280f8d/allocations" status: 200 len: 752 microversion: 1.0
Jun 05 07:03:33.048190 np0000002210 devstack@placement-api.service[92332]: [pid: 92332|app: 0|req: 18/57] 10.4.3.100 () {66 vars in 1512 bytes} [Fri Jun 5 07:03:33 2026] GET /placement/resource_providers/9a1e720c-a94d-468a-81af-f75cd6280f8d/allocations => generated 752 bytes in 12 msecs (HTTP/1.1 200) 6 headers in 224 bytes (1 switches on core 0)
Jun 05 07:03:33.082944 np0000002210 devstack@placement-api.service[92331]: DEBUG placement.requestlog [req-7e438e58-723b-4a89-b726-65616e5c3524 req-6ec219e0-5eb3-47e3-9ef9-b758b0d79ff9 None None] Starting request: 10.4.3.100 "GET /placement/allocations/3e4e9bfb-e9b0-4d5e-b6b4-25c5b352035b" {{(pid=92331) __call__ /opt/stack/placement/placement/requestlog.py:55}}
Jun 05 07:03:33.092338 np0000002210 devstack@placement-api.service[92331]: INFO placement.requestlog [req-7e438e58-723b-4a89-b726-65616e5c3524 req-6ec219e0-5eb3-47e3-9ef9-b758b0d79ff9 service nova] 10.4.3.100 "GET /placement/allocations/3e4e9bfb-e9b0-4d5e-b6b4-25c5b352035b" status: 200 len: 257 microversion: 1.28
Jun 05 07:03:33.092615 np0000002210 devstack@placement-api.service[92331]: [pid: 92331|app: 0|req: 20/58] 10.4.3.100 () {68 vars in 1499 bytes} [Fri Jun 5 07:03:33 2026] GET /placement/allocations/3e4e9bfb-e9b0-4d5e-b6b4-25c5b352035b => generated 257 bytes in 10 msecs (HTTP/1.1 200) 8 headers in 296 bytes (1 switches on core 0)
Jun 05 07:03:33.132248 np0000002210 devstack@placement-api.service[92330]: DEBUG placement.requestlog [req-7e438e58-723b-4a89-b726-65616e5c3524 req-454b53d9-9029-4e20-bfad-30c595e20b93 None None] Starting request: 10.4.3.100 "GET /placement/allocations/b3caa0a3-0c73-46c4-9e04-5ef9f3fbf57d" {{(pid=92330) __call__ /opt/stack/placement/placement/requestlog.py:55}}
Jun 05 07:03:33.146161 np0000002210 devstack@placement-api.service[92330]: INFO placement.requestlog [req-7e438e58-723b-4a89-b726-65616e5c3524 req-454b53d9-9029-4e20-bfad-30c595e20b93 service nova] 10.4.3.100 "GET /placement/allocations/b3caa0a3-0c73-46c4-9e04-5ef9f3fbf57d" status: 200 len: 257 microversion: 1.28
Jun 05 07:03:33.146454 np0000002210 devstack@placement-api.service[92330]: [pid: 92330|app: 0|req: 21/59] 10.4.3.100 () {68 vars in 1499 bytes} [Fri Jun 5 07:03:33 2026] GET /placement/allocations/b3caa0a3-0c73-46c4-9e04-5ef9f3fbf57d => generated 257 bytes in 15 msecs (HTTP/1.1 200) 8 headers in 296 bytes (1 switches on core 0)
Jun 05 07:03:33.185594 np0000002210 devstack@placement-api.service[92332]: DEBUG placement.requestlog [req-7e438e58-723b-4a89-b726-65616e5c3524 req-4ea520b2-e0dd-4114-85b0-19ec0b02d5b1 None None] Starting request: 10.4.3.100 "GET /placement/allocations/fce9b063-58c8-4762-80b5-9700fbd22f62" {{(pid=92332) __call__ /opt/stack/placement/placement/requestlog.py:55}}
Jun 05 07:03:33.194615 np0000002210 devstack@placement-api.service[92332]: INFO placement.requestlog [req-7e438e58-723b-4a89-b726-65616e5c3524 req-4ea520b2-e0dd-4114-85b0-19ec0b02d5b1 service nova] 10.4.3.100 "GET /placement/allocations/fce9b063-58c8-4762-80b5-9700fbd22f62" status: 200 len: 257 microversion: 1.28
Jun 05 07:03:33.194848 np0000002210 devstack@placement-api.service[92332]: [pid: 92332|app: 0|req: 19/60] 10.4.3.100 () {68 vars in 1499 bytes} [Fri Jun 5 07:03:33 2026] GET /placement/allocations/fce9b063-58c8-4762-80b5-9700fbd22f62 => generated 257 bytes in 9 msecs (HTTP/1.1 200) 8 headers in 296 bytes (1 switches on core 0)
Jun 05 07:03:33.225382 np0000002210 devstack@placement-api.service[92331]: DEBUG placement.requestlog [req-7e438e58-723b-4a89-b726-65616e5c3524 req-a2c68f3b-2d6e-44a8-b3f0-810c61e34f49 None None] Starting request: 10.4.3.100 "GET /placement/allocations/13799390-f008-41be-8c51-e07806463267" {{(pid=92331) __call__ /opt/stack/placement/placement/requestlog.py:55}}
Jun 05 07:03:33.232875 np0000002210 devstack@placement-api.service[92331]: INFO placement.requestlog [req-7e438e58-723b-4a89-b726-65616e5c3524 req-a2c68f3b-2d6e-44a8-b3f0-810c61e34f49 service nova] 10.4.3.100 "GET /placement/allocations/13799390-f008-41be-8c51-e07806463267" status: 200 len: 257 microversion: 1.28
Jun 05 07:03:33.233088 np0000002210 devstack@placement-api.service[92331]: [pid: 92331|app: 0|req: 21/61] 10.4.3.100 () {68 vars in 1499 bytes} [Fri Jun 5 07:03:33 2026] GET /placement/allocations/13799390-f008-41be-8c51-e07806463267 => generated 257 bytes in 8 msecs (HTTP/1.1 200) 8 headers in 296 bytes (1 switches on core 0)
Jun 05 07:03:33.264188 np0000002210 devstack@placement-api.service[92330]: DEBUG placement.requestlog [req-7e438e58-723b-4a89-b726-65616e5c3524 req-49e9cf23-9cdb-4d59-92d4-972b908574ac None None] Starting request: 10.4.3.100 "GET /placement/allocations/c95dbd00-1f78-4c0e-8ad0-5d822229b914" {{(pid=92330) __call__ /opt/stack/placement/placement/requestlog.py:55}}
Jun 05 07:03:33.272108 np0000002210 devstack@placement-api.service[92330]: INFO placement.requestlog [req-7e438e58-723b-4a89-b726-65616e5c3524 req-49e9cf23-9cdb-4d59-92d4-972b908574ac service nova] 10.4.3.100 "GET /placement/allocations/c95dbd00-1f78-4c0e-8ad0-5d822229b914" status: 200 len: 257 microversion: 1.28
Jun 05 07:03:33.272745 np0000002210 devstack@placement-api.service[92330]: [pid: 92330|app: 0|req: 22/62] 10.4.3.100 () {68 vars in 1499 bytes} [Fri Jun 5 07:03:33 2026] GET /placement/allocations/c95dbd00-1f78-4c0e-8ad0-5d822229b914 => generated 257 bytes in 8 msecs (HTTP/1.1 200) 8 headers in 296 bytes (1 switches on core 0)
Jun 05 07:03:33.306577 np0000002210 devstack@placement-api.service[92332]: DEBUG placement.requestlog [req-7e438e58-723b-4a89-b726-65616e5c3524 req-2988d8d3-64b6-43a9-8817-755accf8eb99 None None] Starting request: 10.4.3.100 "GET /placement/allocations/b8e83032-560b-468e-b297-54b6daeb42da" {{(pid=92332) __call__ /opt/stack/placement/placement/requestlog.py:55}}
Jun 05 07:03:33.317163 np0000002210 devstack@placement-api.service[92332]: INFO placement.requestlog [req-7e438e58-723b-4a89-b726-65616e5c3524 req-2988d8d3-64b6-43a9-8817-755accf8eb99 service nova] 10.4.3.100 "GET /placement/allocations/b8e83032-560b-468e-b297-54b6daeb42da" status: 200 len: 257 microversion: 1.28
Jun 05 07:03:33.317163 np0000002210 devstack@placement-api.service[92332]: [pid: 92332|app: 0|req: 20/63] 10.4.3.100 () {68 vars in 1499 bytes} [Fri Jun 5 07:03:33 2026] GET /placement/allocations/b8e83032-560b-468e-b297-54b6daeb42da => generated 257 bytes in 10 msecs (HTTP/1.1 200) 8 headers in 296 bytes (1 switches on core 0)
Jun 05 07:03:33.354697 np0000002210 devstack@placement-api.service[92331]: DEBUG placement.requestlog [req-7e438e58-723b-4a89-b726-65616e5c3524 req-035b4f90-99e8-44c9-b65f-e5200b1bd012 None None] Starting request: 10.4.3.100 "GET /placement/allocations/aacb752a-d139-4beb-b835-20d98e708f2e" {{(pid=92331) __call__ /opt/stack/placement/placement/requestlog.py:55}}
Jun 05 07:03:33.363118 np0000002210 devstack@placement-api.service[92331]: INFO placement.requestlog [req-7e438e58-723b-4a89-b726-65616e5c3524 req-035b4f90-99e8-44c9-b65f-e5200b1bd012 service nova] 10.4.3.100 "GET /placement/allocations/aacb752a-d139-4beb-b835-20d98e708f2e" status: 200 len: 257 microversion: 1.28
Jun 05 07:03:33.363317 np0000002210 devstack@placement-api.service[92331]: [pid: 92331|app: 0|req: 22/64] 10.4.3.100 () {68 vars in 1499 bytes} [Fri Jun 5 07:03:33 2026] GET /placement/allocations/aacb752a-d139-4beb-b835-20d98e708f2e => generated 257 bytes in 10 msecs (HTTP/1.1 200) 8 headers in 296 bytes (1 switches on core 0)
Jun 05 07:03:35.459185 np0000002210 devstack@placement-api.service[92330]: DEBUG placement.requestlog [req-b3a81d37-0b04-44c3-800c-a77be57a0c92 req-56b505a2-90ce-4e8b-b47d-b1c7255e12ac None None] Starting request: 10.4.3.100 "GET /placement/resource_providers/9a1e720c-a94d-468a-81af-f75cd6280f8d/allocations" {{(pid=92330) __call__ /opt/stack/placement/placement/requestlog.py:55}}
Jun 05 07:03:35.478236 np0000002210 devstack@placement-api.service[92330]: INFO placement.requestlog [req-b3a81d37-0b04-44c3-800c-a77be57a0c92 req-56b505a2-90ce-4e8b-b47d-b1c7255e12ac service nova] 10.4.3.100 "GET /placement/resource_providers/9a1e720c-a94d-468a-81af-f75cd6280f8d/allocations" status: 200 len: 752 microversion: 1.0
Jun 05 07:03:35.478236 np0000002210 devstack@placement-api.service[92330]: [pid: 92330|app: 0|req: 23/65] 10.4.3.100 () {66 vars in 1512 bytes} [Fri Jun 5 07:03:35 2026] GET /placement/resource_providers/9a1e720c-a94d-468a-81af-f75cd6280f8d/allocations => generated 752 bytes in 19 msecs (HTTP/1.1 200) 6 headers in 224 bytes (1 switches on core 0)
Jun 05 07:03:35.543160 np0000002210 devstack@placement-api.service[92332]: DEBUG placement.requestlog [req-b3a81d37-0b04-44c3-800c-a77be57a0c92 req-52fdba3e-2799-496f-a2ef-43db9ec5b70b None None] Starting request: 10.4.3.100 "GET /placement/allocations/b3caa0a3-0c73-46c4-9e04-5ef9f3fbf57d" {{(pid=92332) __call__ /opt/stack/placement/placement/requestlog.py:55}}
Jun 05 07:03:35.554805 np0000002210 devstack@placement-api.service[92332]: INFO placement.requestlog [req-b3a81d37-0b04-44c3-800c-a77be57a0c92 req-52fdba3e-2799-496f-a2ef-43db9ec5b70b service nova] 10.4.3.100 "GET /placement/allocations/b3caa0a3-0c73-46c4-9e04-5ef9f3fbf57d" status: 200 len: 257 microversion: 1.28
Jun 05 07:03:35.555232 np0000002210 devstack@placement-api.service[92332]: [pid: 92332|app: 0|req: 21/66] 10.4.3.100 () {68 vars in 1499 bytes} [Fri Jun 5 07:03:35 2026] GET /placement/allocations/b3caa0a3-0c73-46c4-9e04-5ef9f3fbf57d => generated 257 bytes in 12 msecs (HTTP/1.1 200) 8 headers in 296 bytes (1 switches on core 0)
Jun 05 07:03:35.609562 np0000002210 devstack@placement-api.service[92331]: DEBUG placement.requestlog [req-b3a81d37-0b04-44c3-800c-a77be57a0c92 req-34c8a20b-831b-44d4-a416-2b3ab9796ddc None None] Starting request: 10.4.3.100 "GET /placement/allocations/3e4e9bfb-e9b0-4d5e-b6b4-25c5b352035b" {{(pid=92331) __call__ /opt/stack/placement/placement/requestlog.py:55}}
Jun 05 07:03:35.619309 np0000002210 devstack@placement-api.service[92331]: INFO placement.requestlog [req-b3a81d37-0b04-44c3-800c-a77be57a0c92 req-34c8a20b-831b-44d4-a416-2b3ab9796ddc service nova] 10.4.3.100 "GET /placement/allocations/3e4e9bfb-e9b0-4d5e-b6b4-25c5b352035b" status: 200 len: 257 microversion: 1.28
