Jun 03 16:52:13.289001 np0000002081 devstack@placement-api.service[89286]: DEBUG placement.requestlog [req-6c44ae71-9b36-4be0-81e8-9620aab9bb43 req-31789aa7-c59d-472f-9163-1e71d4c1195d None None] Starting request: 10.4.3.149 "GET /placement/resource_providers/664728b4-9d6e-4f47-a13d-c0ca03f51a83/allocations" {{(pid=89286) __call__ /opt/stack/placement/placement/requestlog.py:55}}
Jun 03 16:52:13.314762 np0000002081 devstack@placement-api.service[89286]: INFO placement.requestlog [req-6c44ae71-9b36-4be0-81e8-9620aab9bb43 req-31789aa7-c59d-472f-9163-1e71d4c1195d service nova] 10.4.3.149 "GET /placement/resource_providers/664728b4-9d6e-4f47-a13d-c0ca03f51a83/allocations" status: 200 len: 439 microversion: 1.0
Jun 03 16:52:13.314762 np0000002081 devstack@placement-api.service[89286]: [pid: 89286|app: 0|req: 635/1266] 10.4.3.149 () {66 vars in 1512 bytes} [Wed Jun 3 16:52:13 2026] GET /placement/resource_providers/664728b4-9d6e-4f47-a13d-c0ca03f51a83/allocations => generated 439 bytes in 26 msecs (HTTP/1.1 200) 6 headers in 224 bytes (1 switches on core 0)
Jun 03 16:52:13.346420 np0000002081 devstack@placement-api.service[89285]: DEBUG placement.requestlog [req-6c44ae71-9b36-4be0-81e8-9620aab9bb43 req-fcf79dec-4609-4e64-aab0-5ad61785e44a None None] Starting request: 10.4.3.149 "GET /placement/allocations/25b6f3b8-359d-42cc-bcf0-a4bd31f88fb3" {{(pid=89285) __call__ /opt/stack/placement/placement/requestlog.py:55}}
Jun 03 16:52:13.361568 np0000002081 devstack@placement-api.service[89285]: INFO placement.requestlog [req-6c44ae71-9b36-4be0-81e8-9620aab9bb43 req-fcf79dec-4609-4e64-aab0-5ad61785e44a service nova] 10.4.3.149 "GET /placement/allocations/25b6f3b8-359d-42cc-bcf0-a4bd31f88fb3" status: 200 len: 258 microversion: 1.28
Jun 03 16:52:13.362139 np0000002081 devstack@placement-api.service[89285]: [pid: 89285|app: 0|req: 632/1267] 10.4.3.149 () {68 vars in 1499 bytes} [Wed Jun 3 16:52:13 2026] GET /placement/allocations/25b6f3b8-359d-42cc-bcf0-a4bd31f88fb3 => generated 258 bytes in 16 msecs (HTTP/1.1 200) 8 headers in 296 bytes (1 switches on core 0)
Jun 03 16:52:13.422674 np0000002081 devstack@placement-api.service[89286]: DEBUG placement.requestlog [req-6c44ae71-9b36-4be0-81e8-9620aab9bb43 req-968f05dd-9006-45ef-9e49-9fc84a05b62a None None] Starting request: 10.4.3.149 "GET /placement/allocations/4c5c1dee-9dda-4acf-a262-1d7facd4fa48" {{(pid=89286) __call__ /opt/stack/placement/placement/requestlog.py:55}}
Jun 03 16:52:13.431744 np0000002081 devstack@placement-api.service[89286]: INFO placement.requestlog [req-6c44ae71-9b36-4be0-81e8-9620aab9bb43 req-968f05dd-9006-45ef-9e49-9fc84a05b62a service nova] 10.4.3.149 "GET /placement/allocations/4c5c1dee-9dda-4acf-a262-1d7facd4fa48" status: 200 len: 258 microversion: 1.28
Jun 03 16:52:13.432109 np0000002081 devstack@placement-api.service[89286]: [pid: 89286|app: 0|req: 636/1268] 10.4.3.149 () {68 vars in 1499 bytes} [Wed Jun 3 16:52:13 2026] GET /placement/allocations/4c5c1dee-9dda-4acf-a262-1d7facd4fa48 => generated 258 bytes in 12 msecs (HTTP/1.1 200) 8 headers in 296 bytes (1 switches on core 0)
Jun 03 16:52:13.486167 np0000002081 devstack@placement-api.service[89285]: DEBUG placement.requestlog [req-6c44ae71-9b36-4be0-81e8-9620aab9bb43 req-cd8a9d48-58f9-4fd2-8222-6b86a8e50f47 None None] Starting request: 10.4.3.149 "GET /placement/allocations/9ce71d5b-a2a2-455c-a911-2c33b9623c2a" {{(pid=89285) __call__ /opt/stack/placement/placement/requestlog.py:55}}
Jun 03 16:52:13.499766 np0000002081 devstack@placement-api.service[89285]: INFO placement.requestlog [req-6c44ae71-9b36-4be0-81e8-9620aab9bb43 req-cd8a9d48-58f9-4fd2-8222-6b86a8e50f47 service nova] 10.4.3.149 "GET /placement/allocations/9ce71d5b-a2a2-455c-a911-2c33b9623c2a" status: 200 len: 244 microversion: 1.28
Jun 03 16:52:13.499973 np0000002081 devstack@placement-api.service[89285]: [pid: 89285|app: 0|req: 633/1269] 10.4.3.149 () {68 vars in 1499 bytes} [Wed Jun 3 16:52:13 2026] GET /placement/allocations/9ce71d5b-a2a2-455c-a911-2c33b9623c2a => generated 244 bytes in 14 msecs (HTTP/1.1 200) 8 headers in 296 bytes (1 switches on core 0)
Jun 03 16:52:13.542421 np0000002081 devstack@placement-api.service[89286]: DEBUG placement.requestlog [req-6c44ae71-9b36-4be0-81e8-9620aab9bb43 req-08b57530-1060-4391-bdcc-93049903f590 None None] Starting request: 10.4.3.149 "GET /placement/allocations/c8ef207f-aeb4-421a-b3fd-a33d84a01a61" {{(pid=89286) __call__ /opt/stack/placement/placement/requestlog.py:55}}
Jun 03 16:52:13.555208 np0000002081 devstack@placement-api.service[89286]: INFO placement.requestlog [req-6c44ae71-9b36-4be0-81e8-9620aab9bb43 req-08b57530-1060-4391-bdcc-93049903f590 service nova] 10.4.3.149 "GET /placement/allocations/c8ef207f-aeb4-421a-b3fd-a33d84a01a61" status: 200 len: 258 microversion: 1.28
Jun 03 16:52:13.555657 np0000002081 devstack@placement-api.service[89286]: [pid: 89286|app: 0|req: 637/1270] 10.4.3.149 () {68 vars in 1499 bytes} [Wed Jun 3 16:52:13 2026] GET /placement/allocations/c8ef207f-aeb4-421a-b3fd-a33d84a01a61 => generated 258 bytes in 13 msecs (HTTP/1.1 200) 8 headers in 296 bytes (1 switches on core 0)
Jun 03 16:52:16.470279 np0000002081 devstack@placement-api.service[89285]: DEBUG placement.requestlog [req-2c4bbde5-dcc9-43f5-9297-f70783841ae4 req-5212474e-bb56-41ff-a5a4-948ca4f3b1b4 None None] Starting request: 10.4.3.149 "GET /placement/resource_providers/664728b4-9d6e-4f47-a13d-c0ca03f51a83/allocations" {{(pid=89285) __call__ /opt/stack/placement/placement/requestlog.py:55}}
Jun 03 16:52:16.486109 np0000002081 devstack@placement-api.service[89285]: INFO placement.requestlog [req-2c4bbde5-dcc9-43f5-9297-f70783841ae4 req-5212474e-bb56-41ff-a5a4-948ca4f3b1b4 service nova] 10.4.3.149 "GET /placement/resource_providers/664728b4-9d6e-4f47-a13d-c0ca03f51a83/allocations" status: 200 len: 439 microversion: 1.0
Jun 03 16:52:16.486322 np0000002081 devstack@placement-api.service[89285]: [pid: 89285|app: 0|req: 634/1271] 10.4.3.149 () {66 vars in 1512 bytes} [Wed Jun 3 16:52:16 2026] GET /placement/resource_providers/664728b4-9d6e-4f47-a13d-c0ca03f51a83/allocations => generated 439 bytes in 16 msecs (HTTP/1.1 200) 6 headers in 224 bytes (1 switches on core 0)
Jun 03 16:52:16.535614 np0000002081 devstack@placement-api.service[89286]: DEBUG placement.requestlog [req-2c4bbde5-dcc9-43f5-9297-f70783841ae4 req-3bcbb2de-241f-4947-bc96-83ef403e9e8e None None] Starting request: 10.4.3.149 "GET /placement/allocations/25b6f3b8-359d-42cc-bcf0-a4bd31f88fb3" {{(pid=89286) __call__ /opt/stack/placement/placement/requestlog.py:55}}
Jun 03 16:52:16.551658 np0000002081 devstack@placement-api.service[89286]: INFO placement.requestlog [req-2c4bbde5-dcc9-43f5-9297-f70783841ae4 req-3bcbb2de-241f-4947-bc96-83ef403e9e8e service nova] 10.4.3.149 "GET /placement/allocations/25b6f3b8-359d-42cc-bcf0-a4bd31f88fb3" status: 200 len: 258 microversion: 1.28
Jun 03 16:52:16.551931 np0000002081 devstack@placement-api.service[89286]: [pid: 89286|app: 0|req: 638/1272] 10.4.3.149 () {68 vars in 1499 bytes} [Wed Jun 3 16:52:16 2026] GET /placement/allocations/25b6f3b8-359d-42cc-bcf0-a4bd31f88fb3 => generated 258 bytes in 17 msecs (HTTP/1.1 200) 8 headers in 296 bytes (1 switches on core 0)
Jun 03 16:52:16.599253 np0000002081 devstack@placement-api.service[89285]: DEBUG placement.requestlog [req-2c4bbde5-dcc9-43f5-9297-f70783841ae4 req-a3a137f0-8e51-4d83-9295-cd74ffd7dee4 None None] Starting request: 10.4.3.149 "GET /placement/allocations/4c5c1dee-9dda-4acf-a262-1d7facd4fa48" {{(pid=89285) __call__ /opt/stack/placement/placement/requestlog.py:55}}
Jun 03 16:52:16.609508 np0000002081 devstack@placement-api.service[89285]: INFO placement.requestlog [req-2c4bbde5-dcc9-43f5-9297-f70783841ae4 req-a3a137f0-8e51-4d83-9295-cd74ffd7dee4 service nova] 10.4.3.149 "GET /placement/allocations/4c5c1dee-9dda-4acf-a262-1d7facd4fa48" status: 200 len: 258 microversion: 1.28
Jun 03 16:52:16.609774 np0000002081 devstack@placement-api.service[89285]: [pid: 89285|app: 0|req: 635/1273] 10.4.3.149 () {68 vars in 1499 bytes} [Wed Jun 3 16:52:16 2026] GET /placement/allocations/4c5c1dee-9dda-4acf-a262-1d7facd4fa48 => generated 258 bytes in 11 msecs (HTTP/1.1 200) 8 headers in 296 bytes (1 switches on core 0)
Jun 03 16:52:16.648789 np0000002081 devstack@placement-api.service[89286]: DEBUG placement.requestlog [req-2c4bbde5-dcc9-43f5-9297-f70783841ae4 req-6db93b88-496a-435e-a286-2f850d51d5b4 None None] Starting request: 10.4.3.149 "GET /placement/allocations/9ce71d5b-a2a2-455c-a911-2c33b9623c2a" {{(pid=89286) __call__ /opt/stack/placement/placement/requestlog.py:55}}
Jun 03 16:52:16.659437 np0000002081 devstack@placement-api.service[89286]: INFO placement.requestlog [req-2c4bbde5-dcc9-43f5-9297-f70783841ae4 req-6db93b88-496a-435e-a286-2f850d51d5b4 service nova] 10.4.3.149 "GET /placement/allocations/9ce71d5b-a2a2-455c-a911-2c33b9623c2a" status: 200 len: 244 microversion: 1.28
Jun 03 16:52:16.659717 np0000002081 devstack@placement-api.service[89286]: [pid: 89286|app: 0|req: 639/1274] 10.4.3.149 () {68 vars in 1499 bytes} [Wed Jun 3 16:52:16 2026] GET /placement/allocations/9ce71d5b-a2a2-455c-a911-2c33b9623c2a => generated 244 bytes in 11 msecs (HTTP/1.1 200) 8 headers in 296 bytes (1 switches on core 0)
Jun 03 16:52:16.697772 np0000002081 devstack@placement-api.service[89285]: DEBUG placement.requestlog [req-2c4bbde5-dcc9-43f5-9297-f70783841ae4 req-8081a6cf-24a1-43e9-b234-03db8403d92a None None] Starting request: 10.4.3.149 "GET /placement/allocations/c8ef207f-aeb4-421a-b3fd-a33d84a01a61" {{(pid=89285) __call__ /opt/stack/placement/placement/requestlog.py:55}}
Jun 03 16:52:16.720641 np0000002081 devstack@placement-api.service[89285]: INFO placement.requestlog [req-2c4bbde5-dcc9-43f5-9297-f70783841ae4 req-8081a6cf-24a1-43e9-b234-03db8403d92a service nova] 10.4.3.149 "GET /placement/allocations/c8ef207f-aeb4-421a-b3fd-a33d84a01a61" status: 200 len: 258 microversion: 1.28
Jun 03 16:52:16.722605 np0000002081 devstack@placement-api.service[89285]: [pid: 89285|app: 0|req: 636/1275] 10.4.3.149 () {68 vars in 1499 bytes} [Wed Jun 3 16:52:16 2026] GET /placement/allocations/c8ef207f-aeb4-421a-b3fd-a33d84a01a61 => generated 258 bytes in 25 msecs (HTTP/1.1 200) 8 headers in 296 bytes (1 switches on core 0)
Jun 03 16:52:17.292083 np0000002081 devstack@placement-api.service[89286]: DEBUG placement.requestlog [None req-f316a53f-51a3-48e0-8b12-6eb16babc758 None None] Starting request: 10.4.3.149 "GET /placement/resource_providers/8779b935-ebae-4d2f-b929-209de8107964/aggregates" {{(pid=89286) __call__ /opt/stack/placement/placement/requestlog.py:55}}
Jun 03 16:52:17.301123 np0000002081 devstack@placement-api.service[89286]: INFO placement.requestlog [None req-f316a53f-51a3-48e0-8b12-6eb16babc758 service placement] 10.4.3.149 "GET /placement/resource_providers/8779b935-ebae-4d2f-b929-209de8107964/aggregates" status: 404 len: 235 microversion: 1.1
Jun 03 16:52:17.301504 np0000002081 devstack@placement-api.service[89286]: [pid: 89286|app: 0|req: 640/1276] 10.4.3.149 () {66 vars in 1474 bytes} [Wed Jun 3 16:52:17 2026] GET /placement/resource_providers/8779b935-ebae-4d2f-b929-209de8107964/aggregates => generated 235 bytes in 9 msecs (HTTP/1.1 404) 5 headers in 202 bytes (1 switches on core 0)
Jun 03 16:52:17.344198 np0000002081 devstack@placement-api.service[89285]: DEBUG placement.requestlog [None req-94033a34-5928-40ad-8a16-8de0b4a54334 None None] Starting request: 10.4.3.149 "DELETE /placement/resource_providers/8779b935-ebae-4d2f-b929-209de8107964" {{(pid=89285) __call__ /opt/stack/placement/placement/requestlog.py:55}}
Jun 03 16:52:17.354998 np0000002081 devstack@placement-api.service[89285]: DEBUG placement.wsgi_wrapper [None req-94033a34-5928-40ad-8a16-8de0b4a54334 service placement] Placement API returning an error response: No resource provider with uuid 8779b935-ebae-4d2f-b929-209de8107964 found for delete {{(pid=89285) call_func /opt/stack/placement/placement/wsgi_wrapper.py:31}}
Jun 03 16:52:17.356110 np0000002081 devstack@placement-api.service[89285]: INFO placement.requestlog [None req-94033a34-5928-40ad-8a16-8de0b4a54334 service placement] 10.4.3.149 "DELETE /placement/resource_providers/8779b935-ebae-4d2f-b929-209de8107964" status: 404 len: 246 microversion: 1.1
Jun 03 16:52:17.359489 np0000002081 devstack@placement-api.service[89285]: [pid: 89285|app: 0|req: 637/1277] 10.4.3.149 () {68 vars in 1463 bytes} [Wed Jun 3 16:52:17 2026] DELETE /placement/resource_providers/8779b935-ebae-4d2f-b929-209de8107964 => generated 246 bytes in 15 msecs (HTTP/1.1 404) 6 headers in 231 bytes (1 switches on core 0)
Jun 03 16:52:17.793944 np0000002081 devstack@placement-api.service[89286]: DEBUG placement.requestlog [req-2c4bbde5-dcc9-43f5-9297-f70783841ae4 req-8c31d6a2-4a91-4dce-baed-0117a7d1f3a6 None None] Starting request: 10.4.3.149 "DELETE /placement/allocations/9ce71d5b-a2a2-455c-a911-2c33b9623c2a" {{(pid=89286) __call__ /opt/stack/placement/placement/requestlog.py:55}}
Jun 03 16:52:17.811963 np0000002081 devstack@placement-api.service[89286]: DEBUG placement.handlers.allocation [req-2c4bbde5-dcc9-43f5-9297-f70783841ae4 req-8c31d6a2-4a91-4dce-baed-0117a7d1f3a6 service nova] Successfully deleted allocations [, ] {{(pid=89286) delete_allocations /opt/stack/placement/placement/handlers/allocation.py:627}}
Jun 03 16:52:17.812273 np0000002081 devstack@placement-api.service[89286]: INFO placement.requestlog [req-2c4bbde5-dcc9-43f5-9297-f70783841ae4 req-8c31d6a2-4a91-4dce-baed-0117a7d1f3a6 service nova] 10.4.3.149 "DELETE /placement/allocations/9ce71d5b-a2a2-455c-a911-2c33b9623c2a" status: 204 len: 0 microversion: 1.0
Jun 03 16:52:17.812421 np0000002081 devstack@placement-api.service[89286]: [pid: 89286|app: 0|req: 641/1278] 10.4.3.149 () {68 vars in 1477 bytes} [Wed Jun 3 16:52:17 2026] DELETE /placement/allocations/9ce71d5b-a2a2-455c-a911-2c33b9623c2a => generated 0 bytes in 18 msecs (HTTP/1.1 204) 5 headers in 198 bytes (1 switches on core 0)
Jun 03 16:52:18.660513 np0000002081 devstack@placement-api.service[89285]: DEBUG placement.requestlog [req-34eaf1c8-7d01-433a-9c9e-41a8aa676a1b req-3098c630-2c64-4f32-9ac7-0bedb757f3ff None None] Starting request: 10.4.3.149 "GET /placement/allocation_candidates?limit=1000&resources=MEMORY_MB%3A192%2CVCPU%3A1&root_required=%21COMPUTE_STATUS_DISABLED" {{(pid=89285) __call__ /opt/stack/placement/placement/requestlog.py:55}}
Jun 03 16:52:18.687068 np0000002081 devstack@placement-api.service[89285]: DEBUG placement.objects.research_context [req-34eaf1c8-7d01-433a-9c9e-41a8aa676a1b req-3098c630-2c64-4f32-9ac7-0bedb757f3ff service nova] getting providers with 192 MEMORY_MB {{(pid=89285) __init__ /opt/stack/placement/placement/objects/research_context.py:137}}
Jun 03 16:52:18.692768 np0000002081 devstack@placement-api.service[89285]: DEBUG placement.objects.research_context [req-34eaf1c8-7d01-433a-9c9e-41a8aa676a1b req-3098c630-2c64-4f32-9ac7-0bedb757f3ff service nova] getting providers with 1 VCPU {{(pid=89285) __init__ /opt/stack/placement/placement/objects/research_context.py:137}}
Jun 03 16:52:18.696386 np0000002081 devstack@placement-api.service[89285]: DEBUG placement.objects.research_context [req-34eaf1c8-7d01-433a-9c9e-41a8aa676a1b req-3098c630-2c64-4f32-9ac7-0bedb757f3ff service nova] found 1 providers with available 192 MEMORY_MB {{(pid=89285) get_provider_ids_matching /opt/stack/placement/placement/objects/research_context.py:563}}
Jun 03 16:52:18.696386 np0000002081 devstack@placement-api.service[89285]: DEBUG placement.objects.research_context [req-34eaf1c8-7d01-433a-9c9e-41a8aa676a1b req-3098c630-2c64-4f32-9ac7-0bedb757f3ff service nova] found 1 providers with available 1 VCPU {{(pid=89285) get_provider_ids_matching /opt/stack/placement/placement/objects/research_context.py:563}}
Jun 03 16:52:18.696548 np0000002081 devstack@placement-api.service[89285]: DEBUG placement.objects.research_context [req-34eaf1c8-7d01-433a-9c9e-41a8aa676a1b req-3098c630-2c64-4f32-9ac7-0bedb757f3ff service nova] found 1 providers after filtering by previous result {{(pid=89285) get_provider_ids_matching /opt/stack/placement/placement/objects/research_context.py:594}}
Jun 03 16:52:18.707839 np0000002081 devstack@placement-api.service[89285]: DEBUG placement.objects.allocation_candidate [req-34eaf1c8-7d01-433a-9c9e-41a8aa676a1b req-3098c630-2c64-4f32-9ac7-0bedb757f3ff service nova] RequestGroup(use_same_provider=False, resources={MEMORY_MB:192, VCPU:1}, traits=(), aggregates=[]) (suffix '') returned 1 matches {{(pid=89285) _get_by_requests /opt/stack/placement/placement/objects/allocation_candidate.py:158}}
Jun 03 16:52:18.707839 np0000002081 devstack@placement-api.service[89285]: DEBUG placement.objects.allocation_candidate [req-34eaf1c8-7d01-433a-9c9e-41a8aa676a1b req-3098c630-2c64-4f32-9ac7-0bedb757f3ff service nova] Merging candidates yields 1 allocation requests and 1 provider summaries {{(pid=89285) _merge_candidates /opt/stack/placement/placement/objects/allocation_candidate.py:908}}
Jun 03 16:52:18.708104 np0000002081 devstack@placement-api.service[89285]: INFO placement.requestlog [req-34eaf1c8-7d01-433a-9c9e-41a8aa676a1b req-3098c630-2c64-4f32-9ac7-0bedb757f3ff service nova] 10.4.3.149 "GET /placement/allocation_candidates?limit=1000&resources=MEMORY_MB%3A192%2CVCPU%3A1&root_required=%21COMPUTE_STATUS_DISABLED" status: 200 len: 2478 microversion: 1.36
Jun 03 16:52:18.708372 np0000002081 devstack@placement-api.service[89285]: [pid: 89285|app: 0|req: 638/1279] 10.4.3.149 () {68 vars in 1597 bytes} [Wed Jun 3 16:52:18 2026] GET /placement/allocation_candidates?limit=1000&resources=MEMORY_MB%3A192%2CVCPU%3A1&root_required=%21COMPUTE_STATUS_DISABLED => generated 2478 bytes in 48 msecs (HTTP/1.1 200) 8 headers in 297 bytes (1 switches on core 0)
Jun 03 16:52:18.799954 np0000002081 devstack@placement-api.service[89286]: DEBUG placement.requestlog [req-34eaf1c8-7d01-433a-9c9e-41a8aa676a1b req-1687a906-7f1c-4f9e-aef2-e02363d9d06c None None] Starting request: 10.4.3.149 "GET /placement/allocations/44ab370b-cfa9-4a3d-9dac-f6d024677783" {{(pid=89286) __call__ /opt/stack/placement/placement/requestlog.py:55}}
Jun 03 16:52:18.808478 np0000002081 devstack@placement-api.service[89286]: INFO placement.requestlog [req-34eaf1c8-7d01-433a-9c9e-41a8aa676a1b req-1687a906-7f1c-4f9e-aef2-e02363d9d06c service nova] 10.4.3.149 "GET /placement/allocations/44ab370b-cfa9-4a3d-9dac-f6d024677783" status: 200 len: 19 microversion: 1.28
Jun 03 16:52:18.808824 np0000002081 devstack@placement-api.service[89286]: [pid: 89286|app: 0|req: 642/1280] 10.4.3.149 () {68 vars in 1501 bytes} [Wed Jun 3 16:52:18 2026] GET /placement/allocations/44ab370b-cfa9-4a3d-9dac-f6d024677783 => generated 19 bytes in 9 msecs (HTTP/1.1 200) 8 headers in 295 bytes (1 switches on core 0)
Jun 03 16:52:18.857987 np0000002081 devstack@placement-api.service[89285]: DEBUG placement.requestlog [req-34eaf1c8-7d01-433a-9c9e-41a8aa676a1b req-81f897ee-5191-48cf-863e-c20ec07ff53a None None] Starting request: 10.4.3.149 "PUT /placement/allocations/44ab370b-cfa9-4a3d-9dac-f6d024677783" {{(pid=89285) __call__ /opt/stack/placement/placement/requestlog.py:55}}
Jun 03 16:52:18.928731 np0000002081 devstack@placement-api.service[89285]: DEBUG placement.handlers.allocation [req-34eaf1c8-7d01-433a-9c9e-41a8aa676a1b req-81f897ee-5191-48cf-863e-c20ec07ff53a service nova] Successfully wrote allocations [, ] {{(pid=89285) _update_consumers_and_create_allocations /opt/stack/placement/placement/handlers/allocation.py:462}}
Jun 03 16:52:18.935774 np0000002081 devstack@placement-api.service[89285]: INFO placement.requestlog [req-34eaf1c8-7d01-433a-9c9e-41a8aa676a1b req-81f897ee-5191-48cf-863e-c20ec07ff53a service nova] 10.4.3.149 "PUT /placement/allocations/44ab370b-cfa9-4a3d-9dac-f6d024677783" status: 204 len: 0 microversion: 1.36
Jun 03 16:52:18.937455 np0000002081 devstack@placement-api.service[89285]: [pid: 89285|app: 0|req: 639/1281] 10.4.3.149 () {72 vars in 1554 bytes} [Wed Jun 3 16:52:18 2026] PUT /placement/allocations/44ab370b-cfa9-4a3d-9dac-f6d024677783 => generated 0 bytes in 79 msecs (HTTP/1.1 204) 5 headers in 199 bytes (1 switches on core 0)
Jun 03 16:52:20.323902 np0000002081 devstack@placement-api.service[89286]: DEBUG placement.requestlog [req-34eaf1c8-7d01-433a-9c9e-41a8aa676a1b req-16819981-1705-4628-a9b5-2bab6c0dd8b7 None None] Starting request: 10.4.3.149 "GET /placement/allocations/44ab370b-cfa9-4a3d-9dac-f6d024677783" {{(pid=89286) __call__ /opt/stack/placement/placement/requestlog.py:55}}
Jun 03 16:52:20.338069 np0000002081 devstack@placement-api.service[89286]: INFO placement.requestlog [req-34eaf1c8-7d01-433a-9c9e-41a8aa676a1b req-16819981-1705-4628-a9b5-2bab6c0dd8b7 service nova] 10.4.3.149 "GET /placement/allocations/44ab370b-cfa9-4a3d-9dac-f6d024677783" status: 200 len: 244 microversion: 1.28
Jun 03 16:52:20.338326 np0000002081 devstack@placement-api.service[89286]: [pid: 89286|app: 0|req: 643/1282] 10.4.3.149 () {68 vars in 1499 bytes} [Wed Jun 3 16:52:20 2026] GET /placement/allocations/44ab370b-cfa9-4a3d-9dac-f6d024677783 => generated 244 bytes in 14 msecs (HTTP/1.1 200) 8 headers in 296 bytes (1 switches on core 0)
Jun 03 16:52:21.402887 np0000002081 devstack@placement-api.service[89285]: DEBUG placement.requestlog [req-34eaf1c8-7d01-433a-9c9e-41a8aa676a1b req-1bbf6b35-e2e3-4306-8278-343da3f9b9c6 None None] Starting request: 10.4.3.149 "GET /placement/resource_providers/664728b4-9d6e-4f47-a13d-c0ca03f51a83/allocations" {{(pid=89285) __call__ /opt/stack/placement/placement/requestlog.py:55}}
Jun 03 16:52:21.429885 np0000002081 devstack@placement-api.service[89285]: INFO placement.requestlog [req-34eaf1c8-7d01-433a-9c9e-41a8aa676a1b req-1bbf6b35-e2e3-4306-8278-343da3f9b9c6 service nova] 10.4.3.149 "GET /placement/resource_providers/664728b4-9d6e-4f47-a13d-c0ca03f51a83/allocations" status: 200 len: 439 microversion: 1.0
Jun 03 16:52:21.430191 np0000002081 devstack@placement-api.service[89285]: [pid: 89285|app: 0|req: 640/1283] 10.4.3.149 () {66 vars in 1512 bytes} [Wed Jun 3 16:52:21 2026] GET /placement/resource_providers/664728b4-9d6e-4f47-a13d-c0ca03f51a83/allocations => generated 439 bytes in 27 msecs (HTTP/1.1 200) 6 headers in 224 bytes (1 switches on core 0)
Jun 03 16:52:21.484360 np0000002081 devstack@placement-api.service[89286]: DEBUG placement.requestlog [req-34eaf1c8-7d01-433a-9c9e-41a8aa676a1b req-64bad47e-bb8a-4927-8506-9604e5036ce2 None None] Starting request: 10.4.3.149 "GET /placement/allocations/44ab370b-cfa9-4a3d-9dac-f6d024677783" {{(pid=89286) __call__ /opt/stack/placement/placement/requestlog.py:55}}
Jun 03 16:52:21.494131 np0000002081 devstack@placement-api.service[89286]: INFO placement.requestlog [req-34eaf1c8-7d01-433a-9c9e-41a8aa676a1b req-64bad47e-bb8a-4927-8506-9604e5036ce2 service nova] 10.4.3.149 "GET /placement/allocations/44ab370b-cfa9-4a3d-9dac-f6d024677783" status: 200 len: 244 microversion: 1.28
Jun 03 16:52:21.494670 np0000002081 devstack@placement-api.service[89286]: [pid: 89286|app: 0|req: 644/1284] 10.4.3.149 () {68 vars in 1499 bytes} [Wed Jun 3 16:52:21 2026] GET /placement/allocations/44ab370b-cfa9-4a3d-9dac-f6d024677783 => generated 244 bytes in 12 msecs (HTTP/1.1 200) 8 headers in 296 bytes (1 switches on core 0)
Jun 03 16:52:21.544330 np0000002081 devstack@placement-api.service[89285]: DEBUG placement.requestlog [req-34eaf1c8-7d01-433a-9c9e-41a8aa676a1b req-2838c195-fab4-4b2f-b179-5086192631b9 None None] Starting request: 10.4.3.149 "GET /placement/allocations/4c5c1dee-9dda-4acf-a262-1d7facd4fa48" {{(pid=89285) __call__ /opt/stack/placement/placement/requestlog.py:55}}
Jun 03 16:52:21.563413 np0000002081 devstack@placement-api.service[89285]: INFO placement.requestlog [req-34eaf1c8-7d01-433a-9c9e-41a8aa676a1b req-2838c195-fab4-4b2f-b179-5086192631b9 service nova] 10.4.3.149 "GET /placement/allocations/4c5c1dee-9dda-4acf-a262-1d7facd4fa48" status: 200 len: 258 microversion: 1.28
Jun 03 16:52:21.563413 np0000002081 devstack@placement-api.service[89285]: [pid: 89285|app: 0|req: 641/1285] 10.4.3.149 () {68 vars in 1499 bytes} [Wed Jun 3 16:52:21 2026] GET /placement/allocations/4c5c1dee-9dda-4acf-a262-1d7facd4fa48 => generated 258 bytes in 20 msecs (HTTP/1.1 200) 8 headers in 296 bytes (1 switches on core 0)
Jun 03 16:52:21.624463 np0000002081 devstack@placement-api.service[89286]: DEBUG placement.requestlog [req-34eaf1c8-7d01-433a-9c9e-41a8aa676a1b req-83b3e65f-a6c7-4a4d-b368-7e653e3be7f0 None None] Starting request: 10.4.3.149 "GET /placement/allocations/25b6f3b8-359d-42cc-bcf0-a4bd31f88fb3" {{(pid=89286) __call__ /opt/stack/placement/placement/requestlog.py:55}}
Jun 03 16:52:21.643369 np0000002081 devstack@placement-api.service[89286]: INFO placement.requestlog [req-34eaf1c8-7d01-433a-9c9e-41a8aa676a1b req-83b3e65f-a6c7-4a4d-b368-7e653e3be7f0 service nova] 10.4.3.149 "GET /placement/allocations/25b6f3b8-359d-42cc-bcf0-a4bd31f88fb3" status: 200 len: 258 microversion: 1.28
Jun 03 16:52:21.643369 np0000002081 devstack@placement-api.service[89286]: [pid: 89286|app: 0|req: 645/1286] 10.4.3.149 () {68 vars in 1499 bytes} [Wed Jun 3 16:52:21 2026] GET /placement/allocations/25b6f3b8-359d-42cc-bcf0-a4bd31f88fb3 => generated 258 bytes in 16 msecs (HTTP/1.1 200) 8 headers in 296 bytes (1 switches on core 0)
Jun 03 16:52:21.702991 np0000002081 devstack@placement-api.service[89285]: DEBUG placement.requestlog [req-34eaf1c8-7d01-433a-9c9e-41a8aa676a1b req-b7a21b77-dda1-497b-b871-b11307ed1bcb None None] Starting request: 10.4.3.149 "GET /placement/allocations/c8ef207f-aeb4-421a-b3fd-a33d84a01a61" {{(pid=89285) __call__ /opt/stack/placement/placement/requestlog.py:55}}
Jun 03 16:52:21.720175 np0000002081 devstack@placement-api.service[89285]: INFO placement.requestlog [req-34eaf1c8-7d01-433a-9c9e-41a8aa676a1b req-b7a21b77-dda1-497b-b871-b11307ed1bcb service nova] 10.4.3.149 "GET /placement/allocations/c8ef207f-aeb4-421a-b3fd-a33d84a01a61" status: 200 len: 258 microversion: 1.28
Jun 03 16:52:21.720502 np0000002081 devstack@placement-api.service[89285]: [pid: 89285|app: 0|req: 642/1287] 10.4.3.149 () {68 vars in 1499 bytes} [Wed Jun 3 16:52:21 2026] GET /placement/allocations/c8ef207f-aeb4-421a-b3fd-a33d84a01a61 => generated 258 bytes in 18 msecs (HTTP/1.1 200) 8 headers in 296 bytes (1 switches on core 0)
Jun 03 16:52:22.414002 np0000002081 devstack@placement-api.service[89286]: DEBUG placement.requestlog [None req-591fc1a1-65e3-43ff-be21-1283ff5b24c7 None None] Starting request: 10.4.3.149 "GET /placement/resource_providers/3bd410c9-441d-42af-845f-de69db36bdf2/aggregates" {{(pid=89286) __call__ /opt/stack/placement/placement/requestlog.py:55}}
Jun 03 16:52:22.420834 np0000002081 devstack@placement-api.service[89286]: INFO placement.requestlog [None req-591fc1a1-65e3-43ff-be21-1283ff5b24c7 service placement] 10.4.3.149 "GET /placement/resource_providers/3bd410c9-441d-42af-845f-de69db36bdf2/aggregates" status: 404 len: 235 microversion: 1.1
Jun 03 16:52:22.421126 np0000002081 devstack@placement-api.service[89286]: [pid: 89286|app: 0|req: 646/1288] 10.4.3.149 () {66 vars in 1474 bytes} [Wed Jun 3 16:52:22 2026] GET /placement/resource_providers/3bd410c9-441d-42af-845f-de69db36bdf2/aggregates => generated 235 bytes in 7 msecs (HTTP/1.1 404) 5 headers in 202 bytes (1 switches on core 0)
Jun 03 16:52:22.457171 np0000002081 devstack@placement-api.service[89285]: DEBUG placement.requestlog [None req-67a55907-a528-4cf1-810e-2d4bc10e2449 None None] Starting request: 10.4.3.149 "DELETE /placement/resource_providers/3bd410c9-441d-42af-845f-de69db36bdf2" {{(pid=89285) __call__ /opt/stack/placement/placement/requestlog.py:55}}
Jun 03 16:52:22.463187 np0000002081 devstack@placement-api.service[89285]: DEBUG placement.wsgi_wrapper [None req-67a55907-a528-4cf1-810e-2d4bc10e2449 service placement] Placement API returning an error response: No resource provider with uuid 3bd410c9-441d-42af-845f-de69db36bdf2 found for delete {{(pid=89285) call_func /opt/stack/placement/placement/wsgi_wrapper.py:31}}
Jun 03 16:52:22.463992 np0000002081 devstack@placement-api.service[89285]: INFO placement.requestlog [None req-67a55907-a528-4cf1-810e-2d4bc10e2449 service placement] 10.4.3.149 "DELETE /placement/resource_providers/3bd410c9-441d-42af-845f-de69db36bdf2" status: 404 len: 246 microversion: 1.1
Jun 03 16:52:22.463992 np0000002081 devstack@placement-api.service[89285]: [pid: 89285|app: 0|req: 643/1289] 10.4.3.149 () {68 vars in 1463 bytes} [Wed Jun 3 16:52:22 2026] DELETE /placement/resource_providers/3bd410c9-441d-42af-845f-de69db36bdf2 => generated 246 bytes in 7 msecs (HTTP/1.1 404) 6 headers in 231 bytes (1 switches on core 0)
Jun 03 16:52:29.450880 np0000002081 devstack@placement-api.service[89286]: DEBUG placement.requestlog [req-2f2c875e-8e46-4912-ba1c-2baa7321f817 req-1f85807e-2c22-40dd-840a-58ebe0c90d73 None None] Starting request: 10.4.3.149 "GET /placement/allocation_candidates?limit=1000&resources=MEMORY_MB%3A192%2CVCPU%3A1&root_required=%21COMPUTE_STATUS_DISABLED" {{(pid=89286) __call__ /opt/stack/placement/placement/requestlog.py:55}}
Jun 03 16:52:29.477117 np0000002081 devstack@placement-api.service[89286]: DEBUG placement.objects.research_context [req-2f2c875e-8e46-4912-ba1c-2baa7321f817 req-1f85807e-2c22-40dd-840a-58ebe0c90d73 service nova] getting providers with 192 MEMORY_MB {{(pid=89286) __init__ /opt/stack/placement/placement/objects/research_context.py:137}}
Jun 03 16:52:29.481038 np0000002081 devstack@placement-api.service[89286]: DEBUG placement.objects.research_context [req-2f2c875e-8e46-4912-ba1c-2baa7321f817 req-1f85807e-2c22-40dd-840a-58ebe0c90d73 service nova] getting providers with 1 VCPU {{(pid=89286) __init__ /opt/stack/placement/placement/objects/research_context.py:137}}
Jun 03 16:52:29.484495 np0000002081 devstack@placement-api.service[89286]: DEBUG placement.objects.research_context [req-2f2c875e-8e46-4912-ba1c-2baa7321f817 req-1f85807e-2c22-40dd-840a-58ebe0c90d73 service nova] found 1 providers with available 192 MEMORY_MB {{(pid=89286) get_provider_ids_matching /opt/stack/placement/placement/objects/research_context.py:563}}
Jun 03 16:52:29.484609 np0000002081 devstack@placement-api.service[89286]: DEBUG placement.objects.research_context [req-2f2c875e-8e46-4912-ba1c-2baa7321f817 req-1f85807e-2c22-40dd-840a-58ebe0c90d73 service nova] found 1 providers with available 1 VCPU {{(pid=89286) get_provider_ids_matching /opt/stack/placement/placement/objects/research_context.py:563}}
Jun 03 16:52:29.484754 np0000002081 devstack@placement-api.service[89286]: DEBUG placement.objects.research_context [req-2f2c875e-8e46-4912-ba1c-2baa7321f817 req-1f85807e-2c22-40dd-840a-58ebe0c90d73 service nova] found 1 providers after filtering by previous result {{(pid=89286) get_provider_ids_matching /opt/stack/placement/placement/objects/research_context.py:594}}
Jun 03 16:52:29.493415 np0000002081 devstack@placement-api.service[89286]: DEBUG placement.objects.allocation_candidate [req-2f2c875e-8e46-4912-ba1c-2baa7321f817 req-1f85807e-2c22-40dd-840a-58ebe0c90d73 service nova] RequestGroup(use_same_provider=False, resources={MEMORY_MB:192, VCPU:1}, traits=(), aggregates=[]) (suffix '') returned 1 matches {{(pid=89286) _get_by_requests /opt/stack/placement/placement/objects/allocation_candidate.py:158}}
Jun 03 16:52:29.493415 np0000002081 devstack@placement-api.service[89286]: DEBUG placement.objects.allocation_candidate [req-2f2c875e-8e46-4912-ba1c-2baa7321f817 req-1f85807e-2c22-40dd-840a-58ebe0c90d73 service nova] Merging candidates yields 1 allocation requests and 1 provider summaries {{(pid=89286) _merge_candidates /opt/stack/placement/placement/objects/allocation_candidate.py:908}}
Jun 03 16:52:29.494049 np0000002081 devstack@placement-api.service[89286]: INFO placement.requestlog [req-2f2c875e-8e46-4912-ba1c-2baa7321f817 req-1f85807e-2c22-40dd-840a-58ebe0c90d73 service nova] 10.4.3.149 "GET /placement/allocation_candidates?limit=1000&resources=MEMORY_MB%3A192%2CVCPU%3A1&root_required=%21COMPUTE_STATUS_DISABLED" status: 200 len: 2478 microversion: 1.36
Jun 03 16:52:29.494049 np0000002081 devstack@placement-api.service[89286]: [pid: 89286|app: 0|req: 647/1290] 10.4.3.149 () {68 vars in 1597 bytes} [Wed Jun 3 16:52:29 2026] GET /placement/allocation_candidates?limit=1000&resources=MEMORY_MB%3A192%2CVCPU%3A1&root_required=%21COMPUTE_STATUS_DISABLED => generated 2478 bytes in 43 msecs (HTTP/1.1 200) 8 headers in 297 bytes (1 switches on core 0)
Jun 03 16:52:29.573261 np0000002081 devstack@placement-api.service[89285]: DEBUG placement.requestlog [req-2f2c875e-8e46-4912-ba1c-2baa7321f817 req-b07ef732-f845-4424-9935-cc6b8cdef037 None None] Starting request: 10.4.3.149 "GET /placement/allocations/dce93f41-7546-4803-b1ae-e4fc07328cba" {{(pid=89285) __call__ /opt/stack/placement/placement/requestlog.py:55}}
Jun 03 16:52:29.587419 np0000002081 devstack@placement-api.service[89285]: INFO placement.requestlog [req-2f2c875e-8e46-4912-ba1c-2baa7321f817 req-b07ef732-f845-4424-9935-cc6b8cdef037 service nova] 10.4.3.149 "GET /placement/allocations/dce93f41-7546-4803-b1ae-e4fc07328cba" status: 200 len: 19 microversion: 1.28
Jun 03 16:52:29.587759 np0000002081 devstack@placement-api.service[89285]: [pid: 89285|app: 0|req: 644/1291] 10.4.3.149 () {68 vars in 1501 bytes} [Wed Jun 3 16:52:29 2026] GET /placement/allocations/dce93f41-7546-4803-b1ae-e4fc07328cba => generated 19 bytes in 15 msecs (HTTP/1.1 200) 8 headers in 295 bytes (1 switches on core 0)
Jun 03 16:52:29.653261 np0000002081 devstack@placement-api.service[89286]: DEBUG placement.requestlog [req-2f2c875e-8e46-4912-ba1c-2baa7321f817 req-a90b4b37-e4a6-46ff-b3bf-0c63dc84481e None None] Starting request: 10.4.3.149 "PUT /placement/allocations/dce93f41-7546-4803-b1ae-e4fc07328cba" {{(pid=89286) __call__ /opt/stack/placement/placement/requestlog.py:55}}
Jun 03 16:52:29.714801 np0000002081 devstack@placement-api.service[89286]: DEBUG placement.handlers.allocation [req-2f2c875e-8e46-4912-ba1c-2baa7321f817 req-a90b4b37-e4a6-46ff-b3bf-0c63dc84481e service nova] Successfully wrote allocations [, ] {{(pid=89286) _update_consumers_and_create_allocations /opt/stack/placement/placement/handlers/allocation.py:462}}
Jun 03 16:52:29.717687 np0000002081 devstack@placement-api.service[89286]: INFO placement.requestlog [req-2f2c875e-8e46-4912-ba1c-2baa7321f817 req-a90b4b37-e4a6-46ff-b3bf-0c63dc84481e service nova] 10.4.3.149 "PUT /placement/allocations/dce93f41-7546-4803-b1ae-e4fc07328cba" status: 204 len: 0 microversion: 1.36
Jun 03 16:52:29.718209 np0000002081 devstack@placement-api.service[89286]: [pid: 89286|app: 0|req: 648/1292] 10.4.3.149 () {72 vars in 1554 bytes} [Wed Jun 3 16:52:29 2026] PUT /placement/allocations/dce93f41-7546-4803-b1ae-e4fc07328cba => generated 0 bytes in 65 msecs (HTTP/1.1 204) 5 headers in 199 bytes (1 switches on core 0)
Jun 03 16:52:31.111786 np0000002081 devstack@placement-api.service[89285]: DEBUG placement.requestlog [req-2f2c875e-8e46-4912-ba1c-2baa7321f817 req-30fc20e4-5d1b-46ea-9fe5-0a546441ae57 None None] Starting request: 10.4.3.149 "GET /placement/allocations/dce93f41-7546-4803-b1ae-e4fc07328cba" {{(pid=89285) __call__ /opt/stack/placement/placement/requestlog.py:55}}
Jun 03 16:52:31.129438 np0000002081 devstack@placement-api.service[89285]: INFO placement.requestlog [req-2f2c875e-8e46-4912-ba1c-2baa7321f817 req-30fc20e4-5d1b-46ea-9fe5-0a546441ae57 service nova] 10.4.3.149 "GET /placement/allocations/dce93f41-7546-4803-b1ae-e4fc07328cba" status: 200 len: 244 microversion: 1.28
Jun 03 16:52:31.129842 np0000002081 devstack@placement-api.service[89285]: [pid: 89285|app: 0|req: 645/1293] 10.4.3.149 () {68 vars in 1499 bytes} [Wed Jun 3 16:52:31 2026] GET /placement/allocations/dce93f41-7546-4803-b1ae-e4fc07328cba => generated 244 bytes in 18 msecs (HTTP/1.1 200) 8 headers in 296 bytes (1 switches on core 0)
Jun 03 16:52:32.222994 np0000002081 devstack@placement-api.service[89286]: DEBUG placement.requestlog [req-2f2c875e-8e46-4912-ba1c-2baa7321f817 req-578afb1c-38a0-4220-8881-c29eb035af29 None None] Starting request: 10.4.3.149 "GET /placement/resource_providers/664728b4-9d6e-4f47-a13d-c0ca03f51a83/allocations" {{(pid=89286) __call__ /opt/stack/placement/placement/requestlog.py:55}}
Jun 03 16:52:32.265307 np0000002081 devstack@placement-api.service[89286]: INFO placement.requestlog [req-2f2c875e-8e46-4912-ba1c-2baa7321f817 req-578afb1c-38a0-4220-8881-c29eb035af29 service nova] 10.4.3.149 "GET /placement/resource_providers/664728b4-9d6e-4f47-a13d-c0ca03f51a83/allocations" status: 200 len: 525 microversion: 1.0
Jun 03 16:52:32.265775 np0000002081 devstack@placement-api.service[89286]: [pid: 89286|app: 0|req: 649/1294] 10.4.3.149 () {66 vars in 1512 bytes} [Wed Jun 3 16:52:32 2026] GET /placement/resource_providers/664728b4-9d6e-4f47-a13d-c0ca03f51a83/allocations => generated 525 bytes in 44 msecs (HTTP/1.1 200) 6 headers in 224 bytes (1 switches on core 0)
Jun 03 16:52:32.345754 np0000002081 devstack@placement-api.service[89285]: DEBUG placement.requestlog [req-2f2c875e-8e46-4912-ba1c-2baa7321f817 req-83648f89-7397-4a3d-950c-66184040a202 None None] Starting request: 10.4.3.149 "GET /placement/allocations/44ab370b-cfa9-4a3d-9dac-f6d024677783" {{(pid=89285) __call__ /opt/stack/placement/placement/requestlog.py:55}}
Jun 03 16:52:32.372723 np0000002081 devstack@placement-api.service[89286]: DEBUG placement.requestlog [req-1fc7df9d-7ed5-43e7-9824-d439872a50f1 req-a6dc9f51-1943-4b89-a160-4bf65d92bb22 None None] Starting request: 10.4.3.149 "GET /placement/allocation_candidates?limit=1000&resources=DISK_GB%3A1%2CMEMORY_MB%3A192%2CVCPU%3A1&root_required=%21COMPUTE_STATUS_DISABLED" {{(pid=89286) __call__ /opt/stack/placement/placement/requestlog.py:55}}
Jun 03 16:52:32.375944 np0000002081 devstack@placement-api.service[89285]: INFO placement.requestlog [req-2f2c875e-8e46-4912-ba1c-2baa7321f817 req-83648f89-7397-4a3d-950c-66184040a202 service nova] 10.4.3.149 "GET /placement/allocations/44ab370b-cfa9-4a3d-9dac-f6d024677783" status: 200 len: 244 microversion: 1.28
Jun 03 16:52:32.376604 np0000002081 devstack@placement-api.service[89285]: [pid: 89285|app: 0|req: 646/1295] 10.4.3.149 () {68 vars in 1499 bytes} [Wed Jun 3 16:52:32 2026] GET /placement/allocations/44ab370b-cfa9-4a3d-9dac-f6d024677783 => generated 244 bytes in 31 msecs (HTTP/1.1 200) 8 headers in 296 bytes (1 switches on core 0)
Jun 03 16:52:32.410627 np0000002081 devstack@placement-api.service[89286]: DEBUG placement.objects.research_context [req-1fc7df9d-7ed5-43e7-9824-d439872a50f1 req-a6dc9f51-1943-4b89-a160-4bf65d92bb22 service nova] getting providers with 1 DISK_GB {{(pid=89286) __init__ /opt/stack/placement/placement/objects/research_context.py:137}}
Jun 03 16:52:32.415828 np0000002081 devstack@placement-api.service[89286]: DEBUG placement.objects.research_context [req-1fc7df9d-7ed5-43e7-9824-d439872a50f1 req-a6dc9f51-1943-4b89-a160-4bf65d92bb22 service nova] getting providers with 192 MEMORY_MB {{(pid=89286) __init__ /opt/stack/placement/placement/objects/research_context.py:137}}
Jun 03 16:52:32.420660 np0000002081 devstack@placement-api.service[89286]: DEBUG placement.objects.research_context [req-1fc7df9d-7ed5-43e7-9824-d439872a50f1 req-a6dc9f51-1943-4b89-a160-4bf65d92bb22 service nova] getting providers with 1 VCPU {{(pid=89286) __init__ /opt/stack/placement/placement/objects/research_context.py:137}}
Jun 03 16:52:32.429911 np0000002081 devstack@placement-api.service[89286]: DEBUG placement.objects.research_context [req-1fc7df9d-7ed5-43e7-9824-d439872a50f1 req-a6dc9f51-1943-4b89-a160-4bf65d92bb22 service nova] found 1 providers with available 1 DISK_GB {{(pid=89286) get_provider_ids_matching /opt/stack/placement/placement/objects/research_context.py:563}}
Jun 03 16:52:32.431598 np0000002081 devstack@placement-api.service[89285]: DEBUG placement.requestlog [req-2f2c875e-8e46-4912-ba1c-2baa7321f817 req-13238c71-ade5-4959-8995-744481bb26d8 None None] Starting request: 10.4.3.149 "GET /placement/allocations/dce93f41-7546-4803-b1ae-e4fc07328cba" {{(pid=89285) __call__ /opt/stack/placement/placement/requestlog.py:55}}
Jun 03 16:52:32.432598 np0000002081 devstack@placement-api.service[89286]: DEBUG placement.objects.research_context [req-1fc7df9d-7ed5-43e7-9824-d439872a50f1 req-a6dc9f51-1943-4b89-a160-4bf65d92bb22 service nova] found 1 providers with available 192 MEMORY_MB {{(pid=89286) get_provider_ids_matching /opt/stack/placement/placement/objects/research_context.py:563}}
Jun 03 16:52:32.432598 np0000002081 devstack@placement-api.service[89286]: DEBUG placement.objects.research_context [req-1fc7df9d-7ed5-43e7-9824-d439872a50f1 req-a6dc9f51-1943-4b89-a160-4bf65d92bb22 service nova] found 1 providers after filtering by previous result {{(pid=89286) get_provider_ids_matching /opt/stack/placement/placement/objects/research_context.py:594}}
Jun 03 16:52:32.432598 np0000002081 devstack@placement-api.service[89286]: DEBUG placement.objects.research_context [req-1fc7df9d-7ed5-43e7-9824-d439872a50f1 req-a6dc9f51-1943-4b89-a160-4bf65d92bb22 service nova] found 1 providers with available 1 VCPU {{(pid=89286) get_provider_ids_matching /opt/stack/placement/placement/objects/research_context.py:563}}
Jun 03 16:52:32.432598 np0000002081 devstack@placement-api.service[89286]: DEBUG placement.objects.research_context [req-1fc7df9d-7ed5-43e7-9824-d439872a50f1 req-a6dc9f51-1943-4b89-a160-4bf65d92bb22 service nova] found 1 providers after filtering by previous result {{(pid=89286) get_provider_ids_matching /opt/stack/placement/placement/objects/research_context.py:594}}
Jun 03 16:52:32.440119 np0000002081 devstack@placement-api.service[89285]: INFO placement.requestlog [req-2f2c875e-8e46-4912-ba1c-2baa7321f817 req-13238c71-ade5-4959-8995-744481bb26d8 service nova] 10.4.3.149 "GET /placement/allocations/dce93f41-7546-4803-b1ae-e4fc07328cba" status: 200 len: 244 microversion: 1.28
Jun 03 16:52:32.440413 np0000002081 devstack@placement-api.service[89285]: [pid: 89285|app: 0|req: 647/1296] 10.4.3.149 () {68 vars in 1499 bytes} [Wed Jun 3 16:52:32 2026] GET /placement/allocations/dce93f41-7546-4803-b1ae-e4fc07328cba => generated 244 bytes in 9 msecs (HTTP/1.1 200) 8 headers in 296 bytes (1 switches on core 0)
Jun 03 16:52:32.455929 np0000002081 devstack@placement-api.service[89286]: DEBUG placement.objects.allocation_candidate [req-1fc7df9d-7ed5-43e7-9824-d439872a50f1 req-a6dc9f51-1943-4b89-a160-4bf65d92bb22 service nova] RequestGroup(use_same_provider=False, resources={DISK_GB:1, MEMORY_MB:192, VCPU:1}, traits=(), aggregates=[]) (suffix '') returned 1 matches {{(pid=89286) _get_by_requests /opt/stack/placement/placement/objects/allocation_candidate.py:158}}
Jun 03 16:52:32.456324 np0000002081 devstack@placement-api.service[89286]: DEBUG placement.objects.allocation_candidate [req-1fc7df9d-7ed5-43e7-9824-d439872a50f1 req-a6dc9f51-1943-4b89-a160-4bf65d92bb22 service nova] Merging candidates yields 1 allocation requests and 1 provider summaries {{(pid=89286) _merge_candidates /opt/stack/placement/placement/objects/allocation_candidate.py:908}}
Jun 03 16:52:32.457919 np0000002081 devstack@placement-api.service[89286]: INFO placement.requestlog [req-1fc7df9d-7ed5-43e7-9824-d439872a50f1 req-a6dc9f51-1943-4b89-a160-4bf65d92bb22 service nova] 10.4.3.149 "GET /placement/allocation_candidates?limit=1000&resources=DISK_GB%3A1%2CMEMORY_MB%3A192%2CVCPU%3A1&root_required=%21COMPUTE_STATUS_DISABLED" status: 200 len: 2492 microversion: 1.36
Jun 03 16:52:32.458313 np0000002081 devstack@placement-api.service[89286]: [pid: 89286|app: 0|req: 650/1297] 10.4.3.149 () {68 vars in 1625 bytes} [Wed Jun 3 16:52:32 2026] GET /placement/allocation_candidates?limit=1000&resources=DISK_GB%3A1%2CMEMORY_MB%3A192%2CVCPU%3A1&root_required=%21COMPUTE_STATUS_DISABLED => generated 2492 bytes in 86 msecs (HTTP/1.1 200) 8 headers in 297 bytes (1 switches on core 0)
Jun 03 16:52:32.486075 np0000002081 devstack@placement-api.service[89285]: DEBUG placement.requestlog [req-2f2c875e-8e46-4912-ba1c-2baa7321f817 req-574fe9e3-0014-404d-aac5-452e84f5b288 None None] Starting request: 10.4.3.149 "GET /placement/allocations/4c5c1dee-9dda-4acf-a262-1d7facd4fa48" {{(pid=89285) __call__ /opt/stack/placement/placement/requestlog.py:55}}
Jun 03 16:52:32.503480 np0000002081 devstack@placement-api.service[89285]: INFO placement.requestlog [req-2f2c875e-8e46-4912-ba1c-2baa7321f817 req-574fe9e3-0014-404d-aac5-452e84f5b288 service nova] 10.4.3.149 "GET /placement/allocations/4c5c1dee-9dda-4acf-a262-1d7facd4fa48" status: 200 len: 258 microversion: 1.28
Jun 03 16:52:32.503730 np0000002081 devstack@placement-api.service[89285]: [pid: 89285|app: 0|req: 648/1298] 10.4.3.149 () {68 vars in 1499 bytes} [Wed Jun 3 16:52:32 2026] GET /placement/allocations/4c5c1dee-9dda-4acf-a262-1d7facd4fa48 => generated 258 bytes in 18 msecs (HTTP/1.1 200) 8 headers in 296 bytes (1 switches on core 0)
Jun 03 16:52:32.543977 np0000002081 devstack@placement-api.service[89286]: DEBUG placement.requestlog [req-1fc7df9d-7ed5-43e7-9824-d439872a50f1 req-036f0a6b-e5ec-431b-8b5b-b04b285804af None None] Starting request: 10.4.3.149 "GET /placement/allocations/89736c12-7b34-4d21-be6d-fa051e787dd8" {{(pid=89286) __call__ /opt/stack/placement/placement/requestlog.py:55}}
Jun 03 16:52:32.552714 np0000002081 devstack@placement-api.service[89285]: DEBUG placement.requestlog [req-2f2c875e-8e46-4912-ba1c-2baa7321f817 req-e5d4b36a-3880-47b2-9e04-8dd9f1d0a689 None None] Starting request: 10.4.3.149 "GET /placement/allocations/c8ef207f-aeb4-421a-b3fd-a33d84a01a61" {{(pid=89285) __call__ /opt/stack/placement/placement/requestlog.py:55}}
Jun 03 16:52:32.560440 np0000002081 devstack@placement-api.service[89286]: INFO placement.requestlog [req-1fc7df9d-7ed5-43e7-9824-d439872a50f1 req-036f0a6b-e5ec-431b-8b5b-b04b285804af service nova] 10.4.3.149 "GET /placement/allocations/89736c12-7b34-4d21-be6d-fa051e787dd8" status: 200 len: 19 microversion: 1.28
Jun 03 16:52:32.560863 np0000002081 devstack@placement-api.service[89286]: [pid: 89286|app: 0|req: 651/1299] 10.4.3.149 () {68 vars in 1501 bytes} [Wed Jun 3 16:52:32 2026] GET /placement/allocations/89736c12-7b34-4d21-be6d-fa051e787dd8 => generated 19 bytes in 17 msecs (HTTP/1.1 200) 8 headers in 295 bytes (1 switches on core 0)
Jun 03 16:52:32.567784 np0000002081 devstack@placement-api.service[89285]: INFO placement.requestlog [req-2f2c875e-8e46-4912-ba1c-2baa7321f817 req-e5d4b36a-3880-47b2-9e04-8dd9f1d0a689 service nova] 10.4.3.149 "GET /placement/allocations/c8ef207f-aeb4-421a-b3fd-a33d84a01a61" status: 200 len: 258 microversion: 1.28
Jun 03 16:52:32.567784 np0000002081 devstack@placement-api.service[89285]: [pid: 89285|app: 0|req: 649/1300] 10.4.3.149 () {68 vars in 1499 bytes} [Wed Jun 3 16:52:32 2026] GET /placement/allocations/c8ef207f-aeb4-421a-b3fd-a33d84a01a61 => generated 258 bytes in 10 msecs (HTTP/1.1 200) 8 headers in 296 bytes (1 switches on core 0)
Jun 03 16:52:32.612452 np0000002081 devstack@placement-api.service[89286]: DEBUG placement.requestlog [req-2f2c875e-8e46-4912-ba1c-2baa7321f817 req-799e39ef-de24-40aa-8b00-da538e361dd5 None None] Starting request: 10.4.3.149 "GET /placement/allocations/25b6f3b8-359d-42cc-bcf0-a4bd31f88fb3" {{(pid=89286) __call__ /opt/stack/placement/placement/requestlog.py:55}}
Jun 03 16:52:32.616139 np0000002081 devstack@placement-api.service[89285]: DEBUG placement.requestlog [req-1fc7df9d-7ed5-43e7-9824-d439872a50f1 req-ec27914a-4790-4ec1-a057-447f92744e1f None None] Starting request: 10.4.3.149 "PUT /placement/allocations/89736c12-7b34-4d21-be6d-fa051e787dd8" {{(pid=89285) __call__ /opt/stack/placement/placement/requestlog.py:55}}
Jun 03 16:52:32.640525 np0000002081 devstack@placement-api.service[89286]: INFO placement.requestlog [req-2f2c875e-8e46-4912-ba1c-2baa7321f817 req-799e39ef-de24-40aa-8b00-da538e361dd5 service nova] 10.4.3.149 "GET /placement/allocations/25b6f3b8-359d-42cc-bcf0-a4bd31f88fb3" status: 200 len: 258 microversion: 1.28
Jun 03 16:52:32.640993 np0000002081 devstack@placement-api.service[89286]: [pid: 89286|app: 0|req: 652/1301] 10.4.3.149 () {68 vars in 1499 bytes} [Wed Jun 3 16:52:32 2026] GET /placement/allocations/25b6f3b8-359d-42cc-bcf0-a4bd31f88fb3 => generated 258 bytes in 30 msecs (HTTP/1.1 200) 8 headers in 296 bytes (1 switches on core 0)
Jun 03 16:52:32.670389 np0000002081 devstack@placement-api.service[89285]: DEBUG placement.handlers.allocation [req-1fc7df9d-7ed5-43e7-9824-d439872a50f1 req-ec27914a-4790-4ec1-a057-447f92744e1f service nova] Successfully wrote allocations [, , ] {{(pid=89285) _update_consumers_and_create_allocations /opt/stack/placement/placement/handlers/allocation.py:462}}
Jun 03 16:52:32.674730 np0000002081 devstack@placement-api.service[89285]: INFO placement.requestlog [req-1fc7df9d-7ed5-43e7-9824-d439872a50f1 req-ec27914a-4790-4ec1-a057-447f92744e1f service nova] 10.4.3.149 "PUT /placement/allocations/89736c12-7b34-4d21-be6d-fa051e787dd8" status: 204 len: 0 microversion: 1.36
Jun 03 16:52:32.676939 np0000002081 devstack@placement-api.service[89285]: [pid: 89285|app: 0|req: 650/1302] 10.4.3.149 () {72 vars in 1554 bytes} [Wed Jun 3 16:52:32 2026] PUT /placement/allocations/89736c12-7b34-4d21-be6d-fa051e787dd8 => generated 0 bytes in 59 msecs (HTTP/1.1 204) 5 headers in 199 bytes (1 switches on core 0)
Jun 03 16:52:33.948205 np0000002081 devstack@placement-api.service[89286]: DEBUG placement.requestlog [req-1fc7df9d-7ed5-43e7-9824-d439872a50f1 req-8a249c63-941b-4d01-9f01-302ffefd3ea8 None None] Starting request: 10.4.3.149 "GET /placement/allocations/89736c12-7b34-4d21-be6d-fa051e787dd8" {{(pid=89286) __call__ /opt/stack/placement/placement/requestlog.py:55}}
Jun 03 16:52:33.966449 np0000002081 devstack@placement-api.service[89286]: INFO placement.requestlog [req-1fc7df9d-7ed5-43e7-9824-d439872a50f1 req-8a249c63-941b-4d01-9f01-302ffefd3ea8 service nova] 10.4.3.149 "GET /placement/allocations/89736c12-7b34-4d21-be6d-fa051e787dd8" status: 200 len: 258 microversion: 1.28
