Aug 13 21:18:42.429450 np0000007268 nova-conductor[95941]: DEBUG cotyledon.oslo_config_glue [-] oslo_messaging_rabbit.rabbit_quorum_max_memory_bytes = 0 {{(pid=95941) log_opt_values /opt/stack/data/venv/lib/python3.12/site-packages/oslo_config/cfg.py:3560}}
Aug 13 21:18:42.429450 np0000007268 nova-conductor[95941]: DEBUG cotyledon.oslo_config_glue [-] oslo_messaging_rabbit.rabbit_quorum_max_memory_length = 0 {{(pid=95941) log_opt_values /opt/stack/data/venv/lib/python3.12/site-packages/oslo_config/cfg.py:3560}}
Aug 13 21:18:42.429450 np0000007268 nova-conductor[95941]: DEBUG cotyledon.oslo_config_glue [-] oslo_messaging_rabbit.rabbit_quorum_queue = False {{(pid=95941) log_opt_values /opt/stack/data/venv/lib/python3.12/site-packages/oslo_config/cfg.py:3560}}
Aug 13 21:18:42.429713 np0000007268 nova-conductor[95941]: DEBUG cotyledon.oslo_config_glue [-] oslo_messaging_rabbit.rabbit_retry_backoff = 2 {{(pid=95941) log_opt_values /opt/stack/data/venv/lib/python3.12/site-packages/oslo_config/cfg.py:3560}}
Aug 13 21:18:42.429713 np0000007268 nova-conductor[95941]: DEBUG cotyledon.oslo_config_glue [-] oslo_messaging_rabbit.rabbit_retry_interval = 1 {{(pid=95941) log_opt_values /opt/stack/data/venv/lib/python3.12/site-packages/oslo_config/cfg.py:3560}}
Aug 13 21:18:42.429713 np0000007268 nova-conductor[95941]: DEBUG cotyledon.oslo_config_glue [-] oslo_messaging_rabbit.rabbit_stream_fanout = False {{(pid=95941) log_opt_values /opt/stack/data/venv/lib/python3.12/site-packages/oslo_config/cfg.py:3560}}
Aug 13 21:18:42.429713 np0000007268 nova-conductor[95941]: DEBUG cotyledon.oslo_config_glue [-] oslo_messaging_rabbit.rabbit_transient_queues_ttl = 1800 {{(pid=95941) log_opt_values /opt/stack/data/venv/lib/python3.12/site-packages/oslo_config/cfg.py:3560}}
Aug 13 21:18:42.429713 np0000007268 nova-conductor[95941]: DEBUG cotyledon.oslo_config_glue [-] oslo_messaging_rabbit.rabbit_transient_quorum_queue = False {{(pid=95941) log_opt_values /opt/stack/data/venv/lib/python3.12/site-packages/oslo_config/cfg.py:3560}}
Aug 13 21:18:42.429713 np0000007268 nova-conductor[95941]: DEBUG cotyledon.oslo_config_glue [-] oslo_messaging_rabbit.rpc_conn_pool_size = 30 {{(pid=95941) log_opt_values /opt/stack/data/venv/lib/python3.12/site-packages/oslo_config/cfg.py:3560}}
Aug 13 21:18:42.429713 np0000007268 nova-conductor[95941]: DEBUG cotyledon.oslo_config_glue [-] oslo_messaging_rabbit.ssl = False {{(pid=95941) log_opt_values /opt/stack/data/venv/lib/python3.12/site-packages/oslo_config/cfg.py:3560}}
Aug 13 21:18:42.429713 np0000007268 nova-conductor[95941]: DEBUG cotyledon.oslo_config_glue [-] oslo_messaging_rabbit.ssl_ca_file = {{(pid=95941) log_opt_values /opt/stack/data/venv/lib/python3.12/site-packages/oslo_config/cfg.py:3560}}
Aug 13 21:18:42.429713 np0000007268 nova-conductor[95941]: DEBUG cotyledon.oslo_config_glue [-] oslo_messaging_rabbit.ssl_cert_file = {{(pid=95941) log_opt_values /opt/stack/data/venv/lib/python3.12/site-packages/oslo_config/cfg.py:3560}}
Aug 13 21:18:42.429975 np0000007268 nova-conductor[95941]: DEBUG cotyledon.oslo_config_glue [-] oslo_messaging_rabbit.ssl_enforce_fips_mode = False {{(pid=95941) log_opt_values /opt/stack/data/venv/lib/python3.12/site-packages/oslo_config/cfg.py:3560}}
Aug 13 21:18:42.429975 np0000007268 nova-conductor[95941]: DEBUG cotyledon.oslo_config_glue [-] oslo_messaging_rabbit.ssl_enforce_hostname_verification = True {{(pid=95941) log_opt_values /opt/stack/data/venv/lib/python3.12/site-packages/oslo_config/cfg.py:3560}}
Aug 13 21:18:42.429975 np0000007268 nova-conductor[95941]: DEBUG cotyledon.oslo_config_glue [-] oslo_messaging_rabbit.ssl_key_file = {{(pid=95941) log_opt_values /opt/stack/data/venv/lib/python3.12/site-packages/oslo_config/cfg.py:3560}}
Aug 13 21:18:42.429975 np0000007268 nova-conductor[95941]: DEBUG cotyledon.oslo_config_glue [-] oslo_messaging_rabbit.ssl_version = {{(pid=95941) log_opt_values /opt/stack/data/venv/lib/python3.12/site-packages/oslo_config/cfg.py:3560}}
Aug 13 21:18:42.429975 np0000007268 nova-conductor[95941]: DEBUG cotyledon.oslo_config_glue [-] oslo_messaging_rabbit.use_queue_manager = False {{(pid=95941) log_opt_values /opt/stack/data/venv/lib/python3.12/site-packages/oslo_config/cfg.py:3560}}
Aug 13 21:18:42.429975 np0000007268 nova-conductor[95941]: DEBUG cotyledon.oslo_config_glue [-] oslo_messaging_notifications.driver = ['messagingv2'] {{(pid=95941) log_opt_values /opt/stack/data/venv/lib/python3.12/site-packages/oslo_config/cfg.py:3560}}
Aug 13 21:18:42.429975 np0000007268 nova-conductor[95941]: DEBUG cotyledon.oslo_config_glue [-] oslo_messaging_notifications.retry = -1 {{(pid=95941) log_opt_values /opt/stack/data/venv/lib/python3.12/site-packages/oslo_config/cfg.py:3560}}
Aug 13 21:18:42.429975 np0000007268 nova-conductor[95941]: DEBUG cotyledon.oslo_config_glue [-] oslo_messaging_notifications.topics = ['notifications'] {{(pid=95941) log_opt_values /opt/stack/data/venv/lib/python3.12/site-packages/oslo_config/cfg.py:3560}}
Aug 13 21:18:42.429975 np0000007268 nova-conductor[95941]: DEBUG cotyledon.oslo_config_glue [-] oslo_messaging_notifications.transport_url = **** {{(pid=95941) log_opt_values /opt/stack/data/venv/lib/python3.12/site-packages/oslo_config/cfg.py:3560}}
Aug 13 21:18:42.430279 np0000007268 nova-conductor[95941]: DEBUG cotyledon.oslo_config_glue [-] oslo_limit.auth_section = None {{(pid=95941) log_opt_values /opt/stack/data/venv/lib/python3.12/site-packages/oslo_config/cfg.py:3560}}
Aug 13 21:18:42.430279 np0000007268 nova-conductor[95941]: DEBUG cotyledon.oslo_config_glue [-] oslo_limit.auth_type = None {{(pid=95941) log_opt_values /opt/stack/data/venv/lib/python3.12/site-packages/oslo_config/cfg.py:3560}}
Aug 13 21:18:42.430279 np0000007268 nova-conductor[95941]: DEBUG cotyledon.oslo_config_glue [-] oslo_limit.cafile = None {{(pid=95941) log_opt_values /opt/stack/data/venv/lib/python3.12/site-packages/oslo_config/cfg.py:3560}}
Aug 13 21:18:42.430279 np0000007268 nova-conductor[95941]: DEBUG cotyledon.oslo_config_glue [-] oslo_limit.certfile = None {{(pid=95941) log_opt_values /opt/stack/data/venv/lib/python3.12/site-packages/oslo_config/cfg.py:3560}}
Aug 13 21:18:42.430279 np0000007268 nova-conductor[95941]: DEBUG cotyledon.oslo_config_glue [-] oslo_limit.collect_timing = False {{(pid=95941) log_opt_values /opt/stack/data/venv/lib/python3.12/site-packages/oslo_config/cfg.py:3560}}
Aug 13 21:18:42.430279 np0000007268 nova-conductor[95941]: DEBUG cotyledon.oslo_config_glue [-] oslo_limit.connect_retries = None {{(pid=95941) log_opt_values /opt/stack/data/venv/lib/python3.12/site-packages/oslo_config/cfg.py:3560}}
Aug 13 21:18:42.430279 np0000007268 nova-conductor[95941]: DEBUG cotyledon.oslo_config_glue [-] oslo_limit.connect_retry_delay = None {{(pid=95941) log_opt_values /opt/stack/data/venv/lib/python3.12/site-packages/oslo_config/cfg.py:3560}}
Aug 13 21:18:42.430279 np0000007268 nova-conductor[95941]: DEBUG cotyledon.oslo_config_glue [-] oslo_limit.endpoint_id = None {{(pid=95941) log_opt_values /opt/stack/data/venv/lib/python3.12/site-packages/oslo_config/cfg.py:3560}}
Aug 13 21:18:42.430279 np0000007268 nova-conductor[95941]: DEBUG cotyledon.oslo_config_glue [-] oslo_limit.endpoint_interface = public {{(pid=95941) log_opt_values /opt/stack/data/venv/lib/python3.12/site-packages/oslo_config/cfg.py:3560}}
Aug 13 21:18:42.430547 np0000007268 nova-conductor[95941]: DEBUG cotyledon.oslo_config_glue [-] oslo_limit.endpoint_override = None {{(pid=95941) log_opt_values /opt/stack/data/venv/lib/python3.12/site-packages/oslo_config/cfg.py:3560}}
Aug 13 21:18:42.430547 np0000007268 nova-conductor[95941]: DEBUG cotyledon.oslo_config_glue [-] oslo_limit.endpoint_region_name = None {{(pid=95941) log_opt_values /opt/stack/data/venv/lib/python3.12/site-packages/oslo_config/cfg.py:3560}}
Aug 13 21:18:42.430547 np0000007268 nova-conductor[95941]: DEBUG cotyledon.oslo_config_glue [-] oslo_limit.endpoint_service_name = None {{(pid=95941) log_opt_values /opt/stack/data/venv/lib/python3.12/site-packages/oslo_config/cfg.py:3560}}
Aug 13 21:18:42.430547 np0000007268 nova-conductor[95941]: DEBUG cotyledon.oslo_config_glue [-] oslo_limit.endpoint_service_type = None {{(pid=95941) log_opt_values /opt/stack/data/venv/lib/python3.12/site-packages/oslo_config/cfg.py:3560}}
Aug 13 21:18:42.430547 np0000007268 nova-conductor[95941]: DEBUG cotyledon.oslo_config_glue [-] oslo_limit.insecure = False {{(pid=95941) log_opt_values /opt/stack/data/venv/lib/python3.12/site-packages/oslo_config/cfg.py:3560}}
Aug 13 21:18:42.430547 np0000007268 nova-conductor[95941]: DEBUG cotyledon.oslo_config_glue [-] oslo_limit.keyfile = None {{(pid=95941) log_opt_values /opt/stack/data/venv/lib/python3.12/site-packages/oslo_config/cfg.py:3560}}
Aug 13 21:18:42.430547 np0000007268 nova-conductor[95941]: DEBUG cotyledon.oslo_config_glue [-] oslo_limit.max_version = None {{(pid=95941) log_opt_values /opt/stack/data/venv/lib/python3.12/site-packages/oslo_config/cfg.py:3560}}
Aug 13 21:18:42.430547 np0000007268 nova-conductor[95941]: DEBUG cotyledon.oslo_config_glue [-] oslo_limit.min_version = None {{(pid=95941) log_opt_values /opt/stack/data/venv/lib/python3.12/site-packages/oslo_config/cfg.py:3560}}
Aug 13 21:18:42.430547 np0000007268 nova-conductor[95941]: DEBUG cotyledon.oslo_config_glue [-] oslo_limit.region_name = None {{(pid=95941) log_opt_values /opt/stack/data/venv/lib/python3.12/site-packages/oslo_config/cfg.py:3560}}
Aug 13 21:18:42.430793 np0000007268 nova-conductor[95941]: DEBUG cotyledon.oslo_config_glue [-] oslo_limit.retriable_status_codes = None {{(pid=95941) log_opt_values /opt/stack/data/venv/lib/python3.12/site-packages/oslo_config/cfg.py:3560}}
Aug 13 21:18:42.430793 np0000007268 nova-conductor[95941]: DEBUG cotyledon.oslo_config_glue [-] oslo_limit.service_name = None {{(pid=95941) log_opt_values /opt/stack/data/venv/lib/python3.12/site-packages/oslo_config/cfg.py:3560}}
Aug 13 21:18:42.430793 np0000007268 nova-conductor[95941]: DEBUG cotyledon.oslo_config_glue [-] oslo_limit.service_type = None {{(pid=95941) log_opt_values /opt/stack/data/venv/lib/python3.12/site-packages/oslo_config/cfg.py:3560}}
Aug 13 21:18:42.430793 np0000007268 nova-conductor[95941]: DEBUG cotyledon.oslo_config_glue [-] oslo_limit.split_loggers = False {{(pid=95941) log_opt_values /opt/stack/data/venv/lib/python3.12/site-packages/oslo_config/cfg.py:3560}}
Aug 13 21:18:42.430793 np0000007268 nova-conductor[95941]: DEBUG cotyledon.oslo_config_glue [-] oslo_limit.status_code_retries = None {{(pid=95941) log_opt_values /opt/stack/data/venv/lib/python3.12/site-packages/oslo_config/cfg.py:3560}}
Aug 13 21:18:42.430793 np0000007268 nova-conductor[95941]: DEBUG cotyledon.oslo_config_glue [-] oslo_limit.status_code_retry_delay = None {{(pid=95941) log_opt_values /opt/stack/data/venv/lib/python3.12/site-packages/oslo_config/cfg.py:3560}}
Aug 13 21:18:42.430793 np0000007268 nova-conductor[95941]: DEBUG cotyledon.oslo_config_glue [-] oslo_limit.timeout = None {{(pid=95941) log_opt_values /opt/stack/data/venv/lib/python3.12/site-packages/oslo_config/cfg.py:3560}}
Aug 13 21:18:42.430793 np0000007268 nova-conductor[95941]: DEBUG cotyledon.oslo_config_glue [-] oslo_limit.valid_interfaces = None {{(pid=95941) log_opt_values /opt/stack/data/venv/lib/python3.12/site-packages/oslo_config/cfg.py:3560}}
Aug 13 21:18:42.430793 np0000007268 nova-conductor[95941]: DEBUG cotyledon.oslo_config_glue [-] oslo_limit.version = None {{(pid=95941) log_opt_values /opt/stack/data/venv/lib/python3.12/site-packages/oslo_config/cfg.py:3560}}
Aug 13 21:18:42.431042 np0000007268 nova-conductor[95941]: DEBUG cotyledon.oslo_config_glue [-] oslo_reports.file_event_handler = None {{(pid=95941) log_opt_values /opt/stack/data/venv/lib/python3.12/site-packages/oslo_config/cfg.py:3560}}
Aug 13 21:18:42.431042 np0000007268 nova-conductor[95941]: DEBUG cotyledon.oslo_config_glue [-] oslo_reports.file_event_handler_interval = 1 {{(pid=95941) log_opt_values /opt/stack/data/venv/lib/python3.12/site-packages/oslo_config/cfg.py:3560}}
Aug 13 21:18:42.431042 np0000007268 nova-conductor[95941]: DEBUG cotyledon.oslo_config_glue [-] oslo_reports.log_dir = None {{(pid=95941) log_opt_values /opt/stack/data/venv/lib/python3.12/site-packages/oslo_config/cfg.py:3560}}
Aug 13 21:18:42.431042 np0000007268 nova-conductor[95941]: DEBUG cotyledon.oslo_config_glue [-] ******************************************************************************** {{(pid=95941) log_opt_values /opt/stack/data/venv/lib/python3.12/site-packages/oslo_config/cfg.py:3567}}
Aug 13 21:18:42.431042 np0000007268 nova-conductor[95941]: DEBUG cotyledon._service_worker [-] Run service ServiceWrapper(2) [95941] {{(pid=95941) wait_forever /opt/stack/data/venv/lib/python3.12/site-packages/cotyledon/_service_worker.py:218}}
Aug 13 21:18:42.431042 np0000007268 nova-conductor[95941]: INFO nova.service [-] Starting conductor node (version 33.1.0)
Aug 13 21:18:42.431042 np0000007268 nova-conductor[95941]: INFO dbcounter [None req-7e960257-6abb-4e3f-92b2-f985d6fe64a8 None None] Registered counter for database nova_cell0
Aug 13 21:18:42.431272 np0000007268 nova-conductor[95921]: DEBUG oslo_db.sqlalchemy.engines [None req-fd4e6108-2a79-445a-8db7-f5fa22362351 None None] MySQL server mode set to STRICT_TRANS_TABLES,STRICT_ALL_TABLES,NO_ZERO_IN_DATE,NO_ZERO_DATE,ERROR_FOR_DIVISION_BY_ZERO,TRADITIONAL,NO_ENGINE_SUBSTITUTION {{(pid=95921) _check_effective_sql_mode /opt/stack/data/venv/lib/python3.12/site-packages/oslo_db/sqlalchemy/engines.py:325}}
Aug 13 21:18:42.437318 np0000007268 nova-conductor[95921]: DEBUG dbcounter [-] [95921] Writer thread running {{(pid=95921) stat_writer /opt/stack/data/venv/lib/python3.12/site-packages/dbcounter.py:102}}
Aug 13 21:18:42.452590 np0000007268 nova-conductor[95933]: DEBUG oslo_db.sqlalchemy.engines [None req-fd65cd81-73ee-4623-b0a6-62cdaff34b2c None None] MySQL server mode set to STRICT_TRANS_TABLES,STRICT_ALL_TABLES,NO_ZERO_IN_DATE,NO_ZERO_DATE,ERROR_FOR_DIVISION_BY_ZERO,TRADITIONAL,NO_ENGINE_SUBSTITUTION {{(pid=95933) _check_effective_sql_mode /opt/stack/data/venv/lib/python3.12/site-packages/oslo_db/sqlalchemy/engines.py:325}}
Aug 13 21:18:42.454871 np0000007268 nova-conductor[95921]: DEBUG nova.service [None req-fd4e6108-2a79-445a-8db7-f5fa22362351 None None] Creating RPC server for service: nova-conductor on topic: conductor {{(pid=95921) start /opt/stack/nova/nova/service.py:196}}
Aug 13 21:18:42.461316 np0000007268 nova-conductor[95941]: DEBUG oslo_db.sqlalchemy.engines [None req-7e960257-6abb-4e3f-92b2-f985d6fe64a8 None None] MySQL server mode set to STRICT_TRANS_TABLES,STRICT_ALL_TABLES,NO_ZERO_IN_DATE,NO_ZERO_DATE,ERROR_FOR_DIVISION_BY_ZERO,TRADITIONAL,NO_ENGINE_SUBSTITUTION {{(pid=95941) _check_effective_sql_mode /opt/stack/data/venv/lib/python3.12/site-packages/oslo_db/sqlalchemy/engines.py:325}}
Aug 13 21:18:42.462928 np0000007268 nova-conductor[95933]: DEBUG dbcounter [-] [95933] Writer thread running {{(pid=95933) stat_writer /opt/stack/data/venv/lib/python3.12/site-packages/dbcounter.py:102}}
Aug 13 21:18:42.466900 np0000007268 nova-conductor[95933]: DEBUG nova.service [None req-fd65cd81-73ee-4623-b0a6-62cdaff34b2c None None] Creating RPC server for service: nova-conductor on topic: conductor {{(pid=95933) start /opt/stack/nova/nova/service.py:196}}
Aug 13 21:18:42.478812 np0000007268 nova-conductor[95941]: DEBUG dbcounter [-] [95941] Writer thread running {{(pid=95941) stat_writer /opt/stack/data/venv/lib/python3.12/site-packages/dbcounter.py:102}}
Aug 13 21:18:42.481790 np0000007268 nova-conductor[95941]: DEBUG nova.service [None req-7e960257-6abb-4e3f-92b2-f985d6fe64a8 None None] Creating RPC server for service: nova-conductor on topic: conductor {{(pid=95941) start /opt/stack/nova/nova/service.py:196}}
Aug 13 21:18:42.483965 np0000007268 nova-conductor[95921]: DEBUG nova.service [None req-fd4e6108-2a79-445a-8db7-f5fa22362351 None None] Join ServiceGroup membership for this service conductor {{(pid=95921) start /opt/stack/nova/nova/service.py:222}}
Aug 13 21:18:42.484336 np0000007268 nova-conductor[95921]: DEBUG nova.servicegroup.drivers.db [None req-fd4e6108-2a79-445a-8db7-f5fa22362351 None None] DB_Driver: join new ServiceGroup member np0000007268 to the conductor group, service = {{(pid=95921) join /opt/stack/nova/nova/servicegroup/drivers/db.py:44}}
Aug 13 21:18:42.487998 np0000007268 nova-conductor[95933]: DEBUG nova.service [None req-fd65cd81-73ee-4623-b0a6-62cdaff34b2c None None] Join ServiceGroup membership for this service conductor {{(pid=95933) start /opt/stack/nova/nova/service.py:222}}
Aug 13 21:18:42.488217 np0000007268 nova-conductor[95933]: DEBUG nova.servicegroup.drivers.db [None req-fd65cd81-73ee-4623-b0a6-62cdaff34b2c None None] DB_Driver: join new ServiceGroup member np0000007268 to the conductor group, service = {{(pid=95933) join /opt/stack/nova/nova/servicegroup/drivers/db.py:44}}
Aug 13 21:18:42.500843 np0000007268 nova-conductor[95941]: DEBUG nova.service [None req-7e960257-6abb-4e3f-92b2-f985d6fe64a8 None None] Join ServiceGroup membership for this service conductor {{(pid=95941) start /opt/stack/nova/nova/service.py:222}}
Aug 13 21:18:42.501039 np0000007268 nova-conductor[95941]: DEBUG nova.servicegroup.drivers.db [None req-7e960257-6abb-4e3f-92b2-f985d6fe64a8 None None] DB_Driver: join new ServiceGroup member np0000007268 to the conductor group, service = {{(pid=95941) join /opt/stack/nova/nova/servicegroup/drivers/db.py:44}}
Aug 13 21:18:47.502972 np0000007268 nova-conductor[95921]: DEBUG oslo.service.backend._threading.loopingcall [-] Fixed interval looping call 'nova.servicegroup.drivers.db.DbDriver._report_state' sleeping for 119.98 seconds {{(pid=95921) _run_loop /opt/stack/data/venv/lib/python3.12/site-packages/oslo_service/backend/_threading/loopingcall.py:125}}
Aug 13 21:18:47.504850 np0000007268 nova-conductor[95933]: DEBUG oslo.service.backend._threading.loopingcall [-] Fixed interval looping call 'nova.servicegroup.drivers.db.DbDriver._report_state' sleeping for 119.98 seconds {{(pid=95933) _run_loop /opt/stack/data/venv/lib/python3.12/site-packages/oslo_service/backend/_threading/loopingcall.py:125}}
Aug 13 21:18:47.512245 np0000007268 nova-conductor[95941]: DEBUG oslo.service.backend._threading.loopingcall [-] Fixed interval looping call 'nova.servicegroup.drivers.db.DbDriver._report_state' sleeping for 119.99 seconds {{(pid=95941) _run_loop /opt/stack/data/venv/lib/python3.12/site-packages/oslo_service/backend/_threading/loopingcall.py:125}}
Aug 13 21:18:51.059437 np0000007268 nova-conductor[94441]: DEBUG dbcounter [-] [94441] Writing DB stats nova_api:SELECT=1 {{(pid=94441) stat_writer /opt/stack/data/venv/lib/python3.12/site-packages/dbcounter.py:115}}
Aug 13 21:18:51.177230 np0000007268 nova-conductor[94441]: DEBUG dbcounter [-] [94441] Writing DB stats nova_cell0:SELECT=1 {{(pid=94441) stat_writer /opt/stack/data/venv/lib/python3.12/site-packages/dbcounter.py:115}}
Aug 13 21:18:51.181833 np0000007268 nova-conductor[94441]: DEBUG dbcounter [-] [94441] Writing DB stats nova_cell1:SELECT=1 {{(pid=94441) stat_writer /opt/stack/data/venv/lib/python3.12/site-packages/dbcounter.py:115}}
Aug 13 21:18:52.486935 np0000007268 nova-conductor[95921]: DEBUG oslo.service.backend._threading.loopingcall [None req-d9c0fed9-3878-4d0d-a3f6-a3f12407f9a5 None None] Dynamic interval looping call 'nova.service.Service.periodic_tasks' sleeping for 60.00 seconds {{(pid=95921) _run_loop /opt/stack/data/venv/lib/python3.12/site-packages/oslo_service/backend/_threading/loopingcall.py:125}}
Aug 13 21:18:57.497050 np0000007268 nova-conductor[95921]: DEBUG dbcounter [-] [95921] Writing DB stats nova_cell0:SELECT=4,nova_cell0:INSERT=1,nova_cell0:UPDATE=1 {{(pid=95921) stat_writer /opt/stack/data/venv/lib/python3.12/site-packages/dbcounter.py:115}}
Aug 13 21:18:57.500195 np0000007268 nova-conductor[95933]: DEBUG dbcounter [-] [95933] Writing DB stats nova_cell0:SELECT=3,nova_cell0:UPDATE=1 {{(pid=95933) stat_writer /opt/stack/data/venv/lib/python3.12/site-packages/dbcounter.py:115}}
Aug 13 21:18:57.509607 np0000007268 nova-conductor[95941]: DEBUG dbcounter [-] [95941] Writing DB stats nova_cell0:SELECT=3 {{(pid=95941) stat_writer /opt/stack/data/venv/lib/python3.12/site-packages/dbcounter.py:115}}
Aug 13 21:19:10.503390 np0000007268 nova-conductor[95941]: DEBUG oslo.service.backend._threading.loopingcall [None req-633b581b-1800-4342-9083-b5e7d0bf5283 None None] Dynamic interval looping call 'nova.service.Service.periodic_tasks' sleeping for 60.00 seconds {{(pid=95941) _run_loop /opt/stack/data/venv/lib/python3.12/site-packages/oslo_service/backend/_threading/loopingcall.py:125}}
Aug 13 21:19:40.490123 np0000007268 nova-conductor[95933]: DEBUG oslo.service.backend._threading.loopingcall [None req-0ccf8cfe-4a4c-4c33-91cd-a1e2cdc5074f None None] Dynamic interval looping call 'nova.service.Service.periodic_tasks' sleeping for 60.00 seconds {{(pid=95933) _run_loop /opt/stack/data/venv/lib/python3.12/site-packages/oslo_service/backend/_threading/loopingcall.py:125}}
Aug 13 21:19:52.487425 np0000007268 nova-conductor[95921]: DEBUG oslo.service.backend._threading.loopingcall [None req-d9c0fed9-3878-4d0d-a3f6-a3f12407f9a5 None None] Dynamic interval looping call 'nova.service.Service.periodic_tasks' sleeping for 60.00 seconds {{(pid=95921) _run_loop /opt/stack/data/venv/lib/python3.12/site-packages/oslo_service/backend/_threading/loopingcall.py:125}}
Aug 13 21:20:10.503797 np0000007268 nova-conductor[95941]: DEBUG oslo.service.backend._threading.loopingcall [None req-633b581b-1800-4342-9083-b5e7d0bf5283 None None] Dynamic interval looping call 'nova.service.Service.periodic_tasks' sleeping for 60.00 seconds {{(pid=95941) _run_loop /opt/stack/data/venv/lib/python3.12/site-packages/oslo_service/backend/_threading/loopingcall.py:125}}
Aug 13 21:20:40.490627 np0000007268 nova-conductor[95933]: DEBUG oslo.service.backend._threading.loopingcall [None req-0ccf8cfe-4a4c-4c33-91cd-a1e2cdc5074f None None] Dynamic interval looping call 'nova.service.Service.periodic_tasks' sleeping for 60.00 seconds {{(pid=95933) _run_loop /opt/stack/data/venv/lib/python3.12/site-packages/oslo_service/backend/_threading/loopingcall.py:125}}
Aug 13 21:20:47.492892 np0000007268 nova-conductor[95921]: DEBUG oslo.service.backend._threading.loopingcall [-] Fixed interval looping call 'nova.servicegroup.drivers.db.DbDriver._report_state' sleeping for 119.99 seconds {{(pid=95921) _run_loop /opt/stack/data/venv/lib/python3.12/site-packages/oslo_service/backend/_threading/loopingcall.py:125}}
Aug 13 21:20:47.493398 np0000007268 nova-conductor[95933]: DEBUG oslo.service.backend._threading.loopingcall [-] Fixed interval looping call 'nova.servicegroup.drivers.db.DbDriver._report_state' sleeping for 119.99 seconds {{(pid=95933) _run_loop /opt/stack/data/venv/lib/python3.12/site-packages/oslo_service/backend/_threading/loopingcall.py:125}}
Aug 13 21:20:47.505948 np0000007268 nova-conductor[95941]: DEBUG oslo.service.backend._threading.loopingcall [-] Fixed interval looping call 'nova.servicegroup.drivers.db.DbDriver._report_state' sleeping for 120.00 seconds {{(pid=95941) _run_loop /opt/stack/data/venv/lib/python3.12/site-packages/oslo_service/backend/_threading/loopingcall.py:125}}
Aug 13 21:20:52.487872 np0000007268 nova-conductor[95921]: DEBUG oslo.service.backend._threading.loopingcall [None req-d9c0fed9-3878-4d0d-a3f6-a3f12407f9a5 None None] Dynamic interval looping call 'nova.service.Service.periodic_tasks' sleeping for 60.00 seconds {{(pid=95921) _run_loop /opt/stack/data/venv/lib/python3.12/site-packages/oslo_service/backend/_threading/loopingcall.py:125}}
Aug 13 21:20:57.487900 np0000007268 nova-conductor[95921]: DEBUG dbcounter [-] [95921] Writing DB stats nova_cell0:SELECT=1,nova_cell0:UPDATE=1 {{(pid=95921) stat_writer /opt/stack/data/venv/lib/python3.12/site-packages/dbcounter.py:115}}
Aug 13 21:20:57.491734 np0000007268 nova-conductor[95933]: DEBUG dbcounter [-] [95933] Writing DB stats nova_cell0:SELECT=1,nova_cell0:UPDATE=1 {{(pid=95933) stat_writer /opt/stack/data/venv/lib/python3.12/site-packages/dbcounter.py:115}}
Aug 13 21:20:57.506278 np0000007268 nova-conductor[95941]: DEBUG dbcounter [-] [95941] Writing DB stats nova_cell0:SELECT=1 {{(pid=95941) stat_writer /opt/stack/data/venv/lib/python3.12/site-packages/dbcounter.py:115}}
Aug 13 21:21:10.504370 np0000007268 nova-conductor[95941]: DEBUG oslo.service.backend._threading.loopingcall [None req-633b581b-1800-4342-9083-b5e7d0bf5283 None None] Dynamic interval looping call 'nova.service.Service.periodic_tasks' sleeping for 60.00 seconds {{(pid=95941) _run_loop /opt/stack/data/venv/lib/python3.12/site-packages/oslo_service/backend/_threading/loopingcall.py:125}}
Aug 13 21:21:11.021732 np0000007268 nova-conductor[95921]: DEBUG oslo_db.sqlalchemy.engines [None req-a5612730-20e7-410f-96ee-3f8fc3e2d6ea tempest-ServerBootFromVolumeStableRescueTest-1991357207 tempest-ServerBootFromVolumeStableRescueTest-1991357207-project-member] Parent process 94441 forked (95921) with an open database connection, which is being discarded and recreated. {{(pid=95921) checkout /opt/stack/data/venv/lib/python3.12/site-packages/oslo_db/sqlalchemy/engines.py:402}}
Aug 13 21:21:11.058128 np0000007268 nova-conductor[95921]: DEBUG dbcounter [-] [95921] Writer thread running {{(pid=95921) stat_writer /opt/stack/data/venv/lib/python3.12/site-packages/dbcounter.py:102}}
Aug 13 21:21:11.145386 np0000007268 nova-conductor[95933]: DEBUG dbcounter [-] [95933] Writer thread running {{(pid=95933) stat_writer /opt/stack/data/venv/lib/python3.12/site-packages/dbcounter.py:102}}
Aug 13 21:21:11.923496 np0000007268 nova-conductor[95933]: DEBUG nova.conductor.manager [None req-82218b87-3d9b-44c6-99d9-eb5d3a3de70f tempest-DeleteServersTestJSON-1417604255 tempest-DeleteServersTestJSON-1417604255-project-member] Took 0.78 seconds to select destinations for 1 instance(s). {{(pid=95933) _schedule_instances /opt/stack/nova/nova/conductor/manager.py:968}}
Aug 13 21:21:11.953044 np0000007268 nova-conductor[95933]: DEBUG oslo_concurrency.lockutils [None req-82218b87-3d9b-44c6-99d9-eb5d3a3de70f tempest-DeleteServersTestJSON-1417604255 tempest-DeleteServersTestJSON-1417604255-project-member] Acquiring lock "52524343-cd19-47a9-9792-b5545549d8e4" by "nova.context.set_target_cell..get_or_set_cached_cell_and_set_connections" {{(pid=95933) inner /opt/stack/data/venv/lib/python3.12/site-packages/oslo_concurrency/lockutils.py:512}}
Aug 13 21:21:11.953202 np0000007268 nova-conductor[95933]: DEBUG oslo_concurrency.lockutils [None req-82218b87-3d9b-44c6-99d9-eb5d3a3de70f tempest-DeleteServersTestJSON-1417604255 tempest-DeleteServersTestJSON-1417604255-project-member] Lock "52524343-cd19-47a9-9792-b5545549d8e4" acquired by "nova.context.set_target_cell..get_or_set_cached_cell_and_set_connections" :: waited 0.001s {{(pid=95933) inner /opt/stack/data/venv/lib/python3.12/site-packages/oslo_concurrency/lockutils.py:525}}
Aug 13 21:21:11.954721 np0000007268 nova-conductor[95933]: DEBUG oslo_concurrency.lockutils [None req-82218b87-3d9b-44c6-99d9-eb5d3a3de70f tempest-DeleteServersTestJSON-1417604255 tempest-DeleteServersTestJSON-1417604255-project-member] Lock "52524343-cd19-47a9-9792-b5545549d8e4" "released" by "nova.context.set_target_cell..get_or_set_cached_cell_and_set_connections" :: held 0.001s {{(pid=95933) inner /opt/stack/data/venv/lib/python3.12/site-packages/oslo_concurrency/lockutils.py:544}}
Aug 13 21:21:11.957002 np0000007268 nova-conductor[95933]: INFO dbcounter [None req-82218b87-3d9b-44c6-99d9-eb5d3a3de70f tempest-DeleteServersTestJSON-1417604255 tempest-DeleteServersTestJSON-1417604255-project-member] Registered counter for database nova_cell1
Aug 13 21:21:12.003781 np0000007268 nova-conductor[95933]: DEBUG oslo_db.sqlalchemy.engines [None req-82218b87-3d9b-44c6-99d9-eb5d3a3de70f tempest-DeleteServersTestJSON-1417604255 tempest-DeleteServersTestJSON-1417604255-project-member] MySQL server mode set to STRICT_TRANS_TABLES,STRICT_ALL_TABLES,NO_ZERO_IN_DATE,NO_ZERO_DATE,ERROR_FOR_DIVISION_BY_ZERO,TRADITIONAL,NO_ENGINE_SUBSTITUTION {{(pid=95933) _check_effective_sql_mode /opt/stack/data/venv/lib/python3.12/site-packages/oslo_db/sqlalchemy/engines.py:325}}
Aug 13 21:21:12.011345 np0000007268 nova-conductor[95933]: DEBUG dbcounter [-] [95933] Writer thread running {{(pid=95933) stat_writer /opt/stack/data/venv/lib/python3.12/site-packages/dbcounter.py:102}}
Aug 13 21:21:12.072198 np0000007268 nova-conductor[95933]: INFO nova.utils [None req-82218b87-3d9b-44c6-99d9-eb5d3a3de70f tempest-DeleteServersTestJSON-1417604255 tempest-DeleteServersTestJSON-1417604255-project-member] The cell worker thread pool ForkProcess-2.cell_worker is initialized
Aug 13 21:21:12.072534 np0000007268 nova-conductor[95933]: DEBUG oslo_concurrency.lockutils [None req-82218b87-3d9b-44c6-99d9-eb5d3a3de70f tempest-DeleteServersTestJSON-1417604255 tempest-DeleteServersTestJSON-1417604255-project-member] Acquiring lock "00000000-0000-0000-0000-000000000000" by "nova.context.set_target_cell..get_or_set_cached_cell_and_set_connections" {{(pid=95933) inner /opt/stack/data/venv/lib/python3.12/site-packages/oslo_concurrency/lockutils.py:512}}
Aug 13 21:21:12.072698 np0000007268 nova-conductor[95933]: DEBUG oslo_concurrency.lockutils [None req-82218b87-3d9b-44c6-99d9-eb5d3a3de70f tempest-DeleteServersTestJSON-1417604255 tempest-DeleteServersTestJSON-1417604255-project-member] Lock "00000000-0000-0000-0000-000000000000" acquired by "nova.context.set_target_cell..get_or_set_cached_cell_and_set_connections" :: waited 0.000s {{(pid=95933) inner /opt/stack/data/venv/lib/python3.12/site-packages/oslo_concurrency/lockutils.py:525}}
Aug 13 21:21:12.073075 np0000007268 nova-conductor[95933]: DEBUG oslo_concurrency.lockutils [None req-82218b87-3d9b-44c6-99d9-eb5d3a3de70f tempest-DeleteServersTestJSON-1417604255 tempest-DeleteServersTestJSON-1417604255-project-member] Lock "00000000-0000-0000-0000-000000000000" "released" by "nova.context.set_target_cell..get_or_set_cached_cell_and_set_connections" :: held 0.000s {{(pid=95933) inner /opt/stack/data/venv/lib/python3.12/site-packages/oslo_concurrency/lockutils.py:544}}
Aug 13 21:21:12.074053 np0000007268 nova-conductor[95933]: DEBUG oslo_concurrency.lockutils [None req-82218b87-3d9b-44c6-99d9-eb5d3a3de70f tempest-DeleteServersTestJSON-1417604255 tempest-DeleteServersTestJSON-1417604255-project-member] Acquiring lock "52524343-cd19-47a9-9792-b5545549d8e4" by "nova.context.set_target_cell..get_or_set_cached_cell_and_set_connections" {{(pid=95933) inner /opt/stack/data/venv/lib/python3.12/site-packages/oslo_concurrency/lockutils.py:512}}
Aug 13 21:21:12.074141 np0000007268 nova-conductor[95933]: DEBUG oslo_concurrency.lockutils [None req-82218b87-3d9b-44c6-99d9-eb5d3a3de70f tempest-DeleteServersTestJSON-1417604255 tempest-DeleteServersTestJSON-1417604255-project-member] Lock "52524343-cd19-47a9-9792-b5545549d8e4" acquired by "nova.context.set_target_cell..get_or_set_cached_cell_and_set_connections" :: waited 0.000s {{(pid=95933) inner /opt/stack/data/venv/lib/python3.12/site-packages/oslo_concurrency/lockutils.py:525}}
Aug 13 21:21:12.074343 np0000007268 nova-conductor[95933]: DEBUG oslo_concurrency.lockutils [None req-82218b87-3d9b-44c6-99d9-eb5d3a3de70f tempest-DeleteServersTestJSON-1417604255 tempest-DeleteServersTestJSON-1417604255-project-member] Lock "52524343-cd19-47a9-9792-b5545549d8e4" "released" by "nova.context.set_target_cell..get_or_set_cached_cell_and_set_connections" :: held 0.000s {{(pid=95933) inner /opt/stack/data/venv/lib/python3.12/site-packages/oslo_concurrency/lockutils.py:544}}
Aug 13 21:21:12.075869 np0000007268 nova-conductor[95933]: INFO dbcounter [None req-82218b87-3d9b-44c6-99d9-eb5d3a3de70f tempest-DeleteServersTestJSON-1417604255 tempest-DeleteServersTestJSON-1417604255-project-member] Registered counter for database nova_cell0
Aug 13 21:21:12.117320 np0000007268 nova-conductor[95921]: DEBUG nova.conductor.manager [None req-a5612730-20e7-410f-96ee-3f8fc3e2d6ea tempest-ServerBootFromVolumeStableRescueTest-1991357207 tempest-ServerBootFromVolumeStableRescueTest-1991357207-project-member] Took 1.06 seconds to select destinations for 1 instance(s). {{(pid=95921) _schedule_instances /opt/stack/nova/nova/conductor/manager.py:968}}
Aug 13 21:21:12.127224 np0000007268 nova-conductor[95933]: DEBUG oslo_db.sqlalchemy.engines [None req-82218b87-3d9b-44c6-99d9-eb5d3a3de70f tempest-DeleteServersTestJSON-1417604255 tempest-DeleteServersTestJSON-1417604255-project-member] MySQL server mode set to STRICT_TRANS_TABLES,STRICT_ALL_TABLES,NO_ZERO_IN_DATE,NO_ZERO_DATE,ERROR_FOR_DIVISION_BY_ZERO,TRADITIONAL,NO_ENGINE_SUBSTITUTION {{(pid=95933) _check_effective_sql_mode /opt/stack/data/venv/lib/python3.12/site-packages/oslo_db/sqlalchemy/engines.py:325}}
Aug 13 21:21:12.134933 np0000007268 nova-conductor[95933]: DEBUG dbcounter [-] [95933] Writer thread running {{(pid=95933) stat_writer /opt/stack/data/venv/lib/python3.12/site-packages/dbcounter.py:102}}
Aug 13 21:21:12.145844 np0000007268 nova-conductor[95933]: DEBUG nova.quota [None req-82218b87-3d9b-44c6-99d9-eb5d3a3de70f tempest-DeleteServersTestJSON-1417604255 tempest-DeleteServersTestJSON-1417604255-project-member] Getting quotas for project dd73ffe18f4d4830829beae1858150e0. Resources: {'cores', 'ram', 'instances'} {{(pid=95933) _get_quotas /opt/stack/nova/nova/quota.py:389}}
Aug 13 21:21:12.149100 np0000007268 nova-conductor[95933]: DEBUG nova.quota [None req-82218b87-3d9b-44c6-99d9-eb5d3a3de70f tempest-DeleteServersTestJSON-1417604255 tempest-DeleteServersTestJSON-1417604255-project-member] Getting quotas for user cb490f9d43b04c16b8874fa5b9aa2449 and project dd73ffe18f4d4830829beae1858150e0. Resources: {'cores', 'ram', 'instances'} {{(pid=95933) _get_quotas /opt/stack/nova/nova/quota.py:379}}
Aug 13 21:21:12.150545 np0000007268 nova-conductor[95921]: DEBUG oslo_concurrency.lockutils [None req-a5612730-20e7-410f-96ee-3f8fc3e2d6ea tempest-ServerBootFromVolumeStableRescueTest-1991357207 tempest-ServerBootFromVolumeStableRescueTest-1991357207-project-member] Acquiring lock "52524343-cd19-47a9-9792-b5545549d8e4" by "nova.context.set_target_cell..get_or_set_cached_cell_and_set_connections" {{(pid=95921) inner /opt/stack/data/venv/lib/python3.12/site-packages/oslo_concurrency/lockutils.py:512}}
Aug 13 21:21:12.151556 np0000007268 nova-conductor[95921]: DEBUG oslo_concurrency.lockutils [None req-a5612730-20e7-410f-96ee-3f8fc3e2d6ea tempest-ServerBootFromVolumeStableRescueTest-1991357207 tempest-ServerBootFromVolumeStableRescueTest-1991357207-project-member] Lock "52524343-cd19-47a9-9792-b5545549d8e4" acquired by "nova.context.set_target_cell..get_or_set_cached_cell_and_set_connections" :: waited 0.000s {{(pid=95921) inner /opt/stack/data/venv/lib/python3.12/site-packages/oslo_concurrency/lockutils.py:525}}
Aug 13 21:21:12.152648 np0000007268 nova-conductor[95921]: DEBUG oslo_concurrency.lockutils [None req-a5612730-20e7-410f-96ee-3f8fc3e2d6ea tempest-ServerBootFromVolumeStableRescueTest-1991357207 tempest-ServerBootFromVolumeStableRescueTest-1991357207-project-member] Lock "52524343-cd19-47a9-9792-b5545549d8e4" "released" by "nova.context.set_target_cell..get_or_set_cached_cell_and_set_connections" :: held 0.002s {{(pid=95921) inner /opt/stack/data/venv/lib/python3.12/site-packages/oslo_concurrency/lockutils.py:544}}
Aug 13 21:21:12.154799 np0000007268 nova-conductor[95921]: INFO dbcounter [None req-a5612730-20e7-410f-96ee-3f8fc3e2d6ea tempest-ServerBootFromVolumeStableRescueTest-1991357207 tempest-ServerBootFromVolumeStableRescueTest-1991357207-project-member] Registered counter for database nova_cell1
Aug 13 21:21:12.154983 np0000007268 nova-conductor[95933]: DEBUG nova.conductor.manager [None req-82218b87-3d9b-44c6-99d9-eb5d3a3de70f tempest-DeleteServersTestJSON-1417604255 tempest-DeleteServersTestJSON-1417604255-project-member] [instance: 071decc9-d609-4de6-a2a0-5a3a14cd3e97] Selected host: np0000007268; Selected node: np0000007268; Alternates: [] {{(pid=95933) schedule_and_build_instances /opt/stack/nova/nova/conductor/manager.py:1784}}
Aug 13 21:21:12.155636 np0000007268 nova-conductor[95933]: DEBUG oslo_concurrency.lockutils [None req-82218b87-3d9b-44c6-99d9-eb5d3a3de70f tempest-DeleteServersTestJSON-1417604255 tempest-DeleteServersTestJSON-1417604255-project-member] Acquiring lock "52524343-cd19-47a9-9792-b5545549d8e4" by "nova.context.set_target_cell..get_or_set_cached_cell_and_set_connections" {{(pid=95933) inner /opt/stack/data/venv/lib/python3.12/site-packages/oslo_concurrency/lockutils.py:512}}
Aug 13 21:21:12.155764 np0000007268 nova-conductor[95933]: DEBUG oslo_concurrency.lockutils [None req-82218b87-3d9b-44c6-99d9-eb5d3a3de70f tempest-DeleteServersTestJSON-1417604255 tempest-DeleteServersTestJSON-1417604255-project-member] Lock "52524343-cd19-47a9-9792-b5545549d8e4" acquired by "nova.context.set_target_cell..get_or_set_cached_cell_and_set_connections" :: waited 0.000s {{(pid=95933) inner /opt/stack/data/venv/lib/python3.12/site-packages/oslo_concurrency/lockutils.py:525}}
Aug 13 21:21:12.155897 np0000007268 nova-conductor[95933]: DEBUG oslo_concurrency.lockutils [None req-82218b87-3d9b-44c6-99d9-eb5d3a3de70f tempest-DeleteServersTestJSON-1417604255 tempest-DeleteServersTestJSON-1417604255-project-member] Lock "52524343-cd19-47a9-9792-b5545549d8e4" "released" by "nova.context.set_target_cell..get_or_set_cached_cell_and_set_connections" :: held 0.000s {{(pid=95933) inner /opt/stack/data/venv/lib/python3.12/site-packages/oslo_concurrency/lockutils.py:544}}
Aug 13 21:21:12.166465 np0000007268 nova-conductor[95933]: DEBUG nova.conductor.manager [None req-82218b87-3d9b-44c6-99d9-eb5d3a3de70f tempest-DeleteServersTestJSON-1417604255 tempest-DeleteServersTestJSON-1417604255-project-member] [instance: 071decc9-d609-4de6-a2a0-5a3a14cd3e97] block_device_mapping [BlockDeviceMapping(attachment_id=,boot_index=0,connection_info=None,created_at=,delete_on_termination=True,deleted=,deleted_at=,destination_type='local',device_name=None,device_type='disk',disk_bus=None,encrypted=False,encryption_format=None,encryption_options=None,encryption_secret_uuid=None,guest_format=None,id=,image_id='8cd35ac8-a692-48a2-92c9-8f9dc79d84a6',instance=,instance_uuid=,no_device=False,snapshot_id=None,source_type='image',tag=None,updated_at=,uuid=,volume_id=None,volume_size=None,volume_type=None)] {{(pid=95933) _create_block_device_mapping /opt/stack/nova/nova/conductor/manager.py:1529}}
Aug 13 21:21:12.168227 np0000007268 nova-conductor[95933]: DEBUG oslo_concurrency.lockutils [None req-82218b87-3d9b-44c6-99d9-eb5d3a3de70f tempest-DeleteServersTestJSON-1417604255 tempest-DeleteServersTestJSON-1417604255-project-member] Acquiring lock "52524343-cd19-47a9-9792-b5545549d8e4" by "nova.context.set_target_cell..get_or_set_cached_cell_and_set_connections" {{(pid=95933) inner /opt/stack/data/venv/lib/python3.12/site-packages/oslo_concurrency/lockutils.py:512}}
Aug 13 21:21:12.168424 np0000007268 nova-conductor[95933]: DEBUG oslo_concurrency.lockutils [None req-82218b87-3d9b-44c6-99d9-eb5d3a3de70f tempest-DeleteServersTestJSON-1417604255 tempest-DeleteServersTestJSON-1417604255-project-member] Lock "52524343-cd19-47a9-9792-b5545549d8e4" acquired by "nova.context.set_target_cell..get_or_set_cached_cell_and_set_connections" :: waited 0.000s {{(pid=95933) inner /opt/stack/data/venv/lib/python3.12/site-packages/oslo_concurrency/lockutils.py:525}}
Aug 13 21:21:12.168572 np0000007268 nova-conductor[95933]: DEBUG oslo_concurrency.lockutils [None req-82218b87-3d9b-44c6-99d9-eb5d3a3de70f tempest-DeleteServersTestJSON-1417604255 tempest-DeleteServersTestJSON-1417604255-project-member] Lock "52524343-cd19-47a9-9792-b5545549d8e4" "released" by "nova.context.set_target_cell..get_or_set_cached_cell_and_set_connections" :: held 0.000s {{(pid=95933) inner /opt/stack/data/venv/lib/python3.12/site-packages/oslo_concurrency/lockutils.py:544}}
Aug 13 21:21:12.186965 np0000007268 nova-conductor[95921]: DEBUG oslo_db.sqlalchemy.engines [None req-a5612730-20e7-410f-96ee-3f8fc3e2d6ea tempest-ServerBootFromVolumeStableRescueTest-1991357207 tempest-ServerBootFromVolumeStableRescueTest-1991357207-project-member] MySQL server mode set to STRICT_TRANS_TABLES,STRICT_ALL_TABLES,NO_ZERO_IN_DATE,NO_ZERO_DATE,ERROR_FOR_DIVISION_BY_ZERO,TRADITIONAL,NO_ENGINE_SUBSTITUTION {{(pid=95921) _check_effective_sql_mode /opt/stack/data/venv/lib/python3.12/site-packages/oslo_db/sqlalchemy/engines.py:325}}
Aug 13 21:21:12.192055 np0000007268 nova-conductor[95921]: DEBUG dbcounter [-] [95921] Writer thread running {{(pid=95921) stat_writer /opt/stack/data/venv/lib/python3.12/site-packages/dbcounter.py:102}}
Aug 13 21:21:12.198365 np0000007268 nova-conductor[95933]: DEBUG oslo_concurrency.lockutils [None req-82218b87-3d9b-44c6-99d9-eb5d3a3de70f tempest-DeleteServersTestJSON-1417604255 tempest-DeleteServersTestJSON-1417604255-project-member] Acquiring lock "52524343-cd19-47a9-9792-b5545549d8e4" by "nova.context.set_target_cell..get_or_set_cached_cell_and_set_connections" {{(pid=95933) inner /opt/stack/data/venv/lib/python3.12/site-packages/oslo_concurrency/lockutils.py:512}}
Aug 13 21:21:12.198507 np0000007268 nova-conductor[95933]: DEBUG oslo_concurrency.lockutils [None req-82218b87-3d9b-44c6-99d9-eb5d3a3de70f tempest-DeleteServersTestJSON-1417604255 tempest-DeleteServersTestJSON-1417604255-project-member] Lock "52524343-cd19-47a9-9792-b5545549d8e4" acquired by "nova.context.set_target_cell..get_or_set_cached_cell_and_set_connections" :: waited 0.000s {{(pid=95933) inner /opt/stack/data/venv/lib/python3.12/site-packages/oslo_concurrency/lockutils.py:525}}
Aug 13 21:21:12.198628 np0000007268 nova-conductor[95933]: DEBUG oslo_concurrency.lockutils [None req-82218b87-3d9b-44c6-99d9-eb5d3a3de70f tempest-DeleteServersTestJSON-1417604255 tempest-DeleteServersTestJSON-1417604255-project-member] Lock "52524343-cd19-47a9-9792-b5545549d8e4" "released" by "nova.context.set_target_cell..get_or_set_cached_cell_and_set_connections" :: held 0.000s {{(pid=95933) inner /opt/stack/data/venv/lib/python3.12/site-packages/oslo_concurrency/lockutils.py:544}}
Aug 13 21:21:12.198846 np0000007268 nova-conductor[95933]: DEBUG oslo_concurrency.lockutils [None req-82218b87-3d9b-44c6-99d9-eb5d3a3de70f tempest-DeleteServersTestJSON-1417604255 tempest-DeleteServersTestJSON-1417604255-project-member] Acquiring lock "compute-rpcapi-router" {{(pid=95933) lock /opt/stack/data/venv/lib/python3.12/site-packages/oslo_concurrency/lockutils.py:396}}
Aug 13 21:21:12.198928 np0000007268 nova-conductor[95933]: DEBUG oslo_concurrency.lockutils [None req-82218b87-3d9b-44c6-99d9-eb5d3a3de70f tempest-DeleteServersTestJSON-1417604255 tempest-DeleteServersTestJSON-1417604255-project-member] Acquired lock "compute-rpcapi-router" {{(pid=95933) lock /opt/stack/data/venv/lib/python3.12/site-packages/oslo_concurrency/lockutils.py:399}}
Aug 13 21:21:12.199289 np0000007268 nova-conductor[95933]: DEBUG oslo_concurrency.lockutils [None req-18feeab2-abdf-4e5c-8ba1-bb9a7ce31fdb None None] Acquiring lock "00000000-0000-0000-0000-000000000000" by "nova.context.set_target_cell..get_or_set_cached_cell_and_set_connections" {{(pid=95933) inner /opt/stack/data/venv/lib/python3.12/site-packages/oslo_concurrency/lockutils.py:512}}
Aug 13 21:21:12.199405 np0000007268 nova-conductor[95933]: DEBUG oslo_concurrency.lockutils [None req-18feeab2-abdf-4e5c-8ba1-bb9a7ce31fdb None None] Lock "00000000-0000-0000-0000-000000000000" acquired by "nova.context.set_target_cell..get_or_set_cached_cell_and_set_connections" :: waited 0.000s {{(pid=95933) inner /opt/stack/data/venv/lib/python3.12/site-packages/oslo_concurrency/lockutils.py:525}}
Aug 13 21:21:12.199496 np0000007268 nova-conductor[95933]: DEBUG oslo_concurrency.lockutils [None req-18feeab2-abdf-4e5c-8ba1-bb9a7ce31fdb None None] Lock "00000000-0000-0000-0000-000000000000" "released" by "nova.context.set_target_cell..get_or_set_cached_cell_and_set_connections" :: held 0.000s {{(pid=95933) inner /opt/stack/data/venv/lib/python3.12/site-packages/oslo_concurrency/lockutils.py:544}}
Aug 13 21:21:12.200106 np0000007268 nova-conductor[95933]: DEBUG oslo_concurrency.lockutils [None req-18feeab2-abdf-4e5c-8ba1-bb9a7ce31fdb None None] Acquiring lock "52524343-cd19-47a9-9792-b5545549d8e4" by "nova.context.set_target_cell..get_or_set_cached_cell_and_set_connections" {{(pid=95933) inner /opt/stack/data/venv/lib/python3.12/site-packages/oslo_concurrency/lockutils.py:512}}
Aug 13 21:21:12.201054 np0000007268 nova-conductor[95933]: DEBUG oslo_concurrency.lockutils [None req-18feeab2-abdf-4e5c-8ba1-bb9a7ce31fdb None None] Lock "52524343-cd19-47a9-9792-b5545549d8e4" acquired by "nova.context.set_target_cell..get_or_set_cached_cell_and_set_connections" :: waited 0.001s {{(pid=95933) inner /opt/stack/data/venv/lib/python3.12/site-packages/oslo_concurrency/lockutils.py:525}}
Aug 13 21:21:12.201153 np0000007268 nova-conductor[95933]: DEBUG oslo_concurrency.lockutils [None req-18feeab2-abdf-4e5c-8ba1-bb9a7ce31fdb None None] Lock "52524343-cd19-47a9-9792-b5545549d8e4" "released" by "nova.context.set_target_cell..get_or_set_cached_cell_and_set_connections" :: held 0.000s {{(pid=95933) inner /opt/stack/data/venv/lib/python3.12/site-packages/oslo_concurrency/lockutils.py:544}}
Aug 13 21:21:12.209657 np0000007268 nova-conductor[95933]: INFO nova.compute.rpcapi [None req-18feeab2-abdf-4e5c-8ba1-bb9a7ce31fdb None None] Automatically selected compute RPC version 6.5 from minimum service version 72
Aug 13 21:21:12.210197 np0000007268 nova-conductor[95933]: DEBUG oslo_concurrency.lockutils [None req-18feeab2-abdf-4e5c-8ba1-bb9a7ce31fdb None None] Releasing lock "compute-rpcapi-router" {{(pid=95933) lock /opt/stack/data/venv/lib/python3.12/site-packages/oslo_concurrency/lockutils.py:419}}
Aug 13 21:21:12.246196 np0000007268 nova-conductor[95921]: INFO nova.utils [None req-a5612730-20e7-410f-96ee-3f8fc3e2d6ea tempest-ServerBootFromVolumeStableRescueTest-1991357207 tempest-ServerBootFromVolumeStableRescueTest-1991357207-project-member] The cell worker thread pool ForkProcess-1.cell_worker is initialized
Aug 13 21:21:12.246563 np0000007268 nova-conductor[95921]: DEBUG oslo_concurrency.lockutils [None req-a5612730-20e7-410f-96ee-3f8fc3e2d6ea tempest-ServerBootFromVolumeStableRescueTest-1991357207 tempest-ServerBootFromVolumeStableRescueTest-1991357207-project-member] Acquiring lock "00000000-0000-0000-0000-000000000000" by "nova.context.set_target_cell..get_or_set_cached_cell_and_set_connections" {{(pid=95921) inner /opt/stack/data/venv/lib/python3.12/site-packages/oslo_concurrency/lockutils.py:512}}
Aug 13 21:21:12.246734 np0000007268 nova-conductor[95921]: DEBUG oslo_concurrency.lockutils [None req-a5612730-20e7-410f-96ee-3f8fc3e2d6ea tempest-ServerBootFromVolumeStableRescueTest-1991357207 tempest-ServerBootFromVolumeStableRescueTest-1991357207-project-member] Lock "00000000-0000-0000-0000-000000000000" acquired by "nova.context.set_target_cell..get_or_set_cached_cell_and_set_connections" :: waited 0.000s {{(pid=95921) inner /opt/stack/data/venv/lib/python3.12/site-packages/oslo_concurrency/lockutils.py:525}}
Aug 13 21:21:12.248023 np0000007268 nova-conductor[95921]: DEBUG oslo_concurrency.lockutils [None req-a5612730-20e7-410f-96ee-3f8fc3e2d6ea tempest-ServerBootFromVolumeStableRescueTest-1991357207 tempest-ServerBootFromVolumeStableRescueTest-1991357207-project-member] Lock "00000000-0000-0000-0000-000000000000" "released" by "nova.context.set_target_cell..get_or_set_cached_cell_and_set_connections" :: held 0.001s {{(pid=95921) inner /opt/stack/data/venv/lib/python3.12/site-packages/oslo_concurrency/lockutils.py:544}}
Aug 13 21:21:12.248720 np0000007268 nova-conductor[95921]: DEBUG oslo_concurrency.lockutils [None req-a5612730-20e7-410f-96ee-3f8fc3e2d6ea tempest-ServerBootFromVolumeStableRescueTest-1991357207 tempest-ServerBootFromVolumeStableRescueTest-1991357207-project-member] Acquiring lock "52524343-cd19-47a9-9792-b5545549d8e4" by "nova.context.set_target_cell..get_or_set_cached_cell_and_set_connections" {{(pid=95921) inner /opt/stack/data/venv/lib/python3.12/site-packages/oslo_concurrency/lockutils.py:512}}
Aug 13 21:21:12.249856 np0000007268 nova-conductor[95921]: INFO dbcounter [None req-a5612730-20e7-410f-96ee-3f8fc3e2d6ea tempest-ServerBootFromVolumeStableRescueTest-1991357207 tempest-ServerBootFromVolumeStableRescueTest-1991357207-project-member] Registered counter for database nova_cell0
Aug 13 21:21:12.251732 np0000007268 nova-conductor[95921]: DEBUG oslo_concurrency.lockutils [None req-a5612730-20e7-410f-96ee-3f8fc3e2d6ea tempest-ServerBootFromVolumeStableRescueTest-1991357207 tempest-ServerBootFromVolumeStableRescueTest-1991357207-project-member] Lock "52524343-cd19-47a9-9792-b5545549d8e4" acquired by "nova.context.set_target_cell..get_or_set_cached_cell_and_set_connections" :: waited 0.001s {{(pid=95921) inner /opt/stack/data/venv/lib/python3.12/site-packages/oslo_concurrency/lockutils.py:525}}
Aug 13 21:21:12.251732 np0000007268 nova-conductor[95921]: DEBUG oslo_concurrency.lockutils [None req-a5612730-20e7-410f-96ee-3f8fc3e2d6ea tempest-ServerBootFromVolumeStableRescueTest-1991357207 tempest-ServerBootFromVolumeStableRescueTest-1991357207-project-member] Lock "52524343-cd19-47a9-9792-b5545549d8e4" "released" by "nova.context.set_target_cell..get_or_set_cached_cell_and_set_connections" :: held 0.001s {{(pid=95921) inner /opt/stack/data/venv/lib/python3.12/site-packages/oslo_concurrency/lockutils.py:544}}
