Jul 17 19:22:08.771725 np0000005375 devstack@g-api.service[102936]: DEBUG glance.api.middleware.version_negotiation [None req-520795d6-7a22-4fbb-accf-d95688fa4c92 tempest-AttachVolumeShelveTestJSON-2135006198 tempest-AttachVolumeShelveTestJSON-2135006198-project-member] new path /v2/schemas/image {{(pid=102936) process_request /opt/stack/glance/glance/api/middleware/version_negotiation.py:70}}
Jul 17 19:22:08.775385 np0000005375 devstack@g-api.service[102936]: [pid: 102936|app: 0|req: 29/117] 127.0.0.1 () {44 vars in 1051 bytes} [Fri Jul 17 19:22:08 2026] GET /v2/schemas/image => generated 6083 bytes in 3 msecs (HTTP/1.1 200) 4 headers in 158 bytes (1 switches on core 0)
Jul 17 19:22:08.783350 np0000005375 devstack@g-api.service[102937]: DEBUG glance.api.middleware.version_negotiation [None req-520795d6-7a22-4fbb-accf-d95688fa4c92 tempest-AttachVolumeShelveTestJSON-2135006198 tempest-AttachVolumeShelveTestJSON-2135006198-project-member] Determining version of request: GET /v2/schemas/image Accept: */* {{(pid=102937) process_request /opt/stack/glance/glance/api/middleware/version_negotiation.py:44}}
Jul 17 19:22:08.783754 np0000005375 devstack@g-api.service[102937]: DEBUG glance.api.middleware.version_negotiation [None req-520795d6-7a22-4fbb-accf-d95688fa4c92 tempest-AttachVolumeShelveTestJSON-2135006198 tempest-AttachVolumeShelveTestJSON-2135006198-project-member] Using url versioning {{(pid=102937) process_request /opt/stack/glance/glance/api/middleware/version_negotiation.py:57}}
Jul 17 19:22:08.783754 np0000005375 devstack@g-api.service[102937]: DEBUG glance.api.middleware.version_negotiation [None req-520795d6-7a22-4fbb-accf-d95688fa4c92 tempest-AttachVolumeShelveTestJSON-2135006198 tempest-AttachVolumeShelveTestJSON-2135006198-project-member] Matched version: v2 {{(pid=102937) process_request /opt/stack/glance/glance/api/middleware/version_negotiation.py:69}}
Jul 17 19:22:08.783754 np0000005375 devstack@g-api.service[102937]: DEBUG glance.api.middleware.version_negotiation [None req-520795d6-7a22-4fbb-accf-d95688fa4c92 tempest-AttachVolumeShelveTestJSON-2135006198 tempest-AttachVolumeShelveTestJSON-2135006198-project-member] new path /v2/schemas/image {{(pid=102937) process_request /opt/stack/glance/glance/api/middleware/version_negotiation.py:70}}
Jul 17 19:22:08.786154 np0000005375 devstack@g-api.service[102937]: [pid: 102937|app: 0|req: 32/118] 127.0.0.1 () {44 vars in 1051 bytes} [Fri Jul 17 19:22:08 2026] GET /v2/schemas/image => generated 6083 bytes in 3 msecs (HTTP/1.1 200) 4 headers in 158 bytes (1 switches on core 0)
Jul 17 19:22:08.800367 np0000005375 devstack@g-api.service[102938]: DEBUG glance.api.middleware.version_negotiation [None req-6aa96fd2-b91d-4824-afd7-6d2ea55c5c6f tempest-ServerActionsV293TestJSON-901038906 tempest-ServerActionsV293TestJSON-901038906-project-member] Determining version of request: GET /v2/images/ff33dcbb-8626-468e-898d-46c3f2feef00 Accept: */* {{(pid=102938) process_request /opt/stack/glance/glance/api/middleware/version_negotiation.py:44}}
Jul 17 19:22:08.800549 np0000005375 devstack@g-api.service[102938]: DEBUG glance.api.middleware.version_negotiation [None req-6aa96fd2-b91d-4824-afd7-6d2ea55c5c6f tempest-ServerActionsV293TestJSON-901038906 tempest-ServerActionsV293TestJSON-901038906-project-member] Using url versioning {{(pid=102938) process_request /opt/stack/glance/glance/api/middleware/version_negotiation.py:57}}
Jul 17 19:22:08.800598 np0000005375 devstack@g-api.service[102938]: DEBUG glance.api.middleware.version_negotiation [None req-6aa96fd2-b91d-4824-afd7-6d2ea55c5c6f tempest-ServerActionsV293TestJSON-901038906 tempest-ServerActionsV293TestJSON-901038906-project-member] Matched version: v2 {{(pid=102938) process_request /opt/stack/glance/glance/api/middleware/version_negotiation.py:69}}
Jul 17 19:22:08.800762 np0000005375 devstack@g-api.service[102938]: DEBUG glance.api.middleware.version_negotiation [None req-6aa96fd2-b91d-4824-afd7-6d2ea55c5c6f tempest-ServerActionsV293TestJSON-901038906 tempest-ServerActionsV293TestJSON-901038906-project-member] new path /v2/images/ff33dcbb-8626-468e-898d-46c3f2feef00 {{(pid=102938) process_request /opt/stack/glance/glance/api/middleware/version_negotiation.py:70}}
Jul 17 19:22:08.819305 np0000005375 devstack@g-api.service[102938]: [pid: 102938|app: 0|req: 26/119] 127.0.0.1 () {44 vars in 1111 bytes} [Fri Jul 17 19:22:08 2026] GET /v2/images/ff33dcbb-8626-468e-898d-46c3f2feef00 => generated 1044 bytes in 19 msecs (HTTP/1.1 200) 4 headers in 158 bytes (1 switches on core 0)
Jul 17 19:22:08.828386 np0000005375 devstack@g-api.service[102936]: DEBUG glance.api.middleware.version_negotiation [None req-6aa96fd2-b91d-4824-afd7-6d2ea55c5c6f tempest-ServerActionsV293TestJSON-901038906 tempest-ServerActionsV293TestJSON-901038906-project-member] Determining version of request: GET /v2/schemas/image Accept: */* {{(pid=102936) process_request /opt/stack/glance/glance/api/middleware/version_negotiation.py:44}}
Jul 17 19:22:08.828386 np0000005375 devstack@g-api.service[102936]: DEBUG glance.api.middleware.version_negotiation [None req-6aa96fd2-b91d-4824-afd7-6d2ea55c5c6f tempest-ServerActionsV293TestJSON-901038906 tempest-ServerActionsV293TestJSON-901038906-project-member] Using url versioning {{(pid=102936) process_request /opt/stack/glance/glance/api/middleware/version_negotiation.py:57}}
Jul 17 19:22:08.828386 np0000005375 devstack@g-api.service[102936]: DEBUG glance.api.middleware.version_negotiation [None req-6aa96fd2-b91d-4824-afd7-6d2ea55c5c6f tempest-ServerActionsV293TestJSON-901038906 tempest-ServerActionsV293TestJSON-901038906-project-member] Matched version: v2 {{(pid=102936) process_request /opt/stack/glance/glance/api/middleware/version_negotiation.py:69}}
Jul 17 19:22:08.828386 np0000005375 devstack@g-api.service[102936]: DEBUG glance.api.middleware.version_negotiation [None req-6aa96fd2-b91d-4824-afd7-6d2ea55c5c6f tempest-ServerActionsV293TestJSON-901038906 tempest-ServerActionsV293TestJSON-901038906-project-member] new path /v2/schemas/image {{(pid=102936) process_request /opt/stack/glance/glance/api/middleware/version_negotiation.py:70}}
Jul 17 19:22:08.831282 np0000005375 devstack@g-api.service[102936]: [pid: 102936|app: 0|req: 30/120] 127.0.0.1 () {44 vars in 1051 bytes} [Fri Jul 17 19:22:08 2026] GET /v2/schemas/image => generated 6083 bytes in 4 msecs (HTTP/1.1 200) 4 headers in 158 bytes (1 switches on core 0)
Jul 17 19:22:08.842434 np0000005375 devstack@g-api.service[102937]: DEBUG glance.api.middleware.version_negotiation [None req-6aa96fd2-b91d-4824-afd7-6d2ea55c5c6f tempest-ServerActionsV293TestJSON-901038906 tempest-ServerActionsV293TestJSON-901038906-project-member] Determining version of request: GET /v2/schemas/image Accept: */* {{(pid=102937) process_request /opt/stack/glance/glance/api/middleware/version_negotiation.py:44}}
Jul 17 19:22:08.844981 np0000005375 devstack@g-api.service[102937]: DEBUG glance.api.middleware.version_negotiation [None req-6aa96fd2-b91d-4824-afd7-6d2ea55c5c6f tempest-ServerActionsV293TestJSON-901038906 tempest-ServerActionsV293TestJSON-901038906-project-member] Using url versioning {{(pid=102937) process_request /opt/stack/glance/glance/api/middleware/version_negotiation.py:57}}
Jul 17 19:22:08.844981 np0000005375 devstack@g-api.service[102937]: DEBUG glance.api.middleware.version_negotiation [None req-6aa96fd2-b91d-4824-afd7-6d2ea55c5c6f tempest-ServerActionsV293TestJSON-901038906 tempest-ServerActionsV293TestJSON-901038906-project-member] Matched version: v2 {{(pid=102937) process_request /opt/stack/glance/glance/api/middleware/version_negotiation.py:69}}
Jul 17 19:22:08.844981 np0000005375 devstack@g-api.service[102937]: DEBUG glance.api.middleware.version_negotiation [None req-6aa96fd2-b91d-4824-afd7-6d2ea55c5c6f tempest-ServerActionsV293TestJSON-901038906 tempest-ServerActionsV293TestJSON-901038906-project-member] new path /v2/schemas/image {{(pid=102937) process_request /opt/stack/glance/glance/api/middleware/version_negotiation.py:70}}
Jul 17 19:22:08.849933 np0000005375 devstack@g-api.service[102937]: [pid: 102937|app: 0|req: 33/121] 127.0.0.1 () {44 vars in 1051 bytes} [Fri Jul 17 19:22:08 2026] GET /v2/schemas/image => generated 6083 bytes in 8 msecs (HTTP/1.1 200) 4 headers in 158 bytes (1 switches on core 0)
Jul 17 19:22:08.855867 np0000005375 devstack@g-api.service[102935]: DEBUG glance.location [None req-520795d6-7a22-4fbb-accf-d95688fa4c92 tempest-AttachVolumeShelveTestJSON-2135006198 tempest-AttachVolumeShelveTestJSON-2135006198-project-member] Enabling in-flight format inspection for qcow2 {{(pid=102935) set_data /opt/stack/glance/glance/location.py:596}}
Jul 17 19:22:08.855867 np0000005375 devstack@g-api.service[102935]: DEBUG glance_store.backend [None req-520795d6-7a22-4fbb-accf-d95688fa4c92 tempest-AttachVolumeShelveTestJSON-2135006198 tempest-AttachVolumeShelveTestJSON-2135006198-project-member] Attempting to import store swift {{(pid=102935) _load_store /opt/stack/data/venv/lib/python3.12/site-packages/glance_store/backend.py:215}}
Jul 17 19:22:08.857259 np0000005375 devstack@g-api.service[102935]: DEBUG glance_store.capabilities [None req-520795d6-7a22-4fbb-accf-d95688fa4c92 tempest-AttachVolumeShelveTestJSON-2135006198 tempest-AttachVolumeShelveTestJSON-2135006198-project-member] Store glance_store._drivers.swift.store.SingleTenantStore doesn't support updating dynamic storage capabilities. Please overwrite 'update_capabilities' method of the store to implement updating logics if needed. {{(pid=102935) update_capabilities /opt/stack/data/venv/lib/python3.12/site-packages/glance_store/capabilities.py:91}}
Jul 17 19:22:08.857362 np0000005375 devstack@g-api.service[102935]: DEBUG glance_store.driver [None req-520795d6-7a22-4fbb-accf-d95688fa4c92 tempest-AttachVolumeShelveTestJSON-2135006198 tempest-AttachVolumeShelveTestJSON-2135006198-project-member] Late loading location class glance_store._drivers.swift.store.StoreLocation {{(pid=102935) get_store_location_class /opt/stack/data/venv/lib/python3.12/site-packages/glance_store/driver.py:134}}
Jul 17 19:22:08.857509 np0000005375 devstack@g-api.service[102935]: DEBUG glance_store.location [None req-520795d6-7a22-4fbb-accf-d95688fa4c92 tempest-AttachVolumeShelveTestJSON-2135006198 tempest-AttachVolumeShelveTestJSON-2135006198-project-member] Registering scheme swift+https with {'store': , 'location_class': , 'store_entry': 'swift'} {{(pid=102935) register_scheme_map /opt/stack/data/venv/lib/python3.12/site-packages/glance_store/location.py:146}}
Jul 17 19:22:08.857650 np0000005375 devstack@g-api.service[102935]: DEBUG glance_store.location [None req-520795d6-7a22-4fbb-accf-d95688fa4c92 tempest-AttachVolumeShelveTestJSON-2135006198 tempest-AttachVolumeShelveTestJSON-2135006198-project-member] Registering scheme swift+https with {'store': , 'location_class': , 'store_entry': 'swift'} {{(pid=102935) register_scheme_map /opt/stack/data/venv/lib/python3.12/site-packages/glance_store/location.py:146}}
Jul 17 19:22:08.857881 np0000005375 devstack@g-api.service[102935]: DEBUG glance_store.location [None req-520795d6-7a22-4fbb-accf-d95688fa4c92 tempest-AttachVolumeShelveTestJSON-2135006198 tempest-AttachVolumeShelveTestJSON-2135006198-project-member] Registering scheme swift with {'store': , 'location_class': , 'store_entry': 'swift'} {{(pid=102935) register_scheme_map /opt/stack/data/venv/lib/python3.12/site-packages/glance_store/location.py:146}}
Jul 17 19:22:08.858018 np0000005375 devstack@g-api.service[102935]: DEBUG glance_store.location [None req-520795d6-7a22-4fbb-accf-d95688fa4c92 tempest-AttachVolumeShelveTestJSON-2135006198 tempest-AttachVolumeShelveTestJSON-2135006198-project-member] Registering scheme swift+https with {'store': , 'location_class': , 'store_entry': 'swift'} {{(pid=102935) register_scheme_map /opt/stack/data/venv/lib/python3.12/site-packages/glance_store/location.py:146}}
Jul 17 19:22:08.858145 np0000005375 devstack@g-api.service[102935]: DEBUG glance_store.location [None req-520795d6-7a22-4fbb-accf-d95688fa4c92 tempest-AttachVolumeShelveTestJSON-2135006198 tempest-AttachVolumeShelveTestJSON-2135006198-project-member] Registering scheme swift with {'store': , 'location_class': , 'store_entry': 'swift'} {{(pid=102935) register_scheme_map /opt/stack/data/venv/lib/python3.12/site-packages/glance_store/location.py:146}}
Jul 17 19:22:08.858264 np0000005375 devstack@g-api.service[102935]: DEBUG glance_store.location [None req-520795d6-7a22-4fbb-accf-d95688fa4c92 tempest-AttachVolumeShelveTestJSON-2135006198 tempest-AttachVolumeShelveTestJSON-2135006198-project-member] Registering scheme swift+http with {'store': , 'location_class': , 'store_entry': 'swift'} {{(pid=102935) register_scheme_map /opt/stack/data/venv/lib/python3.12/site-packages/glance_store/location.py:146}}
Jul 17 19:22:08.858407 np0000005375 devstack@g-api.service[102935]: DEBUG glance_store.location [None req-520795d6-7a22-4fbb-accf-d95688fa4c92 tempest-AttachVolumeShelveTestJSON-2135006198 tempest-AttachVolumeShelveTestJSON-2135006198-project-member] Registering scheme swift+https with {'store': , 'location_class': , 'store_entry': 'swift'} {{(pid=102935) register_scheme_map /opt/stack/data/venv/lib/python3.12/site-packages/glance_store/location.py:146}}
Jul 17 19:22:08.858527 np0000005375 devstack@g-api.service[102935]: DEBUG glance_store.location [None req-520795d6-7a22-4fbb-accf-d95688fa4c92 tempest-AttachVolumeShelveTestJSON-2135006198 tempest-AttachVolumeShelveTestJSON-2135006198-project-member] Registering scheme swift with {'store': , 'location_class': , 'store_entry': 'swift'} {{(pid=102935) register_scheme_map /opt/stack/data/venv/lib/python3.12/site-packages/glance_store/location.py:146}}
Jul 17 19:22:08.858656 np0000005375 devstack@g-api.service[102935]: DEBUG glance_store.location [None req-520795d6-7a22-4fbb-accf-d95688fa4c92 tempest-AttachVolumeShelveTestJSON-2135006198 tempest-AttachVolumeShelveTestJSON-2135006198-project-member] Registering scheme swift+http with {'store': , 'location_class': , 'store_entry': 'swift'} {{(pid=102935) register_scheme_map /opt/stack/data/venv/lib/python3.12/site-packages/glance_store/location.py:146}}
Jul 17 19:22:08.858804 np0000005375 devstack@g-api.service[102935]: DEBUG glance_store.location [None req-520795d6-7a22-4fbb-accf-d95688fa4c92 tempest-AttachVolumeShelveTestJSON-2135006198 tempest-AttachVolumeShelveTestJSON-2135006198-project-member] Registering scheme swift+config with {'store': , 'location_class': , 'store_entry': 'swift'} {{(pid=102935) register_scheme_map /opt/stack/data/venv/lib/python3.12/site-packages/glance_store/location.py:146}}
Jul 17 19:22:08.873983 np0000005375 devstack@g-api.service[102938]: DEBUG glance.api.middleware.version_negotiation [None req-6aa96fd2-b91d-4824-afd7-6d2ea55c5c6f tempest-ServerActionsV293TestJSON-901038906 tempest-ServerActionsV293TestJSON-901038906-project-member] Determining version of request: GET /v2/images/ff33dcbb-8626-468e-898d-46c3f2feef00 Accept: */* {{(pid=102938) process_request /opt/stack/glance/glance/api/middleware/version_negotiation.py:44}}
Jul 17 19:22:08.874086 np0000005375 devstack@g-api.service[102938]: DEBUG glance.api.middleware.version_negotiation [None req-6aa96fd2-b91d-4824-afd7-6d2ea55c5c6f tempest-ServerActionsV293TestJSON-901038906 tempest-ServerActionsV293TestJSON-901038906-project-member] Using url versioning {{(pid=102938) process_request /opt/stack/glance/glance/api/middleware/version_negotiation.py:57}}
Jul 17 19:22:08.874206 np0000005375 devstack@g-api.service[102938]: DEBUG glance.api.middleware.version_negotiation [None req-6aa96fd2-b91d-4824-afd7-6d2ea55c5c6f tempest-ServerActionsV293TestJSON-901038906 tempest-ServerActionsV293TestJSON-901038906-project-member] Matched version: v2 {{(pid=102938) process_request /opt/stack/glance/glance/api/middleware/version_negotiation.py:69}}
Jul 17 19:22:08.874587 np0000005375 devstack@g-api.service[102938]: DEBUG glance.api.middleware.version_negotiation [None req-6aa96fd2-b91d-4824-afd7-6d2ea55c5c6f tempest-ServerActionsV293TestJSON-901038906 tempest-ServerActionsV293TestJSON-901038906-project-member] new path /v2/images/ff33dcbb-8626-468e-898d-46c3f2feef00 {{(pid=102938) process_request /opt/stack/glance/glance/api/middleware/version_negotiation.py:70}}
Jul 17 19:22:08.884952 np0000005375 devstack@g-api.service[102938]: [pid: 102938|app: 0|req: 27/122] 127.0.0.1 () {44 vars in 1111 bytes} [Fri Jul 17 19:22:08 2026] GET /v2/images/ff33dcbb-8626-468e-898d-46c3f2feef00 => generated 1044 bytes in 11 msecs (HTTP/1.1 200) 4 headers in 158 bytes (1 switches on core 0)
Jul 17 19:22:08.893367 np0000005375 devstack@g-api.service[102936]: DEBUG glance.api.middleware.version_negotiation [None req-6aa96fd2-b91d-4824-afd7-6d2ea55c5c6f tempest-ServerActionsV293TestJSON-901038906 tempest-ServerActionsV293TestJSON-901038906-project-member] Determining version of request: GET /v2/schemas/image Accept: */* {{(pid=102936) process_request /opt/stack/glance/glance/api/middleware/version_negotiation.py:44}}
Jul 17 19:22:08.893615 np0000005375 devstack@g-api.service[102936]: DEBUG glance.api.middleware.version_negotiation [None req-6aa96fd2-b91d-4824-afd7-6d2ea55c5c6f tempest-ServerActionsV293TestJSON-901038906 tempest-ServerActionsV293TestJSON-901038906-project-member] Using url versioning {{(pid=102936) process_request /opt/stack/glance/glance/api/middleware/version_negotiation.py:57}}
Jul 17 19:22:08.893615 np0000005375 devstack@g-api.service[102936]: DEBUG glance.api.middleware.version_negotiation [None req-6aa96fd2-b91d-4824-afd7-6d2ea55c5c6f tempest-ServerActionsV293TestJSON-901038906 tempest-ServerActionsV293TestJSON-901038906-project-member] Matched version: v2 {{(pid=102936) process_request /opt/stack/glance/glance/api/middleware/version_negotiation.py:69}}
Jul 17 19:22:08.893831 np0000005375 devstack@g-api.service[102936]: DEBUG glance.api.middleware.version_negotiation [None req-6aa96fd2-b91d-4824-afd7-6d2ea55c5c6f tempest-ServerActionsV293TestJSON-901038906 tempest-ServerActionsV293TestJSON-901038906-project-member] new path /v2/schemas/image {{(pid=102936) process_request /opt/stack/glance/glance/api/middleware/version_negotiation.py:70}}
Jul 17 19:22:08.896335 np0000005375 devstack@g-api.service[102936]: [pid: 102936|app: 0|req: 31/123] 127.0.0.1 () {44 vars in 1051 bytes} [Fri Jul 17 19:22:08 2026] GET /v2/schemas/image => generated 6083 bytes in 3 msecs (HTTP/1.1 200) 4 headers in 158 bytes (1 switches on core 0)
Jul 17 19:22:08.915088 np0000005375 devstack@g-api.service[102937]: DEBUG glance.api.middleware.version_negotiation [None req-6aa96fd2-b91d-4824-afd7-6d2ea55c5c6f tempest-ServerActionsV293TestJSON-901038906 tempest-ServerActionsV293TestJSON-901038906-project-member] Determining version of request: GET /v2/schemas/image Accept: */* {{(pid=102937) process_request /opt/stack/glance/glance/api/middleware/version_negotiation.py:44}}
Jul 17 19:22:08.915324 np0000005375 devstack@g-api.service[102937]: DEBUG glance.api.middleware.version_negotiation [None req-6aa96fd2-b91d-4824-afd7-6d2ea55c5c6f tempest-ServerActionsV293TestJSON-901038906 tempest-ServerActionsV293TestJSON-901038906-project-member] Using url versioning {{(pid=102937) process_request /opt/stack/glance/glance/api/middleware/version_negotiation.py:57}}
Jul 17 19:22:08.915447 np0000005375 devstack@g-api.service[102937]: DEBUG glance.api.middleware.version_negotiation [None req-6aa96fd2-b91d-4824-afd7-6d2ea55c5c6f tempest-ServerActionsV293TestJSON-901038906 tempest-ServerActionsV293TestJSON-901038906-project-member] Matched version: v2 {{(pid=102937) process_request /opt/stack/glance/glance/api/middleware/version_negotiation.py:69}}
Jul 17 19:22:08.915536 np0000005375 devstack@g-api.service[102937]: DEBUG glance.api.middleware.version_negotiation [None req-6aa96fd2-b91d-4824-afd7-6d2ea55c5c6f tempest-ServerActionsV293TestJSON-901038906 tempest-ServerActionsV293TestJSON-901038906-project-member] new path /v2/schemas/image {{(pid=102937) process_request /opt/stack/glance/glance/api/middleware/version_negotiation.py:70}}
Jul 17 19:22:08.918157 np0000005375 devstack@g-api.service[102937]: [pid: 102937|app: 0|req: 34/124] 127.0.0.1 () {44 vars in 1051 bytes} [Fri Jul 17 19:22:08 2026] GET /v2/schemas/image => generated 6083 bytes in 4 msecs (HTTP/1.1 200) 4 headers in 158 bytes (1 switches on core 0)
Jul 17 19:22:09.297207 np0000005375 devstack@g-api.service[102935]: DEBUG swiftclient [None req-520795d6-7a22-4fbb-accf-d95688fa4c92 tempest-AttachVolumeShelveTestJSON-2135006198 tempest-AttachVolumeShelveTestJSON-2135006198-project-member] REQ: curl -i https://10.4.3.21:8080/v1/AUTH_c581ab3a22d24c2a98a3f01452c05a37/glance -I -H "X-Auth-Token: gAAAAABqWoDgw-Oi..." {{(pid=102935) http_log /opt/stack/data/venv/lib/python3.12/site-packages/swiftclient/client.py:160}}
Jul 17 19:22:09.297518 np0000005375 devstack@g-api.service[102935]: DEBUG swiftclient [None req-520795d6-7a22-4fbb-accf-d95688fa4c92 tempest-AttachVolumeShelveTestJSON-2135006198 tempest-AttachVolumeShelveTestJSON-2135006198-project-member] RESP STATUS: 204 No Content {{(pid=102935) http_log /opt/stack/data/venv/lib/python3.12/site-packages/swiftclient/client.py:161}}
Jul 17 19:22:09.297518 np0000005375 devstack@g-api.service[102935]: DEBUG swiftclient [None req-520795d6-7a22-4fbb-accf-d95688fa4c92 tempest-AttachVolumeShelveTestJSON-2135006198 tempest-AttachVolumeShelveTestJSON-2135006198-project-member] RESP HEADERS: {'Date': 'Fri, 17 Jul 2026 19:22:09 GMT', 'Server': 'Apache/2.4.58 (Ubuntu)', 'Content-Type': 'text/plain; charset=utf-8', 'X-Container-Object-Count': '3', 'X-Container-Bytes-Used': '64356352', 'X-Timestamp': '1784315903.94613', 'Last-Modified': 'Fri, 17 Jul 2026 19:18:24 GMT', 'Accept-Ranges': 'bytes', 'X-Storage-Policy': 'Policy-0', 'X-Container-Sharding': 'False', 'Vary': 'Accept', 'X-Trans-Id': 'tx6d86f3fc57044ea7b14b2-006a5a80e1', 'X-Openstack-Request-Id': 'tx6d86f3fc57044ea7b14b2-006a5a80e1', 'Connection': 'close'} {{(pid=102935) http_log /opt/stack/data/venv/lib/python3.12/site-packages/swiftclient/client.py:162}}
Jul 17 19:22:09.297779 np0000005375 devstack@g-api.service[102935]: DEBUG glance_store._drivers.swift.store [None req-520795d6-7a22-4fbb-accf-d95688fa4c92 tempest-AttachVolumeShelveTestJSON-2135006198 tempest-AttachVolumeShelveTestJSON-2135006198-project-member] Adding image object '37d9acf6-ba7c-40d9-868a-491557ad54c8' to Swift {{(pid=102935) add /opt/stack/data/venv/lib/python3.12/site-packages/glance_store/_drivers/swift/store.py:970}}
Jul 17 19:22:09.297779 np0000005375 devstack@g-api.service[102935]: DEBUG glance_store._drivers.swift.store [None req-520795d6-7a22-4fbb-accf-d95688fa4c92 tempest-AttachVolumeShelveTestJSON-2135006198 tempest-AttachVolumeShelveTestJSON-2135006198-project-member] Cannot determine image size because it is either not provided in the request or chunked-transfer encoding is used. Adding image as a segmented object to Swift. {{(pid=102935) add /opt/stack/data/venv/lib/python3.12/site-packages/glance_store/_drivers/swift/store.py:994}}
Jul 17 19:22:09.304383 np0000005375 devstack@g-api.service[102935]: DEBUG oslo_utils.imageutils.format_inspector [None req-520795d6-7a22-4fbb-accf-d95688fa4c92 tempest-AttachVolumeShelveTestJSON-2135006198 tempest-AttachVolumeShelveTestJSON-2135006198-project-member] Format inspector for vmdk does not match, excluding from consideration (Signature KDMV not found: b'QFI\xfb') {{(pid=102935) _process_chunk /opt/stack/data/venv/lib/python3.12/site-packages/oslo_utils/imageutils/format_inspector.py:1758}}
Jul 17 19:22:09.306913 np0000005375 devstack@g-api.service[102935]: DEBUG oslo_utils.imageutils.format_inspector [None req-520795d6-7a22-4fbb-accf-d95688fa4c92 tempest-AttachVolumeShelveTestJSON-2135006198 tempest-AttachVolumeShelveTestJSON-2135006198-project-member] Format inspector for vhdx does not match, excluding from consideration (Region signature not found at 30000) {{(pid=102935) _process_chunk /opt/stack/data/venv/lib/python3.12/site-packages/oslo_utils/imageutils/format_inspector.py:1758}}
Jul 17 19:22:09.653527 np0000005375 devstack@g-api.service[102938]: DEBUG glance.api.middleware.version_negotiation [None req-6aa96fd2-b91d-4824-afd7-6d2ea55c5c6f tempest-ServerActionsV293TestJSON-901038906 tempest-ServerActionsV293TestJSON-901038906-project-member] Determining version of request: GET /versions Accept: */* {{(pid=102938) process_request /opt/stack/glance/glance/api/middleware/version_negotiation.py:44}}
Jul 17 19:22:09.654158 np0000005375 devstack@g-api.service[102938]: [pid: 102938|app: 0|req: 28/125] 127.0.0.1 () {44 vars in 1035 bytes} [Fri Jul 17 19:22:09 2026] GET /versions => generated 1501 bytes in 1 msecs (HTTP/1.1 200) 3 headers in 92 bytes (1 switches on core 0)
Jul 17 19:22:09.666247 np0000005375 devstack@g-api.service[102936]: DEBUG glance.api.middleware.version_negotiation [None req-6aa96fd2-b91d-4824-afd7-6d2ea55c5c6f tempest-ServerActionsV293TestJSON-901038906 tempest-ServerActionsV293TestJSON-901038906-project-member] Determining version of request: GET /v2/images/ff33dcbb-8626-468e-898d-46c3f2feef00/locations Accept: */* {{(pid=102936) process_request /opt/stack/glance/glance/api/middleware/version_negotiation.py:44}}
Jul 17 19:22:09.666247 np0000005375 devstack@g-api.service[102936]: DEBUG glance.api.middleware.version_negotiation [None req-6aa96fd2-b91d-4824-afd7-6d2ea55c5c6f tempest-ServerActionsV293TestJSON-901038906 tempest-ServerActionsV293TestJSON-901038906-project-member] Using url versioning {{(pid=102936) process_request /opt/stack/glance/glance/api/middleware/version_negotiation.py:57}}
Jul 17 19:22:09.666610 np0000005375 devstack@g-api.service[102936]: DEBUG glance.api.middleware.version_negotiation [None req-6aa96fd2-b91d-4824-afd7-6d2ea55c5c6f tempest-ServerActionsV293TestJSON-901038906 tempest-ServerActionsV293TestJSON-901038906-project-member] Matched version: v2 {{(pid=102936) process_request /opt/stack/glance/glance/api/middleware/version_negotiation.py:69}}
Jul 17 19:22:09.666610 np0000005375 devstack@g-api.service[102936]: DEBUG glance.api.middleware.version_negotiation [None req-6aa96fd2-b91d-4824-afd7-6d2ea55c5c6f tempest-ServerActionsV293TestJSON-901038906 tempest-ServerActionsV293TestJSON-901038906-project-member] new path /v2/images/ff33dcbb-8626-468e-898d-46c3f2feef00/locations {{(pid=102936) process_request /opt/stack/glance/glance/api/middleware/version_negotiation.py:70}}
Jul 17 19:22:09.884866 np0000005375 devstack@g-api.service[102935]: DEBUG swiftclient [None req-520795d6-7a22-4fbb-accf-d95688fa4c92 tempest-AttachVolumeShelveTestJSON-2135006198 tempest-AttachVolumeShelveTestJSON-2135006198-project-member] REQ: curl -i https://10.4.3.21:8080/v1/AUTH_c581ab3a22d24c2a98a3f01452c05a37/glance/37d9acf6-ba7c-40d9-868a-491557ad54c8-00001 -X PUT -H "X-Auth-Token: gAAAAABqWoDgw-Oi..." {{(pid=102935) http_log /opt/stack/data/venv/lib/python3.12/site-packages/swiftclient/client.py:160}}
Jul 17 19:22:09.885016 np0000005375 devstack@g-api.service[102935]: DEBUG swiftclient [None req-520795d6-7a22-4fbb-accf-d95688fa4c92 tempest-AttachVolumeShelveTestJSON-2135006198 tempest-AttachVolumeShelveTestJSON-2135006198-project-member] RESP STATUS: 201 Created {{(pid=102935) http_log /opt/stack/data/venv/lib/python3.12/site-packages/swiftclient/client.py:161}}
Jul 17 19:22:09.885237 np0000005375 devstack@g-api.service[102935]: DEBUG swiftclient [None req-520795d6-7a22-4fbb-accf-d95688fa4c92 tempest-AttachVolumeShelveTestJSON-2135006198 tempest-AttachVolumeShelveTestJSON-2135006198-project-member] RESP HEADERS: {'Date': 'Fri, 17 Jul 2026 19:22:09 GMT', 'Server': 'Apache/2.4.58 (Ubuntu)', 'Content-Type': 'text/html; charset=UTF-8', 'Content-Length': '0', 'Etag': '0baa48550583eb3c5ab077d4154c0580', 'Last-Modified': 'Fri, 17 Jul 2026 19:22:10 GMT', 'X-Trans-Id': 'txf32ab7987d26433a94334-006a5a80e1', 'X-Openstack-Request-Id': 'txf32ab7987d26433a94334-006a5a80e1', 'Connection': 'close'} {{(pid=102935) http_log /opt/stack/data/venv/lib/python3.12/site-packages/swiftclient/client.py:162}}
Jul 17 19:22:09.885418 np0000005375 devstack@g-api.service[102935]: DEBUG glance_store._drivers.swift.store [None req-520795d6-7a22-4fbb-accf-d95688fa4c92 tempest-AttachVolumeShelveTestJSON-2135006198 tempest-AttachVolumeShelveTestJSON-2135006198-project-member] Wrote chunk 37d9acf6-ba7c-40d9-868a-491557ad54c8-00001 (1/?) of length 53608448 to Swift returning MD5 of content: 0baa48550583eb3c5ab077d4154c0580 {{(pid=102935) add /opt/stack/data/venv/lib/python3.12/site-packages/glance_store/_drivers/swift/store.py:1059}}
Jul 17 19:22:09.885953 np0000005375 devstack@g-api.service[102935]: DEBUG glance_store._drivers.swift.store [None req-520795d6-7a22-4fbb-accf-d95688fa4c92 tempest-AttachVolumeShelveTestJSON-2135006198 tempest-AttachVolumeShelveTestJSON-2135006198-project-member] Not writing zero-length chunk. {{(pid=102935) add /opt/stack/data/venv/lib/python3.12/site-packages/glance_store/_drivers/swift/store.py:1028}}
Jul 17 19:22:09.928924 np0000005375 devstack@g-api.service[102935]: DEBUG swiftclient [None req-520795d6-7a22-4fbb-accf-d95688fa4c92 tempest-AttachVolumeShelveTestJSON-2135006198 tempest-AttachVolumeShelveTestJSON-2135006198-project-member] REQ: curl -i https://10.4.3.21:8080/v1/AUTH_c581ab3a22d24c2a98a3f01452c05a37/glance/37d9acf6-ba7c-40d9-868a-491557ad54c8 -X PUT -H "X-Object-Manifest: glance/37d9acf6-ba7c-40d9-868a-491557ad54c8-" -H "X-Auth-Token: gAAAAABqWoDgw-Oi..." -H "Content-Length: 0" {{(pid=102935) http_log /opt/stack/data/venv/lib/python3.12/site-packages/swiftclient/client.py:160}}
Jul 17 19:22:09.928924 np0000005375 devstack@g-api.service[102935]: DEBUG swiftclient [None req-520795d6-7a22-4fbb-accf-d95688fa4c92 tempest-AttachVolumeShelveTestJSON-2135006198 tempest-AttachVolumeShelveTestJSON-2135006198-project-member] RESP STATUS: 201 Created {{(pid=102935) http_log /opt/stack/data/venv/lib/python3.12/site-packages/swiftclient/client.py:161}}
Jul 17 19:22:09.928924 np0000005375 devstack@g-api.service[102935]: DEBUG swiftclient [None req-520795d6-7a22-4fbb-accf-d95688fa4c92 tempest-AttachVolumeShelveTestJSON-2135006198 tempest-AttachVolumeShelveTestJSON-2135006198-project-member] RESP HEADERS: {'Date': 'Fri, 17 Jul 2026 19:22:09 GMT', 'Server': 'Apache/2.4.58 (Ubuntu)', 'Content-Type': 'text/html; charset=UTF-8', 'Content-Length': '0', 'Etag': 'd41d8cd98f00b204e9800998ecf8427e', 'Last-Modified': 'Fri, 17 Jul 2026 19:22:10 GMT', 'X-Trans-Id': 'tx7e5a06d29c4d478ba805b-006a5a80e1', 'X-Openstack-Request-Id': 'tx7e5a06d29c4d478ba805b-006a5a80e1', 'Connection': 'close'} {{(pid=102935) http_log /opt/stack/data/venv/lib/python3.12/site-packages/swiftclient/client.py:162}}
Jul 17 19:22:09.928924 np0000005375 devstack@g-api.service[102935]: INFO glance.location [None req-520795d6-7a22-4fbb-accf-d95688fa4c92 tempest-AttachVolumeShelveTestJSON-2135006198 tempest-AttachVolumeShelveTestJSON-2135006198-project-member] Image format matched and virtual size computed: 1073741824
Jul 17 19:22:09.965282 np0000005375 devstack@g-api.service[102936]: [pid: 102936|app: 0|req: 32/126] 127.0.0.1 () {44 vars in 1131 bytes} [Fri Jul 17 19:22:09 2026] GET /v2/images/ff33dcbb-8626-468e-898d-46c3f2feef00/locations => generated 92 bytes in 299 msecs (HTTP/1.1 200) 4 headers in 156 bytes (1 switches on core 0)
Jul 17 19:22:09.987080 np0000005375 devstack@g-api.service[102937]: DEBUG glance.api.middleware.version_negotiation [None req-6aa96fd2-b91d-4824-afd7-6d2ea55c5c6f tempest-ServerActionsV293TestJSON-901038906 tempest-ServerActionsV293TestJSON-901038906-project-member] Determining version of request: GET /v2/images/ff33dcbb-8626-468e-898d-46c3f2feef00 Accept: */* {{(pid=102937) process_request /opt/stack/glance/glance/api/middleware/version_negotiation.py:44}}
Jul 17 19:22:09.987548 np0000005375 devstack@g-api.service[102937]: DEBUG glance.api.middleware.version_negotiation [None req-6aa96fd2-b91d-4824-afd7-6d2ea55c5c6f tempest-ServerActionsV293TestJSON-901038906 tempest-ServerActionsV293TestJSON-901038906-project-member] Using url versioning {{(pid=102937) process_request /opt/stack/glance/glance/api/middleware/version_negotiation.py:57}}
Jul 17 19:22:09.987548 np0000005375 devstack@g-api.service[102937]: DEBUG glance.api.middleware.version_negotiation [None req-6aa96fd2-b91d-4824-afd7-6d2ea55c5c6f tempest-ServerActionsV293TestJSON-901038906 tempest-ServerActionsV293TestJSON-901038906-project-member] Matched version: v2 {{(pid=102937) process_request /opt/stack/glance/glance/api/middleware/version_negotiation.py:69}}
Jul 17 19:22:09.987753 np0000005375 devstack@g-api.service[102937]: DEBUG glance.api.middleware.version_negotiation [None req-6aa96fd2-b91d-4824-afd7-6d2ea55c5c6f tempest-ServerActionsV293TestJSON-901038906 tempest-ServerActionsV293TestJSON-901038906-project-member] new path /v2/images/ff33dcbb-8626-468e-898d-46c3f2feef00 {{(pid=102937) process_request /opt/stack/glance/glance/api/middleware/version_negotiation.py:70}}
Jul 17 19:22:10.000752 np0000005375 devstack@g-api.service[102937]: [pid: 102937|app: 0|req: 35/127] 127.0.0.1 () {44 vars in 1111 bytes} [Fri Jul 17 19:22:09 2026] GET /v2/images/ff33dcbb-8626-468e-898d-46c3f2feef00 => generated 1044 bytes in 14 msecs (HTTP/1.1 200) 4 headers in 158 bytes (1 switches on core 0)
Jul 17 19:22:10.004076 np0000005375 devstack@g-api.service[102935]: DEBUG glance_store.backend [None req-520795d6-7a22-4fbb-accf-d95688fa4c92 tempest-AttachVolumeShelveTestJSON-2135006198 tempest-AttachVolumeShelveTestJSON-2135006198-project-member] Attempting to import store swift {{(pid=102935) _load_store /opt/stack/data/venv/lib/python3.12/site-packages/glance_store/backend.py:215}}
Jul 17 19:22:10.005898 np0000005375 devstack@g-api.service[102935]: DEBUG glance_store.capabilities [None req-520795d6-7a22-4fbb-accf-d95688fa4c92 tempest-AttachVolumeShelveTestJSON-2135006198 tempest-AttachVolumeShelveTestJSON-2135006198-project-member] Store glance_store._drivers.swift.store.SingleTenantStore doesn't support updating dynamic storage capabilities. Please overwrite 'update_capabilities' method of the store to implement updating logics if needed. {{(pid=102935) update_capabilities /opt/stack/data/venv/lib/python3.12/site-packages/glance_store/capabilities.py:91}}
Jul 17 19:22:10.005898 np0000005375 devstack@g-api.service[102935]: DEBUG glance_store.driver [None req-520795d6-7a22-4fbb-accf-d95688fa4c92 tempest-AttachVolumeShelveTestJSON-2135006198 tempest-AttachVolumeShelveTestJSON-2135006198-project-member] Late loading location class glance_store._drivers.swift.store.StoreLocation {{(pid=102935) get_store_location_class /opt/stack/data/venv/lib/python3.12/site-packages/glance_store/driver.py:134}}
Jul 17 19:22:10.005898 np0000005375 devstack@g-api.service[102935]: DEBUG glance_store.location [None req-520795d6-7a22-4fbb-accf-d95688fa4c92 tempest-AttachVolumeShelveTestJSON-2135006198 tempest-AttachVolumeShelveTestJSON-2135006198-project-member] Registering scheme swift+https with {'store': , 'location_class': , 'store_entry': 'swift'} {{(pid=102935) register_scheme_map /opt/stack/data/venv/lib/python3.12/site-packages/glance_store/location.py:146}}
Jul 17 19:22:10.005898 np0000005375 devstack@g-api.service[102935]: DEBUG glance_store.location [None req-520795d6-7a22-4fbb-accf-d95688fa4c92 tempest-AttachVolumeShelveTestJSON-2135006198 tempest-AttachVolumeShelveTestJSON-2135006198-project-member] Registering scheme swift+https with {'store': , 'location_class': , 'store_entry': 'swift'} {{(pid=102935) register_scheme_map /opt/stack/data/venv/lib/python3.12/site-packages/glance_store/location.py:146}}
Jul 17 19:22:10.006182 np0000005375 devstack@g-api.service[102935]: DEBUG glance_store.location [None req-520795d6-7a22-4fbb-accf-d95688fa4c92 tempest-AttachVolumeShelveTestJSON-2135006198 tempest-AttachVolumeShelveTestJSON-2135006198-project-member] Registering scheme swift with {'store': , 'location_class': , 'store_entry': 'swift'} {{(pid=102935) register_scheme_map /opt/stack/data/venv/lib/python3.12/site-packages/glance_store/location.py:146}}
Jul 17 19:22:10.006182 np0000005375 devstack@g-api.service[102935]: DEBUG glance_store.location [None req-520795d6-7a22-4fbb-accf-d95688fa4c92 tempest-AttachVolumeShelveTestJSON-2135006198 tempest-AttachVolumeShelveTestJSON-2135006198-project-member] Registering scheme swift+https with {'store': , 'location_class': , 'store_entry': 'swift'} {{(pid=102935) register_scheme_map /opt/stack/data/venv/lib/python3.12/site-packages/glance_store/location.py:146}}
Jul 17 19:22:10.006182 np0000005375 devstack@g-api.service[102935]: DEBUG glance_store.location [None req-520795d6-7a22-4fbb-accf-d95688fa4c92 tempest-AttachVolumeShelveTestJSON-2135006198 tempest-AttachVolumeShelveTestJSON-2135006198-project-member] Registering scheme swift with {'store': , 'location_class': , 'store_entry': 'swift'} {{(pid=102935) register_scheme_map /opt/stack/data/venv/lib/python3.12/site-packages/glance_store/location.py:146}}
Jul 17 19:22:10.006269 np0000005375 devstack@g-api.service[102935]: DEBUG glance_store.location [None req-520795d6-7a22-4fbb-accf-d95688fa4c92 tempest-AttachVolumeShelveTestJSON-2135006198 tempest-AttachVolumeShelveTestJSON-2135006198-project-member] Registering scheme swift+http with {'store': , 'location_class': , 'store_entry': 'swift'} {{(pid=102935) register_scheme_map /opt/stack/data/venv/lib/python3.12/site-packages/glance_store/location.py:146}}
Jul 17 19:22:10.006307 np0000005375 devstack@g-api.service[102935]: DEBUG glance_store.location [None req-520795d6-7a22-4fbb-accf-d95688fa4c92 tempest-AttachVolumeShelveTestJSON-2135006198 tempest-AttachVolumeShelveTestJSON-2135006198-project-member] Registering scheme swift+https with {'store': , 'location_class': , 'store_entry': 'swift'} {{(pid=102935) register_scheme_map /opt/stack/data/venv/lib/python3.12/site-packages/glance_store/location.py:146}}
Jul 17 19:22:10.006356 np0000005375 devstack@g-api.service[102935]: DEBUG glance_store.location [None req-520795d6-7a22-4fbb-accf-d95688fa4c92 tempest-AttachVolumeShelveTestJSON-2135006198 tempest-AttachVolumeShelveTestJSON-2135006198-project-member] Registering scheme swift with {'store': , 'location_class': , 'store_entry': 'swift'} {{(pid=102935) register_scheme_map /opt/stack/data/venv/lib/python3.12/site-packages/glance_store/location.py:146}}
Jul 17 19:22:10.006480 np0000005375 devstack@g-api.service[102935]: DEBUG glance_store.location [None req-520795d6-7a22-4fbb-accf-d95688fa4c92 tempest-AttachVolumeShelveTestJSON-2135006198 tempest-AttachVolumeShelveTestJSON-2135006198-project-member] Registering scheme swift+http with {'store': , 'location_class': , 'store_entry': 'swift'} {{(pid=102935) register_scheme_map /opt/stack/data/venv/lib/python3.12/site-packages/glance_store/location.py:146}}
Jul 17 19:22:10.006547 np0000005375 devstack@g-api.service[102935]: DEBUG glance_store.location [None req-520795d6-7a22-4fbb-accf-d95688fa4c92 tempest-AttachVolumeShelveTestJSON-2135006198 tempest-AttachVolumeShelveTestJSON-2135006198-project-member] Registering scheme swift+config with {'store': , 'location_class': , 'store_entry': 'swift'} {{(pid=102935) register_scheme_map /opt/stack/data/venv/lib/python3.12/site-packages/glance_store/location.py:146}}
Jul 17 19:22:10.006686 np0000005375 devstack@g-api.service[102935]: DEBUG glance_store.backend [None req-520795d6-7a22-4fbb-accf-d95688fa4c92 tempest-AttachVolumeShelveTestJSON-2135006198 tempest-AttachVolumeShelveTestJSON-2135006198-project-member] Skipping store.set_acls... not implemented. {{(pid=102935) set_acls /opt/stack/data/venv/lib/python3.12/site-packages/glance_store/backend.py:507}}
Jul 17 19:22:10.009951 np0000005375 devstack@g-api.service[102935]: [pid: 102935|app: 0|req: 33/128] 127.0.0.1 () {46 vars in 1154 bytes} [Fri Jul 17 19:22:07 2026] PUT /v2/images/37d9acf6-ba7c-40d9-868a-491557ad54c8/file => generated 0 bytes in 2915 msecs (HTTP/1.1 204) 4 headers in 171 bytes (1 switches on core 0)
Jul 17 19:22:10.014819 np0000005375 devstack@g-api.service[102938]: DEBUG glance.api.middleware.version_negotiation [None req-6aa96fd2-b91d-4824-afd7-6d2ea55c5c6f tempest-ServerActionsV293TestJSON-901038906 tempest-ServerActionsV293TestJSON-901038906-project-member] Determining version of request: GET /v2/schemas/image Accept: */* {{(pid=102938) process_request /opt/stack/glance/glance/api/middleware/version_negotiation.py:44}}
Jul 17 19:22:10.014819 np0000005375 devstack@g-api.service[102938]: DEBUG glance.api.middleware.version_negotiation [None req-6aa96fd2-b91d-4824-afd7-6d2ea55c5c6f tempest-ServerActionsV293TestJSON-901038906 tempest-ServerActionsV293TestJSON-901038906-project-member] Using url versioning {{(pid=102938) process_request /opt/stack/glance/glance/api/middleware/version_negotiation.py:57}}
Jul 17 19:22:10.014819 np0000005375 devstack@g-api.service[102938]: DEBUG glance.api.middleware.version_negotiation [None req-6aa96fd2-b91d-4824-afd7-6d2ea55c5c6f tempest-ServerActionsV293TestJSON-901038906 tempest-ServerActionsV293TestJSON-901038906-project-member] Matched version: v2 {{(pid=102938) process_request /opt/stack/glance/glance/api/middleware/version_negotiation.py:69}}
Jul 17 19:22:10.014974 np0000005375 devstack@g-api.service[102938]: DEBUG glance.api.middleware.version_negotiation [None req-6aa96fd2-b91d-4824-afd7-6d2ea55c5c6f tempest-ServerActionsV293TestJSON-901038906 tempest-ServerActionsV293TestJSON-901038906-project-member] new path /v2/schemas/image {{(pid=102938) process_request /opt/stack/glance/glance/api/middleware/version_negotiation.py:70}}
Jul 17 19:22:10.017770 np0000005375 devstack@g-api.service[102938]: [pid: 102938|app: 0|req: 29/129] 127.0.0.1 () {44 vars in 1051 bytes} [Fri Jul 17 19:22:10 2026] GET /v2/schemas/image => generated 6083 bytes in 3 msecs (HTTP/1.1 200) 4 headers in 158 bytes (1 switches on core 0)
Jul 17 19:22:10.036955 np0000005375 devstack@g-api.service[102936]: DEBUG glance.api.middleware.version_negotiation [None req-6aa96fd2-b91d-4824-afd7-6d2ea55c5c6f service glance] Determining version of request: GET /v2/schemas/image Accept: */* {{(pid=102936) process_request /opt/stack/glance/glance/api/middleware/version_negotiation.py:44}}
Jul 17 19:22:10.037102 np0000005375 devstack@g-api.service[102936]: DEBUG glance.api.middleware.version_negotiation [None req-6aa96fd2-b91d-4824-afd7-6d2ea55c5c6f service glance] Using url versioning {{(pid=102936) process_request /opt/stack/glance/glance/api/middleware/version_negotiation.py:57}}
Jul 17 19:22:10.037391 np0000005375 devstack@g-api.service[102936]: DEBUG glance.api.middleware.version_negotiation [None req-6aa96fd2-b91d-4824-afd7-6d2ea55c5c6f service glance] Matched version: v2 {{(pid=102936) process_request /opt/stack/glance/glance/api/middleware/version_negotiation.py:69}}
Jul 17 19:22:10.037562 np0000005375 devstack@g-api.service[102936]: DEBUG glance.api.middleware.version_negotiation [None req-6aa96fd2-b91d-4824-afd7-6d2ea55c5c6f service glance] new path /v2/schemas/image {{(pid=102936) process_request /opt/stack/glance/glance/api/middleware/version_negotiation.py:70}}
Jul 17 19:22:10.044744 np0000005375 devstack@g-api.service[102936]: [pid: 102936|app: 0|req: 33/130] 127.0.0.1 () {44 vars in 1051 bytes} [Fri Jul 17 19:22:10 2026] GET /v2/schemas/image => generated 6083 bytes in 7 msecs (HTTP/1.1 200) 4 headers in 158 bytes (1 switches on core 0)
Jul 17 19:22:10.057294 np0000005375 devstack@g-api.service[102937]: DEBUG glance.api.middleware.version_negotiation [None req-6aa96fd2-b91d-4824-afd7-6d2ea55c5c6f tempest-ServerActionsV293TestJSON-901038906 tempest-ServerActionsV293TestJSON-901038906-project-member] Determining version of request: GET /v2/images/37d9acf6-ba7c-40d9-868a-491557ad54c8 Accept: */* {{(pid=102937) process_request /opt/stack/glance/glance/api/middleware/version_negotiation.py:44}}
Jul 17 19:22:10.057294 np0000005375 devstack@g-api.service[102937]: DEBUG glance.api.middleware.version_negotiation [None req-6aa96fd2-b91d-4824-afd7-6d2ea55c5c6f tempest-ServerActionsV293TestJSON-901038906 tempest-ServerActionsV293TestJSON-901038906-project-member] Using url versioning {{(pid=102937) process_request /opt/stack/glance/glance/api/middleware/version_negotiation.py:57}}
Jul 17 19:22:10.057294 np0000005375 devstack@g-api.service[102937]: DEBUG glance.api.middleware.version_negotiation [None req-6aa96fd2-b91d-4824-afd7-6d2ea55c5c6f tempest-ServerActionsV293TestJSON-901038906 tempest-ServerActionsV293TestJSON-901038906-project-member] Matched version: v2 {{(pid=102937) process_request /opt/stack/glance/glance/api/middleware/version_negotiation.py:69}}
Jul 17 19:22:10.057448 np0000005375 devstack@g-api.service[102937]: DEBUG glance.api.middleware.version_negotiation [None req-6aa96fd2-b91d-4824-afd7-6d2ea55c5c6f tempest-ServerActionsV293TestJSON-901038906 tempest-ServerActionsV293TestJSON-901038906-project-member] new path /v2/images/37d9acf6-ba7c-40d9-868a-491557ad54c8 {{(pid=102937) process_request /opt/stack/glance/glance/api/middleware/version_negotiation.py:70}}
Jul 17 19:22:10.085945 np0000005375 devstack@g-api.service[102937]: [pid: 102937|app: 0|req: 36/131] 127.0.0.1 () {44 vars in 1111 bytes} [Fri Jul 17 19:22:10 2026] GET /v2/images/37d9acf6-ba7c-40d9-868a-491557ad54c8 => generated 1619 bytes in 29 msecs (HTTP/1.1 200) 4 headers in 158 bytes (1 switches on core 0)
Jul 17 19:22:10.161721 np0000005375 devstack@g-api.service[102935]: DEBUG glance.api.middleware.version_negotiation [None req-520795d6-7a22-4fbb-accf-d95688fa4c92 tempest-AttachVolumeShelveTestJSON-2135006198 tempest-AttachVolumeShelveTestJSON-2135006198-project-member] Determining version of request: GET /v2/schemas/image Accept: */* {{(pid=102935) process_request /opt/stack/glance/glance/api/middleware/version_negotiation.py:44}}
Jul 17 19:22:10.161930 np0000005375 devstack@g-api.service[102935]: DEBUG glance.api.middleware.version_negotiation [None req-520795d6-7a22-4fbb-accf-d95688fa4c92 tempest-AttachVolumeShelveTestJSON-2135006198 tempest-AttachVolumeShelveTestJSON-2135006198-project-member] Using url versioning {{(pid=102935) process_request /opt/stack/glance/glance/api/middleware/version_negotiation.py:57}}
Jul 17 19:22:10.162027 np0000005375 devstack@g-api.service[102935]: DEBUG glance.api.middleware.version_negotiation [None req-520795d6-7a22-4fbb-accf-d95688fa4c92 tempest-AttachVolumeShelveTestJSON-2135006198 tempest-AttachVolumeShelveTestJSON-2135006198-project-member] Matched version: v2 {{(pid=102935) process_request /opt/stack/glance/glance/api/middleware/version_negotiation.py:69}}
Jul 17 19:22:10.162213 np0000005375 devstack@g-api.service[102935]: DEBUG glance.api.middleware.version_negotiation [None req-520795d6-7a22-4fbb-accf-d95688fa4c92 tempest-AttachVolumeShelveTestJSON-2135006198 tempest-AttachVolumeShelveTestJSON-2135006198-project-member] new path /v2/schemas/image {{(pid=102935) process_request /opt/stack/glance/glance/api/middleware/version_negotiation.py:70}}
Jul 17 19:22:10.168512 np0000005375 devstack@g-api.service[102935]: [pid: 102935|app: 0|req: 34/132] 127.0.0.1 () {44 vars in 1051 bytes} [Fri Jul 17 19:22:10 2026] GET /v2/schemas/image => generated 6083 bytes in 9 msecs (HTTP/1.1 200) 4 headers in 158 bytes (1 switches on core 0)
Jul 17 19:22:13.289806 np0000005375 devstack@g-api.service[102938]: DEBUG glance.api.middleware.version_negotiation [None req-6aa96fd2-b91d-4824-afd7-6d2ea55c5c6f tempest-ServerActionsV293TestJSON-901038906 tempest-ServerActionsV293TestJSON-901038906-project-member] Determining version of request: GET /v2/images/ff33dcbb-8626-468e-898d-46c3f2feef00 Accept: */* {{(pid=102938) process_request /opt/stack/glance/glance/api/middleware/version_negotiation.py:44}}
Jul 17 19:22:13.290389 np0000005375 devstack@g-api.service[102938]: DEBUG glance.api.middleware.version_negotiation [None req-6aa96fd2-b91d-4824-afd7-6d2ea55c5c6f tempest-ServerActionsV293TestJSON-901038906 tempest-ServerActionsV293TestJSON-901038906-project-member] Using url versioning {{(pid=102938) process_request /opt/stack/glance/glance/api/middleware/version_negotiation.py:57}}
Jul 17 19:22:13.290389 np0000005375 devstack@g-api.service[102938]: DEBUG glance.api.middleware.version_negotiation [None req-6aa96fd2-b91d-4824-afd7-6d2ea55c5c6f tempest-ServerActionsV293TestJSON-901038906 tempest-ServerActionsV293TestJSON-901038906-project-member] Matched version: v2 {{(pid=102938) process_request /opt/stack/glance/glance/api/middleware/version_negotiation.py:69}}
Jul 17 19:22:13.290389 np0000005375 devstack@g-api.service[102938]: DEBUG glance.api.middleware.version_negotiation [None req-6aa96fd2-b91d-4824-afd7-6d2ea55c5c6f tempest-ServerActionsV293TestJSON-901038906 tempest-ServerActionsV293TestJSON-901038906-project-member] new path /v2/images/ff33dcbb-8626-468e-898d-46c3f2feef00 {{(pid=102938) process_request /opt/stack/glance/glance/api/middleware/version_negotiation.py:70}}
Jul 17 19:22:13.290978 np0000005375 devstack@g-api.service[102936]: DEBUG glance.api.middleware.version_negotiation [None req-6aa96fd2-b91d-4824-afd7-6d2ea55c5c6f tempest-ServerActionsV293TestJSON-901038906 tempest-ServerActionsV293TestJSON-901038906-project-member] Determining version of request: GET /v2/images/37d9acf6-ba7c-40d9-868a-491557ad54c8 Accept: */* {{(pid=102936) process_request /opt/stack/glance/glance/api/middleware/version_negotiation.py:44}}
Jul 17 19:22:13.291174 np0000005375 devstack@g-api.service[102936]: DEBUG glance.api.middleware.version_negotiation [None req-6aa96fd2-b91d-4824-afd7-6d2ea55c5c6f tempest-ServerActionsV293TestJSON-901038906 tempest-ServerActionsV293TestJSON-901038906-project-member] Using url versioning {{(pid=102936) process_request /opt/stack/glance/glance/api/middleware/version_negotiation.py:57}}
