Jul 17 19:20:34.568167 np0000005375 devstack@g-api.service[102938]: DEBUG glance_store.capabilities [None req-b5472111-74c0-4259-8ddd-f939ee5b71d6 tempest-AttachSCSIVolumeTestJSON-2088166784 tempest-AttachSCSIVolumeTestJSON-2088166784-project-admin] Store glance_store._drivers.swift.store.SingleTenantStore doesn't support updating dynamic storage capabilities. Please overwrite 'update_capabilities' method of the store to implement updating logics if needed. {{(pid=102938) update_capabilities /opt/stack/data/venv/lib/python3.12/site-packages/glance_store/capabilities.py:91}}
Jul 17 19:20:34.568331 np0000005375 devstack@g-api.service[102938]: DEBUG glance_store.driver [None req-b5472111-74c0-4259-8ddd-f939ee5b71d6 tempest-AttachSCSIVolumeTestJSON-2088166784 tempest-AttachSCSIVolumeTestJSON-2088166784-project-admin] Late loading location class glance_store._drivers.swift.store.StoreLocation {{(pid=102938) get_store_location_class /opt/stack/data/venv/lib/python3.12/site-packages/glance_store/driver.py:134}}
Jul 17 19:20:34.568514 np0000005375 devstack@g-api.service[102938]: DEBUG glance_store.location [None req-b5472111-74c0-4259-8ddd-f939ee5b71d6 tempest-AttachSCSIVolumeTestJSON-2088166784 tempest-AttachSCSIVolumeTestJSON-2088166784-project-admin] Registering scheme swift+https with {'store': , 'location_class': , 'store_entry': 'swift'} {{(pid=102938) register_scheme_map /opt/stack/data/venv/lib/python3.12/site-packages/glance_store/location.py:146}}
Jul 17 19:20:34.569724 np0000005375 devstack@g-api.service[102938]: DEBUG glance_store.location [None req-b5472111-74c0-4259-8ddd-f939ee5b71d6 tempest-AttachSCSIVolumeTestJSON-2088166784 tempest-AttachSCSIVolumeTestJSON-2088166784-project-admin] Registering scheme swift+https with {'store': , 'location_class': , 'store_entry': 'swift'} {{(pid=102938) register_scheme_map /opt/stack/data/venv/lib/python3.12/site-packages/glance_store/location.py:146}}
Jul 17 19:20:34.569724 np0000005375 devstack@g-api.service[102938]: DEBUG glance_store.location [None req-b5472111-74c0-4259-8ddd-f939ee5b71d6 tempest-AttachSCSIVolumeTestJSON-2088166784 tempest-AttachSCSIVolumeTestJSON-2088166784-project-admin] Registering scheme swift with {'store': , 'location_class': , 'store_entry': 'swift'} {{(pid=102938) register_scheme_map /opt/stack/data/venv/lib/python3.12/site-packages/glance_store/location.py:146}}
Jul 17 19:20:34.569724 np0000005375 devstack@g-api.service[102938]: DEBUG glance_store.location [None req-b5472111-74c0-4259-8ddd-f939ee5b71d6 tempest-AttachSCSIVolumeTestJSON-2088166784 tempest-AttachSCSIVolumeTestJSON-2088166784-project-admin] Registering scheme swift+https with {'store': , 'location_class': , 'store_entry': 'swift'} {{(pid=102938) register_scheme_map /opt/stack/data/venv/lib/python3.12/site-packages/glance_store/location.py:146}}
Jul 17 19:20:34.569986 np0000005375 devstack@g-api.service[102938]: DEBUG glance_store.location [None req-b5472111-74c0-4259-8ddd-f939ee5b71d6 tempest-AttachSCSIVolumeTestJSON-2088166784 tempest-AttachSCSIVolumeTestJSON-2088166784-project-admin] Registering scheme swift with {'store': , 'location_class': , 'store_entry': 'swift'} {{(pid=102938) register_scheme_map /opt/stack/data/venv/lib/python3.12/site-packages/glance_store/location.py:146}}
Jul 17 19:20:34.569986 np0000005375 devstack@g-api.service[102938]: DEBUG glance_store.location [None req-b5472111-74c0-4259-8ddd-f939ee5b71d6 tempest-AttachSCSIVolumeTestJSON-2088166784 tempest-AttachSCSIVolumeTestJSON-2088166784-project-admin] Registering scheme swift+http with {'store': , 'location_class': , 'store_entry': 'swift'} {{(pid=102938) register_scheme_map /opt/stack/data/venv/lib/python3.12/site-packages/glance_store/location.py:146}}
Jul 17 19:20:34.569986 np0000005375 devstack@g-api.service[102938]: DEBUG glance_store.location [None req-b5472111-74c0-4259-8ddd-f939ee5b71d6 tempest-AttachSCSIVolumeTestJSON-2088166784 tempest-AttachSCSIVolumeTestJSON-2088166784-project-admin] Registering scheme swift+https with {'store': , 'location_class': , 'store_entry': 'swift'} {{(pid=102938) register_scheme_map /opt/stack/data/venv/lib/python3.12/site-packages/glance_store/location.py:146}}
Jul 17 19:20:34.570078 np0000005375 devstack@g-api.service[102938]: DEBUG glance_store.location [None req-b5472111-74c0-4259-8ddd-f939ee5b71d6 tempest-AttachSCSIVolumeTestJSON-2088166784 tempest-AttachSCSIVolumeTestJSON-2088166784-project-admin] Registering scheme swift with {'store': , 'location_class': , 'store_entry': 'swift'} {{(pid=102938) register_scheme_map /opt/stack/data/venv/lib/python3.12/site-packages/glance_store/location.py:146}}
Jul 17 19:20:34.570078 np0000005375 devstack@g-api.service[102938]: DEBUG glance_store.location [None req-b5472111-74c0-4259-8ddd-f939ee5b71d6 tempest-AttachSCSIVolumeTestJSON-2088166784 tempest-AttachSCSIVolumeTestJSON-2088166784-project-admin] Registering scheme swift+http with {'store': , 'location_class': , 'store_entry': 'swift'} {{(pid=102938) register_scheme_map /opt/stack/data/venv/lib/python3.12/site-packages/glance_store/location.py:146}}
Jul 17 19:20:34.570078 np0000005375 devstack@g-api.service[102938]: DEBUG glance_store.location [None req-b5472111-74c0-4259-8ddd-f939ee5b71d6 tempest-AttachSCSIVolumeTestJSON-2088166784 tempest-AttachSCSIVolumeTestJSON-2088166784-project-admin] Registering scheme swift+config with {'store': , 'location_class': , 'store_entry': 'swift'} {{(pid=102938) register_scheme_map /opt/stack/data/venv/lib/python3.12/site-packages/glance_store/location.py:146}}
Jul 17 19:20:35.028784 np0000005375 devstack@g-api.service[102937]: DEBUG glance.api.middleware.version_negotiation [None req-121dad2b-d410-443d-bc72-ec413aef2325 tempest-TaggedBootDevicesTest_v242-543774472 tempest-TaggedBootDevicesTest_v242-543774472-project-member] Determining version of request: GET /v2/images/ff33dcbb-8626-468e-898d-46c3f2feef00 Accept: */* {{(pid=102937) process_request /opt/stack/glance/glance/api/middleware/version_negotiation.py:44}}
Jul 17 19:20:35.030432 np0000005375 devstack@g-api.service[102937]: DEBUG glance.api.middleware.version_negotiation [None req-121dad2b-d410-443d-bc72-ec413aef2325 tempest-TaggedBootDevicesTest_v242-543774472 tempest-TaggedBootDevicesTest_v242-543774472-project-member] Using url versioning {{(pid=102937) process_request /opt/stack/glance/glance/api/middleware/version_negotiation.py:57}}
Jul 17 19:20:35.030732 np0000005375 devstack@g-api.service[102937]: DEBUG glance.api.middleware.version_negotiation [None req-121dad2b-d410-443d-bc72-ec413aef2325 tempest-TaggedBootDevicesTest_v242-543774472 tempest-TaggedBootDevicesTest_v242-543774472-project-member] Matched version: v2 {{(pid=102937) process_request /opt/stack/glance/glance/api/middleware/version_negotiation.py:69}}
Jul 17 19:20:35.030805 np0000005375 devstack@g-api.service[102937]: DEBUG glance.api.middleware.version_negotiation [None req-121dad2b-d410-443d-bc72-ec413aef2325 tempest-TaggedBootDevicesTest_v242-543774472 tempest-TaggedBootDevicesTest_v242-543774472-project-member] new path /v2/images/ff33dcbb-8626-468e-898d-46c3f2feef00 {{(pid=102937) process_request /opt/stack/glance/glance/api/middleware/version_negotiation.py:70}}
Jul 17 19:20:35.044729 np0000005375 devstack@g-api.service[102938]: DEBUG swiftclient [None req-b5472111-74c0-4259-8ddd-f939ee5b71d6 tempest-AttachSCSIVolumeTestJSON-2088166784 tempest-AttachSCSIVolumeTestJSON-2088166784-project-admin] REQ: curl -i https://10.4.3.21:8080/v1/AUTH_c581ab3a22d24c2a98a3f01452c05a37/glance -I -H "X-Auth-Token: gAAAAABqWoCCZfx_..." {{(pid=102938) http_log /opt/stack/data/venv/lib/python3.12/site-packages/swiftclient/client.py:160}}
Jul 17 19:20:35.044729 np0000005375 devstack@g-api.service[102938]: DEBUG swiftclient [None req-b5472111-74c0-4259-8ddd-f939ee5b71d6 tempest-AttachSCSIVolumeTestJSON-2088166784 tempest-AttachSCSIVolumeTestJSON-2088166784-project-admin] RESP STATUS: 204 No Content {{(pid=102938) http_log /opt/stack/data/venv/lib/python3.12/site-packages/swiftclient/client.py:161}}
Jul 17 19:20:35.044729 np0000005375 devstack@g-api.service[102938]: DEBUG swiftclient [None req-b5472111-74c0-4259-8ddd-f939ee5b71d6 tempest-AttachSCSIVolumeTestJSON-2088166784 tempest-AttachSCSIVolumeTestJSON-2088166784-project-admin] RESP HEADERS: {'Date': 'Fri, 17 Jul 2026 19:20:35 GMT', 'Server': 'Apache/2.4.58 (Ubuntu)', 'Content-Type': 'text/plain; charset=utf-8', 'X-Container-Object-Count': '3', 'X-Container-Bytes-Used': '64356352', 'X-Timestamp': '1784315903.94613', 'Last-Modified': 'Fri, 17 Jul 2026 19:18:24 GMT', 'Accept-Ranges': 'bytes', 'X-Storage-Policy': 'Policy-0', 'X-Container-Sharding': 'False', 'Vary': 'Accept', 'X-Trans-Id': 'tx4c702ae62080466599dc1-006a5a8082', 'X-Openstack-Request-Id': 'tx4c702ae62080466599dc1-006a5a8082', 'Connection': 'close'} {{(pid=102938) http_log /opt/stack/data/venv/lib/python3.12/site-packages/swiftclient/client.py:162}}
Jul 17 19:20:35.044729 np0000005375 devstack@g-api.service[102938]: DEBUG glance_store._drivers.swift.store [None req-b5472111-74c0-4259-8ddd-f939ee5b71d6 tempest-AttachSCSIVolumeTestJSON-2088166784 tempest-AttachSCSIVolumeTestJSON-2088166784-project-admin] Adding image object 'c77be8e6-c174-44ea-967d-d2f49b8e424c' to Swift {{(pid=102938) add /opt/stack/data/venv/lib/python3.12/site-packages/glance_store/_drivers/swift/store.py:970}}
Jul 17 19:20:35.045040 np0000005375 devstack@g-api.service[102938]: DEBUG glance_store._drivers.swift.store [None req-b5472111-74c0-4259-8ddd-f939ee5b71d6 tempest-AttachSCSIVolumeTestJSON-2088166784 tempest-AttachSCSIVolumeTestJSON-2088166784-project-admin] Cannot determine image size because it is either not provided in the request or chunked-transfer encoding is used. Adding image as a segmented object to Swift. {{(pid=102938) add /opt/stack/data/venv/lib/python3.12/site-packages/glance_store/_drivers/swift/store.py:994}}
Jul 17 19:20:35.046008 np0000005375 devstack@g-api.service[102935]: DEBUG glance.api.middleware.version_negotiation [None req-121dad2b-d410-443d-bc72-ec413aef2325 tempest-TaggedBootDevicesTest_v242-543774472 tempest-TaggedBootDevicesTest_v242-543774472-project-member] Determining version of request: GET /versions Accept: */* {{(pid=102935) process_request /opt/stack/glance/glance/api/middleware/version_negotiation.py:44}}
Jul 17 19:20:35.049628 np0000005375 devstack@g-api.service[102935]: [pid: 102935|app: 0|req: 12/37] 127.0.0.1 () {44 vars in 1035 bytes} [Fri Jul 17 19:20:35 2026] GET /versions => generated 1501 bytes in 4 msecs (HTTP/1.1 200) 3 headers in 92 bytes (1 switches on core 0)
Jul 17 19:20:35.054746 np0000005375 devstack@g-api.service[102938]: DEBUG oslo_utils.imageutils.format_inspector [None req-b5472111-74c0-4259-8ddd-f939ee5b71d6 tempest-AttachSCSIVolumeTestJSON-2088166784 tempest-AttachSCSIVolumeTestJSON-2088166784-project-admin] Format inspector for vmdk does not match, excluding from consideration (Signature KDMV not found: b'QFI\xfb') {{(pid=102938) _process_chunk /opt/stack/data/venv/lib/python3.12/site-packages/oslo_utils/imageutils/format_inspector.py:1758}}
Jul 17 19:20:35.055096 np0000005375 devstack@g-api.service[102936]: DEBUG glance.api.middleware.version_negotiation [None req-121dad2b-d410-443d-bc72-ec413aef2325 tempest-TaggedBootDevicesTest_v242-543774472 tempest-TaggedBootDevicesTest_v242-543774472-project-member] Determining version of request: GET /v2/images/ff33dcbb-8626-468e-898d-46c3f2feef00/locations Accept: */* {{(pid=102936) process_request /opt/stack/glance/glance/api/middleware/version_negotiation.py:44}}
Jul 17 19:20:35.056276 np0000005375 devstack@g-api.service[102936]: DEBUG glance.api.middleware.version_negotiation [None req-121dad2b-d410-443d-bc72-ec413aef2325 tempest-TaggedBootDevicesTest_v242-543774472 tempest-TaggedBootDevicesTest_v242-543774472-project-member] Using url versioning {{(pid=102936) process_request /opt/stack/glance/glance/api/middleware/version_negotiation.py:57}}
Jul 17 19:20:35.056276 np0000005375 devstack@g-api.service[102936]: DEBUG glance.api.middleware.version_negotiation [None req-121dad2b-d410-443d-bc72-ec413aef2325 tempest-TaggedBootDevicesTest_v242-543774472 tempest-TaggedBootDevicesTest_v242-543774472-project-member] Matched version: v2 {{(pid=102936) process_request /opt/stack/glance/glance/api/middleware/version_negotiation.py:69}}
Jul 17 19:20:35.056276 np0000005375 devstack@g-api.service[102936]: DEBUG glance.api.middleware.version_negotiation [None req-121dad2b-d410-443d-bc72-ec413aef2325 tempest-TaggedBootDevicesTest_v242-543774472 tempest-TaggedBootDevicesTest_v242-543774472-project-member] new path /v2/images/ff33dcbb-8626-468e-898d-46c3f2feef00/locations {{(pid=102936) process_request /opt/stack/glance/glance/api/middleware/version_negotiation.py:70}}
Jul 17 19:20:35.057788 np0000005375 devstack@g-api.service[102938]: DEBUG oslo_utils.imageutils.format_inspector [None req-b5472111-74c0-4259-8ddd-f939ee5b71d6 tempest-AttachSCSIVolumeTestJSON-2088166784 tempest-AttachSCSIVolumeTestJSON-2088166784-project-admin] Format inspector for vhdx does not match, excluding from consideration (Region signature not found at 30000) {{(pid=102938) _process_chunk /opt/stack/data/venv/lib/python3.12/site-packages/oslo_utils/imageutils/format_inspector.py:1758}}
Jul 17 19:20:35.322057 np0000005375 devstack@g-api.service[102938]: DEBUG swiftclient [None req-b5472111-74c0-4259-8ddd-f939ee5b71d6 tempest-AttachSCSIVolumeTestJSON-2088166784 tempest-AttachSCSIVolumeTestJSON-2088166784-project-admin] REQ: curl -i https://10.4.3.21:8080/v1/AUTH_c581ab3a22d24c2a98a3f01452c05a37/glance/c77be8e6-c174-44ea-967d-d2f49b8e424c-00001 -X PUT -H "X-Auth-Token: gAAAAABqWoCCZfx_..." {{(pid=102938) http_log /opt/stack/data/venv/lib/python3.12/site-packages/swiftclient/client.py:160}}
Jul 17 19:20:35.322249 np0000005375 devstack@g-api.service[102938]: DEBUG swiftclient [None req-b5472111-74c0-4259-8ddd-f939ee5b71d6 tempest-AttachSCSIVolumeTestJSON-2088166784 tempest-AttachSCSIVolumeTestJSON-2088166784-project-admin] RESP STATUS: 201 Created {{(pid=102938) http_log /opt/stack/data/venv/lib/python3.12/site-packages/swiftclient/client.py:161}}
Jul 17 19:20:35.322477 np0000005375 devstack@g-api.service[102938]: DEBUG swiftclient [None req-b5472111-74c0-4259-8ddd-f939ee5b71d6 tempest-AttachSCSIVolumeTestJSON-2088166784 tempest-AttachSCSIVolumeTestJSON-2088166784-project-admin] RESP HEADERS: {'Date': 'Fri, 17 Jul 2026 19:20:35 GMT', 'Server': 'Apache/2.4.58 (Ubuntu)', 'Content-Type': 'text/html; charset=UTF-8', 'Content-Length': '0', 'Etag': '87617e24a5e30cb3b87fda8c0764838f', 'Last-Modified': 'Fri, 17 Jul 2026 19:20:36 GMT', 'X-Trans-Id': 'txddafcc80224e4e469b696-006a5a8083', 'X-Openstack-Request-Id': 'txddafcc80224e4e469b696-006a5a8083', 'Connection': 'close'} {{(pid=102938) http_log /opt/stack/data/venv/lib/python3.12/site-packages/swiftclient/client.py:162}}
Jul 17 19:20:35.322661 np0000005375 devstack@g-api.service[102938]: DEBUG glance_store._drivers.swift.store [None req-b5472111-74c0-4259-8ddd-f939ee5b71d6 tempest-AttachSCSIVolumeTestJSON-2088166784 tempest-AttachSCSIVolumeTestJSON-2088166784-project-admin] Wrote chunk c77be8e6-c174-44ea-967d-d2f49b8e424c-00001 (1/?) of length 21692416 to Swift returning MD5 of content: 87617e24a5e30cb3b87fda8c0764838f {{(pid=102938) add /opt/stack/data/venv/lib/python3.12/site-packages/glance_store/_drivers/swift/store.py:1059}}
Jul 17 19:20:35.323118 np0000005375 devstack@g-api.service[102938]: DEBUG glance_store._drivers.swift.store [None req-b5472111-74c0-4259-8ddd-f939ee5b71d6 tempest-AttachSCSIVolumeTestJSON-2088166784 tempest-AttachSCSIVolumeTestJSON-2088166784-project-admin] Not writing zero-length chunk. {{(pid=102938) add /opt/stack/data/venv/lib/python3.12/site-packages/glance_store/_drivers/swift/store.py:1028}}
Jul 17 19:20:35.325164 np0000005375 devstack@g-api.service[102937]: [pid: 102937|app: 0|req: 10/38] 127.0.0.1 () {44 vars in 1111 bytes} [Fri Jul 17 19:20:35 2026] GET /v2/images/ff33dcbb-8626-468e-898d-46c3f2feef00 => generated 1044 bytes in 297 msecs (HTTP/1.1 200) 4 headers in 158 bytes (1 switches on core 0)
Jul 17 19:20:35.334674 np0000005375 devstack@g-api.service[102935]: DEBUG glance.api.middleware.version_negotiation [None req-121dad2b-d410-443d-bc72-ec413aef2325 tempest-TaggedBootDevicesTest_v242-543774472 tempest-TaggedBootDevicesTest_v242-543774472-project-member] Determining version of request: GET /v2/schemas/image Accept: */* {{(pid=102935) process_request /opt/stack/glance/glance/api/middleware/version_negotiation.py:44}}
Jul 17 19:20:35.335394 np0000005375 devstack@g-api.service[102935]: DEBUG glance.api.middleware.version_negotiation [None req-121dad2b-d410-443d-bc72-ec413aef2325 tempest-TaggedBootDevicesTest_v242-543774472 tempest-TaggedBootDevicesTest_v242-543774472-project-member] Using url versioning {{(pid=102935) process_request /opt/stack/glance/glance/api/middleware/version_negotiation.py:57}}
Jul 17 19:20:35.335465 np0000005375 devstack@g-api.service[102935]: DEBUG glance.api.middleware.version_negotiation [None req-121dad2b-d410-443d-bc72-ec413aef2325 tempest-TaggedBootDevicesTest_v242-543774472 tempest-TaggedBootDevicesTest_v242-543774472-project-member] Matched version: v2 {{(pid=102935) process_request /opt/stack/glance/glance/api/middleware/version_negotiation.py:69}}
Jul 17 19:20:35.336533 np0000005375 devstack@g-api.service[102935]: DEBUG glance.api.middleware.version_negotiation [None req-121dad2b-d410-443d-bc72-ec413aef2325 tempest-TaggedBootDevicesTest_v242-543774472 tempest-TaggedBootDevicesTest_v242-543774472-project-member] new path /v2/schemas/image {{(pid=102935) process_request /opt/stack/glance/glance/api/middleware/version_negotiation.py:70}}
Jul 17 19:20:35.341142 np0000005375 devstack@g-api.service[102935]: [pid: 102935|app: 0|req: 13/39] 127.0.0.1 () {44 vars in 1051 bytes} [Fri Jul 17 19:20:35 2026] GET /v2/schemas/image => generated 6083 bytes in 6 msecs (HTTP/1.1 200) 4 headers in 158 bytes (1 switches on core 0)
Jul 17 19:20:35.348641 np0000005375 devstack@g-api.service[102938]: DEBUG swiftclient [None req-b5472111-74c0-4259-8ddd-f939ee5b71d6 tempest-AttachSCSIVolumeTestJSON-2088166784 tempest-AttachSCSIVolumeTestJSON-2088166784-project-admin] REQ: curl -i https://10.4.3.21:8080/v1/AUTH_c581ab3a22d24c2a98a3f01452c05a37/glance/c77be8e6-c174-44ea-967d-d2f49b8e424c -X PUT -H "X-Object-Manifest: glance/c77be8e6-c174-44ea-967d-d2f49b8e424c-" -H "X-Auth-Token: gAAAAABqWoCCZfx_..." -H "Content-Length: 0" {{(pid=102938) http_log /opt/stack/data/venv/lib/python3.12/site-packages/swiftclient/client.py:160}}
Jul 17 19:20:35.348828 np0000005375 devstack@g-api.service[102938]: DEBUG swiftclient [None req-b5472111-74c0-4259-8ddd-f939ee5b71d6 tempest-AttachSCSIVolumeTestJSON-2088166784 tempest-AttachSCSIVolumeTestJSON-2088166784-project-admin] RESP STATUS: 201 Created {{(pid=102938) http_log /opt/stack/data/venv/lib/python3.12/site-packages/swiftclient/client.py:161}}
Jul 17 19:20:35.349187 np0000005375 devstack@g-api.service[102938]: DEBUG swiftclient [None req-b5472111-74c0-4259-8ddd-f939ee5b71d6 tempest-AttachSCSIVolumeTestJSON-2088166784 tempest-AttachSCSIVolumeTestJSON-2088166784-project-admin] RESP HEADERS: {'Date': 'Fri, 17 Jul 2026 19:20:35 GMT', 'Server': 'Apache/2.4.58 (Ubuntu)', 'Content-Type': 'text/html; charset=UTF-8', 'Content-Length': '0', 'Etag': 'd41d8cd98f00b204e9800998ecf8427e', 'Last-Modified': 'Fri, 17 Jul 2026 19:20:36 GMT', 'X-Trans-Id': 'tx4a4f9c943aef4b349356f-006a5a8083', 'X-Openstack-Request-Id': 'tx4a4f9c943aef4b349356f-006a5a8083', 'Connection': 'close'} {{(pid=102938) http_log /opt/stack/data/venv/lib/python3.12/site-packages/swiftclient/client.py:162}}
Jul 17 19:20:35.349448 np0000005375 devstack@g-api.service[102938]: INFO glance.location [None req-b5472111-74c0-4259-8ddd-f939ee5b71d6 tempest-AttachSCSIVolumeTestJSON-2088166784 tempest-AttachSCSIVolumeTestJSON-2088166784-project-admin] Image format matched and virtual size computed: 117440512
Jul 17 19:20:35.350572 np0000005375 devstack@g-api.service[102937]: DEBUG glance.api.middleware.version_negotiation [None req-84c30926-d7ff-4cbc-b88d-199eecbfb13a tempest-TaggedBootDevicesTest-1811470920 tempest-TaggedBootDevicesTest-1811470920-project-member] Determining version of request: GET /v2/schemas/image Accept: */* {{(pid=102937) process_request /opt/stack/glance/glance/api/middleware/version_negotiation.py:44}}
Jul 17 19:20:35.350650 np0000005375 devstack@g-api.service[102937]: DEBUG glance.api.middleware.version_negotiation [None req-84c30926-d7ff-4cbc-b88d-199eecbfb13a tempest-TaggedBootDevicesTest-1811470920 tempest-TaggedBootDevicesTest-1811470920-project-member] Using url versioning {{(pid=102937) process_request /opt/stack/glance/glance/api/middleware/version_negotiation.py:57}}
Jul 17 19:20:35.351271 np0000005375 devstack@g-api.service[102937]: DEBUG glance.api.middleware.version_negotiation [None req-84c30926-d7ff-4cbc-b88d-199eecbfb13a tempest-TaggedBootDevicesTest-1811470920 tempest-TaggedBootDevicesTest-1811470920-project-member] Matched version: v2 {{(pid=102937) process_request /opt/stack/glance/glance/api/middleware/version_negotiation.py:69}}
Jul 17 19:20:35.351271 np0000005375 devstack@g-api.service[102937]: DEBUG glance.api.middleware.version_negotiation [None req-84c30926-d7ff-4cbc-b88d-199eecbfb13a tempest-TaggedBootDevicesTest-1811470920 tempest-TaggedBootDevicesTest-1811470920-project-member] new path /v2/schemas/image {{(pid=102937) process_request /opt/stack/glance/glance/api/middleware/version_negotiation.py:70}}
Jul 17 19:20:35.353840 np0000005375 devstack@g-api.service[102937]: [pid: 102937|app: 0|req: 11/40] 127.0.0.1 () {44 vars in 1051 bytes} [Fri Jul 17 19:20:35 2026] GET /v2/schemas/image => generated 6083 bytes in 3 msecs (HTTP/1.1 200) 4 headers in 158 bytes (1 switches on core 0)
Jul 17 19:20:35.362505 np0000005375 devstack@g-api.service[102935]: DEBUG glance.api.middleware.version_negotiation [None req-84c30926-d7ff-4cbc-b88d-199eecbfb13a tempest-TaggedBootDevicesTest-1811470920 tempest-TaggedBootDevicesTest-1811470920-project-member] Determining version of request: GET /v2/images/ff33dcbb-8626-468e-898d-46c3f2feef00 Accept: */* {{(pid=102935) process_request /opt/stack/glance/glance/api/middleware/version_negotiation.py:44}}
Jul 17 19:20:35.362667 np0000005375 devstack@g-api.service[102935]: DEBUG glance.api.middleware.version_negotiation [None req-84c30926-d7ff-4cbc-b88d-199eecbfb13a tempest-TaggedBootDevicesTest-1811470920 tempest-TaggedBootDevicesTest-1811470920-project-member] Using url versioning {{(pid=102935) process_request /opt/stack/glance/glance/api/middleware/version_negotiation.py:57}}
Jul 17 19:20:35.362816 np0000005375 devstack@g-api.service[102935]: DEBUG glance.api.middleware.version_negotiation [None req-84c30926-d7ff-4cbc-b88d-199eecbfb13a tempest-TaggedBootDevicesTest-1811470920 tempest-TaggedBootDevicesTest-1811470920-project-member] Matched version: v2 {{(pid=102935) process_request /opt/stack/glance/glance/api/middleware/version_negotiation.py:69}}
Jul 17 19:20:35.362943 np0000005375 devstack@g-api.service[102935]: DEBUG glance.api.middleware.version_negotiation [None req-84c30926-d7ff-4cbc-b88d-199eecbfb13a tempest-TaggedBootDevicesTest-1811470920 tempest-TaggedBootDevicesTest-1811470920-project-member] new path /v2/images/ff33dcbb-8626-468e-898d-46c3f2feef00 {{(pid=102935) process_request /opt/stack/glance/glance/api/middleware/version_negotiation.py:70}}
Jul 17 19:20:35.379252 np0000005375 devstack@g-api.service[102935]: [pid: 102935|app: 0|req: 14/41] 127.0.0.1 () {44 vars in 1111 bytes} [Fri Jul 17 19:20:35 2026] GET /v2/images/ff33dcbb-8626-468e-898d-46c3f2feef00 => generated 1044 bytes in 17 msecs (HTTP/1.1 200) 4 headers in 158 bytes (1 switches on core 0)
Jul 17 19:20:35.392669 np0000005375 devstack@g-api.service[102937]: DEBUG glance.api.middleware.version_negotiation [None req-84c30926-d7ff-4cbc-b88d-199eecbfb13a tempest-TaggedBootDevicesTest-1811470920 tempest-TaggedBootDevicesTest-1811470920-project-member] Determining version of request: GET /v2/schemas/image Accept: */* {{(pid=102937) process_request /opt/stack/glance/glance/api/middleware/version_negotiation.py:44}}
Jul 17 19:20:35.392914 np0000005375 devstack@g-api.service[102937]: DEBUG glance.api.middleware.version_negotiation [None req-84c30926-d7ff-4cbc-b88d-199eecbfb13a tempest-TaggedBootDevicesTest-1811470920 tempest-TaggedBootDevicesTest-1811470920-project-member] Using url versioning {{(pid=102937) process_request /opt/stack/glance/glance/api/middleware/version_negotiation.py:57}}
Jul 17 19:20:35.393063 np0000005375 devstack@g-api.service[102937]: DEBUG glance.api.middleware.version_negotiation [None req-84c30926-d7ff-4cbc-b88d-199eecbfb13a tempest-TaggedBootDevicesTest-1811470920 tempest-TaggedBootDevicesTest-1811470920-project-member] Matched version: v2 {{(pid=102937) process_request /opt/stack/glance/glance/api/middleware/version_negotiation.py:69}}
Jul 17 19:20:35.393257 np0000005375 devstack@g-api.service[102937]: DEBUG glance.api.middleware.version_negotiation [None req-84c30926-d7ff-4cbc-b88d-199eecbfb13a tempest-TaggedBootDevicesTest-1811470920 tempest-TaggedBootDevicesTest-1811470920-project-member] new path /v2/schemas/image {{(pid=102937) process_request /opt/stack/glance/glance/api/middleware/version_negotiation.py:70}}
Jul 17 19:20:35.393876 np0000005375 devstack@g-api.service[102938]: DEBUG glance_store.backend [None req-b5472111-74c0-4259-8ddd-f939ee5b71d6 tempest-AttachSCSIVolumeTestJSON-2088166784 tempest-AttachSCSIVolumeTestJSON-2088166784-project-admin] Attempting to import store swift {{(pid=102938) _load_store /opt/stack/data/venv/lib/python3.12/site-packages/glance_store/backend.py:215}}
Jul 17 19:20:35.395976 np0000005375 devstack@g-api.service[102938]: DEBUG glance_store.capabilities [None req-b5472111-74c0-4259-8ddd-f939ee5b71d6 tempest-AttachSCSIVolumeTestJSON-2088166784 tempest-AttachSCSIVolumeTestJSON-2088166784-project-admin] Store glance_store._drivers.swift.store.SingleTenantStore doesn't support updating dynamic storage capabilities. Please overwrite 'update_capabilities' method of the store to implement updating logics if needed. {{(pid=102938) update_capabilities /opt/stack/data/venv/lib/python3.12/site-packages/glance_store/capabilities.py:91}}
Jul 17 19:20:35.396082 np0000005375 devstack@g-api.service[102938]: DEBUG glance_store.driver [None req-b5472111-74c0-4259-8ddd-f939ee5b71d6 tempest-AttachSCSIVolumeTestJSON-2088166784 tempest-AttachSCSIVolumeTestJSON-2088166784-project-admin] Late loading location class glance_store._drivers.swift.store.StoreLocation {{(pid=102938) get_store_location_class /opt/stack/data/venv/lib/python3.12/site-packages/glance_store/driver.py:134}}
Jul 17 19:20:35.396243 np0000005375 devstack@g-api.service[102938]: DEBUG glance_store.location [None req-b5472111-74c0-4259-8ddd-f939ee5b71d6 tempest-AttachSCSIVolumeTestJSON-2088166784 tempest-AttachSCSIVolumeTestJSON-2088166784-project-admin] Registering scheme swift+https with {'store': , 'location_class': , 'store_entry': 'swift'} {{(pid=102938) register_scheme_map /opt/stack/data/venv/lib/python3.12/site-packages/glance_store/location.py:146}}
Jul 17 19:20:35.396360 np0000005375 devstack@g-api.service[102938]: DEBUG glance_store.location [None req-b5472111-74c0-4259-8ddd-f939ee5b71d6 tempest-AttachSCSIVolumeTestJSON-2088166784 tempest-AttachSCSIVolumeTestJSON-2088166784-project-admin] Registering scheme swift+https with {'store': , 'location_class': , 'store_entry': 'swift'} {{(pid=102938) register_scheme_map /opt/stack/data/venv/lib/python3.12/site-packages/glance_store/location.py:146}}
Jul 17 19:20:35.396428 np0000005375 devstack@g-api.service[102938]: DEBUG glance_store.location [None req-b5472111-74c0-4259-8ddd-f939ee5b71d6 tempest-AttachSCSIVolumeTestJSON-2088166784 tempest-AttachSCSIVolumeTestJSON-2088166784-project-admin] Registering scheme swift with {'store': , 'location_class': , 'store_entry': 'swift'} {{(pid=102938) register_scheme_map /opt/stack/data/venv/lib/python3.12/site-packages/glance_store/location.py:146}}
Jul 17 19:20:35.396551 np0000005375 devstack@g-api.service[102938]: DEBUG glance_store.location [None req-b5472111-74c0-4259-8ddd-f939ee5b71d6 tempest-AttachSCSIVolumeTestJSON-2088166784 tempest-AttachSCSIVolumeTestJSON-2088166784-project-admin] Registering scheme swift+https with {'store': , 'location_class': , 'store_entry': 'swift'} {{(pid=102938) register_scheme_map /opt/stack/data/venv/lib/python3.12/site-packages/glance_store/location.py:146}}
Jul 17 19:20:35.396669 np0000005375 devstack@g-api.service[102938]: DEBUG glance_store.location [None req-b5472111-74c0-4259-8ddd-f939ee5b71d6 tempest-AttachSCSIVolumeTestJSON-2088166784 tempest-AttachSCSIVolumeTestJSON-2088166784-project-admin] Registering scheme swift with {'store': , 'location_class': , 'store_entry': 'swift'} {{(pid=102938) register_scheme_map /opt/stack/data/venv/lib/python3.12/site-packages/glance_store/location.py:146}}
Jul 17 19:20:35.396804 np0000005375 devstack@g-api.service[102938]: DEBUG glance_store.location [None req-b5472111-74c0-4259-8ddd-f939ee5b71d6 tempest-AttachSCSIVolumeTestJSON-2088166784 tempest-AttachSCSIVolumeTestJSON-2088166784-project-admin] Registering scheme swift+http with {'store': , 'location_class': , 'store_entry': 'swift'} {{(pid=102938) register_scheme_map /opt/stack/data/venv/lib/python3.12/site-packages/glance_store/location.py:146}}
Jul 17 19:20:35.396921 np0000005375 devstack@g-api.service[102938]: DEBUG glance_store.location [None req-b5472111-74c0-4259-8ddd-f939ee5b71d6 tempest-AttachSCSIVolumeTestJSON-2088166784 tempest-AttachSCSIVolumeTestJSON-2088166784-project-admin] Registering scheme swift+https with {'store': , 'location_class': , 'store_entry': 'swift'} {{(pid=102938) register_scheme_map /opt/stack/data/venv/lib/python3.12/site-packages/glance_store/location.py:146}}
Jul 17 19:20:35.397022 np0000005375 devstack@g-api.service[102938]: DEBUG glance_store.location [None req-b5472111-74c0-4259-8ddd-f939ee5b71d6 tempest-AttachSCSIVolumeTestJSON-2088166784 tempest-AttachSCSIVolumeTestJSON-2088166784-project-admin] Registering scheme swift with {'store': , 'location_class': , 'store_entry': 'swift'} {{(pid=102938) register_scheme_map /opt/stack/data/venv/lib/python3.12/site-packages/glance_store/location.py:146}}
Jul 17 19:20:35.397096 np0000005375 devstack@g-api.service[102938]: DEBUG glance_store.location [None req-b5472111-74c0-4259-8ddd-f939ee5b71d6 tempest-AttachSCSIVolumeTestJSON-2088166784 tempest-AttachSCSIVolumeTestJSON-2088166784-project-admin] Registering scheme swift+http with {'store': , 'location_class': , 'store_entry': 'swift'} {{(pid=102938) register_scheme_map /opt/stack/data/venv/lib/python3.12/site-packages/glance_store/location.py:146}}
Jul 17 19:20:35.397209 np0000005375 devstack@g-api.service[102938]: DEBUG glance_store.location [None req-b5472111-74c0-4259-8ddd-f939ee5b71d6 tempest-AttachSCSIVolumeTestJSON-2088166784 tempest-AttachSCSIVolumeTestJSON-2088166784-project-admin] Registering scheme swift+config with {'store': , 'location_class': , 'store_entry': 'swift'} {{(pid=102938) register_scheme_map /opt/stack/data/venv/lib/python3.12/site-packages/glance_store/location.py:146}}
Jul 17 19:20:35.397361 np0000005375 devstack@g-api.service[102937]: [pid: 102937|app: 0|req: 12/42] 127.0.0.1 () {44 vars in 1051 bytes} [Fri Jul 17 19:20:35 2026] GET /v2/schemas/image => generated 6083 bytes in 5 msecs (HTTP/1.1 200) 4 headers in 158 bytes (1 switches on core 0)
Jul 17 19:20:35.397401 np0000005375 devstack@g-api.service[102938]: DEBUG glance_store.backend [None req-b5472111-74c0-4259-8ddd-f939ee5b71d6 tempest-AttachSCSIVolumeTestJSON-2088166784 tempest-AttachSCSIVolumeTestJSON-2088166784-project-admin] Skipping store.set_acls... not implemented. {{(pid=102938) set_acls /opt/stack/data/venv/lib/python3.12/site-packages/glance_store/backend.py:507}}
Jul 17 19:20:35.401055 np0000005375 devstack@g-api.service[102938]: [pid: 102938|app: 0|req: 7/43] 127.0.0.1 () {40 vars in 854 bytes} [Fri Jul 17 19:20:32 2026] PUT /v2/images/c77be8e6-c174-44ea-967d-d2f49b8e424c/file => generated 0 bytes in 2514 msecs (HTTP/1.1 204) 4 headers in 171 bytes (1 switches on core 0)
Jul 17 19:20:35.409919 np0000005375 devstack@g-api.service[102935]: DEBUG glance.api.middleware.version_negotiation [None req-84c30926-d7ff-4cbc-b88d-199eecbfb13a tempest-TaggedBootDevicesTest-1811470920 tempest-TaggedBootDevicesTest-1811470920-project-member] Determining version of request: GET /v2/schemas/image Accept: */* {{(pid=102935) process_request /opt/stack/glance/glance/api/middleware/version_negotiation.py:44}}
Jul 17 19:20:35.410049 np0000005375 devstack@g-api.service[102935]: DEBUG glance.api.middleware.version_negotiation [None req-84c30926-d7ff-4cbc-b88d-199eecbfb13a tempest-TaggedBootDevicesTest-1811470920 tempest-TaggedBootDevicesTest-1811470920-project-member] Using url versioning {{(pid=102935) process_request /opt/stack/glance/glance/api/middleware/version_negotiation.py:57}}
Jul 17 19:20:35.410199 np0000005375 devstack@g-api.service[102935]: DEBUG glance.api.middleware.version_negotiation [None req-84c30926-d7ff-4cbc-b88d-199eecbfb13a tempest-TaggedBootDevicesTest-1811470920 tempest-TaggedBootDevicesTest-1811470920-project-member] Matched version: v2 {{(pid=102935) process_request /opt/stack/glance/glance/api/middleware/version_negotiation.py:69}}
Jul 17 19:20:35.410389 np0000005375 devstack@g-api.service[102935]: DEBUG glance.api.middleware.version_negotiation [None req-84c30926-d7ff-4cbc-b88d-199eecbfb13a tempest-TaggedBootDevicesTest-1811470920 tempest-TaggedBootDevicesTest-1811470920-project-member] new path /v2/schemas/image {{(pid=102935) process_request /opt/stack/glance/glance/api/middleware/version_negotiation.py:70}}
Jul 17 19:20:35.414546 np0000005375 devstack@g-api.service[102935]: [pid: 102935|app: 0|req: 15/44] 127.0.0.1 () {44 vars in 1051 bytes} [Fri Jul 17 19:20:35 2026] GET /v2/schemas/image => generated 6083 bytes in 5 msecs (HTTP/1.1 200) 4 headers in 158 bytes (1 switches on core 0)
Jul 17 19:20:35.467137 np0000005375 devstack@g-api.service[102937]: DEBUG glance.api.middleware.version_negotiation [None req-84c30926-d7ff-4cbc-b88d-199eecbfb13a tempest-TaggedBootDevicesTest-1811470920 tempest-TaggedBootDevicesTest-1811470920-project-member] Determining version of request: GET /v2/images/ff33dcbb-8626-468e-898d-46c3f2feef00 Accept: */* {{(pid=102937) process_request /opt/stack/glance/glance/api/middleware/version_negotiation.py:44}}
Jul 17 19:20:35.467137 np0000005375 devstack@g-api.service[102937]: DEBUG glance.api.middleware.version_negotiation [None req-84c30926-d7ff-4cbc-b88d-199eecbfb13a tempest-TaggedBootDevicesTest-1811470920 tempest-TaggedBootDevicesTest-1811470920-project-member] Using url versioning {{(pid=102937) process_request /opt/stack/glance/glance/api/middleware/version_negotiation.py:57}}
Jul 17 19:20:35.467380 np0000005375 devstack@g-api.service[102937]: DEBUG glance.api.middleware.version_negotiation [None req-84c30926-d7ff-4cbc-b88d-199eecbfb13a tempest-TaggedBootDevicesTest-1811470920 tempest-TaggedBootDevicesTest-1811470920-project-member] Matched version: v2 {{(pid=102937) process_request /opt/stack/glance/glance/api/middleware/version_negotiation.py:69}}
Jul 17 19:20:35.468001 np0000005375 devstack@g-api.service[102937]: DEBUG glance.api.middleware.version_negotiation [None req-84c30926-d7ff-4cbc-b88d-199eecbfb13a tempest-TaggedBootDevicesTest-1811470920 tempest-TaggedBootDevicesTest-1811470920-project-member] new path /v2/images/ff33dcbb-8626-468e-898d-46c3f2feef00 {{(pid=102937) process_request /opt/stack/glance/glance/api/middleware/version_negotiation.py:70}}
Jul 17 19:20:35.486371 np0000005375 devstack@g-api.service[102937]: [pid: 102937|app: 0|req: 13/45] 127.0.0.1 () {44 vars in 1111 bytes} [Fri Jul 17 19:20:35 2026] GET /v2/images/ff33dcbb-8626-468e-898d-46c3f2feef00 => generated 1044 bytes in 15 msecs (HTTP/1.1 200) 4 headers in 158 bytes (1 switches on core 0)
Jul 17 19:20:35.493441 np0000005375 devstack@g-api.service[102938]: DEBUG glance.api.middleware.version_negotiation [None req-b5472111-74c0-4259-8ddd-f939ee5b71d6 tempest-AttachSCSIVolumeTestJSON-2088166784 tempest-AttachSCSIVolumeTestJSON-2088166784-project-admin] Determining version of request: GET /v2/schemas/image Accept: */* {{(pid=102938) process_request /opt/stack/glance/glance/api/middleware/version_negotiation.py:44}}
Jul 17 19:20:35.495636 np0000005375 devstack@g-api.service[102938]: DEBUG glance.api.middleware.version_negotiation [None req-b5472111-74c0-4259-8ddd-f939ee5b71d6 tempest-AttachSCSIVolumeTestJSON-2088166784 tempest-AttachSCSIVolumeTestJSON-2088166784-project-admin] Using url versioning {{(pid=102938) process_request /opt/stack/glance/glance/api/middleware/version_negotiation.py:57}}
Jul 17 19:20:35.495636 np0000005375 devstack@g-api.service[102938]: DEBUG glance.api.middleware.version_negotiation [None req-b5472111-74c0-4259-8ddd-f939ee5b71d6 tempest-AttachSCSIVolumeTestJSON-2088166784 tempest-AttachSCSIVolumeTestJSON-2088166784-project-admin] Matched version: v2 {{(pid=102938) process_request /opt/stack/glance/glance/api/middleware/version_negotiation.py:69}}
Jul 17 19:20:35.495636 np0000005375 devstack@g-api.service[102938]: DEBUG glance.api.middleware.version_negotiation [None req-b5472111-74c0-4259-8ddd-f939ee5b71d6 tempest-AttachSCSIVolumeTestJSON-2088166784 tempest-AttachSCSIVolumeTestJSON-2088166784-project-admin] new path /v2/schemas/image {{(pid=102938) process_request /opt/stack/glance/glance/api/middleware/version_negotiation.py:70}}
Jul 17 19:20:35.497566 np0000005375 devstack@g-api.service[102938]: [pid: 102938|app: 0|req: 8/46] 127.0.0.1 () {44 vars in 1051 bytes} [Fri Jul 17 19:20:35 2026] GET /v2/schemas/image => generated 6083 bytes in 4 msecs (HTTP/1.1 200) 4 headers in 158 bytes (1 switches on core 0)
Jul 17 19:20:35.506509 np0000005375 devstack@g-api.service[102935]: DEBUG glance.api.middleware.version_negotiation [None req-84c30926-d7ff-4cbc-b88d-199eecbfb13a tempest-TaggedBootDevicesTest-1811470920 tempest-TaggedBootDevicesTest-1811470920-project-member] Determining version of request: GET /v2/schemas/image Accept: */* {{(pid=102935) process_request /opt/stack/glance/glance/api/middleware/version_negotiation.py:44}}
Jul 17 19:20:35.507208 np0000005375 devstack@g-api.service[102935]: DEBUG glance.api.middleware.version_negotiation [None req-84c30926-d7ff-4cbc-b88d-199eecbfb13a tempest-TaggedBootDevicesTest-1811470920 tempest-TaggedBootDevicesTest-1811470920-project-member] Using url versioning {{(pid=102935) process_request /opt/stack/glance/glance/api/middleware/version_negotiation.py:57}}
Jul 17 19:20:35.507208 np0000005375 devstack@g-api.service[102935]: DEBUG glance.api.middleware.version_negotiation [None req-84c30926-d7ff-4cbc-b88d-199eecbfb13a tempest-TaggedBootDevicesTest-1811470920 tempest-TaggedBootDevicesTest-1811470920-project-member] Matched version: v2 {{(pid=102935) process_request /opt/stack/glance/glance/api/middleware/version_negotiation.py:69}}
Jul 17 19:20:35.507208 np0000005375 devstack@g-api.service[102935]: DEBUG glance.api.middleware.version_negotiation [None req-84c30926-d7ff-4cbc-b88d-199eecbfb13a tempest-TaggedBootDevicesTest-1811470920 tempest-TaggedBootDevicesTest-1811470920-project-member] new path /v2/schemas/image {{(pid=102935) process_request /opt/stack/glance/glance/api/middleware/version_negotiation.py:70}}
Jul 17 19:20:35.510483 np0000005375 devstack@g-api.service[102935]: [pid: 102935|app: 0|req: 16/47] 127.0.0.1 () {44 vars in 1051 bytes} [Fri Jul 17 19:20:35 2026] GET /v2/schemas/image => generated 6083 bytes in 4 msecs (HTTP/1.1 200) 4 headers in 158 bytes (1 switches on core 0)
Jul 17 19:20:35.548949 np0000005375 devstack@g-api.service[102936]: [pid: 102936|app: 0|req: 11/48] 127.0.0.1 () {44 vars in 1131 bytes} [Fri Jul 17 19:20:35 2026] GET /v2/images/ff33dcbb-8626-468e-898d-46c3f2feef00/locations => generated 92 bytes in 494 msecs (HTTP/1.1 200) 4 headers in 156 bytes (1 switches on core 0)
Jul 17 19:20:35.561277 np0000005375 devstack@g-api.service[102937]: DEBUG glance.api.middleware.version_negotiation [None req-84c30926-d7ff-4cbc-b88d-199eecbfb13a tempest-TaggedBootDevicesTest-1811470920 tempest-TaggedBootDevicesTest-1811470920-project-member] Determining version of request: GET /v2/images/ff33dcbb-8626-468e-898d-46c3f2feef00 Accept: */* {{(pid=102937) process_request /opt/stack/glance/glance/api/middleware/version_negotiation.py:44}}
Jul 17 19:20:35.561554 np0000005375 devstack@g-api.service[102937]: DEBUG glance.api.middleware.version_negotiation [None req-84c30926-d7ff-4cbc-b88d-199eecbfb13a tempest-TaggedBootDevicesTest-1811470920 tempest-TaggedBootDevicesTest-1811470920-project-member] Using url versioning {{(pid=102937) process_request /opt/stack/glance/glance/api/middleware/version_negotiation.py:57}}
Jul 17 19:20:35.561730 np0000005375 devstack@g-api.service[102937]: DEBUG glance.api.middleware.version_negotiation [None req-84c30926-d7ff-4cbc-b88d-199eecbfb13a tempest-TaggedBootDevicesTest-1811470920 tempest-TaggedBootDevicesTest-1811470920-project-member] Matched version: v2 {{(pid=102937) process_request /opt/stack/glance/glance/api/middleware/version_negotiation.py:69}}
Jul 17 19:20:35.561828 np0000005375 devstack@g-api.service[102937]: DEBUG glance.api.middleware.version_negotiation [None req-84c30926-d7ff-4cbc-b88d-199eecbfb13a tempest-TaggedBootDevicesTest-1811470920 tempest-TaggedBootDevicesTest-1811470920-project-member] new path /v2/images/ff33dcbb-8626-468e-898d-46c3f2feef00 {{(pid=102937) process_request /opt/stack/glance/glance/api/middleware/version_negotiation.py:70}}
Jul 17 19:20:35.573663 np0000005375 devstack@g-api.service[102937]: [pid: 102937|app: 0|req: 14/49] 127.0.0.1 () {44 vars in 1111 bytes} [Fri Jul 17 19:20:35 2026] GET /v2/images/ff33dcbb-8626-468e-898d-46c3f2feef00 => generated 1044 bytes in 13 msecs (HTTP/1.1 200) 4 headers in 158 bytes (1 switches on core 0)
Jul 17 19:20:35.583239 np0000005375 devstack@g-api.service[102938]: DEBUG glance.api.middleware.version_negotiation [None req-84c30926-d7ff-4cbc-b88d-199eecbfb13a tempest-TaggedBootDevicesTest-1811470920 tempest-TaggedBootDevicesTest-1811470920-project-member] Determining version of request: GET /v2/schemas/image Accept: */* {{(pid=102938) process_request /opt/stack/glance/glance/api/middleware/version_negotiation.py:44}}
Jul 17 19:20:35.583731 np0000005375 devstack@g-api.service[102938]: DEBUG glance.api.middleware.version_negotiation [None req-84c30926-d7ff-4cbc-b88d-199eecbfb13a tempest-TaggedBootDevicesTest-1811470920 tempest-TaggedBootDevicesTest-1811470920-project-member] Using url versioning {{(pid=102938) process_request /opt/stack/glance/glance/api/middleware/version_negotiation.py:57}}
Jul 17 19:20:35.583731 np0000005375 devstack@g-api.service[102938]: DEBUG glance.api.middleware.version_negotiation [None req-84c30926-d7ff-4cbc-b88d-199eecbfb13a tempest-TaggedBootDevicesTest-1811470920 tempest-TaggedBootDevicesTest-1811470920-project-member] Matched version: v2 {{(pid=102938) process_request /opt/stack/glance/glance/api/middleware/version_negotiation.py:69}}
Jul 17 19:20:35.583990 np0000005375 devstack@g-api.service[102938]: DEBUG glance.api.middleware.version_negotiation [None req-84c30926-d7ff-4cbc-b88d-199eecbfb13a tempest-TaggedBootDevicesTest-1811470920 tempest-TaggedBootDevicesTest-1811470920-project-member] new path /v2/schemas/image {{(pid=102938) process_request /opt/stack/glance/glance/api/middleware/version_negotiation.py:70}}
Jul 17 19:20:35.586098 np0000005375 devstack@g-api.service[102938]: [pid: 102938|app: 0|req: 9/50] 127.0.0.1 () {44 vars in 1051 bytes} [Fri Jul 17 19:20:35 2026] GET /v2/schemas/image => generated 6083 bytes in 3 msecs (HTTP/1.1 200) 4 headers in 158 bytes (1 switches on core 0)
Jul 17 19:20:35.600185 np0000005375 devstack@g-api.service[102935]: DEBUG glance.api.middleware.version_negotiation [None req-84c30926-d7ff-4cbc-b88d-199eecbfb13a tempest-TaggedBootDevicesTest-1811470920 tempest-TaggedBootDevicesTest-1811470920-project-member] Determining version of request: GET /v2/schemas/image Accept: */* {{(pid=102935) process_request /opt/stack/glance/glance/api/middleware/version_negotiation.py:44}}
Jul 17 19:20:35.600408 np0000005375 devstack@g-api.service[102935]: DEBUG glance.api.middleware.version_negotiation [None req-84c30926-d7ff-4cbc-b88d-199eecbfb13a tempest-TaggedBootDevicesTest-1811470920 tempest-TaggedBootDevicesTest-1811470920-project-member] Using url versioning {{(pid=102935) process_request /opt/stack/glance/glance/api/middleware/version_negotiation.py:57}}
Jul 17 19:20:35.600646 np0000005375 devstack@g-api.service[102935]: DEBUG glance.api.middleware.version_negotiation [None req-84c30926-d7ff-4cbc-b88d-199eecbfb13a tempest-TaggedBootDevicesTest-1811470920 tempest-TaggedBootDevicesTest-1811470920-project-member] Matched version: v2 {{(pid=102935) process_request /opt/stack/glance/glance/api/middleware/version_negotiation.py:69}}
Jul 17 19:20:35.600883 np0000005375 devstack@g-api.service[102935]: DEBUG glance.api.middleware.version_negotiation [None req-84c30926-d7ff-4cbc-b88d-199eecbfb13a tempest-TaggedBootDevicesTest-1811470920 tempest-TaggedBootDevicesTest-1811470920-project-member] new path /v2/schemas/image {{(pid=102935) process_request /opt/stack/glance/glance/api/middleware/version_negotiation.py:70}}
Jul 17 19:20:35.603274 np0000005375 devstack@g-api.service[102935]: [pid: 102935|app: 0|req: 17/51] 127.0.0.1 () {44 vars in 1051 bytes} [Fri Jul 17 19:20:35 2026] GET /v2/schemas/image => generated 6083 bytes in 3 msecs (HTTP/1.1 200) 4 headers in 158 bytes (1 switches on core 0)
Jul 17 19:20:35.643456 np0000005375 devstack@g-api.service[102936]: DEBUG glance.api.middleware.version_negotiation [None req-121dad2b-d410-443d-bc72-ec413aef2325 service glance] Determining version of request: GET /v2/images/ff33dcbb-8626-468e-898d-46c3f2feef00 Accept: */* {{(pid=102936) process_request /opt/stack/glance/glance/api/middleware/version_negotiation.py:44}}
Jul 17 19:20:35.643456 np0000005375 devstack@g-api.service[102936]: DEBUG glance.api.middleware.version_negotiation [None req-121dad2b-d410-443d-bc72-ec413aef2325 service glance] Using url versioning {{(pid=102936) process_request /opt/stack/glance/glance/api/middleware/version_negotiation.py:57}}
Jul 17 19:20:35.643456 np0000005375 devstack@g-api.service[102936]: DEBUG glance.api.middleware.version_negotiation [None req-121dad2b-d410-443d-bc72-ec413aef2325 service glance] Matched version: v2 {{(pid=102936) process_request /opt/stack/glance/glance/api/middleware/version_negotiation.py:69}}
Jul 17 19:20:35.643606 np0000005375 devstack@g-api.service[102936]: DEBUG glance.api.middleware.version_negotiation [None req-121dad2b-d410-443d-bc72-ec413aef2325 service glance] new path /v2/images/ff33dcbb-8626-468e-898d-46c3f2feef00 {{(pid=102936) process_request /opt/stack/glance/glance/api/middleware/version_negotiation.py:70}}
Jul 17 19:20:35.654021 np0000005375 devstack@g-api.service[102936]: [pid: 102936|app: 0|req: 12/52] 127.0.0.1 () {44 vars in 1111 bytes} [Fri Jul 17 19:20:35 2026] GET /v2/images/ff33dcbb-8626-468e-898d-46c3f2feef00 => generated 1044 bytes in 10 msecs (HTTP/1.1 200) 4 headers in 158 bytes (1 switches on core 0)
Jul 17 19:20:35.665804 np0000005375 devstack@g-api.service[102937]: DEBUG glance.api.middleware.version_negotiation [None req-121dad2b-d410-443d-bc72-ec413aef2325 tempest-TaggedBootDevicesTest_v242-543774472 tempest-TaggedBootDevicesTest_v242-543774472-project-member] Determining version of request: GET /v2/images/ff33dcbb-8626-468e-898d-46c3f2feef00/file Accept: */* {{(pid=102937) process_request /opt/stack/glance/glance/api/middleware/version_negotiation.py:44}}
Jul 17 19:20:35.666076 np0000005375 devstack@g-api.service[102937]: DEBUG glance.api.middleware.version_negotiation [None req-121dad2b-d410-443d-bc72-ec413aef2325 tempest-TaggedBootDevicesTest_v242-543774472 tempest-TaggedBootDevicesTest_v242-543774472-project-member] Using url versioning {{(pid=102937) process_request /opt/stack/glance/glance/api/middleware/version_negotiation.py:57}}
Jul 17 19:20:35.666281 np0000005375 devstack@g-api.service[102937]: DEBUG glance.api.middleware.version_negotiation [None req-121dad2b-d410-443d-bc72-ec413aef2325 tempest-TaggedBootDevicesTest_v242-543774472 tempest-TaggedBootDevicesTest_v242-543774472-project-member] Matched version: v2 {{(pid=102937) process_request /opt/stack/glance/glance/api/middleware/version_negotiation.py:69}}
Jul 17 19:20:35.666435 np0000005375 devstack@g-api.service[102937]: DEBUG glance.api.middleware.version_negotiation [None req-121dad2b-d410-443d-bc72-ec413aef2325 tempest-TaggedBootDevicesTest_v242-543774472 tempest-TaggedBootDevicesTest_v242-543774472-project-member] new path /v2/images/ff33dcbb-8626-468e-898d-46c3f2feef00/file {{(pid=102937) process_request /opt/stack/glance/glance/api/middleware/version_negotiation.py:70}}
Jul 17 19:20:35.678791 np0000005375 devstack@g-api.service[102937]: DEBUG glance.api.middleware.cache [None req-121dad2b-d410-443d-bc72-ec413aef2325 tempest-TaggedBootDevicesTest_v242-543774472 tempest-TaggedBootDevicesTest_v242-543774472-project-member] Cache hit for image 'ff33dcbb-8626-468e-898d-46c3f2feef00' {{(pid=102937) process_request /opt/stack/glance/glance/api/middleware/cache.py:160}}
Jul 17 19:20:35.755155 np0000005375 devstack@g-api.service[102937]: [pid: 102937|app: 0|req: 15/53] 127.0.0.1 () {44 vars in 1121 bytes} [Fri Jul 17 19:20:35 2026] GET /v2/images/ff33dcbb-8626-468e-898d-46c3f2feef00/file => generated 21692416 bytes in 90 msecs (HTTP/1.1 200) 5 headers in 217 bytes (339 switches on core 0)
