Aug 08 18:27:37.259694 np0000006794 devstack@g-api.service[99756]: DEBUG glance_store.capabilities [-] Store glance_store._drivers.swift.store.SingleTenantStore doesn't support updating dynamic storage capabilities. Please overwrite 'update_capabilities' method of the store to implement updating logics if needed. {{(pid=99756) update_capabilities /opt/stack/data/venv/lib/python3.12/site-packages/glance_store/capabilities.py:91}}
Aug 08 18:27:37.259789 np0000006794 devstack@g-api.service[99756]: DEBUG glance_store.backend [-] Registering store swift with schemes ('swift+https', 'swift', 'swift+http', 'swift+config') {{(pid=99756) create_stores /opt/stack/data/venv/lib/python3.12/site-packages/glance_store/backend.py:261}}
Aug 08 18:27:37.259886 np0000006794 devstack@g-api.service[99756]: DEBUG glance_store.driver [-] Late loading location class glance_store._drivers.swift.store.StoreLocation {{(pid=99756) get_store_location_class /opt/stack/data/venv/lib/python3.12/site-packages/glance_store/driver.py:134}}
Aug 08 18:27:37.259990 np0000006794 devstack@g-api.service[99756]: DEBUG glance_store.location [-] Registering scheme swift+https with {'store': , 'location_class': , 'store_entry': 'swift'} {{(pid=99756) register_scheme_map /opt/stack/data/venv/lib/python3.12/site-packages/glance_store/location.py:146}}
Aug 08 18:27:37.260072 np0000006794 devstack@g-api.service[99756]: DEBUG glance_store.location [-] Registering scheme swift with {'store': , 'location_class': , 'store_entry': 'swift'} {{(pid=99756) register_scheme_map /opt/stack/data/venv/lib/python3.12/site-packages/glance_store/location.py:146}}
Aug 08 18:27:37.260164 np0000006794 devstack@g-api.service[99756]: DEBUG glance_store.location [-] Registering scheme swift+http with {'store': , 'location_class': , 'store_entry': 'swift'} {{(pid=99756) register_scheme_map /opt/stack/data/venv/lib/python3.12/site-packages/glance_store/location.py:146}}
Aug 08 18:27:37.260250 np0000006794 devstack@g-api.service[99756]: DEBUG glance_store.location [-] Registering scheme swift+config with {'store': , 'location_class': , 'store_entry': 'swift'} {{(pid=99756) register_scheme_map /opt/stack/data/venv/lib/python3.12/site-packages/glance_store/location.py:146}}
Aug 08 18:27:37.260341 np0000006794 devstack@g-api.service[99756]: DEBUG glance_store.backend [-] Attempting to import store http {{(pid=99756) _load_store /opt/stack/data/venv/lib/python3.12/site-packages/glance_store/backend.py:215}}
Aug 08 18:27:37.260665 np0000006794 devstack@g-api.service[99756]: DEBUG glance_store.capabilities [-] Store glance_store._drivers.http.Store doesn't support updating dynamic storage capabilities. Please overwrite 'update_capabilities' method of the store to implement updating logics if needed. {{(pid=99756) update_capabilities /opt/stack/data/venv/lib/python3.12/site-packages/glance_store/capabilities.py:91}}
Aug 08 18:27:37.260756 np0000006794 devstack@g-api.service[99756]: DEBUG glance_store.backend [-] Registering store http with schemes ('http', 'https') {{(pid=99756) create_stores /opt/stack/data/venv/lib/python3.12/site-packages/glance_store/backend.py:261}}
Aug 08 18:27:37.260849 np0000006794 devstack@g-api.service[99756]: DEBUG glance_store.driver [-] Late loading location class glance_store._drivers.http.StoreLocation {{(pid=99756) get_store_location_class /opt/stack/data/venv/lib/python3.12/site-packages/glance_store/driver.py:134}}
Aug 08 18:27:37.260951 np0000006794 devstack@g-api.service[99756]: DEBUG glance_store.location [-] Registering scheme http with {'store': , 'location_class': , 'store_entry': 'http'} {{(pid=99756) register_scheme_map /opt/stack/data/venv/lib/python3.12/site-packages/glance_store/location.py:146}}
Aug 08 18:27:37.261033 np0000006794 devstack@g-api.service[99756]: DEBUG glance_store.location [-] Registering scheme https with {'store': , 'location_class': , 'store_entry': 'http'} {{(pid=99756) register_scheme_map /opt/stack/data/venv/lib/python3.12/site-packages/glance_store/location.py:146}}
Aug 08 18:27:37.261179 np0000006794 devstack@g-api.service[99756]: DEBUG glance_store.backend [-] Attempting to import store swift {{(pid=99756) _load_store /opt/stack/data/venv/lib/python3.12/site-packages/glance_store/backend.py:215}}
Aug 08 18:27:37.263000 np0000006794 devstack@g-api.service[99756]: DEBUG glance_store.capabilities [-] Store glance_store._drivers.swift.store.SingleTenantStore doesn't support updating dynamic storage capabilities. Please overwrite 'update_capabilities' method of the store to implement updating logics if needed. {{(pid=99756) update_capabilities /opt/stack/data/venv/lib/python3.12/site-packages/glance_store/capabilities.py:91}}
Aug 08 18:27:37.263052 np0000006794 devstack@g-api.service[99756]: DEBUG glance_store.driver [-] Late loading location class glance_store._drivers.swift.store.StoreLocation {{(pid=99756) get_store_location_class /opt/stack/data/venv/lib/python3.12/site-packages/glance_store/driver.py:134}}
Aug 08 18:27:37.263144 np0000006794 devstack@g-api.service[99756]: DEBUG glance_store.location [-] Registering scheme swift+https with {'store': , 'location_class': , 'store_entry': 'swift'} {{(pid=99756) register_scheme_map /opt/stack/data/venv/lib/python3.12/site-packages/glance_store/location.py:146}}
Aug 08 18:27:37.263233 np0000006794 devstack@g-api.service[99756]: DEBUG glance_store.location [-] Registering scheme swift+https with {'store': , 'location_class': , 'store_entry': 'swift'} {{(pid=99756) register_scheme_map /opt/stack/data/venv/lib/python3.12/site-packages/glance_store/location.py:146}}
Aug 08 18:27:37.263319 np0000006794 devstack@g-api.service[99756]: DEBUG glance_store.location [-] Registering scheme swift with {'store': , 'location_class': , 'store_entry': 'swift'} {{(pid=99756) register_scheme_map /opt/stack/data/venv/lib/python3.12/site-packages/glance_store/location.py:146}}
Aug 08 18:27:37.263419 np0000006794 devstack@g-api.service[99756]: DEBUG glance_store.location [-] Registering scheme swift+https with {'store': , 'location_class': , 'store_entry': 'swift'} {{(pid=99756) register_scheme_map /opt/stack/data/venv/lib/python3.12/site-packages/glance_store/location.py:146}}
Aug 08 18:27:37.263550 np0000006794 devstack@g-api.service[99756]: DEBUG glance_store.location [-] Registering scheme swift with {'store': , 'location_class': , 'store_entry': 'swift'} {{(pid=99756) register_scheme_map /opt/stack/data/venv/lib/python3.12/site-packages/glance_store/location.py:146}}
Aug 08 18:27:37.263639 np0000006794 devstack@g-api.service[99756]: DEBUG glance_store.location [-] Registering scheme swift+http with {'store': , 'location_class': , 'store_entry': 'swift'} {{(pid=99756) register_scheme_map /opt/stack/data/venv/lib/python3.12/site-packages/glance_store/location.py:146}}
Aug 08 18:27:37.263729 np0000006794 devstack@g-api.service[99756]: DEBUG glance_store.location [-] Registering scheme swift+https with {'store': , 'location_class': , 'store_entry': 'swift'} {{(pid=99756) register_scheme_map /opt/stack/data/venv/lib/python3.12/site-packages/glance_store/location.py:146}}
Aug 08 18:27:37.263817 np0000006794 devstack@g-api.service[99756]: DEBUG glance_store.location [-] Registering scheme swift with {'store': , 'location_class': , 'store_entry': 'swift'} {{(pid=99756) register_scheme_map /opt/stack/data/venv/lib/python3.12/site-packages/glance_store/location.py:146}}
Aug 08 18:27:37.263903 np0000006794 devstack@g-api.service[99756]: DEBUG glance_store.location [-] Registering scheme swift+http with {'store': , 'location_class': , 'store_entry': 'swift'} {{(pid=99756) register_scheme_map /opt/stack/data/venv/lib/python3.12/site-packages/glance_store/location.py:146}}
Aug 08 18:27:37.263988 np0000006794 devstack@g-api.service[99756]: DEBUG glance_store.location [-] Registering scheme swift+config with {'store': , 'location_class': , 'store_entry': 'swift'} {{(pid=99756) register_scheme_map /opt/stack/data/venv/lib/python3.12/site-packages/glance_store/location.py:146}}
Aug 08 18:27:37.264405 np0000006794 devstack@g-api.service[99756]: DEBUG glance.sqlite_migration [-] SQLite caching database not located, skipping migration {{(pid=99756) get_db_path /opt/stack/glance/glance/sqlite_migration.py:68}}
Aug 08 18:27:37.264727 np0000006794 devstack@g-api.service[99756]: WARNING glance.common.wsgi_app [-] Import methods are enabled but staging directory /tmp/staging/ does not exist; Imports will fail!
Aug 08 18:27:37.388590 np0000006794 devstack@g-api.service[99754]: DEBUG glance.common.config [None req-4191ea57-b6e8-46f5-bda1-7df53f94b02c None None] Loading glance-api-keystone+cachemanagement from /etc/glance/glance-api-paste.ini {{(pid=99754) load_paste_app /opt/stack/glance/glance/common/config.py:765}}
Aug 08 18:27:37.403224 np0000006794 devstack@g-api.service[99756]: DEBUG glance.common.config [None req-d7ca6883-1c30-44d2-89a0-c40ce9b7c4d0 None None] Loading glance-api-keystone+cachemanagement from /etc/glance/glance-api-paste.ini {{(pid=99756) load_paste_app /opt/stack/glance/glance/common/config.py:765}}
Aug 08 18:27:37.988230 np0000006794 devstack@g-api.service[99755]: INFO glance.image_cache [None req-2a7aedb0-aa3b-42bc-a520-4670e00f3cad None None] Image cache loaded driver 'centralized_db'.
Aug 08 18:27:38.012722 np0000006794 devstack@g-api.service[99756]: INFO glance.image_cache [None req-d7ca6883-1c30-44d2-89a0-c40ce9b7c4d0 None None] Image cache loaded driver 'centralized_db'.
Aug 08 18:27:38.030248 np0000006794 devstack@g-api.service[99754]: INFO glance.image_cache [None req-4191ea57-b6e8-46f5-bda1-7df53f94b02c None None] Image cache loaded driver 'centralized_db'.
Aug 08 18:27:38.038520 np0000006794 devstack@g-api.service[99755]: INFO dbcounter [None req-2a7aedb0-aa3b-42bc-a520-4670e00f3cad None None] Registered counter for database glance
Aug 08 18:27:38.061986 np0000006794 devstack@g-api.service[99756]: INFO dbcounter [None req-d7ca6883-1c30-44d2-89a0-c40ce9b7c4d0 None None] Registered counter for database glance
Aug 08 18:27:38.076603 np0000006794 devstack@g-api.service[99754]: INFO dbcounter [None req-4191ea57-b6e8-46f5-bda1-7df53f94b02c None None] Registered counter for database glance
Aug 08 18:27:38.090600 np0000006794 devstack@g-api.service[99755]: DEBUG oslo_db.sqlalchemy.engines [None req-2a7aedb0-aa3b-42bc-a520-4670e00f3cad None None] MySQL server mode set to STRICT_TRANS_TABLES,STRICT_ALL_TABLES,NO_ZERO_IN_DATE,NO_ZERO_DATE,ERROR_FOR_DIVISION_BY_ZERO,TRADITIONAL,NO_ENGINE_SUBSTITUTION {{(pid=99755) _check_effective_sql_mode /opt/stack/data/venv/lib/python3.12/site-packages/oslo_db/sqlalchemy/engines.py:325}}
Aug 08 18:27:38.106193 np0000006794 devstack@g-api.service[99756]: DEBUG oslo_db.sqlalchemy.engines [None req-d7ca6883-1c30-44d2-89a0-c40ce9b7c4d0 None None] MySQL server mode set to STRICT_TRANS_TABLES,STRICT_ALL_TABLES,NO_ZERO_IN_DATE,NO_ZERO_DATE,ERROR_FOR_DIVISION_BY_ZERO,TRADITIONAL,NO_ENGINE_SUBSTITUTION {{(pid=99756) _check_effective_sql_mode /opt/stack/data/venv/lib/python3.12/site-packages/oslo_db/sqlalchemy/engines.py:325}}
Aug 08 18:27:38.123745 np0000006794 devstack@g-api.service[99754]: DEBUG oslo_db.sqlalchemy.engines [None req-4191ea57-b6e8-46f5-bda1-7df53f94b02c None None] MySQL server mode set to STRICT_TRANS_TABLES,STRICT_ALL_TABLES,NO_ZERO_IN_DATE,NO_ZERO_DATE,ERROR_FOR_DIVISION_BY_ZERO,TRADITIONAL,NO_ENGINE_SUBSTITUTION {{(pid=99754) _check_effective_sql_mode /opt/stack/data/venv/lib/python3.12/site-packages/oslo_db/sqlalchemy/engines.py:325}}
Aug 08 18:27:38.219234 np0000006794 devstack@g-api.service[99755]: DEBUG dbcounter [-] [99755] Writer thread running {{(pid=99755) stat_writer /opt/stack/data/venv/lib/python3.12/site-packages/dbcounter.py:102}}
Aug 08 18:27:38.223859 np0000006794 devstack@g-api.service[99756]: DEBUG dbcounter [-] [99756] Writer thread running {{(pid=99756) stat_writer /opt/stack/data/venv/lib/python3.12/site-packages/dbcounter.py:102}}
Aug 08 18:27:38.226747 np0000006794 devstack@g-api.service[99756]: DEBUG glance.image_cache.drivers.centralized_db [None req-d7ca6883-1c30-44d2-89a0-c40ce9b7c4d0 None None] Node reference is already recorded, ignoring it {{(pid=99756) configure /opt/stack/glance/glance/image_cache/drivers/centralized_db.py:71}}
Aug 08 18:27:38.235660 np0000006794 devstack@g-api.service[99756]: INFO glance.image_cache [None req-d7ca6883-1c30-44d2-89a0-c40ce9b7c4d0 None None] Image cache loaded driver 'centralized_db'.
Aug 08 18:27:38.235863 np0000006794 devstack@g-api.service[99755]: INFO glance.image_cache [None req-2a7aedb0-aa3b-42bc-a520-4670e00f3cad None None] Image cache loaded driver 'centralized_db'.
Aug 08 18:27:38.245674 np0000006794 devstack@g-api.service[99755]: DEBUG glance.image_cache.drivers.centralized_db [None req-2a7aedb0-aa3b-42bc-a520-4670e00f3cad None None] Node reference is already recorded, ignoring it {{(pid=99755) configure /opt/stack/glance/glance/image_cache/drivers/centralized_db.py:71}}
Aug 08 18:27:38.246210 np0000006794 devstack@g-api.service[99756]: DEBUG glance.image_cache.drivers.centralized_db [None req-d7ca6883-1c30-44d2-89a0-c40ce9b7c4d0 None None] Node reference is already recorded, ignoring it {{(pid=99756) configure /opt/stack/glance/glance/image_cache/drivers/centralized_db.py:71}}
Aug 08 18:27:38.250869 np0000006794 devstack@g-api.service[99755]: DEBUG glance.api.v2.cached_images [None req-2a7aedb0-aa3b-42bc-a520-4670e00f3cad None None] Started cache worker thread {{(pid=99755) __init__ /opt/stack/glance/glance/api/v2/cached_images.py:71}}
Aug 08 18:27:38.251724 np0000006794 devstack@g-api.service[99754]: DEBUG dbcounter [-] [99754] Writer thread running {{(pid=99754) stat_writer /opt/stack/data/venv/lib/python3.12/site-packages/dbcounter.py:102}}
Aug 08 18:27:38.251821 np0000006794 devstack@g-api.service[99755]: INFO glance.image_cache [None req-2a7aedb0-aa3b-42bc-a520-4670e00f3cad None None] Image cache loaded driver 'centralized_db'.
Aug 08 18:27:38.253373 np0000006794 devstack@g-api.service[99756]: DEBUG glance.api.v2.cached_images [None req-d7ca6883-1c30-44d2-89a0-c40ce9b7c4d0 None None] Started cache worker thread {{(pid=99756) __init__ /opt/stack/glance/glance/api/v2/cached_images.py:71}}
Aug 08 18:27:38.254059 np0000006794 devstack@g-api.service[99756]: INFO glance.image_cache [None req-d7ca6883-1c30-44d2-89a0-c40ce9b7c4d0 None None] Image cache loaded driver 'centralized_db'.
Aug 08 18:27:38.255269 np0000006794 devstack@g-api.service[99754]: DEBUG glance.image_cache.drivers.centralized_db [None req-4191ea57-b6e8-46f5-bda1-7df53f94b02c None None] Node reference is already recorded, ignoring it {{(pid=99754) configure /opt/stack/glance/glance/image_cache/drivers/centralized_db.py:71}}
Aug 08 18:27:38.259260 np0000006794 devstack@g-api.service[99755]: DEBUG glance.image_cache.drivers.centralized_db [None req-2a7aedb0-aa3b-42bc-a520-4670e00f3cad None None] Node reference is already recorded, ignoring it {{(pid=99755) configure /opt/stack/glance/glance/image_cache/drivers/centralized_db.py:71}}
Aug 08 18:27:38.262896 np0000006794 devstack@g-api.service[99754]: INFO glance.image_cache [None req-4191ea57-b6e8-46f5-bda1-7df53f94b02c None None] Image cache loaded driver 'centralized_db'.
Aug 08 18:27:38.264307 np0000006794 devstack@g-api.service[99756]: DEBUG glance.image_cache.drivers.centralized_db [None req-d7ca6883-1c30-44d2-89a0-c40ce9b7c4d0 None None] Node reference is already recorded, ignoring it {{(pid=99756) configure /opt/stack/glance/glance/image_cache/drivers/centralized_db.py:71}}
Aug 08 18:27:38.265947 np0000006794 devstack@g-api.service[99755]: INFO glance.api.middleware.cache_manage [None req-2a7aedb0-aa3b-42bc-a520-4670e00f3cad None None] Initialized image cache management middleware
Aug 08 18:27:38.266128 np0000006794 devstack@g-api.service[99755]: INFO glance.image_cache [None req-2a7aedb0-aa3b-42bc-a520-4670e00f3cad None None] Image cache loaded driver 'centralized_db'.
Aug 08 18:27:38.272531 np0000006794 devstack@g-api.service[99754]: DEBUG glance.image_cache.drivers.centralized_db [None req-4191ea57-b6e8-46f5-bda1-7df53f94b02c None None] Node reference is already recorded, ignoring it {{(pid=99754) configure /opt/stack/glance/glance/image_cache/drivers/centralized_db.py:71}}
Aug 08 18:27:38.272675 np0000006794 devstack@g-api.service[99756]: INFO glance.api.middleware.cache_manage [None req-d7ca6883-1c30-44d2-89a0-c40ce9b7c4d0 None None] Initialized image cache management middleware
Aug 08 18:27:38.272872 np0000006794 devstack@g-api.service[99755]: DEBUG glance.image_cache.drivers.centralized_db [None req-2a7aedb0-aa3b-42bc-a520-4670e00f3cad None None] Node reference is already recorded, ignoring it {{(pid=99755) configure /opt/stack/glance/glance/image_cache/drivers/centralized_db.py:71}}
Aug 08 18:27:38.272924 np0000006794 devstack@g-api.service[99756]: INFO glance.image_cache [None req-d7ca6883-1c30-44d2-89a0-c40ce9b7c4d0 None None] Image cache loaded driver 'centralized_db'.
Aug 08 18:27:38.276611 np0000006794 devstack@g-api.service[99755]: INFO glance.api.middleware.cache [None req-2a7aedb0-aa3b-42bc-a520-4670e00f3cad None None] Initialized image cache middleware
Aug 08 18:27:38.279636 np0000006794 devstack@g-api.service[99754]: DEBUG glance.api.v2.cached_images [None req-4191ea57-b6e8-46f5-bda1-7df53f94b02c None None] Started cache worker thread {{(pid=99754) __init__ /opt/stack/glance/glance/api/v2/cached_images.py:71}}
Aug 08 18:27:38.280406 np0000006794 devstack@g-api.service[99754]: INFO glance.image_cache [None req-4191ea57-b6e8-46f5-bda1-7df53f94b02c None None] Image cache loaded driver 'centralized_db'.
Aug 08 18:27:38.282140 np0000006794 devstack@g-api.service[99756]: DEBUG glance.image_cache.drivers.centralized_db [None req-d7ca6883-1c30-44d2-89a0-c40ce9b7c4d0 None None] Node reference is already recorded, ignoring it {{(pid=99756) configure /opt/stack/glance/glance/image_cache/drivers/centralized_db.py:71}}
Aug 08 18:27:38.287742 np0000006794 devstack@g-api.service[99756]: INFO glance.api.middleware.cache [None req-d7ca6883-1c30-44d2-89a0-c40ce9b7c4d0 None None] Initialized image cache middleware
Aug 08 18:27:38.288248 np0000006794 devstack@g-api.service[99755]: DEBUG glance.common.config [None req-2a7aedb0-aa3b-42bc-a520-4670e00f3cad None None] ******************************************************************************** {{(pid=99755) log_opt_values /opt/stack/data/venv/lib/python3.12/site-packages/oslo_config/cfg.py:3518}}
Aug 08 18:27:38.288382 np0000006794 devstack@g-api.service[99755]: DEBUG glance.common.config [None req-2a7aedb0-aa3b-42bc-a520-4670e00f3cad None None] Configuration options gathered from: {{(pid=99755) log_opt_values /opt/stack/data/venv/lib/python3.12/site-packages/oslo_config/cfg.py:3519}}
Aug 08 18:27:38.288738 np0000006794 devstack@g-api.service[99755]: DEBUG glance.common.config [None req-2a7aedb0-aa3b-42bc-a520-4670e00f3cad None None] command line args: [] {{(pid=99755) log_opt_values /opt/stack/data/venv/lib/python3.12/site-packages/oslo_config/cfg.py:3520}}
Aug 08 18:27:38.288845 np0000006794 devstack@g-api.service[99755]: DEBUG glance.common.config [None req-2a7aedb0-aa3b-42bc-a520-4670e00f3cad None None] config files: ['/etc/glance/glance-image-import.conf', '/etc/glance/glance-api.conf'] {{(pid=99755) log_opt_values /opt/stack/data/venv/lib/python3.12/site-packages/oslo_config/cfg.py:3521}}
Aug 08 18:27:38.288907 np0000006794 devstack@g-api.service[99755]: DEBUG glance.common.config [None req-2a7aedb0-aa3b-42bc-a520-4670e00f3cad None None] ================================================================================ {{(pid=99755) log_opt_values /opt/stack/data/venv/lib/python3.12/site-packages/oslo_config/cfg.py:3526}}
Aug 08 18:27:38.289024 np0000006794 devstack@g-api.service[99755]: DEBUG glance.common.config [None req-2a7aedb0-aa3b-42bc-a520-4670e00f3cad None None] allow_anonymous_access = False {{(pid=99755) log_opt_values /opt/stack/data/venv/lib/python3.12/site-packages/oslo_config/cfg.py:3534}}
Aug 08 18:27:38.289137 np0000006794 devstack@g-api.service[99755]: DEBUG glance.common.config [None req-2a7aedb0-aa3b-42bc-a520-4670e00f3cad None None] api_limit_max = 1000 {{(pid=99755) log_opt_values /opt/stack/data/venv/lib/python3.12/site-packages/oslo_config/cfg.py:3534}}
Aug 08 18:27:38.289214 np0000006794 devstack@g-api.service[99755]: DEBUG glance.common.config [None req-2a7aedb0-aa3b-42bc-a520-4670e00f3cad None None] config_dir = [] {{(pid=99755) log_opt_values /opt/stack/data/venv/lib/python3.12/site-packages/oslo_config/cfg.py:3534}}
Aug 08 18:27:38.289316 np0000006794 devstack@g-api.service[99755]: DEBUG glance.common.config [None req-2a7aedb0-aa3b-42bc-a520-4670e00f3cad None None] config_file = ['/etc/glance/glance-image-import.conf', '/etc/glance/glance-api.conf'] {{(pid=99755) log_opt_values /opt/stack/data/venv/lib/python3.12/site-packages/oslo_config/cfg.py:3534}}
Aug 08 18:27:38.289447 np0000006794 devstack@g-api.service[99755]: DEBUG glance.common.config [None req-2a7aedb0-aa3b-42bc-a520-4670e00f3cad None None] config_source = [] {{(pid=99755) log_opt_values /opt/stack/data/venv/lib/python3.12/site-packages/oslo_config/cfg.py:3534}}
Aug 08 18:27:38.289582 np0000006794 devstack@g-api.service[99755]: DEBUG glance.common.config [None req-2a7aedb0-aa3b-42bc-a520-4670e00f3cad None None] control_exchange = glance {{(pid=99755) log_opt_values /opt/stack/data/venv/lib/python3.12/site-packages/oslo_config/cfg.py:3534}}
Aug 08 18:27:38.289680 np0000006794 devstack@g-api.service[99755]: DEBUG glance.common.config [None req-2a7aedb0-aa3b-42bc-a520-4670e00f3cad None None] debug = True {{(pid=99755) log_opt_values /opt/stack/data/venv/lib/python3.12/site-packages/oslo_config/cfg.py:3534}}
Aug 08 18:27:38.289889 np0000006794 devstack@g-api.service[99755]: DEBUG glance.common.config [None req-2a7aedb0-aa3b-42bc-a520-4670e00f3cad None None] default_log_levels = ['amqp=WARN', 'boto=WARN', 'sqlalchemy=WARN', 'suds=INFO', 'oslo.messaging=INFO', 'oslo_messaging=INFO', 'iso8601=WARN', 'requests.packages.urllib3.connectionpool=WARN', 'urllib3.connectionpool=WARN', 'websocket=WARN', 'requests.packages.urllib3.util.retry=WARN', 'urllib3.util.retry=WARN', 'keystonemiddleware=WARN', 'routes.middleware=WARN', 'stevedore=WARN', 'taskflow=WARN', 'keystoneauth=WARN', 'oslo.cache=INFO', 'oslo_policy=INFO', 'dogpile.core.dogpile=INFO'] {{(pid=99755) log_opt_values /opt/stack/data/venv/lib/python3.12/site-packages/oslo_config/cfg.py:3534}}
Aug 08 18:27:38.290029 np0000006794 devstack@g-api.service[99755]: DEBUG glance.common.config [None req-2a7aedb0-aa3b-42bc-a520-4670e00f3cad None None] default_publisher_id = image.localhost {{(pid=99755) log_opt_values /opt/stack/data/venv/lib/python3.12/site-packages/oslo_config/cfg.py:3534}}
Aug 08 18:27:38.290127 np0000006794 devstack@g-api.service[99755]: DEBUG glance.common.config [None req-2a7aedb0-aa3b-42bc-a520-4670e00f3cad None None] delayed_delete = False {{(pid=99755) log_opt_values /opt/stack/data/venv/lib/python3.12/site-packages/oslo_config/cfg.py:3534}}
Aug 08 18:27:38.290220 np0000006794 devstack@g-api.service[99755]: DEBUG glance.common.config [None req-2a7aedb0-aa3b-42bc-a520-4670e00f3cad None None] digest_algorithm = sha256 {{(pid=99755) log_opt_values /opt/stack/data/venv/lib/python3.12/site-packages/oslo_config/cfg.py:3534}}
Aug 08 18:27:38.290272 np0000006794 devstack@g-api.service[99754]: DEBUG glance.image_cache.drivers.centralized_db [None req-4191ea57-b6e8-46f5-bda1-7df53f94b02c None None] Node reference is already recorded, ignoring it {{(pid=99754) configure /opt/stack/glance/glance/image_cache/drivers/centralized_db.py:71}}
Aug 08 18:27:38.290342 np0000006794 devstack@g-api.service[99755]: DEBUG glance.common.config [None req-2a7aedb0-aa3b-42bc-a520-4670e00f3cad None None] disabled_notifications = [] {{(pid=99755) log_opt_values /opt/stack/data/venv/lib/python3.12/site-packages/oslo_config/cfg.py:3534}}
Aug 08 18:27:38.290468 np0000006794 devstack@g-api.service[99755]: DEBUG glance.common.config [None req-2a7aedb0-aa3b-42bc-a520-4670e00f3cad None None] do_secure_hash = True {{(pid=99755) log_opt_values /opt/stack/data/venv/lib/python3.12/site-packages/oslo_config/cfg.py:3534}}
Aug 08 18:27:38.290629 np0000006794 devstack@g-api.service[99755]: DEBUG glance.common.config [None req-2a7aedb0-aa3b-42bc-a520-4670e00f3cad None None] enabled_backends = None {{(pid=99755) log_opt_values /opt/stack/data/venv/lib/python3.12/site-packages/oslo_config/cfg.py:3534}}
Aug 08 18:27:38.290786 np0000006794 devstack@g-api.service[99755]: DEBUG glance.common.config [None req-2a7aedb0-aa3b-42bc-a520-4670e00f3cad None None] enabled_import_methods = ['glance-direct', 'web-download', 'copy-image'] {{(pid=99755) log_opt_values /opt/stack/data/venv/lib/python3.12/site-packages/oslo_config/cfg.py:3534}}
Aug 08 18:27:38.290880 np0000006794 devstack@g-api.service[99755]: DEBUG glance.common.config [None req-2a7aedb0-aa3b-42bc-a520-4670e00f3cad None None] fatal_deprecations = False {{(pid=99755) log_opt_values /opt/stack/data/venv/lib/python3.12/site-packages/oslo_config/cfg.py:3534}}
Aug 08 18:27:38.290972 np0000006794 devstack@g-api.service[99755]: DEBUG glance.common.config [None req-2a7aedb0-aa3b-42bc-a520-4670e00f3cad None None] hashing_algorithm = sha512 {{(pid=99755) log_opt_values /opt/stack/data/venv/lib/python3.12/site-packages/oslo_config/cfg.py:3534}}
Aug 08 18:27:38.291059 np0000006794 devstack@g-api.service[99755]: DEBUG glance.common.config [None req-2a7aedb0-aa3b-42bc-a520-4670e00f3cad None None] http_retries = 3 {{(pid=99755) log_opt_values /opt/stack/data/venv/lib/python3.12/site-packages/oslo_config/cfg.py:3534}}
Aug 08 18:27:38.291153 np0000006794 devstack@g-api.service[99755]: DEBUG glance.common.config [None req-2a7aedb0-aa3b-42bc-a520-4670e00f3cad None None] image_cache_dir = /opt/stack/data/glance/cache/ {{(pid=99755) log_opt_values /opt/stack/data/venv/lib/python3.12/site-packages/oslo_config/cfg.py:3534}}
Aug 08 18:27:38.291244 np0000006794 devstack@g-api.service[99755]: DEBUG glance.common.config [None req-2a7aedb0-aa3b-42bc-a520-4670e00f3cad None None] image_cache_driver = centralized_db {{(pid=99755) log_opt_values /opt/stack/data/venv/lib/python3.12/site-packages/oslo_config/cfg.py:3534}}
Aug 08 18:27:38.291356 np0000006794 devstack@g-api.service[99755]: DEBUG glance.common.config [None req-2a7aedb0-aa3b-42bc-a520-4670e00f3cad None None] image_cache_max_size = 10737418240 {{(pid=99755) log_opt_values /opt/stack/data/venv/lib/python3.12/site-packages/oslo_config/cfg.py:3534}}
Aug 08 18:27:38.291535 np0000006794 devstack@g-api.service[99755]: DEBUG glance.common.config [None req-2a7aedb0-aa3b-42bc-a520-4670e00f3cad None None] image_cache_sqlite_db = cache.db {{(pid=99755) log_opt_values /opt/stack/data/venv/lib/python3.12/site-packages/oslo_config/cfg.py:3534}}
Aug 08 18:27:38.291651 np0000006794 devstack@g-api.service[99755]: DEBUG glance.common.config [None req-2a7aedb0-aa3b-42bc-a520-4670e00f3cad None None] image_cache_stall_time = 86400 {{(pid=99755) log_opt_values /opt/stack/data/venv/lib/python3.12/site-packages/oslo_config/cfg.py:3534}}
Aug 08 18:27:38.291763 np0000006794 devstack@g-api.service[99755]: DEBUG glance.common.config [None req-2a7aedb0-aa3b-42bc-a520-4670e00f3cad None None] image_location_quota = 10 {{(pid=99755) log_opt_values /opt/stack/data/venv/lib/python3.12/site-packages/oslo_config/cfg.py:3534}}
Aug 08 18:27:38.291886 np0000006794 devstack@g-api.service[99755]: DEBUG glance.common.config [None req-2a7aedb0-aa3b-42bc-a520-4670e00f3cad None None] image_member_quota = 128 {{(pid=99755) log_opt_values /opt/stack/data/venv/lib/python3.12/site-packages/oslo_config/cfg.py:3534}}
Aug 08 18:27:38.291992 np0000006794 devstack@g-api.service[99755]: DEBUG glance.common.config [None req-2a7aedb0-aa3b-42bc-a520-4670e00f3cad None None] image_property_quota = 128 {{(pid=99755) log_opt_values /opt/stack/data/venv/lib/python3.12/site-packages/oslo_config/cfg.py:3534}}
Aug 08 18:27:38.292080 np0000006794 devstack@g-api.service[99755]: DEBUG glance.common.config [None req-2a7aedb0-aa3b-42bc-a520-4670e00f3cad None None] image_size_cap = 1099511627776 {{(pid=99755) log_opt_values /opt/stack/data/venv/lib/python3.12/site-packages/oslo_config/cfg.py:3534}}
Aug 08 18:27:38.292167 np0000006794 devstack@g-api.service[99755]: DEBUG glance.common.config [None req-2a7aedb0-aa3b-42bc-a520-4670e00f3cad None None] image_tag_quota = 128 {{(pid=99755) log_opt_values /opt/stack/data/venv/lib/python3.12/site-packages/oslo_config/cfg.py:3534}}
Aug 08 18:27:38.292283 np0000006794 devstack@g-api.service[99755]: DEBUG glance.common.config [None req-2a7aedb0-aa3b-42bc-a520-4670e00f3cad None None] instance_format = [instance: %(uuid)s] {{(pid=99755) log_opt_values /opt/stack/data/venv/lib/python3.12/site-packages/oslo_config/cfg.py:3534}}
Aug 08 18:27:38.292389 np0000006794 devstack@g-api.service[99755]: DEBUG glance.common.config [None req-2a7aedb0-aa3b-42bc-a520-4670e00f3cad None None] instance_uuid_format = [instance: %(uuid)s] {{(pid=99755) log_opt_values /opt/stack/data/venv/lib/python3.12/site-packages/oslo_config/cfg.py:3534}}
Aug 08 18:27:38.292518 np0000006794 devstack@g-api.service[99755]: DEBUG glance.common.config [None req-2a7aedb0-aa3b-42bc-a520-4670e00f3cad None None] limit_param_default = 25 {{(pid=99755) log_opt_values /opt/stack/data/venv/lib/python3.12/site-packages/oslo_config/cfg.py:3534}}
Aug 08 18:27:38.292663 np0000006794 devstack@g-api.service[99755]: DEBUG glance.common.config [None req-2a7aedb0-aa3b-42bc-a520-4670e00f3cad None None] log_color = False {{(pid=99755) log_opt_values /opt/stack/data/venv/lib/python3.12/site-packages/oslo_config/cfg.py:3534}}
Aug 08 18:27:38.292792 np0000006794 devstack@g-api.service[99755]: DEBUG glance.common.config [None req-2a7aedb0-aa3b-42bc-a520-4670e00f3cad None None] log_config_append = None {{(pid=99755) log_opt_values /opt/stack/data/venv/lib/python3.12/site-packages/oslo_config/cfg.py:3534}}
Aug 08 18:27:38.292889 np0000006794 devstack@g-api.service[99755]: DEBUG glance.common.config [None req-2a7aedb0-aa3b-42bc-a520-4670e00f3cad None None] log_date_format = %Y-%m-%d %H:%M:%S {{(pid=99755) log_opt_values /opt/stack/data/venv/lib/python3.12/site-packages/oslo_config/cfg.py:3534}}
Aug 08 18:27:38.292979 np0000006794 devstack@g-api.service[99755]: DEBUG glance.common.config [None req-2a7aedb0-aa3b-42bc-a520-4670e00f3cad None None] log_dir = None {{(pid=99755) log_opt_values /opt/stack/data/venv/lib/python3.12/site-packages/oslo_config/cfg.py:3534}}
Aug 08 18:27:38.293064 np0000006794 devstack@g-api.service[99755]: DEBUG glance.common.config [None req-2a7aedb0-aa3b-42bc-a520-4670e00f3cad None None] log_file = None {{(pid=99755) log_opt_values /opt/stack/data/venv/lib/python3.12/site-packages/oslo_config/cfg.py:3534}}
Aug 08 18:27:38.293148 np0000006794 devstack@g-api.service[99755]: DEBUG glance.common.config [None req-2a7aedb0-aa3b-42bc-a520-4670e00f3cad None None] log_rotate_interval = 1 {{(pid=99755) log_opt_values /opt/stack/data/venv/lib/python3.12/site-packages/oslo_config/cfg.py:3534}}
Aug 08 18:27:38.293242 np0000006794 devstack@g-api.service[99755]: DEBUG glance.common.config [None req-2a7aedb0-aa3b-42bc-a520-4670e00f3cad None None] log_rotate_interval_type = days {{(pid=99755) log_opt_values /opt/stack/data/venv/lib/python3.12/site-packages/oslo_config/cfg.py:3534}}
Aug 08 18:27:38.293346 np0000006794 devstack@g-api.service[99755]: DEBUG glance.common.config [None req-2a7aedb0-aa3b-42bc-a520-4670e00f3cad None None] log_rotation_type = none {{(pid=99755) log_opt_values /opt/stack/data/venv/lib/python3.12/site-packages/oslo_config/cfg.py:3534}}
Aug 08 18:27:38.293468 np0000006794 devstack@g-api.service[99755]: DEBUG glance.common.config [None req-2a7aedb0-aa3b-42bc-a520-4670e00f3cad None None] logging_context_format_string = %(color)s%(levelname)s %(name)s [%(global_request_id)s %(request_id)s %(project_name)s %(user_name)s%(color)s] %(instance)s%(color)s%(message)s {{(pid=99755) log_opt_values /opt/stack/data/venv/lib/python3.12/site-packages/oslo_config/cfg.py:3534}}
Aug 08 18:27:38.293587 np0000006794 devstack@g-api.service[99755]: DEBUG glance.common.config [None req-2a7aedb0-aa3b-42bc-a520-4670e00f3cad None None] logging_debug_format_suffix = {{(pid=%(process)d) %(funcName)s %(pathname)s:%(lineno)d}} {{(pid=99755) log_opt_values /opt/stack/data/venv/lib/python3.12/site-packages/oslo_config/cfg.py:3534}}
Aug 08 18:27:38.293766 np0000006794 devstack@g-api.service[99755]: DEBUG glance.common.config [None req-2a7aedb0-aa3b-42bc-a520-4670e00f3cad None None] logging_default_format_string = %(color)s%(levelname)s %(name)s [-%(color)s] %(instance)s%(color)s%(message)s {{(pid=99755) log_opt_values /opt/stack/data/venv/lib/python3.12/site-packages/oslo_config/cfg.py:3534}}
Aug 08 18:27:38.293854 np0000006794 devstack@g-api.service[99755]: DEBUG glance.common.config [None req-2a7aedb0-aa3b-42bc-a520-4670e00f3cad None None] logging_exception_prefix = ERROR %(name)s %(instance)s {{(pid=99755) log_opt_values /opt/stack/data/venv/lib/python3.12/site-packages/oslo_config/cfg.py:3534}}
Aug 08 18:27:38.293950 np0000006794 devstack@g-api.service[99755]: DEBUG glance.common.config [None req-2a7aedb0-aa3b-42bc-a520-4670e00f3cad None None] logging_user_identity_format = %(user)s %(project)s %(domain)s %(system_scope)s %(user_domain)s %(project_domain)s {{(pid=99755) log_opt_values /opt/stack/data/venv/lib/python3.12/site-packages/oslo_config/cfg.py:3534}}
Aug 08 18:27:38.294033 np0000006794 devstack@g-api.service[99755]: DEBUG glance.common.config [None req-2a7aedb0-aa3b-42bc-a520-4670e00f3cad None None] max_logfile_count = 30 {{(pid=99755) log_opt_values /opt/stack/data/venv/lib/python3.12/site-packages/oslo_config/cfg.py:3534}}
Aug 08 18:27:38.294110 np0000006794 devstack@g-api.service[99755]: DEBUG glance.common.config [None req-2a7aedb0-aa3b-42bc-a520-4670e00f3cad None None] max_logfile_size_mb = 200 {{(pid=99755) log_opt_values /opt/stack/data/venv/lib/python3.12/site-packages/oslo_config/cfg.py:3534}}
Aug 08 18:27:38.294196 np0000006794 devstack@g-api.service[99755]: DEBUG glance.common.config [None req-2a7aedb0-aa3b-42bc-a520-4670e00f3cad None None] max_request_id_length = 64 {{(pid=99755) log_opt_values /opt/stack/data/venv/lib/python3.12/site-packages/oslo_config/cfg.py:3534}}
Aug 08 18:27:38.294285 np0000006794 devstack@g-api.service[99755]: DEBUG glance.common.config [None req-2a7aedb0-aa3b-42bc-a520-4670e00f3cad None None] metadata_encryption_key = **** {{(pid=99755) log_opt_values /opt/stack/data/venv/lib/python3.12/site-packages/oslo_config/cfg.py:3534}}
Aug 08 18:27:38.294409 np0000006794 devstack@g-api.service[99755]: DEBUG glance.common.config [None req-2a7aedb0-aa3b-42bc-a520-4670e00f3cad None None] node_staging_uri = file:///tmp/staging/ {{(pid=99755) log_opt_values /opt/stack/data/venv/lib/python3.12/site-packages/oslo_config/cfg.py:3534}}
Aug 08 18:27:38.294521 np0000006794 devstack@g-api.service[99755]: DEBUG glance.common.config [None req-2a7aedb0-aa3b-42bc-a520-4670e00f3cad None None] property_protection_file = None {{(pid=99755) log_opt_values /opt/stack/data/venv/lib/python3.12/site-packages/oslo_config/cfg.py:3534}}
Aug 08 18:27:38.294655 np0000006794 devstack@g-api.service[99755]: DEBUG glance.common.config [None req-2a7aedb0-aa3b-42bc-a520-4670e00f3cad None None] property_protection_rule_format = roles {{(pid=99755) log_opt_values /opt/stack/data/venv/lib/python3.12/site-packages/oslo_config/cfg.py:3534}}
Aug 08 18:27:38.294768 np0000006794 devstack@g-api.service[99755]: DEBUG glance.common.config [None req-2a7aedb0-aa3b-42bc-a520-4670e00f3cad None None] public_endpoint = https://10.4.3.209/image {{(pid=99755) log_opt_values /opt/stack/data/venv/lib/python3.12/site-packages/oslo_config/cfg.py:3534}}
Aug 08 18:27:38.294860 np0000006794 devstack@g-api.service[99755]: DEBUG glance.common.config [None req-2a7aedb0-aa3b-42bc-a520-4670e00f3cad None None] publish_errors = False {{(pid=99755) log_opt_values /opt/stack/data/venv/lib/python3.12/site-packages/oslo_config/cfg.py:3534}}
Aug 08 18:27:38.294946 np0000006794 devstack@g-api.service[99755]: DEBUG glance.common.config [None req-2a7aedb0-aa3b-42bc-a520-4670e00f3cad None None] pydev_worker_debug_host = None {{(pid=99755) log_opt_values /opt/stack/data/venv/lib/python3.12/site-packages/oslo_config/cfg.py:3534}}
Aug 08 18:27:38.295039 np0000006794 devstack@g-api.service[99755]: DEBUG glance.common.config [None req-2a7aedb0-aa3b-42bc-a520-4670e00f3cad None None] pydev_worker_debug_port = 5678 {{(pid=99755) log_opt_values /opt/stack/data/venv/lib/python3.12/site-packages/oslo_config/cfg.py:3534}}
Aug 08 18:27:38.295127 np0000006794 devstack@g-api.service[99755]: DEBUG glance.common.config [None req-2a7aedb0-aa3b-42bc-a520-4670e00f3cad None None] rate_limit_burst = 0 {{(pid=99755) log_opt_values /opt/stack/data/venv/lib/python3.12/site-packages/oslo_config/cfg.py:3534}}
Aug 08 18:27:38.295219 np0000006794 devstack@g-api.service[99755]: DEBUG glance.common.config [None req-2a7aedb0-aa3b-42bc-a520-4670e00f3cad None None] rate_limit_except_level = CRITICAL {{(pid=99755) log_opt_values /opt/stack/data/venv/lib/python3.12/site-packages/oslo_config/cfg.py:3534}}
Aug 08 18:27:38.295302 np0000006794 devstack@g-api.service[99755]: DEBUG glance.common.config [None req-2a7aedb0-aa3b-42bc-a520-4670e00f3cad None None] rate_limit_interval = 0 {{(pid=99755) log_opt_values /opt/stack/data/venv/lib/python3.12/site-packages/oslo_config/cfg.py:3534}}
Aug 08 18:27:38.295415 np0000006794 devstack@g-api.service[99755]: DEBUG glance.common.config [None req-2a7aedb0-aa3b-42bc-a520-4670e00f3cad None None] scrub_pool_size = 1 {{(pid=99755) log_opt_values /opt/stack/data/venv/lib/python3.12/site-packages/oslo_config/cfg.py:3534}}
Aug 08 18:27:38.295533 np0000006794 devstack@g-api.service[99755]: DEBUG glance.common.config [None req-2a7aedb0-aa3b-42bc-a520-4670e00f3cad None None] scrub_time = 0 {{(pid=99755) log_opt_values /opt/stack/data/venv/lib/python3.12/site-packages/oslo_config/cfg.py:3534}}
Aug 08 18:27:38.295654 np0000006794 devstack@g-api.service[99755]: DEBUG glance.common.config [None req-2a7aedb0-aa3b-42bc-a520-4670e00f3cad None None] shell_completion = None {{(pid=99755) log_opt_values /opt/stack/data/venv/lib/python3.12/site-packages/oslo_config/cfg.py:3534}}
Aug 08 18:27:38.295779 np0000006794 devstack@g-api.service[99755]: DEBUG glance.common.config [None req-2a7aedb0-aa3b-42bc-a520-4670e00f3cad None None] show_image_direct_url = False {{(pid=99755) log_opt_values /opt/stack/data/venv/lib/python3.12/site-packages/oslo_config/cfg.py:3534}}
Aug 08 18:27:38.296029 np0000006794 devstack@g-api.service[99755]: WARNING oslo_config.cfg [None req-2a7aedb0-aa3b-42bc-a520-4670e00f3cad None None] Deprecated: Option "show_multiple_locations" from group "DEFAULT" is deprecated for removal (Use of this option, deprecated since Newton, is a security risk and will be removed once we figure out a way to satisfy those use cases that currently require it. An earlier announcement that the same functionality can be achieved with greater granularity by using policies is incorrect. You cannot work around this option via policy configuration at the present time, though that is the direction we believe the fix will take. Please keep an eye on the Glance release notes to stay up to date on progress in addressing this issue.). Its value may be silently ignored in the future.
Aug 08 18:27:38.296130 np0000006794 devstack@g-api.service[99755]: DEBUG glance.common.config [None req-2a7aedb0-aa3b-42bc-a520-4670e00f3cad None None] show_multiple_locations = False {{(pid=99755) log_opt_values /opt/stack/data/venv/lib/python3.12/site-packages/oslo_config/cfg.py:3534}}
Aug 08 18:27:38.296225 np0000006794 devstack@g-api.service[99755]: DEBUG glance.common.config [None req-2a7aedb0-aa3b-42bc-a520-4670e00f3cad None None] syslog_log_facility = LOG_USER {{(pid=99755) log_opt_values /opt/stack/data/venv/lib/python3.12/site-packages/oslo_config/cfg.py:3534}}
Aug 08 18:27:38.296318 np0000006794 devstack@g-api.service[99755]: DEBUG glance.common.config [None req-2a7aedb0-aa3b-42bc-a520-4670e00f3cad None None] transport_url = **** {{(pid=99755) log_opt_values /opt/stack/data/venv/lib/python3.12/site-packages/oslo_config/cfg.py:3534}}
Aug 08 18:27:38.296440 np0000006794 devstack@g-api.service[99755]: DEBUG glance.common.config [None req-2a7aedb0-aa3b-42bc-a520-4670e00f3cad None None] use_journal = False {{(pid=99755) log_opt_values /opt/stack/data/venv/lib/python3.12/site-packages/oslo_config/cfg.py:3534}}
Aug 08 18:27:38.296558 np0000006794 devstack@g-api.service[99755]: DEBUG glance.common.config [None req-2a7aedb0-aa3b-42bc-a520-4670e00f3cad None None] use_json = False {{(pid=99755) log_opt_values /opt/stack/data/venv/lib/python3.12/site-packages/oslo_config/cfg.py:3534}}
Aug 08 18:27:38.296690 np0000006794 devstack@g-api.service[99755]: DEBUG glance.common.config [None req-2a7aedb0-aa3b-42bc-a520-4670e00f3cad None None] use_keystone_limits = True {{(pid=99755) log_opt_values /opt/stack/data/venv/lib/python3.12/site-packages/oslo_config/cfg.py:3534}}
Aug 08 18:27:38.296796 np0000006794 devstack@g-api.service[99755]: DEBUG glance.common.config [None req-2a7aedb0-aa3b-42bc-a520-4670e00f3cad None None] use_stderr = False {{(pid=99755) log_opt_values /opt/stack/data/venv/lib/python3.12/site-packages/oslo_config/cfg.py:3534}}
Aug 08 18:27:38.296890 np0000006794 devstack@g-api.service[99755]: DEBUG glance.common.config [None req-2a7aedb0-aa3b-42bc-a520-4670e00f3cad None None] use_syslog = False {{(pid=99755) log_opt_values /opt/stack/data/venv/lib/python3.12/site-packages/oslo_config/cfg.py:3534}}
Aug 08 18:27:38.296980 np0000006794 devstack@g-api.service[99755]: DEBUG glance.common.config [None req-2a7aedb0-aa3b-42bc-a520-4670e00f3cad None None] user_storage_quota = 0 {{(pid=99755) log_opt_values /opt/stack/data/venv/lib/python3.12/site-packages/oslo_config/cfg.py:3534}}
Aug 08 18:27:38.297107 np0000006794 devstack@g-api.service[99755]: DEBUG glance.common.config [None req-2a7aedb0-aa3b-42bc-a520-4670e00f3cad None None] worker_self_reference_url = http://127.0.0.1:60999 {{(pid=99755) log_opt_values /opt/stack/data/venv/lib/python3.12/site-packages/oslo_config/cfg.py:3534}}
Aug 08 18:27:38.297214 np0000006794 devstack@g-api.service[99755]: DEBUG glance.common.config [None req-2a7aedb0-aa3b-42bc-a520-4670e00f3cad None None] oslo_concurrency.disable_process_locking = False {{(pid=99755) log_opt_values /opt/stack/data/venv/lib/python3.12/site-packages/oslo_config/cfg.py:3545}}
Aug 08 18:27:38.297331 np0000006794 devstack@g-api.service[99755]: DEBUG glance.common.config [None req-2a7aedb0-aa3b-42bc-a520-4670e00f3cad None None] oslo_concurrency.lock_path = /opt/stack/data/glance/locks {{(pid=99755) log_opt_values /opt/stack/data/venv/lib/python3.12/site-packages/oslo_config/cfg.py:3545}}
Aug 08 18:27:38.297469 np0000006794 devstack@g-api.service[99755]: DEBUG glance.common.config [None req-2a7aedb0-aa3b-42bc-a520-4670e00f3cad None None] oslo_middleware.enable_proxy_headers_parsing = False {{(pid=99755) log_opt_values /opt/stack/data/venv/lib/python3.12/site-packages/oslo_config/cfg.py:3545}}
Aug 08 18:27:38.297592 np0000006794 devstack@g-api.service[99755]: DEBUG glance.common.config [None req-2a7aedb0-aa3b-42bc-a520-4670e00f3cad None None] oslo_middleware.http_basic_auth_user_file = /etc/htpasswd {{(pid=99755) log_opt_values /opt/stack/data/venv/lib/python3.12/site-packages/oslo_config/cfg.py:3545}}
Aug 08 18:27:38.297706 np0000006794 devstack@g-api.service[99755]: DEBUG glance.common.config [None req-2a7aedb0-aa3b-42bc-a520-4670e00f3cad None None] paste_deploy.config_file = None {{(pid=99755) log_opt_values /opt/stack/data/venv/lib/python3.12/site-packages/oslo_config/cfg.py:3545}}
Aug 08 18:27:38.297818 np0000006794 devstack@g-api.service[99755]: DEBUG glance.common.config [None req-2a7aedb0-aa3b-42bc-a520-4670e00f3cad None None] paste_deploy.flavor = keystone+cachemanagement {{(pid=99755) log_opt_values /opt/stack/data/venv/lib/python3.12/site-packages/oslo_config/cfg.py:3545}}
Aug 08 18:27:38.297966 np0000006794 devstack@g-api.service[99755]: DEBUG glance.common.config [None req-2a7aedb0-aa3b-42bc-a520-4670e00f3cad None None] image_format.container_formats = ['ami', 'ari', 'aki', 'bare', 'ovf', 'ova', 'docker', 'compressed'] {{(pid=99755) log_opt_values /opt/stack/data/venv/lib/python3.12/site-packages/oslo_config/cfg.py:3545}}
Aug 08 18:27:38.298120 np0000006794 devstack@g-api.service[99755]: DEBUG glance.common.config [None req-2a7aedb0-aa3b-42bc-a520-4670e00f3cad None None] image_format.disk_formats = ['ami', 'ari', 'aki', 'vhd', 'vhdx', 'vmdk', 'raw', 'qcow2', 'vdi', 'iso', 'ploop'] {{(pid=99755) log_opt_values /opt/stack/data/venv/lib/python3.12/site-packages/oslo_config/cfg.py:3545}}
Aug 08 18:27:38.298213 np0000006794 devstack@g-api.service[99755]: DEBUG glance.common.config [None req-2a7aedb0-aa3b-42bc-a520-4670e00f3cad None None] image_format.gpt_safety_checks_nonfatal = [] {{(pid=99755) log_opt_values /opt/stack/data/venv/lib/python3.12/site-packages/oslo_config/cfg.py:3545}}
Aug 08 18:27:38.298329 np0000006794 devstack@g-api.service[99755]: DEBUG glance.common.config [None req-2a7aedb0-aa3b-42bc-a520-4670e00f3cad None None] image_format.require_image_format_match = True {{(pid=99755) log_opt_values /opt/stack/data/venv/lib/python3.12/site-packages/oslo_config/cfg.py:3545}}
Aug 08 18:27:38.298474 np0000006794 devstack@g-api.service[99755]: DEBUG glance.common.config [None req-2a7aedb0-aa3b-42bc-a520-4670e00f3cad None None] image_format.vmdk_allowed_types = ['streamOptimized', 'monolithicSparse'] {{(pid=99755) log_opt_values /opt/stack/data/venv/lib/python3.12/site-packages/oslo_config/cfg.py:3545}}
Aug 08 18:27:38.298609 np0000006794 devstack@g-api.service[99755]: DEBUG glance.common.config [None req-2a7aedb0-aa3b-42bc-a520-4670e00f3cad None None] task.task_executor = taskflow {{(pid=99755) log_opt_values /opt/stack/data/venv/lib/python3.12/site-packages/oslo_config/cfg.py:3545}}
Aug 08 18:27:38.298721 np0000006794 devstack@g-api.service[99755]: DEBUG glance.common.config [None req-2a7aedb0-aa3b-42bc-a520-4670e00f3cad None None] task.task_time_to_live = 48 {{(pid=99755) log_opt_values /opt/stack/data/venv/lib/python3.12/site-packages/oslo_config/cfg.py:3545}}
Aug 08 18:27:38.298825 np0000006794 devstack@g-api.service[99755]: DEBUG glance.common.config [None req-2a7aedb0-aa3b-42bc-a520-4670e00f3cad None None] task.work_dir = None {{(pid=99755) log_opt_values /opt/stack/data/venv/lib/python3.12/site-packages/oslo_config/cfg.py:3545}}
Aug 08 18:27:38.298928 np0000006794 devstack@g-api.service[99755]: DEBUG glance.common.config [None req-2a7aedb0-aa3b-42bc-a520-4670e00f3cad None None] wsgi.python_interpreter = /opt/stack/data/venv/bin/python3 {{(pid=99755) log_opt_values /opt/stack/data/venv/lib/python3.12/site-packages/oslo_config/cfg.py:3545}}
Aug 08 18:27:38.299016 np0000006794 devstack@g-api.service[99755]: DEBUG glance.common.config [None req-2a7aedb0-aa3b-42bc-a520-4670e00f3cad None None] wsgi.task_pool_threads = 16 {{(pid=99755) log_opt_values /opt/stack/data/venv/lib/python3.12/site-packages/oslo_config/cfg.py:3545}}
Aug 08 18:27:38.299111 np0000006794 devstack@g-api.service[99755]: DEBUG glance.common.config [None req-2a7aedb0-aa3b-42bc-a520-4670e00f3cad None None] import_filtering_opts.allowed_hosts = [] {{(pid=99755) log_opt_values /opt/stack/data/venv/lib/python3.12/site-packages/oslo_config/cfg.py:3545}}
Aug 08 18:27:38.299204 np0000006794 devstack@g-api.service[99755]: DEBUG glance.common.config [None req-2a7aedb0-aa3b-42bc-a520-4670e00f3cad None None] import_filtering_opts.allowed_ports = [80, 443] {{(pid=99755) log_opt_values /opt/stack/data/venv/lib/python3.12/site-packages/oslo_config/cfg.py:3545}}
Aug 08 18:27:38.299321 np0000006794 devstack@g-api.service[99755]: DEBUG glance.common.config [None req-2a7aedb0-aa3b-42bc-a520-4670e00f3cad None None] import_filtering_opts.allowed_schemes = ['http', 'https'] {{(pid=99755) log_opt_values /opt/stack/data/venv/lib/python3.12/site-packages/oslo_config/cfg.py:3545}}
Aug 08 18:27:38.299434 np0000006794 devstack@g-api.service[99755]: DEBUG glance.common.config [None req-2a7aedb0-aa3b-42bc-a520-4670e00f3cad None None] import_filtering_opts.disallowed_hosts = [] {{(pid=99755) log_opt_values /opt/stack/data/venv/lib/python3.12/site-packages/oslo_config/cfg.py:3545}}
Aug 08 18:27:38.299562 np0000006794 devstack@g-api.service[99755]: DEBUG glance.common.config [None req-2a7aedb0-aa3b-42bc-a520-4670e00f3cad None None] import_filtering_opts.disallowed_ports = [] {{(pid=99755) log_opt_values /opt/stack/data/venv/lib/python3.12/site-packages/oslo_config/cfg.py:3545}}
Aug 08 18:27:38.299681 np0000006794 devstack@g-api.service[99755]: DEBUG glance.common.config [None req-2a7aedb0-aa3b-42bc-a520-4670e00f3cad None None] import_filtering_opts.disallowed_schemes = [] {{(pid=99755) log_opt_values /opt/stack/data/venv/lib/python3.12/site-packages/oslo_config/cfg.py:3545}}
Aug 08 18:27:38.299780 np0000006794 devstack@g-api.service[99755]: DEBUG glance.common.config [None req-2a7aedb0-aa3b-42bc-a520-4670e00f3cad None None] oslo_messaging_metrics.metrics_buffer_size = 1000 {{(pid=99755) log_opt_values /opt/stack/data/venv/lib/python3.12/site-packages/oslo_config/cfg.py:3545}}
Aug 08 18:27:38.299885 np0000006794 devstack@g-api.service[99755]: DEBUG glance.common.config [None req-2a7aedb0-aa3b-42bc-a520-4670e00f3cad None None] oslo_messaging_metrics.metrics_enabled = False {{(pid=99755) log_opt_values /opt/stack/data/venv/lib/python3.12/site-packages/oslo_config/cfg.py:3545}}
Aug 08 18:27:38.299931 np0000006794 devstack@g-api.service[99754]: INFO glance.api.middleware.cache_manage [None req-4191ea57-b6e8-46f5-bda1-7df53f94b02c None None] Initialized image cache management middleware
