Aug 08 18:27:12.448255 np0000006794 nova-scheduler[93470]: DEBUG cotyledon.oslo_config_glue [-] oslo_messaging_rabbit.rabbit_quorum_delivery_limit = 0 {{(pid=93470) log_opt_values /opt/stack/data/venv/lib/python3.12/site-packages/oslo_config/cfg.py:3545}}
Aug 08 18:27:12.448593 np0000006794 nova-scheduler[93470]: DEBUG cotyledon.oslo_config_glue [-] oslo_messaging_rabbit.rabbit_quorum_max_memory_bytes = 0 {{(pid=93470) log_opt_values /opt/stack/data/venv/lib/python3.12/site-packages/oslo_config/cfg.py:3545}}
Aug 08 18:27:12.448593 np0000006794 nova-scheduler[93470]: DEBUG cotyledon.oslo_config_glue [-] oslo_messaging_rabbit.rabbit_quorum_max_memory_length = 0 {{(pid=93470) log_opt_values /opt/stack/data/venv/lib/python3.12/site-packages/oslo_config/cfg.py:3545}}
Aug 08 18:27:12.448593 np0000006794 nova-scheduler[93470]: DEBUG cotyledon.oslo_config_glue [-] oslo_messaging_rabbit.rabbit_quorum_queue = False {{(pid=93470) log_opt_values /opt/stack/data/venv/lib/python3.12/site-packages/oslo_config/cfg.py:3545}}
Aug 08 18:27:12.448593 np0000006794 nova-scheduler[93470]: DEBUG cotyledon.oslo_config_glue [-] oslo_messaging_rabbit.rabbit_retry_backoff = 2 {{(pid=93470) log_opt_values /opt/stack/data/venv/lib/python3.12/site-packages/oslo_config/cfg.py:3545}}
Aug 08 18:27:12.448593 np0000006794 nova-scheduler[93470]: DEBUG cotyledon.oslo_config_glue [-] oslo_messaging_rabbit.rabbit_retry_interval = 1 {{(pid=93470) log_opt_values /opt/stack/data/venv/lib/python3.12/site-packages/oslo_config/cfg.py:3545}}
Aug 08 18:27:12.448593 np0000006794 nova-scheduler[93470]: DEBUG cotyledon.oslo_config_glue [-] oslo_messaging_rabbit.rabbit_stream_fanout = False {{(pid=93470) log_opt_values /opt/stack/data/venv/lib/python3.12/site-packages/oslo_config/cfg.py:3545}}
Aug 08 18:27:12.448593 np0000006794 nova-scheduler[93470]: DEBUG cotyledon.oslo_config_glue [-] oslo_messaging_rabbit.rabbit_transient_queues_ttl = 1800 {{(pid=93470) log_opt_values /opt/stack/data/venv/lib/python3.12/site-packages/oslo_config/cfg.py:3545}}
Aug 08 18:27:12.448593 np0000006794 nova-scheduler[93470]: DEBUG cotyledon.oslo_config_glue [-] oslo_messaging_rabbit.rabbit_transient_quorum_queue = False {{(pid=93470) log_opt_values /opt/stack/data/venv/lib/python3.12/site-packages/oslo_config/cfg.py:3545}}
Aug 08 18:27:12.448869 np0000006794 nova-scheduler[93470]: DEBUG cotyledon.oslo_config_glue [-] oslo_messaging_rabbit.rpc_conn_pool_size = 30 {{(pid=93470) log_opt_values /opt/stack/data/venv/lib/python3.12/site-packages/oslo_config/cfg.py:3545}}
Aug 08 18:27:12.448869 np0000006794 nova-scheduler[93470]: DEBUG cotyledon.oslo_config_glue [-] oslo_messaging_rabbit.ssl = False {{(pid=93470) log_opt_values /opt/stack/data/venv/lib/python3.12/site-packages/oslo_config/cfg.py:3545}}
Aug 08 18:27:12.448869 np0000006794 nova-scheduler[93470]: DEBUG cotyledon.oslo_config_glue [-] oslo_messaging_rabbit.ssl_ca_file = {{(pid=93470) log_opt_values /opt/stack/data/venv/lib/python3.12/site-packages/oslo_config/cfg.py:3545}}
Aug 08 18:27:12.448869 np0000006794 nova-scheduler[93470]: DEBUG cotyledon.oslo_config_glue [-] oslo_messaging_rabbit.ssl_cert_file = {{(pid=93470) log_opt_values /opt/stack/data/venv/lib/python3.12/site-packages/oslo_config/cfg.py:3545}}
Aug 08 18:27:12.448869 np0000006794 nova-scheduler[93470]: DEBUG cotyledon.oslo_config_glue [-] oslo_messaging_rabbit.ssl_enforce_fips_mode = False {{(pid=93470) log_opt_values /opt/stack/data/venv/lib/python3.12/site-packages/oslo_config/cfg.py:3545}}
Aug 08 18:27:12.448869 np0000006794 nova-scheduler[93470]: DEBUG cotyledon.oslo_config_glue [-] oslo_messaging_rabbit.ssl_enforce_hostname_verification = True {{(pid=93470) log_opt_values /opt/stack/data/venv/lib/python3.12/site-packages/oslo_config/cfg.py:3545}}
Aug 08 18:27:12.448869 np0000006794 nova-scheduler[93470]: DEBUG cotyledon.oslo_config_glue [-] oslo_messaging_rabbit.ssl_key_file = {{(pid=93470) log_opt_values /opt/stack/data/venv/lib/python3.12/site-packages/oslo_config/cfg.py:3545}}
Aug 08 18:27:12.448869 np0000006794 nova-scheduler[93470]: DEBUG cotyledon.oslo_config_glue [-] oslo_messaging_rabbit.ssl_version = {{(pid=93470) log_opt_values /opt/stack/data/venv/lib/python3.12/site-packages/oslo_config/cfg.py:3545}}
Aug 08 18:27:12.448869 np0000006794 nova-scheduler[93470]: DEBUG cotyledon.oslo_config_glue [-] oslo_messaging_rabbit.use_queue_manager = False {{(pid=93470) log_opt_values /opt/stack/data/venv/lib/python3.12/site-packages/oslo_config/cfg.py:3545}}
Aug 08 18:27:12.449190 np0000006794 nova-scheduler[93470]: DEBUG cotyledon.oslo_config_glue [-] oslo_messaging_notifications.driver = ['messagingv2'] {{(pid=93470) log_opt_values /opt/stack/data/venv/lib/python3.12/site-packages/oslo_config/cfg.py:3545}}
Aug 08 18:27:12.449190 np0000006794 nova-scheduler[93470]: DEBUG cotyledon.oslo_config_glue [-] oslo_messaging_notifications.retry = -1 {{(pid=93470) log_opt_values /opt/stack/data/venv/lib/python3.12/site-packages/oslo_config/cfg.py:3545}}
Aug 08 18:27:12.449190 np0000006794 nova-scheduler[93470]: DEBUG cotyledon.oslo_config_glue [-] oslo_messaging_notifications.topics = ['notifications'] {{(pid=93470) log_opt_values /opt/stack/data/venv/lib/python3.12/site-packages/oslo_config/cfg.py:3545}}
Aug 08 18:27:12.449190 np0000006794 nova-scheduler[93470]: DEBUG cotyledon.oslo_config_glue [-] oslo_messaging_notifications.transport_url = **** {{(pid=93470) log_opt_values /opt/stack/data/venv/lib/python3.12/site-packages/oslo_config/cfg.py:3545}}
Aug 08 18:27:12.449190 np0000006794 nova-scheduler[93470]: DEBUG cotyledon.oslo_config_glue [-] oslo_limit.auth_section = None {{(pid=93470) log_opt_values /opt/stack/data/venv/lib/python3.12/site-packages/oslo_config/cfg.py:3545}}
Aug 08 18:27:12.449190 np0000006794 nova-scheduler[93470]: DEBUG cotyledon.oslo_config_glue [-] oslo_limit.auth_type = None {{(pid=93470) log_opt_values /opt/stack/data/venv/lib/python3.12/site-packages/oslo_config/cfg.py:3545}}
Aug 08 18:27:12.449190 np0000006794 nova-scheduler[93470]: DEBUG cotyledon.oslo_config_glue [-] oslo_limit.cafile = None {{(pid=93470) log_opt_values /opt/stack/data/venv/lib/python3.12/site-packages/oslo_config/cfg.py:3545}}
Aug 08 18:27:12.449190 np0000006794 nova-scheduler[93470]: DEBUG cotyledon.oslo_config_glue [-] oslo_limit.certfile = None {{(pid=93470) log_opt_values /opt/stack/data/venv/lib/python3.12/site-packages/oslo_config/cfg.py:3545}}
Aug 08 18:27:12.449190 np0000006794 nova-scheduler[93470]: DEBUG cotyledon.oslo_config_glue [-] oslo_limit.collect_timing = False {{(pid=93470) log_opt_values /opt/stack/data/venv/lib/python3.12/site-packages/oslo_config/cfg.py:3545}}
Aug 08 18:27:12.449603 np0000006794 nova-scheduler[93470]: DEBUG cotyledon.oslo_config_glue [-] oslo_limit.connect_retries = None {{(pid=93470) log_opt_values /opt/stack/data/venv/lib/python3.12/site-packages/oslo_config/cfg.py:3545}}
Aug 08 18:27:12.449603 np0000006794 nova-scheduler[93470]: DEBUG cotyledon.oslo_config_glue [-] oslo_limit.connect_retry_delay = None {{(pid=93470) log_opt_values /opt/stack/data/venv/lib/python3.12/site-packages/oslo_config/cfg.py:3545}}
Aug 08 18:27:12.449603 np0000006794 nova-scheduler[93470]: DEBUG cotyledon.oslo_config_glue [-] oslo_limit.endpoint_id = None {{(pid=93470) log_opt_values /opt/stack/data/venv/lib/python3.12/site-packages/oslo_config/cfg.py:3545}}
Aug 08 18:27:12.449603 np0000006794 nova-scheduler[93470]: DEBUG cotyledon.oslo_config_glue [-] oslo_limit.endpoint_interface = public {{(pid=93470) log_opt_values /opt/stack/data/venv/lib/python3.12/site-packages/oslo_config/cfg.py:3545}}
Aug 08 18:27:12.449603 np0000006794 nova-scheduler[93470]: DEBUG cotyledon.oslo_config_glue [-] oslo_limit.endpoint_override = None {{(pid=93470) log_opt_values /opt/stack/data/venv/lib/python3.12/site-packages/oslo_config/cfg.py:3545}}
Aug 08 18:27:12.449603 np0000006794 nova-scheduler[93470]: DEBUG cotyledon.oslo_config_glue [-] oslo_limit.endpoint_region_name = None {{(pid=93470) log_opt_values /opt/stack/data/venv/lib/python3.12/site-packages/oslo_config/cfg.py:3545}}
Aug 08 18:27:12.449603 np0000006794 nova-scheduler[93470]: DEBUG cotyledon.oslo_config_glue [-] oslo_limit.endpoint_service_name = None {{(pid=93470) log_opt_values /opt/stack/data/venv/lib/python3.12/site-packages/oslo_config/cfg.py:3545}}
Aug 08 18:27:12.449603 np0000006794 nova-scheduler[93470]: DEBUG cotyledon.oslo_config_glue [-] oslo_limit.endpoint_service_type = None {{(pid=93470) log_opt_values /opt/stack/data/venv/lib/python3.12/site-packages/oslo_config/cfg.py:3545}}
Aug 08 18:27:12.449603 np0000006794 nova-scheduler[93470]: DEBUG cotyledon.oslo_config_glue [-] oslo_limit.insecure = False {{(pid=93470) log_opt_values /opt/stack/data/venv/lib/python3.12/site-packages/oslo_config/cfg.py:3545}}
Aug 08 18:27:12.449918 np0000006794 nova-scheduler[93470]: DEBUG cotyledon.oslo_config_glue [-] oslo_limit.keyfile = None {{(pid=93470) log_opt_values /opt/stack/data/venv/lib/python3.12/site-packages/oslo_config/cfg.py:3545}}
Aug 08 18:27:12.449918 np0000006794 nova-scheduler[93470]: DEBUG cotyledon.oslo_config_glue [-] oslo_limit.max_version = None {{(pid=93470) log_opt_values /opt/stack/data/venv/lib/python3.12/site-packages/oslo_config/cfg.py:3545}}
Aug 08 18:27:12.449918 np0000006794 nova-scheduler[93470]: DEBUG cotyledon.oslo_config_glue [-] oslo_limit.min_version = None {{(pid=93470) log_opt_values /opt/stack/data/venv/lib/python3.12/site-packages/oslo_config/cfg.py:3545}}
Aug 08 18:27:12.449918 np0000006794 nova-scheduler[93470]: DEBUG cotyledon.oslo_config_glue [-] oslo_limit.region_name = None {{(pid=93470) log_opt_values /opt/stack/data/venv/lib/python3.12/site-packages/oslo_config/cfg.py:3545}}
Aug 08 18:27:12.449918 np0000006794 nova-scheduler[93470]: DEBUG cotyledon.oslo_config_glue [-] oslo_limit.retriable_status_codes = None {{(pid=93470) log_opt_values /opt/stack/data/venv/lib/python3.12/site-packages/oslo_config/cfg.py:3545}}
Aug 08 18:27:12.449918 np0000006794 nova-scheduler[93470]: DEBUG cotyledon.oslo_config_glue [-] oslo_limit.service_name = None {{(pid=93470) log_opt_values /opt/stack/data/venv/lib/python3.12/site-packages/oslo_config/cfg.py:3545}}
Aug 08 18:27:12.449918 np0000006794 nova-scheduler[93470]: DEBUG cotyledon.oslo_config_glue [-] oslo_limit.service_type = None {{(pid=93470) log_opt_values /opt/stack/data/venv/lib/python3.12/site-packages/oslo_config/cfg.py:3545}}
Aug 08 18:27:12.449918 np0000006794 nova-scheduler[93470]: DEBUG cotyledon.oslo_config_glue [-] oslo_limit.split_loggers = False {{(pid=93470) log_opt_values /opt/stack/data/venv/lib/python3.12/site-packages/oslo_config/cfg.py:3545}}
Aug 08 18:27:12.449918 np0000006794 nova-scheduler[93470]: DEBUG cotyledon.oslo_config_glue [-] oslo_limit.status_code_retries = None {{(pid=93470) log_opt_values /opt/stack/data/venv/lib/python3.12/site-packages/oslo_config/cfg.py:3545}}
Aug 08 18:27:12.450244 np0000006794 nova-scheduler[93470]: DEBUG cotyledon.oslo_config_glue [-] oslo_limit.status_code_retry_delay = None {{(pid=93470) log_opt_values /opt/stack/data/venv/lib/python3.12/site-packages/oslo_config/cfg.py:3545}}
Aug 08 18:27:12.450244 np0000006794 nova-scheduler[93470]: DEBUG cotyledon.oslo_config_glue [-] oslo_limit.timeout = None {{(pid=93470) log_opt_values /opt/stack/data/venv/lib/python3.12/site-packages/oslo_config/cfg.py:3545}}
Aug 08 18:27:12.450244 np0000006794 nova-scheduler[93470]: DEBUG cotyledon.oslo_config_glue [-] oslo_limit.valid_interfaces = None {{(pid=93470) log_opt_values /opt/stack/data/venv/lib/python3.12/site-packages/oslo_config/cfg.py:3545}}
Aug 08 18:27:12.450244 np0000006794 nova-scheduler[93470]: DEBUG cotyledon.oslo_config_glue [-] oslo_limit.version = None {{(pid=93470) log_opt_values /opt/stack/data/venv/lib/python3.12/site-packages/oslo_config/cfg.py:3545}}
Aug 08 18:27:12.450244 np0000006794 nova-scheduler[93470]: DEBUG cotyledon.oslo_config_glue [-] oslo_reports.file_event_handler = None {{(pid=93470) log_opt_values /opt/stack/data/venv/lib/python3.12/site-packages/oslo_config/cfg.py:3545}}
Aug 08 18:27:12.450244 np0000006794 nova-scheduler[93470]: DEBUG cotyledon.oslo_config_glue [-] oslo_reports.file_event_handler_interval = 1 {{(pid=93470) log_opt_values /opt/stack/data/venv/lib/python3.12/site-packages/oslo_config/cfg.py:3545}}
Aug 08 18:27:12.450244 np0000006794 nova-scheduler[93470]: DEBUG cotyledon.oslo_config_glue [-] oslo_reports.log_dir = None {{(pid=93470) log_opt_values /opt/stack/data/venv/lib/python3.12/site-packages/oslo_config/cfg.py:3545}}
Aug 08 18:27:12.450244 np0000006794 nova-scheduler[93470]: DEBUG cotyledon.oslo_config_glue [-] ******************************************************************************** {{(pid=93470) log_opt_values /opt/stack/data/venv/lib/python3.12/site-packages/oslo_config/cfg.py:3552}}
Aug 08 18:27:12.450244 np0000006794 nova-scheduler[93470]: DEBUG cotyledon._service_worker [-] Run service ServiceWrapper(2) [93470] {{(pid=93470) wait_forever /opt/stack/data/venv/lib/python3.12/site-packages/cotyledon/_service_worker.py:218}}
Aug 08 18:27:12.450638 np0000006794 nova-scheduler[93470]: INFO nova.service [-] Starting scheduler node (version 33.1.0)
Aug 08 18:27:12.450638 np0000006794 nova-scheduler[93470]: INFO dbcounter [None req-295ea75d-91f3-4684-81e8-da5936569e78 None None] Registered counter for database nova_cell0
Aug 08 18:27:12.456153 np0000006794 nova-scheduler[93448]: DEBUG oslo_db.sqlalchemy.engines [None req-a5556df7-029f-4a72-b857-ca8add744856 None None] MySQL server mode set to STRICT_TRANS_TABLES,STRICT_ALL_TABLES,NO_ZERO_IN_DATE,NO_ZERO_DATE,ERROR_FOR_DIVISION_BY_ZERO,TRADITIONAL,NO_ENGINE_SUBSTITUTION {{(pid=93448) _check_effective_sql_mode /opt/stack/data/venv/lib/python3.12/site-packages/oslo_db/sqlalchemy/engines.py:325}}
Aug 08 18:27:12.460352 np0000006794 nova-scheduler[93445]: DEBUG oslo_db.sqlalchemy.engines [None req-cbdd08fb-6479-4715-8864-9256d44da792 None None] MySQL server mode set to STRICT_TRANS_TABLES,STRICT_ALL_TABLES,NO_ZERO_IN_DATE,NO_ZERO_DATE,ERROR_FOR_DIVISION_BY_ZERO,TRADITIONAL,NO_ENGINE_SUBSTITUTION {{(pid=93445) _check_effective_sql_mode /opt/stack/data/venv/lib/python3.12/site-packages/oslo_db/sqlalchemy/engines.py:325}}
Aug 08 18:27:12.468693 np0000006794 nova-scheduler[93448]: DEBUG dbcounter [-] [93448] Writer thread running {{(pid=93448) stat_writer /opt/stack/data/venv/lib/python3.12/site-packages/dbcounter.py:102}}
Aug 08 18:27:12.473123 np0000006794 nova-scheduler[93445]: DEBUG dbcounter [-] [93445] Writer thread running {{(pid=93445) stat_writer /opt/stack/data/venv/lib/python3.12/site-packages/dbcounter.py:102}}
Aug 08 18:27:12.475988 np0000006794 nova-scheduler[93470]: DEBUG oslo_db.sqlalchemy.engines [None req-295ea75d-91f3-4684-81e8-da5936569e78 None None] MySQL server mode set to STRICT_TRANS_TABLES,STRICT_ALL_TABLES,NO_ZERO_IN_DATE,NO_ZERO_DATE,ERROR_FOR_DIVISION_BY_ZERO,TRADITIONAL,NO_ENGINE_SUBSTITUTION {{(pid=93470) _check_effective_sql_mode /opt/stack/data/venv/lib/python3.12/site-packages/oslo_db/sqlalchemy/engines.py:325}}
Aug 08 18:27:12.485013 np0000006794 nova-scheduler[93448]: DEBUG nova.service [None req-a5556df7-029f-4a72-b857-ca8add744856 None None] Creating RPC server for service: nova-scheduler on topic: scheduler {{(pid=93448) start /opt/stack/nova/nova/service.py:196}}
Aug 08 18:27:12.487397 np0000006794 nova-scheduler[93470]: DEBUG dbcounter [-] [93470] Writer thread running {{(pid=93470) stat_writer /opt/stack/data/venv/lib/python3.12/site-packages/dbcounter.py:102}}
Aug 08 18:27:12.490410 np0000006794 nova-scheduler[93470]: DEBUG nova.service [None req-295ea75d-91f3-4684-81e8-da5936569e78 None None] Creating RPC server for service: nova-scheduler on topic: scheduler {{(pid=93470) start /opt/stack/nova/nova/service.py:196}}
Aug 08 18:27:12.492441 np0000006794 nova-scheduler[93445]: DEBUG nova.service [None req-cbdd08fb-6479-4715-8864-9256d44da792 None None] Creating RPC server for service: nova-scheduler on topic: scheduler {{(pid=93445) start /opt/stack/nova/nova/service.py:196}}
Aug 08 18:27:12.511758 np0000006794 nova-scheduler[93448]: DEBUG nova.service [None req-a5556df7-029f-4a72-b857-ca8add744856 None None] Join ServiceGroup membership for this service scheduler {{(pid=93448) start /opt/stack/nova/nova/service.py:222}}
Aug 08 18:27:12.512030 np0000006794 nova-scheduler[93448]: DEBUG nova.servicegroup.drivers.db [None req-a5556df7-029f-4a72-b857-ca8add744856 None None] DB_Driver: join new ServiceGroup member np0000006794 to the scheduler group, service = {{(pid=93448) join /opt/stack/nova/nova/servicegroup/drivers/db.py:44}}
Aug 08 18:27:12.518175 np0000006794 nova-scheduler[93445]: DEBUG nova.service [None req-cbdd08fb-6479-4715-8864-9256d44da792 None None] Join ServiceGroup membership for this service scheduler {{(pid=93445) start /opt/stack/nova/nova/service.py:222}}
Aug 08 18:27:12.518311 np0000006794 nova-scheduler[93470]: DEBUG nova.service [None req-295ea75d-91f3-4684-81e8-da5936569e78 None None] Join ServiceGroup membership for this service scheduler {{(pid=93470) start /opt/stack/nova/nova/service.py:222}}
Aug 08 18:27:12.518460 np0000006794 nova-scheduler[93445]: DEBUG nova.servicegroup.drivers.db [None req-cbdd08fb-6479-4715-8864-9256d44da792 None None] DB_Driver: join new ServiceGroup member np0000006794 to the scheduler group, service = {{(pid=93445) join /opt/stack/nova/nova/servicegroup/drivers/db.py:44}}
Aug 08 18:27:12.518567 np0000006794 nova-scheduler[93470]: DEBUG nova.servicegroup.drivers.db [None req-295ea75d-91f3-4684-81e8-da5936569e78 None None] DB_Driver: join new ServiceGroup member np0000006794 to the scheduler group, service = {{(pid=93470) join /opt/stack/nova/nova/servicegroup/drivers/db.py:44}}
Aug 08 18:27:17.527462 np0000006794 nova-scheduler[93448]: DEBUG oslo.service.backend._threading.loopingcall [-] Fixed interval looping call 'nova.servicegroup.drivers.db.DbDriver._report_state' sleeping for 119.99 seconds {{(pid=93448) _run_loop /opt/stack/data/venv/lib/python3.12/site-packages/oslo_service/backend/_threading/loopingcall.py:125}}
Aug 08 18:27:17.529237 np0000006794 nova-scheduler[93445]: DEBUG oslo.service.backend._threading.loopingcall [-] Fixed interval looping call 'nova.servicegroup.drivers.db.DbDriver._report_state' sleeping for 119.99 seconds {{(pid=93445) _run_loop /opt/stack/data/venv/lib/python3.12/site-packages/oslo_service/backend/_threading/loopingcall.py:125}}
Aug 08 18:27:17.529804 np0000006794 nova-scheduler[93470]: DEBUG oslo.service.backend._threading.loopingcall [-] Fixed interval looping call 'nova.servicegroup.drivers.db.DbDriver._report_state' sleeping for 119.99 seconds {{(pid=93470) _run_loop /opt/stack/data/venv/lib/python3.12/site-packages/oslo_service/backend/_threading/loopingcall.py:125}}
Aug 08 18:27:21.037272 np0000006794 nova-scheduler[92246]: DEBUG dbcounter [-] [92246] Writing DB stats nova_api:SELECT=3 {{(pid=92246) stat_writer /opt/stack/data/venv/lib/python3.12/site-packages/dbcounter.py:115}}
Aug 08 18:27:21.186699 np0000006794 nova-scheduler[92246]: DEBUG dbcounter [-] [92246] Writing DB stats nova_cell0:SELECT=1 {{(pid=92246) stat_writer /opt/stack/data/venv/lib/python3.12/site-packages/dbcounter.py:115}}
Aug 08 18:27:21.192976 np0000006794 nova-scheduler[92246]: DEBUG dbcounter [-] [92246] Writing DB stats nova_cell1:SELECT=1 {{(pid=92246) stat_writer /opt/stack/data/venv/lib/python3.12/site-packages/dbcounter.py:115}}
Aug 08 18:27:27.523744 np0000006794 nova-scheduler[93448]: DEBUG dbcounter [-] [93448] Writing DB stats nova_cell0:SELECT=4,nova_cell0:INSERT=1,nova_cell0:UPDATE=1 {{(pid=93448) stat_writer /opt/stack/data/venv/lib/python3.12/site-packages/dbcounter.py:115}}
Aug 08 18:27:27.527227 np0000006794 nova-scheduler[93445]: DEBUG dbcounter [-] [93445] Writing DB stats nova_cell0:SELECT=5,nova_cell0:INSERT=1 {{(pid=93445) stat_writer /opt/stack/data/venv/lib/python3.12/site-packages/dbcounter.py:115}}
Aug 08 18:27:27.529624 np0000006794 nova-scheduler[93470]: DEBUG dbcounter [-] [93470] Writing DB stats nova_cell0:SELECT=3 {{(pid=93470) stat_writer /opt/stack/data/venv/lib/python3.12/site-packages/dbcounter.py:115}}
Aug 08 18:27:28.515047 np0000006794 nova-scheduler[93448]: DEBUG oslo.service.backend._threading.loopingcall [None req-15f22a6d-5f4e-4238-821e-fba8edc54989 None None] Dynamic interval looping call 'nova.service.Service.periodic_tasks' sleeping for 60.00 seconds {{(pid=93448) _run_loop /opt/stack/data/venv/lib/python3.12/site-packages/oslo_service/backend/_threading/loopingcall.py:125}}
Aug 08 18:27:36.521140 np0000006794 nova-scheduler[93470]: DEBUG oslo.service.backend._threading.loopingcall [None req-29e16b33-4c45-4509-8616-ce24e57b3a81 None None] Dynamic interval looping call 'nova.service.Service.periodic_tasks' sleeping for 60.00 seconds {{(pid=93470) _run_loop /opt/stack/data/venv/lib/python3.12/site-packages/oslo_service/backend/_threading/loopingcall.py:125}}
Aug 08 18:28:07.520432 np0000006794 nova-scheduler[93445]: DEBUG oslo.service.backend._threading.loopingcall [None req-a02ff556-5c9f-44b4-83a9-81c1a48f8f84 None None] Dynamic interval looping call 'nova.service.Service.periodic_tasks' sleeping for 60.00 seconds {{(pid=93445) _run_loop /opt/stack/data/venv/lib/python3.12/site-packages/oslo_service/backend/_threading/loopingcall.py:125}}
Aug 08 18:28:28.515469 np0000006794 nova-scheduler[93448]: DEBUG oslo.service.backend._threading.loopingcall [None req-15f22a6d-5f4e-4238-821e-fba8edc54989 None None] Dynamic interval looping call 'nova.service.Service.periodic_tasks' sleeping for 60.00 seconds {{(pid=93448) _run_loop /opt/stack/data/venv/lib/python3.12/site-packages/oslo_service/backend/_threading/loopingcall.py:125}}
Aug 08 18:28:36.521804 np0000006794 nova-scheduler[93470]: DEBUG oslo.service.backend._threading.loopingcall [None req-29e16b33-4c45-4509-8616-ce24e57b3a81 None None] Dynamic interval looping call 'nova.service.Service.periodic_tasks' sleeping for 60.00 seconds {{(pid=93470) _run_loop /opt/stack/data/venv/lib/python3.12/site-packages/oslo_service/backend/_threading/loopingcall.py:125}}
Aug 08 18:29:07.520981 np0000006794 nova-scheduler[93445]: DEBUG oslo.service.backend._threading.loopingcall [None req-a02ff556-5c9f-44b4-83a9-81c1a48f8f84 None None] Dynamic interval looping call 'nova.service.Service.periodic_tasks' sleeping for 60.00 seconds {{(pid=93445) _run_loop /opt/stack/data/venv/lib/python3.12/site-packages/oslo_service/backend/_threading/loopingcall.py:125}}
Aug 08 18:29:17.527461 np0000006794 nova-scheduler[93448]: DEBUG oslo.service.backend._threading.loopingcall [-] Fixed interval looping call 'nova.servicegroup.drivers.db.DbDriver._report_state' sleeping for 119.99 seconds {{(pid=93448) _run_loop /opt/stack/data/venv/lib/python3.12/site-packages/oslo_service/backend/_threading/loopingcall.py:125}}
Aug 08 18:29:17.528196 np0000006794 nova-scheduler[93445]: DEBUG oslo.service.backend._threading.loopingcall [-] Fixed interval looping call 'nova.servicegroup.drivers.db.DbDriver._report_state' sleeping for 119.99 seconds {{(pid=93445) _run_loop /opt/stack/data/venv/lib/python3.12/site-packages/oslo_service/backend/_threading/loopingcall.py:125}}
Aug 08 18:29:17.528875 np0000006794 nova-scheduler[93470]: DEBUG oslo.service.backend._threading.loopingcall [-] Fixed interval looping call 'nova.servicegroup.drivers.db.DbDriver._report_state' sleeping for 119.99 seconds {{(pid=93470) _run_loop /opt/stack/data/venv/lib/python3.12/site-packages/oslo_service/backend/_threading/loopingcall.py:125}}
Aug 08 18:29:27.524064 np0000006794 nova-scheduler[93448]: DEBUG dbcounter [-] [93448] Writing DB stats nova_cell0:SELECT=1,nova_cell0:UPDATE=1 {{(pid=93448) stat_writer /opt/stack/data/venv/lib/python3.12/site-packages/dbcounter.py:115}}
Aug 08 18:29:27.524662 np0000006794 nova-scheduler[93445]: DEBUG dbcounter [-] [93445] Writing DB stats nova_cell0:SELECT=1,nova_cell0:UPDATE=1 {{(pid=93445) stat_writer /opt/stack/data/venv/lib/python3.12/site-packages/dbcounter.py:115}}
Aug 08 18:29:27.527825 np0000006794 nova-scheduler[93470]: DEBUG dbcounter [-] [93470] Writing DB stats nova_cell0:SELECT=1,nova_cell0:UPDATE=1 {{(pid=93470) stat_writer /opt/stack/data/venv/lib/python3.12/site-packages/dbcounter.py:115}}
Aug 08 18:29:28.515996 np0000006794 nova-scheduler[93448]: DEBUG oslo.service.backend._threading.loopingcall [None req-15f22a6d-5f4e-4238-821e-fba8edc54989 None None] Dynamic interval looping call 'nova.service.Service.periodic_tasks' sleeping for 60.00 seconds {{(pid=93448) _run_loop /opt/stack/data/venv/lib/python3.12/site-packages/oslo_service/backend/_threading/loopingcall.py:125}}
Aug 08 18:29:36.522350 np0000006794 nova-scheduler[93470]: DEBUG oslo.service.backend._threading.loopingcall [None req-29e16b33-4c45-4509-8616-ce24e57b3a81 None None] Dynamic interval looping call 'nova.service.Service.periodic_tasks' sleeping for 60.00 seconds {{(pid=93470) _run_loop /opt/stack/data/venv/lib/python3.12/site-packages/oslo_service/backend/_threading/loopingcall.py:125}}
Aug 08 18:29:58.583009 np0000006794 nova-scheduler[93448]: DEBUG nova.scheduler.manager [None req-cfcee8b1-95ae-40fd-9a2f-2371a0cefd46 tempest-DeleteServersTestJSON-669131850 tempest-DeleteServersTestJSON-669131850-project-member] Starting to schedule for instances: ['35e8a27d-854a-4659-9441-b314bf185db9'] {{(pid=93448) select_destinations /opt/stack/nova/nova/scheduler/manager.py:209}}
Aug 08 18:29:58.583524 np0000006794 nova-scheduler[93448]: DEBUG nova.scheduler.request_filter [None req-cfcee8b1-95ae-40fd-9a2f-2371a0cefd46 tempest-DeleteServersTestJSON-669131850 tempest-DeleteServersTestJSON-669131850-project-member] compute_status_filter request filter added forbidden trait COMPUTE_STATUS_DISABLED {{(pid=93448) compute_status_filter /opt/stack/nova/nova/scheduler/request_filter.py:253}}
Aug 08 18:29:58.583641 np0000006794 nova-scheduler[93448]: DEBUG nova.scheduler.request_filter [None req-cfcee8b1-95ae-40fd-9a2f-2371a0cefd46 tempest-DeleteServersTestJSON-669131850 tempest-DeleteServersTestJSON-669131850-project-member] Request filter 'compute_status_filter' took 0.0 seconds {{(pid=93448) wrapper /opt/stack/nova/nova/scheduler/request_filter.py:46}}
Aug 08 18:29:58.583881 np0000006794 nova-scheduler[93448]: DEBUG nova.scheduler.request_filter [None req-cfcee8b1-95ae-40fd-9a2f-2371a0cefd46 tempest-DeleteServersTestJSON-669131850 tempest-DeleteServersTestJSON-669131850-project-member] Request filter 'accelerators_filter' took 0.0 seconds {{(pid=93448) wrapper /opt/stack/nova/nova/scheduler/request_filter.py:46}}
Aug 08 18:29:58.584706 np0000006794 nova-scheduler[93448]: DEBUG nova.scheduler.request_filter [None req-cfcee8b1-95ae-40fd-9a2f-2371a0cefd46 tempest-DeleteServersTestJSON-669131850 tempest-DeleteServersTestJSON-669131850-project-member] Request filter 'packed_virtqueue_filter' took 0.0 seconds {{(pid=93448) wrapper /opt/stack/nova/nova/scheduler/request_filter.py:46}}
Aug 08 18:29:58.584907 np0000006794 nova-scheduler[93448]: DEBUG nova.scheduler.request_filter [None req-cfcee8b1-95ae-40fd-9a2f-2371a0cefd46 tempest-DeleteServersTestJSON-669131850 tempest-DeleteServersTestJSON-669131850-project-member] Request filter 'remote_managed_ports_filter' took 0.0 seconds {{(pid=93448) wrapper /opt/stack/nova/nova/scheduler/request_filter.py:46}}
Aug 08 18:29:58.585270 np0000006794 nova-scheduler[93448]: DEBUG nova.scheduler.request_filter [None req-cfcee8b1-95ae-40fd-9a2f-2371a0cefd46 tempest-DeleteServersTestJSON-669131850 tempest-DeleteServersTestJSON-669131850-project-member] ephemeral_encryption_filter skipped {{(pid=93448) ephemeral_encryption_filter /opt/stack/nova/nova/scheduler/request_filter.py:426}}
Aug 08 18:29:58.585383 np0000006794 nova-scheduler[93448]: DEBUG nova.scheduler.request_filter [None req-cfcee8b1-95ae-40fd-9a2f-2371a0cefd46 tempest-DeleteServersTestJSON-669131850 tempest-DeleteServersTestJSON-669131850-project-member] virtio_sound_filter skipped {{(pid=93448) virtio_sound_filter /opt/stack/nova/nova/scheduler/request_filter.py:460}}
Aug 08 18:29:58.585533 np0000006794 nova-scheduler[93448]: DEBUG nova.scheduler.request_filter [None req-cfcee8b1-95ae-40fd-9a2f-2371a0cefd46 tempest-DeleteServersTestJSON-669131850 tempest-DeleteServersTestJSON-669131850-project-member] tpm_secret_security_filter skipped {{(pid=93448) tpm_secret_security_filter /opt/stack/nova/nova/scheduler/request_filter.py:477}}
Aug 08 18:29:59.226454 np0000006794 nova-scheduler[93448]: INFO nova.utils [None req-cfcee8b1-95ae-40fd-9a2f-2371a0cefd46 tempest-DeleteServersTestJSON-669131850 tempest-DeleteServersTestJSON-669131850-project-member] The cell worker thread pool ForkProcess-2.cell_worker is initialized
Aug 08 18:29:59.226920 np0000006794 nova-scheduler[93448]: DEBUG oslo_concurrency.lockutils [None req-cfcee8b1-95ae-40fd-9a2f-2371a0cefd46 tempest-DeleteServersTestJSON-669131850 tempest-DeleteServersTestJSON-669131850-project-member] Acquiring lock "a1e0efe0-2520-4fa2-94e0-0295021d8dda" by "nova.context.set_target_cell..get_or_set_cached_cell_and_set_connections" {{(pid=93448) inner /opt/stack/data/venv/lib/python3.12/site-packages/oslo_concurrency/lockutils.py:512}}
Aug 08 18:29:59.227432 np0000006794 nova-scheduler[93448]: DEBUG oslo_concurrency.lockutils [None req-cfcee8b1-95ae-40fd-9a2f-2371a0cefd46 tempest-DeleteServersTestJSON-669131850 tempest-DeleteServersTestJSON-669131850-project-member] Lock "a1e0efe0-2520-4fa2-94e0-0295021d8dda" acquired by "nova.context.set_target_cell..get_or_set_cached_cell_and_set_connections" :: waited 0.000s {{(pid=93448) inner /opt/stack/data/venv/lib/python3.12/site-packages/oslo_concurrency/lockutils.py:525}}
Aug 08 18:29:59.229286 np0000006794 nova-scheduler[93448]: DEBUG oslo_concurrency.lockutils [None req-cfcee8b1-95ae-40fd-9a2f-2371a0cefd46 tempest-DeleteServersTestJSON-669131850 tempest-DeleteServersTestJSON-669131850-project-member] Lock "a1e0efe0-2520-4fa2-94e0-0295021d8dda" "released" by "nova.context.set_target_cell..get_or_set_cached_cell_and_set_connections" :: held 0.002s {{(pid=93448) inner /opt/stack/data/venv/lib/python3.12/site-packages/oslo_concurrency/lockutils.py:544}}
Aug 08 18:29:59.231702 np0000006794 nova-scheduler[93448]: INFO dbcounter [None req-cfcee8b1-95ae-40fd-9a2f-2371a0cefd46 tempest-DeleteServersTestJSON-669131850 tempest-DeleteServersTestJSON-669131850-project-member] Registered counter for database nova_cell1
Aug 08 18:29:59.286867 np0000006794 nova-scheduler[93448]: DEBUG oslo_db.sqlalchemy.engines [None req-cfcee8b1-95ae-40fd-9a2f-2371a0cefd46 tempest-DeleteServersTestJSON-669131850 tempest-DeleteServersTestJSON-669131850-project-member] MySQL server mode set to STRICT_TRANS_TABLES,STRICT_ALL_TABLES,NO_ZERO_IN_DATE,NO_ZERO_DATE,ERROR_FOR_DIVISION_BY_ZERO,TRADITIONAL,NO_ENGINE_SUBSTITUTION {{(pid=93448) _check_effective_sql_mode /opt/stack/data/venv/lib/python3.12/site-packages/oslo_db/sqlalchemy/engines.py:325}}
Aug 08 18:29:59.295405 np0000006794 nova-scheduler[93448]: DEBUG dbcounter [-] [93448] Writer thread running {{(pid=93448) stat_writer /opt/stack/data/venv/lib/python3.12/site-packages/dbcounter.py:102}}
Aug 08 18:29:59.311109 np0000006794 nova-scheduler[93448]: DEBUG oslo_db.sqlalchemy.engines [None req-cfcee8b1-95ae-40fd-9a2f-2371a0cefd46 tempest-DeleteServersTestJSON-669131850 tempest-DeleteServersTestJSON-669131850-project-member] Parent process 92246 forked (93448) with an open database connection, which is being discarded and recreated. {{(pid=93448) checkout /opt/stack/data/venv/lib/python3.12/site-packages/oslo_db/sqlalchemy/engines.py:402}}
Aug 08 18:29:59.358740 np0000006794 nova-scheduler[93448]: DEBUG dbcounter [-] [93448] Writer thread running {{(pid=93448) stat_writer /opt/stack/data/venv/lib/python3.12/site-packages/dbcounter.py:102}}
Aug 08 18:29:59.362201 np0000006794 nova-scheduler[93448]: DEBUG oslo_concurrency.lockutils [None req-cfcee8b1-95ae-40fd-9a2f-2371a0cefd46 tempest-DeleteServersTestJSON-669131850 tempest-DeleteServersTestJSON-669131850-project-member] Acquiring lock "a1e0efe0-2520-4fa2-94e0-0295021d8dda" by "nova.context.set_target_cell..get_or_set_cached_cell_and_set_connections" {{(pid=93448) inner /opt/stack/data/venv/lib/python3.12/site-packages/oslo_concurrency/lockutils.py:512}}
Aug 08 18:29:59.362326 np0000006794 nova-scheduler[93448]: DEBUG oslo_concurrency.lockutils [None req-cfcee8b1-95ae-40fd-9a2f-2371a0cefd46 tempest-DeleteServersTestJSON-669131850 tempest-DeleteServersTestJSON-669131850-project-member] Lock "a1e0efe0-2520-4fa2-94e0-0295021d8dda" acquired by "nova.context.set_target_cell..get_or_set_cached_cell_and_set_connections" :: waited 0.000s {{(pid=93448) inner /opt/stack/data/venv/lib/python3.12/site-packages/oslo_concurrency/lockutils.py:525}}
Aug 08 18:29:59.362429 np0000006794 nova-scheduler[93448]: DEBUG oslo_concurrency.lockutils [None req-cfcee8b1-95ae-40fd-9a2f-2371a0cefd46 tempest-DeleteServersTestJSON-669131850 tempest-DeleteServersTestJSON-669131850-project-member] Lock "a1e0efe0-2520-4fa2-94e0-0295021d8dda" "released" by "nova.context.set_target_cell..get_or_set_cached_cell_and_set_connections" :: held 0.000s {{(pid=93448) inner /opt/stack/data/venv/lib/python3.12/site-packages/oslo_concurrency/lockutils.py:544}}
Aug 08 18:29:59.366849 np0000006794 nova-scheduler[93448]: DEBUG oslo_concurrency.lockutils [None req-cfcee8b1-95ae-40fd-9a2f-2371a0cefd46 tempest-DeleteServersTestJSON-669131850 tempest-DeleteServersTestJSON-669131850-project-member] Acquiring lock "np0000006794-np0000006794" by "nova.scheduler.host_manager.HostState.update.._locked_update" {{(pid=93448) inner /opt/stack/data/venv/lib/python3.12/site-packages/oslo_concurrency/lockutils.py:512}}
Aug 08 18:29:59.367575 np0000006794 nova-scheduler[93448]: DEBUG oslo_concurrency.lockutils [None req-cfcee8b1-95ae-40fd-9a2f-2371a0cefd46 tempest-DeleteServersTestJSON-669131850 tempest-DeleteServersTestJSON-669131850-project-member] Lock "np0000006794-np0000006794" acquired by "nova.scheduler.host_manager.HostState.update.._locked_update" :: waited 0.000s {{(pid=93448) inner /opt/stack/data/venv/lib/python3.12/site-packages/oslo_concurrency/lockutils.py:525}}
Aug 08 18:29:59.368135 np0000006794 nova-scheduler[93448]: DEBUG nova.scheduler.host_manager [None req-cfcee8b1-95ae-40fd-9a2f-2371a0cefd46 tempest-DeleteServersTestJSON-669131850 tempest-DeleteServersTestJSON-669131850-project-member] Update host state from compute node: ComputeNode(cpu_allocation_ratio=4.0,cpu_info='{"arch": "x86_64", "model": "EPYC-Milan", "vendor": "AMD", "topology": {"cells": 1, "sockets": 16, "cores": 1, "threads": 1}, "maxphysaddr": {"mode": "emulate", "bits": 40}, "features": ["umip", "cmp_legacy", "movbe", "ssse3", "rdctl-no", "xsaves", "abm", "pse", "fsrm", "virt-ssbd", "fpu", "apic", "lbrv", "vgif", "fxsr", "spec-ctrl", "mmx", "null-sel-clr-base", "cmov", "rdtscp", "pschange-mc-no", "amd-stibp", "clzero", "nx", "smap", "sse2", "popcnt", "ibrs", "pclmuldq", "tsc-scale", "bmi1", "sse4.2", "mca", "tsc_adjust", "stibp", "rdpid", "misalignsse", "msr", "vme", "npt", "xsaveopt", "pse36", "ssbd", "avx2", "fxsr_opt", "erms", "clwb", "cx16", "xgetbv1", "cr8legacy", "syscall", "gds-no", "f16c", "aes", "pni", "sse", "3dnowprefetch", "fma", "pfthreshold", "fsgsbase", "vmcb-clean", "vpclmulqdq", "tsc-deadline", "clflushopt", "arat", "pae", "arch-capabilities", "svm", "pdpe1gb", "xsave", "cx8", "mtrr", "amd-psfd", "xsavec", "invpcid", "sha-ni", "mmxext", "pat", "svme-addr-chk", "smep", "amd-ssbd", "de", "flushbyasid", "sse4.1", "lm", "ibpb", "wbnoinvd", "vaes", "xsaveerptr", "osvw", "pcid", "no-nested-data-bp", "rdseed", "lahf_lm", "sse4a", "perfctr_core", "avx", "clflush", "bmi2", "rdrand", "nrip-save", "pause-filter", "x2apic", "v-vmsave-vmload", "stibp-always-on", "tsc", "skip-l1dfl-vmentry", "pge", "sep", "pku", "topoext", "lfence-always-serializing", "mds-no", "hypervisor", "mce", "adx"]}',created_at=2026-08-08T18:27:36Z,current_workload=0,deleted=False,deleted_at=None,disk_allocation_ratio=1.0,disk_available_least=73,free_disk_gb=95,free_ram_mb=62765,host='np0000006794',host_ip=10.4.3.209,hypervisor_hostname='np0000006794',hypervisor_type='QEMU',hypervisor_version=8002002,id=1,local_gb=95,local_gb_used=0,mapped=1,memory_mb=63277,memory_mb_used=512,metrics='[]',numa_topology='{"nova_object.name": "NUMATopology", "nova_object.namespace": "nova", "nova_object.version": "1.2", "nova_object.data": {"cells": [{"nova_object.name": "NUMACell", "nova_object.namespace": "nova", "nova_object.version": "1.5", "nova_object.data": {"id": 0, "cpuset": [0, 1, 2, 3, 4, 5, 6, 7, 8, 9, 10, 11, 12, 13, 14, 15], "pcpuset": [0, 1, 2, 3, 4, 5, 6, 7, 8, 9, 10, 11, 12, 13, 14, 15], "memory": 63277, "cpu_usage": 0, "memory_usage": 0, "pinned_cpus": [], "siblings": [[6], [12], [2], [15], [5], [11], [8], [14], [4], [1], [7], [10], [0], [13], [3], [9]], "mempages": [{"nova_object.name": "NUMAPagesTopology", "nova_object.namespace": "nova", "nova_object.version": "1.1", "nova_object.data": {"size_kb": 4, "total": 16177930, "used": 0, "reserved": 0}, "nova_object.changes": ["used", "total", "size_kb", "reserved"]}, {"nova_object.name": "NUMAPagesTopology", "nova_object.namespace": "nova", "nova_object.version": "1.1", "nova_object.data": {"size_kb": 2048, "total": 41, "used": 0, "reserved": 0}, "nova_object.changes": ["used", "total", "size_kb", "reserved"]}, {"nova_object.name": "NUMAPagesTopology", "nova_object.namespace": "nova", "nova_object.version": "1.1", "nova_object.data": {"size_kb": 1048576, "total": 0, "used": 0, "reserved": 0}, "nova_object.changes": ["used", "total", "size_kb", "reserved"]}], "network_metadata": {"nova_object.name": "NetworkMetadata", "nova_object.namespace": "nova", "nova_object.version": "1.0", "nova_object.data": {"physnets": [], "tunneled": false}, "nova_object.changes": ["physnets", "tunneled"]}, "socket": null}, "nova_object.changes": ["siblings", "id", "mempages", "pcpuset", "cpu_usage", "cpuset", "memory", "pinned_cpus", "memory_usage", "network_metadata", "socket"]}]}, "nova_object.changes": ["cells"]}',pci_device_pools=PciDevicePoolList,ram_allocation_ratio=1.0,running_vms=0,service_id=3,stats={failed_builds='0',uptime=' 18:29:22 up 13 min, 2 users, load average: 1.12, 1.41, 0.83
Aug 08 18:29:59.368135 np0000006794 nova-scheduler[93448]: '},supported_hv_specs=[HVSpec,HVSpec,HVSpec,HVSpec,HVSpec,HVSpec,HVSpec,HVSpec,HVSpec,HVSpec,HVSpec,HVSpec,HVSpec,HVSpec,HVSpec,HVSpec,HVSpec,HVSpec,HVSpec,HVSpec,HVSpec,HVSpec,HVSpec,HVSpec,HVSpec],updated_at=2026-08-08T18:29:22Z,uuid=2ea837f0-5df1-4d74-940f-3f893fac8766,vcpus=16,vcpus_used=0) {{(pid=93448) _locked_update /opt/stack/nova/nova/scheduler/host_manager.py:168}}
Aug 08 18:29:59.369047 np0000006794 nova-scheduler[93448]: DEBUG nova.scheduler.host_manager [None req-cfcee8b1-95ae-40fd-9a2f-2371a0cefd46 tempest-DeleteServersTestJSON-669131850 tempest-DeleteServersTestJSON-669131850-project-member] Update host state with aggregates: [] {{(pid=93448) _locked_update /opt/stack/nova/nova/scheduler/host_manager.py:171}}
Aug 08 18:29:59.369168 np0000006794 nova-scheduler[93448]: DEBUG nova.scheduler.host_manager [None req-cfcee8b1-95ae-40fd-9a2f-2371a0cefd46 tempest-DeleteServersTestJSON-669131850 tempest-DeleteServersTestJSON-669131850-project-member] Update host state with service dict: {'id': 3, 'uuid': '1e1634e6-9b11-41fe-9914-a3db9f8e4eda', 'host': 'np0000006794', 'binary': 'nova-compute', 'topic': 'compute', 'report_count': 2, 'disabled': False, 'disabled_reason': None, 'last_seen_up': datetime.datetime(2026, 8, 8, 18, 29, 43, tzinfo=datetime.timezone.utc), 'forced_down': False, 'version': 72, 'created_at': datetime.datetime(2026, 8, 8, 18, 27, 36, tzinfo=datetime.timezone.utc), 'updated_at': datetime.datetime(2026, 8, 8, 18, 29, 43, tzinfo=datetime.timezone.utc), 'deleted_at': None, 'deleted': False} {{(pid=93448) _locked_update /opt/stack/nova/nova/scheduler/host_manager.py:174}}
Aug 08 18:29:59.369311 np0000006794 nova-scheduler[93448]: DEBUG nova.scheduler.host_manager [None req-cfcee8b1-95ae-40fd-9a2f-2371a0cefd46 tempest-DeleteServersTestJSON-669131850 tempest-DeleteServersTestJSON-669131850-project-member] Update host state with instances: [] {{(pid=93448) _locked_update /opt/stack/nova/nova/scheduler/host_manager.py:177}}
Aug 08 18:29:59.369495 np0000006794 nova-scheduler[93448]: DEBUG oslo_concurrency.lockutils [None req-cfcee8b1-95ae-40fd-9a2f-2371a0cefd46 tempest-DeleteServersTestJSON-669131850 tempest-DeleteServersTestJSON-669131850-project-member] Lock "np0000006794-np0000006794" "released" by "nova.scheduler.host_manager.HostState.update.._locked_update" :: held 0.002s {{(pid=93448) inner /opt/stack/data/venv/lib/python3.12/site-packages/oslo_concurrency/lockutils.py:544}}
Aug 08 18:29:59.370142 np0000006794 nova-scheduler[93448]: DEBUG nova.filters [None req-cfcee8b1-95ae-40fd-9a2f-2371a0cefd46 tempest-DeleteServersTestJSON-669131850 tempest-DeleteServersTestJSON-669131850-project-member] Starting with 1 host(s) {{(pid=93448) get_filtered_objects /opt/stack/nova/nova/filters.py:70}}
Aug 08 18:29:59.370292 np0000006794 nova-scheduler[93448]: DEBUG nova.filters [None req-cfcee8b1-95ae-40fd-9a2f-2371a0cefd46 tempest-DeleteServersTestJSON-669131850 tempest-DeleteServersTestJSON-669131850-project-member] Filter ComputeFilter returned 1 host(s) {{(pid=93448) get_filtered_objects /opt/stack/nova/nova/filters.py:102}}
Aug 08 18:29:59.370501 np0000006794 nova-scheduler[93448]: DEBUG nova.filters [None req-cfcee8b1-95ae-40fd-9a2f-2371a0cefd46 tempest-DeleteServersTestJSON-669131850 tempest-DeleteServersTestJSON-669131850-project-member] Filter ComputeCapabilitiesFilter returned 1 host(s) {{(pid=93448) get_filtered_objects /opt/stack/nova/nova/filters.py:102}}
Aug 08 18:29:59.371015 np0000006794 nova-scheduler[93448]: DEBUG nova.filters [None req-cfcee8b1-95ae-40fd-9a2f-2371a0cefd46 tempest-DeleteServersTestJSON-669131850 tempest-DeleteServersTestJSON-669131850-project-member] Filter ImagePropertiesFilter returned 1 host(s) {{(pid=93448) get_filtered_objects /opt/stack/nova/nova/filters.py:102}}
Aug 08 18:29:59.371015 np0000006794 nova-scheduler[93448]: DEBUG nova.filters [None req-cfcee8b1-95ae-40fd-9a2f-2371a0cefd46 tempest-DeleteServersTestJSON-669131850 tempest-DeleteServersTestJSON-669131850-project-member] Filter ServerGroupAntiAffinityFilter returned 1 host(s) {{(pid=93448) get_filtered_objects /opt/stack/nova/nova/filters.py:102}}
Aug 08 18:29:59.371135 np0000006794 nova-scheduler[93448]: DEBUG nova.filters [None req-cfcee8b1-95ae-40fd-9a2f-2371a0cefd46 tempest-DeleteServersTestJSON-669131850 tempest-DeleteServersTestJSON-669131850-project-member] Filter ServerGroupAffinityFilter returned 1 host(s) {{(pid=93448) get_filtered_objects /opt/stack/nova/nova/filters.py:102}}
Aug 08 18:29:59.371288 np0000006794 nova-scheduler[93448]: DEBUG nova.filters [None req-cfcee8b1-95ae-40fd-9a2f-2371a0cefd46 tempest-DeleteServersTestJSON-669131850 tempest-DeleteServersTestJSON-669131850-project-member] Filter SameHostFilter returned 1 host(s) {{(pid=93448) get_filtered_objects /opt/stack/nova/nova/filters.py:102}}
Aug 08 18:29:59.371427 np0000006794 nova-scheduler[93448]: DEBUG nova.filters [None req-cfcee8b1-95ae-40fd-9a2f-2371a0cefd46 tempest-DeleteServersTestJSON-669131850 tempest-DeleteServersTestJSON-669131850-project-member] Filter DifferentHostFilter returned 1 host(s) {{(pid=93448) get_filtered_objects /opt/stack/nova/nova/filters.py:102}}
Aug 08 18:29:59.371583 np0000006794 nova-scheduler[93448]: DEBUG nova.scheduler.manager [None req-cfcee8b1-95ae-40fd-9a2f-2371a0cefd46 tempest-DeleteServersTestJSON-669131850 tempest-DeleteServersTestJSON-669131850-project-member] Filtered [(np0000006794, np0000006794) ram: 62765MB disk: 74752MB io_ops: 0 instances: 0, allocation_candidates: 1] {{(pid=93448) _get_sorted_hosts /opt/stack/nova/nova/scheduler/manager.py:742}}
Aug 08 18:29:59.371784 np0000006794 nova-scheduler[93448]: DEBUG nova.scheduler.manager [None req-cfcee8b1-95ae-40fd-9a2f-2371a0cefd46 tempest-DeleteServersTestJSON-669131850 tempest-DeleteServersTestJSON-669131850-project-member] Weighed [WeighedHost [host: (np0000006794, np0000006794) ram: 62765MB disk: 74752MB io_ops: 0 instances: 0, allocation_candidates: 1, weight: 0.0]] {{(pid=93448) _get_sorted_hosts /opt/stack/nova/nova/scheduler/manager.py:764}}
Aug 08 18:29:59.371955 np0000006794 nova-scheduler[93448]: DEBUG nova.scheduler.utils [None req-cfcee8b1-95ae-40fd-9a2f-2371a0cefd46 tempest-DeleteServersTestJSON-669131850 tempest-DeleteServersTestJSON-669131850-project-member] Attempting to claim resources in the placement API for instance 35e8a27d-854a-4659-9441-b314bf185db9 {{(pid=93448) claim_resources /opt/stack/nova/nova/scheduler/utils.py:1345}}
Aug 08 18:29:59.531046 np0000006794 nova-scheduler[93448]: DEBUG nova.scheduler.manager [None req-cfcee8b1-95ae-40fd-9a2f-2371a0cefd46 tempest-DeleteServersTestJSON-669131850 tempest-DeleteServersTestJSON-669131850-project-member] [instance: 35e8a27d-854a-4659-9441-b314bf185db9] Selected host: (np0000006794, np0000006794) ram: 62765MB disk: 74752MB io_ops: 0 instances: 0, allocation_candidates: 1 {{(pid=93448) _consume_selected_host /opt/stack/nova/nova/scheduler/manager.py:624}}
Aug 08 18:29:59.531422 np0000006794 nova-scheduler[93448]: DEBUG oslo_concurrency.lockutils [None req-cfcee8b1-95ae-40fd-9a2f-2371a0cefd46 tempest-DeleteServersTestJSON-669131850 tempest-DeleteServersTestJSON-669131850-project-member] Acquiring lock "np0000006794-np0000006794" by "nova.scheduler.host_manager.HostState.consume_from_request.._locked" {{(pid=93448) inner /opt/stack/data/venv/lib/python3.12/site-packages/oslo_concurrency/lockutils.py:512}}
Aug 08 18:29:59.531671 np0000006794 nova-scheduler[93448]: DEBUG oslo_concurrency.lockutils [None req-cfcee8b1-95ae-40fd-9a2f-2371a0cefd46 tempest-DeleteServersTestJSON-669131850 tempest-DeleteServersTestJSON-669131850-project-member] Lock "np0000006794-np0000006794" acquired by "nova.scheduler.host_manager.HostState.consume_from_request.._locked" :: waited 0.000s {{(pid=93448) inner /opt/stack/data/venv/lib/python3.12/site-packages/oslo_concurrency/lockutils.py:525}}
Aug 08 18:29:59.531908 np0000006794 nova-scheduler[93448]: DEBUG oslo_concurrency.lockutils [None req-cfcee8b1-95ae-40fd-9a2f-2371a0cefd46 tempest-DeleteServersTestJSON-669131850 tempest-DeleteServersTestJSON-669131850-project-member] Lock "np0000006794-np0000006794" "released" by "nova.scheduler.host_manager.HostState.consume_from_request.._locked" :: held 0.000s {{(pid=93448) inner /opt/stack/data/venv/lib/python3.12/site-packages/oslo_concurrency/lockutils.py:544}}
Aug 08 18:30:03.464714 np0000006794 nova-scheduler[93470]: DEBUG nova.scheduler.manager [None req-b9a81645-3525-4546-bcf6-7ab0c7b69e0d tempest-ServerBootFromVolumeStableRescueTest-2007510584 tempest-ServerBootFromVolumeStableRescueTest-2007510584-project-member] Starting to schedule for instances: ['d8f8b831-4a22-4152-a18b-f4d6e853e81a'] {{(pid=93470) select_destinations /opt/stack/nova/nova/scheduler/manager.py:209}}
Aug 08 18:30:03.465326 np0000006794 nova-scheduler[93470]: DEBUG nova.scheduler.request_filter [None req-b9a81645-3525-4546-bcf6-7ab0c7b69e0d tempest-ServerBootFromVolumeStableRescueTest-2007510584 tempest-ServerBootFromVolumeStableRescueTest-2007510584-project-member] compute_status_filter request filter added forbidden trait COMPUTE_STATUS_DISABLED {{(pid=93470) compute_status_filter /opt/stack/nova/nova/scheduler/request_filter.py:253}}
Aug 08 18:30:03.465525 np0000006794 nova-scheduler[93470]: DEBUG nova.scheduler.request_filter [None req-b9a81645-3525-4546-bcf6-7ab0c7b69e0d tempest-ServerBootFromVolumeStableRescueTest-2007510584 tempest-ServerBootFromVolumeStableRescueTest-2007510584-project-member] Request filter 'compute_status_filter' took 0.0 seconds {{(pid=93470) wrapper /opt/stack/nova/nova/scheduler/request_filter.py:46}}
Aug 08 18:30:03.468050 np0000006794 nova-scheduler[93470]: DEBUG nova.scheduler.request_filter [None req-b9a81645-3525-4546-bcf6-7ab0c7b69e0d tempest-ServerBootFromVolumeStableRescueTest-2007510584 tempest-ServerBootFromVolumeStableRescueTest-2007510584-project-member] Request filter 'accelerators_filter' took 0.0 seconds {{(pid=93470) wrapper /opt/stack/nova/nova/scheduler/request_filter.py:46}}
Aug 08 18:30:03.469010 np0000006794 nova-scheduler[93470]: DEBUG nova.scheduler.request_filter [None req-b9a81645-3525-4546-bcf6-7ab0c7b69e0d tempest-ServerBootFromVolumeStableRescueTest-2007510584 tempest-ServerBootFromVolumeStableRescueTest-2007510584-project-member] Request filter 'packed_virtqueue_filter' took 0.0 seconds {{(pid=93470) wrapper /opt/stack/nova/nova/scheduler/request_filter.py:46}}
Aug 08 18:30:03.471907 np0000006794 nova-scheduler[93470]: DEBUG nova.scheduler.request_filter [None req-b9a81645-3525-4546-bcf6-7ab0c7b69e0d tempest-ServerBootFromVolumeStableRescueTest-2007510584 tempest-ServerBootFromVolumeStableRescueTest-2007510584-project-member] Request filter 'remote_managed_ports_filter' took 0.0 seconds {{(pid=93470) wrapper /opt/stack/nova/nova/scheduler/request_filter.py:46}}
Aug 08 18:30:03.472827 np0000006794 nova-scheduler[93470]: DEBUG nova.scheduler.request_filter [None req-b9a81645-3525-4546-bcf6-7ab0c7b69e0d tempest-ServerBootFromVolumeStableRescueTest-2007510584 tempest-ServerBootFromVolumeStableRescueTest-2007510584-project-member] ephemeral_encryption_filter skipped {{(pid=93470) ephemeral_encryption_filter /opt/stack/nova/nova/scheduler/request_filter.py:426}}
Aug 08 18:30:03.473145 np0000006794 nova-scheduler[93470]: DEBUG nova.scheduler.request_filter [None req-b9a81645-3525-4546-bcf6-7ab0c7b69e0d tempest-ServerBootFromVolumeStableRescueTest-2007510584 tempest-ServerBootFromVolumeStableRescueTest-2007510584-project-member] virtio_sound_filter skipped {{(pid=93470) virtio_sound_filter /opt/stack/nova/nova/scheduler/request_filter.py:460}}
