May 18 17:14:51.782665 np0000000974 neutron-periodic-workers[88696]: DEBUG cotyledon.oslo_config_glue [-] ovn.bfd_mult = 3 {{(pid=88696) log_opt_values /opt/stack/data/venv/lib/python3.12/site-packages/oslo_config/cfg.py:3006}}
May 18 17:14:51.782922 np0000000974 neutron-periodic-workers[88696]: DEBUG cotyledon.oslo_config_glue [-] ovn.broadcast_arps_to_all_routers = True {{(pid=88696) log_opt_values /opt/stack/data/venv/lib/python3.12/site-packages/oslo_config/cfg.py:3006}}
May 18 17:14:51.782922 np0000000974 neutron-periodic-workers[88696]: DEBUG cotyledon.oslo_config_glue [-] ovn.dhcp_default_lease_time = 43200 {{(pid=88696) log_opt_values /opt/stack/data/venv/lib/python3.12/site-packages/oslo_config/cfg.py:3006}}
May 18 17:14:51.782922 np0000000974 neutron-periodic-workers[88696]: DEBUG cotyledon.oslo_config_glue [-] ovn.disable_ovn_dhcp_for_baremetal_ports = False {{(pid=88696) log_opt_values /opt/stack/data/venv/lib/python3.12/site-packages/oslo_config/cfg.py:3006}}
May 18 17:14:51.782922 np0000000974 neutron-periodic-workers[88696]: DEBUG cotyledon.oslo_config_glue [-] ovn.dns_records_ovn_owned = False {{(pid=88696) log_opt_values /opt/stack/data/venv/lib/python3.12/site-packages/oslo_config/cfg.py:3006}}
May 18 17:14:51.782922 np0000000974 neutron-periodic-workers[88696]: DEBUG cotyledon.oslo_config_glue [-] ovn.dns_servers = [] {{(pid=88696) log_opt_values /opt/stack/data/venv/lib/python3.12/site-packages/oslo_config/cfg.py:3006}}
May 18 17:14:51.782922 np0000000974 neutron-periodic-workers[88696]: DEBUG cotyledon.oslo_config_glue [-] ovn.enable_distributed_floating_ip = False {{(pid=88696) log_opt_values /opt/stack/data/venv/lib/python3.12/site-packages/oslo_config/cfg.py:3006}}
May 18 17:14:51.782922 np0000000974 neutron-periodic-workers[88696]: DEBUG cotyledon.oslo_config_glue [-] ovn.fdb_age_threshold = 300 {{(pid=88696) log_opt_values /opt/stack/data/venv/lib/python3.12/site-packages/oslo_config/cfg.py:3006}}
May 18 17:14:51.782922 np0000000974 neutron-periodic-workers[88696]: DEBUG cotyledon.oslo_config_glue [-] ovn.ha_failover_strategy = normal {{(pid=88696) log_opt_values /opt/stack/data/venv/lib/python3.12/site-packages/oslo_config/cfg.py:3006}}
May 18 17:14:51.782922 np0000000974 neutron-periodic-workers[88696]: DEBUG cotyledon.oslo_config_glue [-] ovn.live_migration_activation_strategy = rarp {{(pid=88696) log_opt_values /opt/stack/data/venv/lib/python3.12/site-packages/oslo_config/cfg.py:3006}}
May 18 17:14:51.783106 np0000000974 neutron-periodic-workers[88696]: DEBUG cotyledon.oslo_config_glue [-] ovn.localnet_learn_fdb = False {{(pid=88696) log_opt_values /opt/stack/data/venv/lib/python3.12/site-packages/oslo_config/cfg.py:3006}}
May 18 17:14:51.783106 np0000000974 neutron-periodic-workers[88696]: DEBUG cotyledon.oslo_config_glue [-] ovn.mac_binding_age_threshold = 300 {{(pid=88696) log_opt_values /opt/stack/data/venv/lib/python3.12/site-packages/oslo_config/cfg.py:3006}}
May 18 17:14:51.783106 np0000000974 neutron-periodic-workers[88696]: DEBUG cotyledon.oslo_config_glue [-] ovn.neutron_sync_mode = log {{(pid=88696) log_opt_values /opt/stack/data/venv/lib/python3.12/site-packages/oslo_config/cfg.py:3006}}
May 18 17:14:51.783106 np0000000974 neutron-periodic-workers[88696]: DEBUG cotyledon.oslo_config_glue [-] ovn.ovn_dhcp4_global_options = {} {{(pid=88696) log_opt_values /opt/stack/data/venv/lib/python3.12/site-packages/oslo_config/cfg.py:3006}}
May 18 17:14:51.783106 np0000000974 neutron-periodic-workers[88696]: DEBUG cotyledon.oslo_config_glue [-] ovn.ovn_dhcp6_global_options = {} {{(pid=88696) log_opt_values /opt/stack/data/venv/lib/python3.12/site-packages/oslo_config/cfg.py:3006}}
May 18 17:14:51.783106 np0000000974 neutron-periodic-workers[88696]: DEBUG cotyledon.oslo_config_glue [-] ovn.ovn_l3_scheduler = leastloaded {{(pid=88696) log_opt_values /opt/stack/data/venv/lib/python3.12/site-packages/oslo_config/cfg.py:3006}}
May 18 17:14:51.783106 np0000000974 neutron-periodic-workers[88696]: DEBUG cotyledon.oslo_config_glue [-] ovn.ovn_metadata_enabled = True {{(pid=88696) log_opt_values /opt/stack/data/venv/lib/python3.12/site-packages/oslo_config/cfg.py:3006}}
May 18 17:14:51.783106 np0000000974 neutron-periodic-workers[88696]: DEBUG cotyledon.oslo_config_glue [-] ovn.ovn_nb_ca_cert = /opt/stack/data/CA/int-ca/ca-chain.pem {{(pid=88696) log_opt_values /opt/stack/data/venv/lib/python3.12/site-packages/oslo_config/cfg.py:3006}}
May 18 17:14:51.783106 np0000000974 neutron-periodic-workers[88696]: DEBUG cotyledon.oslo_config_glue [-] ovn.ovn_nb_certificate = /opt/stack/data/CA/int-ca/devstack-cert.crt {{(pid=88696) log_opt_values /opt/stack/data/venv/lib/python3.12/site-packages/oslo_config/cfg.py:3006}}
May 18 17:14:51.783379 np0000000974 neutron-periodic-workers[88696]: DEBUG cotyledon.oslo_config_glue [-] ovn.ovn_nb_connection = ['ssl:10.4.3.209:6641'] {{(pid=88696) log_opt_values /opt/stack/data/venv/lib/python3.12/site-packages/oslo_config/cfg.py:3006}}
May 18 17:14:51.783379 np0000000974 neutron-periodic-workers[88696]: DEBUG cotyledon.oslo_config_glue [-] ovn.ovn_nb_private_key = /opt/stack/data/CA/int-ca/private/devstack-cert.key {{(pid=88696) log_opt_values /opt/stack/data/venv/lib/python3.12/site-packages/oslo_config/cfg.py:3006}}
May 18 17:14:51.783379 np0000000974 neutron-periodic-workers[88696]: DEBUG cotyledon.oslo_config_glue [-] ovn.ovn_router_indirect_snat = False {{(pid=88696) log_opt_values /opt/stack/data/venv/lib/python3.12/site-packages/oslo_config/cfg.py:3006}}
May 18 17:14:51.783379 np0000000974 neutron-periodic-workers[88696]: DEBUG cotyledon.oslo_config_glue [-] ovn.ovn_sb_ca_cert = /opt/stack/data/CA/int-ca/ca-chain.pem {{(pid=88696) log_opt_values /opt/stack/data/venv/lib/python3.12/site-packages/oslo_config/cfg.py:3006}}
May 18 17:14:51.783379 np0000000974 neutron-periodic-workers[88696]: DEBUG cotyledon.oslo_config_glue [-] ovn.ovn_sb_certificate = /opt/stack/data/CA/int-ca/devstack-cert.crt {{(pid=88696) log_opt_values /opt/stack/data/venv/lib/python3.12/site-packages/oslo_config/cfg.py:3006}}
May 18 17:14:51.783379 np0000000974 neutron-periodic-workers[88696]: DEBUG cotyledon.oslo_config_glue [-] ovn.ovn_sb_connection = ['ssl:10.4.3.209:6642'] {{(pid=88696) log_opt_values /opt/stack/data/venv/lib/python3.12/site-packages/oslo_config/cfg.py:3006}}
May 18 17:14:51.783379 np0000000974 neutron-periodic-workers[88696]: DEBUG cotyledon.oslo_config_glue [-] ovn.ovn_sb_private_key = /opt/stack/data/CA/int-ca/private/devstack-cert.key {{(pid=88696) log_opt_values /opt/stack/data/venv/lib/python3.12/site-packages/oslo_config/cfg.py:3006}}
May 18 17:14:51.783379 np0000000974 neutron-periodic-workers[88696]: DEBUG cotyledon.oslo_config_glue [-] ovn.ovs_create_tap = False {{(pid=88696) log_opt_values /opt/stack/data/venv/lib/python3.12/site-packages/oslo_config/cfg.py:3006}}
May 18 17:14:51.783571 np0000000974 neutron-periodic-workers[88696]: DEBUG cotyledon.oslo_config_glue [-] ovn.ovsdb_connection_timeout = 180 {{(pid=88696) log_opt_values /opt/stack/data/venv/lib/python3.12/site-packages/oslo_config/cfg.py:3006}}
May 18 17:14:51.783571 np0000000974 neutron-periodic-workers[88696]: DEBUG cotyledon.oslo_config_glue [-] ovn.ovsdb_log_level = INFO {{(pid=88696) log_opt_values /opt/stack/data/venv/lib/python3.12/site-packages/oslo_config/cfg.py:3006}}
May 18 17:14:51.783571 np0000000974 neutron-periodic-workers[88696]: DEBUG cotyledon.oslo_config_glue [-] ovn.ovsdb_probe_interval = 60000 {{(pid=88696) log_opt_values /opt/stack/data/venv/lib/python3.12/site-packages/oslo_config/cfg.py:3006}}
May 18 17:14:51.783571 np0000000974 neutron-periodic-workers[88696]: DEBUG cotyledon.oslo_config_glue [-] ovn.ovsdb_retry_max_interval = 180 {{(pid=88696) log_opt_values /opt/stack/data/venv/lib/python3.12/site-packages/oslo_config/cfg.py:3006}}
May 18 17:14:51.783571 np0000000974 neutron-periodic-workers[88696]: DEBUG cotyledon.oslo_config_glue [-] ovn.stateless_nat_enabled = False {{(pid=88696) log_opt_values /opt/stack/data/venv/lib/python3.12/site-packages/oslo_config/cfg.py:3006}}
May 18 17:14:51.783571 np0000000974 neutron-periodic-workers[88696]: DEBUG cotyledon.oslo_config_glue [-] ovn.vhost_sock_dir = /var/run/openvswitch {{(pid=88696) log_opt_values /opt/stack/data/venv/lib/python3.12/site-packages/oslo_config/cfg.py:3006}}
May 18 17:14:51.783571 np0000000974 neutron-periodic-workers[88696]: DEBUG cotyledon.oslo_config_glue [-] OVS.bridge_mac_table_size = 50000 {{(pid=88696) log_opt_values /opt/stack/data/venv/lib/python3.12/site-packages/oslo_config/cfg.py:3006}}
May 18 17:14:51.783571 np0000000974 neutron-periodic-workers[88696]: DEBUG cotyledon.oslo_config_glue [-] OVS.igmp_flood = False {{(pid=88696) log_opt_values /opt/stack/data/venv/lib/python3.12/site-packages/oslo_config/cfg.py:3006}}
May 18 17:14:51.783571 np0000000974 neutron-periodic-workers[88696]: DEBUG cotyledon.oslo_config_glue [-] OVS.igmp_flood_reports = True {{(pid=88696) log_opt_values /opt/stack/data/venv/lib/python3.12/site-packages/oslo_config/cfg.py:3006}}
May 18 17:14:51.783837 np0000000974 neutron-periodic-workers[88696]: DEBUG cotyledon.oslo_config_glue [-] OVS.igmp_flood_unregistered = False {{(pid=88696) log_opt_values /opt/stack/data/venv/lib/python3.12/site-packages/oslo_config/cfg.py:3006}}
May 18 17:14:51.783837 np0000000974 neutron-periodic-workers[88696]: DEBUG cotyledon.oslo_config_glue [-] OVS.igmp_snooping_enable = False {{(pid=88696) log_opt_values /opt/stack/data/venv/lib/python3.12/site-packages/oslo_config/cfg.py:3006}}
May 18 17:14:51.783837 np0000000974 neutron-periodic-workers[88696]: DEBUG cotyledon.oslo_config_glue [-] OVS.ovsdb_timeout = 10 {{(pid=88696) log_opt_values /opt/stack/data/venv/lib/python3.12/site-packages/oslo_config/cfg.py:3006}}
May 18 17:14:51.783837 np0000000974 neutron-periodic-workers[88696]: DEBUG cotyledon.oslo_config_glue [-] ovn_nb_global.fdb_removal_limit = 0 {{(pid=88696) log_opt_values /opt/stack/data/venv/lib/python3.12/site-packages/oslo_config/cfg.py:3006}}
May 18 17:14:51.783837 np0000000974 neutron-periodic-workers[88696]: DEBUG cotyledon.oslo_config_glue [-] ovn_nb_global.ignore_lsp_down = False {{(pid=88696) log_opt_values /opt/stack/data/venv/lib/python3.12/site-packages/oslo_config/cfg.py:3006}}
May 18 17:14:51.783837 np0000000974 neutron-periodic-workers[88696]: DEBUG cotyledon.oslo_config_glue [-] ovn_nb_global.mac_binding_removal_limit = 0 {{(pid=88696) log_opt_values /opt/stack/data/venv/lib/python3.12/site-packages/oslo_config/cfg.py:3006}}
May 18 17:14:51.783837 np0000000974 neutron-periodic-workers[88696]: DEBUG cotyledon.oslo_config_glue [-] ******************************************************************************** {{(pid=88696) log_opt_values /opt/stack/data/venv/lib/python3.12/site-packages/oslo_config/cfg.py:3013}}
May 18 17:14:51.783837 np0000000974 neutron-periodic-workers[88696]: DEBUG cotyledon._service_worker [-] Run service ServiceWrapper(0) [88696] {{(pid=88696) wait_forever /opt/stack/data/venv/lib/python3.12/site-packages/cotyledon/_service_worker.py:218}}
May 18 17:15:01.471775 np0000000974 neutron-periodic-workers[87784]: DEBUG dbcounter [-] [87784] Writing DB stats neutron:SELECT=4 {{(pid=87784) stat_writer /opt/stack/data/venv/lib/python3.12/site-packages/dbcounter.py:115}}
May 18 17:15:31.755436 np0000000974 neutron-periodic-workers[88665]: DEBUG oslo_db.sqlalchemy.engines [None req-6a0e7de7-0bd4-4cfd-91e1-230a8532acde None None] Parent process 87784 forked (88665) with an open database connection, which is being discarded and recreated. {{(pid=88665) checkout /opt/stack/data/venv/lib/python3.12/site-packages/oslo_db/sqlalchemy/engines.py:402}}
May 18 17:15:31.761273 np0000000974 neutron-periodic-workers[88665]: DEBUG dbcounter [-] [88665] Writer thread running {{(pid=88665) stat_writer /opt/stack/data/venv/lib/python3.12/site-packages/dbcounter.py:102}}
May 18 17:15:31.770681 np0000000974 neutron-periodic-workers[88665]: DEBUG oslo.service.backend._threading.loopingcall [None req-6a0e7de7-0bd4-4cfd-91e1-230a8532acde None None] Fixed interval looping call 'neutron.plugins.ml2.plugin.DhcpAgentSchedulerDbMixin.remove_networks_from_down_agents' sleeping for 36.98 seconds {{(pid=88665) _run_loop /opt/stack/data/venv/lib/python3.12/site-packages/oslo_service/backend/_threading/loopingcall.py:125}}
May 18 17:15:41.769449 np0000000974 neutron-periodic-workers[88665]: DEBUG dbcounter [-] [88665] Writing DB stats neutron:SELECT=3 {{(pid=88665) stat_writer /opt/stack/data/venv/lib/python3.12/site-packages/dbcounter.py:115}}
May 18 17:15:45.780524 np0000000974 neutron-periodic-workers[88687]: DEBUG dbcounter [-] [88687] Writer thread running {{(pid=88687) stat_writer /opt/stack/data/venv/lib/python3.12/site-packages/dbcounter.py:102}}
May 18 17:15:45.784473 np0000000974 neutron-periodic-workers[88687]: DEBUG neutron.db.agents_db [None req-f4aead25-d8c7-472e-a4a4-f4a089303510 None None] Agent healthcheck: found 0 active agents {{(pid=88687) agent_health_check /opt/stack/neutron/neutron/db/agents_db.py:322}}
May 18 17:15:45.784721 np0000000974 neutron-periodic-workers[88687]: DEBUG oslo.service.backend._threading.loopingcall [None req-f4aead25-d8c7-472e-a4a4-f4a089303510 None None] Fixed interval looping call 'neutron.plugins.ml2.plugin.AgentDbMixin.agent_health_check' sleeping for 36.98 seconds {{(pid=88687) _run_loop /opt/stack/data/venv/lib/python3.12/site-packages/oslo_service/backend/_threading/loopingcall.py:125}}
May 18 17:16:05.781458 np0000000974 neutron-periodic-workers[88687]: DEBUG dbcounter [-] [88687] Writing DB stats neutron:SELECT=1 {{(pid=88687) stat_writer /opt/stack/data/venv/lib/python3.12/site-packages/dbcounter.py:115}}
May 18 17:16:08.757094 np0000000974 neutron-periodic-workers[88665]: DEBUG oslo.service.backend._threading.loopingcall [None req-6a0e7de7-0bd4-4cfd-91e1-230a8532acde None None] Fixed interval looping call 'neutron.plugins.ml2.plugin.DhcpAgentSchedulerDbMixin.remove_networks_from_down_agents' sleeping for 36.99 seconds {{(pid=88665) _run_loop /opt/stack/data/venv/lib/python3.12/site-packages/oslo_service/backend/_threading/loopingcall.py:125}}
May 18 17:16:18.756122 np0000000974 neutron-periodic-workers[88665]: DEBUG dbcounter [-] [88665] Writing DB stats neutron:SELECT=3 {{(pid=88665) stat_writer /opt/stack/data/venv/lib/python3.12/site-packages/dbcounter.py:115}}
May 18 17:16:22.768095 np0000000974 neutron-periodic-workers[88687]: DEBUG neutron.db.agents_db [None req-f4aead25-d8c7-472e-a4a4-f4a089303510 None None] Agent healthcheck: found 0 active agents {{(pid=88687) agent_health_check /opt/stack/neutron/neutron/db/agents_db.py:322}}
May 18 17:16:22.768692 np0000000974 neutron-periodic-workers[88687]: DEBUG oslo.service.backend._threading.loopingcall [None req-f4aead25-d8c7-472e-a4a4-f4a089303510 None None] Fixed interval looping call 'neutron.plugins.ml2.plugin.AgentDbMixin.agent_health_check' sleeping for 37.00 seconds {{(pid=88687) _run_loop /opt/stack/data/venv/lib/python3.12/site-packages/oslo_service/backend/_threading/loopingcall.py:125}}
May 18 17:16:32.767044 np0000000974 neutron-periodic-workers[88687]: DEBUG dbcounter [-] [88687] Writing DB stats neutron:SELECT=1 {{(pid=88687) stat_writer /opt/stack/data/venv/lib/python3.12/site-packages/dbcounter.py:115}}
May 18 17:16:45.752979 np0000000974 neutron-periodic-workers[88665]: DEBUG oslo.service.backend._threading.loopingcall [None req-6a0e7de7-0bd4-4cfd-91e1-230a8532acde None None] Fixed interval looping call 'neutron.plugins.ml2.plugin.DhcpAgentSchedulerDbMixin.remove_networks_from_down_agents' sleeping for 36.99 seconds {{(pid=88665) _run_loop /opt/stack/data/venv/lib/python3.12/site-packages/oslo_service/backend/_threading/loopingcall.py:125}}
May 18 17:16:51.790704 np0000000974 neutron-periodic-workers[88696]: DEBUG dbcounter [-] [88696] Writer thread running {{(pid=88696) stat_writer /opt/stack/data/venv/lib/python3.12/site-packages/dbcounter.py:102}}
May 18 17:16:51.792282 np0000000974 neutron-periodic-workers[88696]: DEBUG oslo.service.backend._threading.loopingcall [None req-25ca30fe-1cfa-4bb5-b8ef-f755dafc604e None None] Fixed interval looping call 'neutron.db.quota.driver_nolock.DbQuotaNoLockDriver._remove_expired_reservations' sleeping for 119.99 seconds {{(pid=88696) _run_loop /opt/stack/data/venv/lib/python3.12/site-packages/oslo_service/backend/_threading/loopingcall.py:125}}
May 18 17:16:55.752260 np0000000974 neutron-periodic-workers[88665]: DEBUG dbcounter [-] [88665] Writing DB stats neutron:SELECT=3 {{(pid=88665) stat_writer /opt/stack/data/venv/lib/python3.12/site-packages/dbcounter.py:115}}
May 18 17:16:59.771779 np0000000974 neutron-periodic-workers[88687]: DEBUG neutron.db.agents_db [None req-f4aead25-d8c7-472e-a4a4-f4a089303510 None None] Agent healthcheck: found 0 active agents {{(pid=88687) agent_health_check /opt/stack/neutron/neutron/db/agents_db.py:322}}
May 18 17:16:59.772197 np0000000974 neutron-periodic-workers[88687]: DEBUG oslo.service.backend._threading.loopingcall [None req-f4aead25-d8c7-472e-a4a4-f4a089303510 None None] Fixed interval looping call 'neutron.plugins.ml2.plugin.AgentDbMixin.agent_health_check' sleeping for 37.00 seconds {{(pid=88687) _run_loop /opt/stack/data/venv/lib/python3.12/site-packages/oslo_service/backend/_threading/loopingcall.py:125}}
May 18 17:17:01.791177 np0000000974 neutron-periodic-workers[88696]: DEBUG dbcounter [-] [88696] Writing DB stats neutron:DELETE=1 {{(pid=88696) stat_writer /opt/stack/data/venv/lib/python3.12/site-packages/dbcounter.py:115}}
May 18 17:17:09.771142 np0000000974 neutron-periodic-workers[88687]: DEBUG dbcounter [-] [88687] Writing DB stats neutron:SELECT=1 {{(pid=88687) stat_writer /opt/stack/data/venv/lib/python3.12/site-packages/dbcounter.py:115}}
May 18 17:17:22.748430 np0000000974 neutron-periodic-workers[88665]: DEBUG oslo.service.backend._threading.loopingcall [None req-6a0e7de7-0bd4-4cfd-91e1-230a8532acde None None] Fixed interval looping call 'neutron.plugins.ml2.plugin.DhcpAgentSchedulerDbMixin.remove_networks_from_down_agents' sleeping for 36.99 seconds {{(pid=88665) _run_loop /opt/stack/data/venv/lib/python3.12/site-packages/oslo_service/backend/_threading/loopingcall.py:125}}
May 18 17:17:25.756562 np0000000974 neutron-periodic-workers[88657]: DEBUG dbcounter [-] [88657] Writer thread running {{(pid=88657) stat_writer /opt/stack/data/venv/lib/python3.12/site-packages/dbcounter.py:102}}
May 18 17:17:25.767096 np0000000974 neutron-periodic-workers[88657]: DEBUG oslo.service.backend._threading.loopingcall [None req-40ba085a-429f-4bae-8eaa-57b9610b8bd7 None None] Fixed interval looping call 'neutron.services.ovn_l3.plugin.L3_NAT_dbonly_mixin._clean_garbage' sleeping for 299.97 seconds {{(pid=88657) _run_loop /opt/stack/data/venv/lib/python3.12/site-packages/oslo_service/backend/_threading/loopingcall.py:125}}
May 18 17:17:32.747474 np0000000974 neutron-periodic-workers[88665]: DEBUG dbcounter [-] [88665] Writing DB stats neutron:SELECT=3 {{(pid=88665) stat_writer /opt/stack/data/venv/lib/python3.12/site-packages/dbcounter.py:115}}
May 18 17:17:35.757292 np0000000974 neutron-periodic-workers[88657]: DEBUG dbcounter [-] [88657] Writing DB stats neutron:SELECT=1 {{(pid=88657) stat_writer /opt/stack/data/venv/lib/python3.12/site-packages/dbcounter.py:115}}
May 18 17:17:36.775665 np0000000974 neutron-periodic-workers[88687]: DEBUG neutron.db.agents_db [None req-f4aead25-d8c7-472e-a4a4-f4a089303510 None None] Agent healthcheck: found 0 active agents {{(pid=88687) agent_health_check /opt/stack/neutron/neutron/db/agents_db.py:322}}
May 18 17:17:36.776047 np0000000974 neutron-periodic-workers[88687]: DEBUG oslo.service.backend._threading.loopingcall [None req-f4aead25-d8c7-472e-a4a4-f4a089303510 None None] Fixed interval looping call 'neutron.plugins.ml2.plugin.AgentDbMixin.agent_health_check' sleeping for 37.00 seconds {{(pid=88687) _run_loop /opt/stack/data/venv/lib/python3.12/site-packages/oslo_service/backend/_threading/loopingcall.py:125}}
May 18 17:17:46.774344 np0000000974 neutron-periodic-workers[88687]: DEBUG dbcounter [-] [88687] Writing DB stats neutron:SELECT=1 {{(pid=88687) stat_writer /opt/stack/data/venv/lib/python3.12/site-packages/dbcounter.py:115}}
May 18 17:17:59.743754 np0000000974 neutron-periodic-workers[88665]: DEBUG oslo.service.backend._threading.loopingcall [None req-6a0e7de7-0bd4-4cfd-91e1-230a8532acde None None] Fixed interval looping call 'neutron.plugins.ml2.plugin.DhcpAgentSchedulerDbMixin.remove_networks_from_down_agents' sleeping for 36.99 seconds {{(pid=88665) _run_loop /opt/stack/data/venv/lib/python3.12/site-packages/oslo_service/backend/_threading/loopingcall.py:125}}
May 18 17:18:09.743392 np0000000974 neutron-periodic-workers[88665]: DEBUG dbcounter [-] [88665] Writing DB stats neutron:SELECT=3 {{(pid=88665) stat_writer /opt/stack/data/venv/lib/python3.12/site-packages/dbcounter.py:115}}
May 18 17:18:13.780025 np0000000974 neutron-periodic-workers[88687]: DEBUG neutron.db.agents_db [None req-f4aead25-d8c7-472e-a4a4-f4a089303510 None None] Agent healthcheck: found 0 active agents {{(pid=88687) agent_health_check /opt/stack/neutron/neutron/db/agents_db.py:322}}
May 18 17:18:13.780764 np0000000974 neutron-periodic-workers[88687]: DEBUG oslo.service.backend._threading.loopingcall [None req-f4aead25-d8c7-472e-a4a4-f4a089303510 None None] Fixed interval looping call 'neutron.plugins.ml2.plugin.AgentDbMixin.agent_health_check' sleeping for 37.00 seconds {{(pid=88687) _run_loop /opt/stack/data/venv/lib/python3.12/site-packages/oslo_service/backend/_threading/loopingcall.py:125}}
May 18 17:18:23.778809 np0000000974 neutron-periodic-workers[88687]: DEBUG dbcounter [-] [88687] Writing DB stats neutron:SELECT=1 {{(pid=88687) stat_writer /opt/stack/data/venv/lib/python3.12/site-packages/dbcounter.py:115}}
May 18 17:18:36.746983 np0000000974 neutron-periodic-workers[88665]: DEBUG oslo.service.backend._threading.loopingcall [None req-6a0e7de7-0bd4-4cfd-91e1-230a8532acde None None] Fixed interval looping call 'neutron.plugins.ml2.plugin.DhcpAgentSchedulerDbMixin.remove_networks_from_down_agents' sleeping for 36.99 seconds {{(pid=88665) _run_loop /opt/stack/data/venv/lib/python3.12/site-packages/oslo_service/backend/_threading/loopingcall.py:125}}
May 18 17:18:46.745441 np0000000974 neutron-periodic-workers[88665]: DEBUG dbcounter [-] [88665] Writing DB stats neutron:SELECT=3 {{(pid=88665) stat_writer /opt/stack/data/venv/lib/python3.12/site-packages/dbcounter.py:115}}
May 18 17:18:50.788479 np0000000974 neutron-periodic-workers[88687]: DEBUG neutron.db.agents_db [None req-f4aead25-d8c7-472e-a4a4-f4a089303510 None None] Agent healthcheck: found 0 active agents {{(pid=88687) agent_health_check /opt/stack/neutron/neutron/db/agents_db.py:322}}
May 18 17:18:50.788850 np0000000974 neutron-periodic-workers[88687]: DEBUG oslo.service.backend._threading.loopingcall [None req-f4aead25-d8c7-472e-a4a4-f4a089303510 None None] Fixed interval looping call 'neutron.plugins.ml2.plugin.AgentDbMixin.agent_health_check' sleeping for 36.99 seconds {{(pid=88687) _run_loop /opt/stack/data/venv/lib/python3.12/site-packages/oslo_service/backend/_threading/loopingcall.py:125}}
May 18 17:18:51.789694 np0000000974 neutron-periodic-workers[88696]: DEBUG oslo.service.backend._threading.loopingcall [None req-25ca30fe-1cfa-4bb5-b8ef-f755dafc604e None None] Fixed interval looping call 'neutron.db.quota.driver_nolock.DbQuotaNoLockDriver._remove_expired_reservations' sleeping for 119.99 seconds {{(pid=88696) _run_loop /opt/stack/data/venv/lib/python3.12/site-packages/oslo_service/backend/_threading/loopingcall.py:125}}
May 18 17:19:00.785593 np0000000974 neutron-periodic-workers[88687]: DEBUG dbcounter [-] [88687] Writing DB stats neutron:SELECT=1 {{(pid=88687) stat_writer /opt/stack/data/venv/lib/python3.12/site-packages/dbcounter.py:115}}
May 18 17:19:01.787782 np0000000974 neutron-periodic-workers[88696]: DEBUG dbcounter [-] [88696] Writing DB stats neutron:DELETE=1 {{(pid=88696) stat_writer /opt/stack/data/venv/lib/python3.12/site-packages/dbcounter.py:115}}
May 18 17:19:13.750867 np0000000974 neutron-periodic-workers[88665]: DEBUG oslo.service.backend._threading.loopingcall [None req-6a0e7de7-0bd4-4cfd-91e1-230a8532acde None None] Fixed interval looping call 'neutron.plugins.ml2.plugin.DhcpAgentSchedulerDbMixin.remove_networks_from_down_agents' sleeping for 36.99 seconds {{(pid=88665) _run_loop /opt/stack/data/venv/lib/python3.12/site-packages/oslo_service/backend/_threading/loopingcall.py:125}}
May 18 17:19:23.749288 np0000000974 neutron-periodic-workers[88665]: DEBUG dbcounter [-] [88665] Writing DB stats neutron:SELECT=3 {{(pid=88665) stat_writer /opt/stack/data/venv/lib/python3.12/site-packages/dbcounter.py:115}}
May 18 17:19:27.787656 np0000000974 neutron-periodic-workers[88687]: DEBUG neutron.db.agents_db [None req-f4aead25-d8c7-472e-a4a4-f4a089303510 None None] Agent healthcheck: found 0 active agents {{(pid=88687) agent_health_check /opt/stack/neutron/neutron/db/agents_db.py:322}}
May 18 17:19:27.788169 np0000000974 neutron-periodic-workers[88687]: DEBUG oslo.service.backend._threading.loopingcall [None req-f4aead25-d8c7-472e-a4a4-f4a089303510 None None] Fixed interval looping call 'neutron.plugins.ml2.plugin.AgentDbMixin.agent_health_check' sleeping for 36.99 seconds {{(pid=88687) _run_loop /opt/stack/data/venv/lib/python3.12/site-packages/oslo_service/backend/_threading/loopingcall.py:125}}
May 18 17:19:37.791001 np0000000974 neutron-periodic-workers[88687]: DEBUG dbcounter [-] [88687] Writing DB stats neutron:SELECT=1 {{(pid=88687) stat_writer /opt/stack/data/venv/lib/python3.12/site-packages/dbcounter.py:115}}
May 18 17:19:50.756036 np0000000974 neutron-periodic-workers[88665]: DEBUG oslo.service.backend._threading.loopingcall [None req-6a0e7de7-0bd4-4cfd-91e1-230a8532acde None None] Fixed interval looping call 'neutron.plugins.ml2.plugin.DhcpAgentSchedulerDbMixin.remove_networks_from_down_agents' sleeping for 36.99 seconds {{(pid=88665) _run_loop /opt/stack/data/venv/lib/python3.12/site-packages/oslo_service/backend/_threading/loopingcall.py:125}}
May 18 17:20:00.754101 np0000000974 neutron-periodic-workers[88665]: DEBUG dbcounter [-] [88665] Writing DB stats neutron:SELECT=3 {{(pid=88665) stat_writer /opt/stack/data/venv/lib/python3.12/site-packages/dbcounter.py:115}}
May 18 17:20:04.786860 np0000000974 neutron-periodic-workers[88687]: DEBUG neutron.db.agents_db [None req-f4aead25-d8c7-472e-a4a4-f4a089303510 None None] Agent healthcheck: found 0 active agents {{(pid=88687) agent_health_check /opt/stack/neutron/neutron/db/agents_db.py:322}}
May 18 17:20:04.787290 np0000000974 neutron-periodic-workers[88687]: DEBUG oslo.service.backend._threading.loopingcall [None req-f4aead25-d8c7-472e-a4a4-f4a089303510 None None] Fixed interval looping call 'neutron.plugins.ml2.plugin.AgentDbMixin.agent_health_check' sleeping for 36.99 seconds {{(pid=88687) _run_loop /opt/stack/data/venv/lib/python3.12/site-packages/oslo_service/backend/_threading/loopingcall.py:125}}
May 18 17:20:14.783082 np0000000974 neutron-periodic-workers[88687]: DEBUG dbcounter [-] [88687] Writing DB stats neutron:SELECT=1 {{(pid=88687) stat_writer /opt/stack/data/venv/lib/python3.12/site-packages/dbcounter.py:115}}
May 18 17:20:27.757026 np0000000974 neutron-periodic-workers[88665]: DEBUG oslo.service.backend._threading.loopingcall [None req-6a0e7de7-0bd4-4cfd-91e1-230a8532acde None None] Fixed interval looping call 'neutron.plugins.ml2.plugin.DhcpAgentSchedulerDbMixin.remove_networks_from_down_agents' sleeping for 36.99 seconds {{(pid=88665) _run_loop /opt/stack/data/venv/lib/python3.12/site-packages/oslo_service/backend/_threading/loopingcall.py:125}}
May 18 17:20:37.755325 np0000000974 neutron-periodic-workers[88665]: DEBUG dbcounter [-] [88665] Writing DB stats neutron:SELECT=3 {{(pid=88665) stat_writer /opt/stack/data/venv/lib/python3.12/site-packages/dbcounter.py:115}}
May 18 17:20:41.782057 np0000000974 neutron-periodic-workers[88687]: DEBUG neutron.db.agents_db [None req-f4aead25-d8c7-472e-a4a4-f4a089303510 None None] Agent healthcheck: found 0 active agents {{(pid=88687) agent_health_check /opt/stack/neutron/neutron/db/agents_db.py:322}}
May 18 17:20:41.783130 np0000000974 neutron-periodic-workers[88687]: DEBUG oslo.service.backend._threading.loopingcall [None req-f4aead25-d8c7-472e-a4a4-f4a089303510 None None] Fixed interval looping call 'neutron.plugins.ml2.plugin.AgentDbMixin.agent_health_check' sleeping for 37.00 seconds {{(pid=88687) _run_loop /opt/stack/data/venv/lib/python3.12/site-packages/oslo_service/backend/_threading/loopingcall.py:125}}
May 18 17:20:51.782963 np0000000974 neutron-periodic-workers[88687]: DEBUG dbcounter [-] [88687] Writing DB stats neutron:SELECT=1 {{(pid=88687) stat_writer /opt/stack/data/venv/lib/python3.12/site-packages/dbcounter.py:115}}
May 18 17:20:51.789395 np0000000974 neutron-periodic-workers[88696]: DEBUG oslo.service.backend._threading.loopingcall [None req-25ca30fe-1cfa-4bb5-b8ef-f755dafc604e None None] Fixed interval looping call 'neutron.db.quota.driver_nolock.DbQuotaNoLockDriver._remove_expired_reservations' sleeping for 119.99 seconds {{(pid=88696) _run_loop /opt/stack/data/venv/lib/python3.12/site-packages/oslo_service/backend/_threading/loopingcall.py:125}}
May 18 17:21:01.784450 np0000000974 neutron-periodic-workers[88696]: DEBUG dbcounter [-] [88696] Writing DB stats neutron:DELETE=1 {{(pid=88696) stat_writer /opt/stack/data/venv/lib/python3.12/site-packages/dbcounter.py:115}}
May 18 17:21:04.755757 np0000000974 neutron-periodic-workers[88665]: DEBUG oslo.service.backend._threading.loopingcall [None req-6a0e7de7-0bd4-4cfd-91e1-230a8532acde None None] Fixed interval looping call 'neutron.plugins.ml2.plugin.DhcpAgentSchedulerDbMixin.remove_networks_from_down_agents' sleeping for 36.99 seconds {{(pid=88665) _run_loop /opt/stack/data/venv/lib/python3.12/site-packages/oslo_service/backend/_threading/loopingcall.py:125}}
May 18 17:21:14.755185 np0000000974 neutron-periodic-workers[88665]: DEBUG dbcounter [-] [88665] Writing DB stats neutron:SELECT=3 {{(pid=88665) stat_writer /opt/stack/data/venv/lib/python3.12/site-packages/dbcounter.py:115}}
May 18 17:21:18.786131 np0000000974 neutron-periodic-workers[88687]: DEBUG neutron.db.agents_db [None req-f4aead25-d8c7-472e-a4a4-f4a089303510 None None] Agent healthcheck: found 0 active agents {{(pid=88687) agent_health_check /opt/stack/neutron/neutron/db/agents_db.py:322}}
May 18 17:21:18.786614 np0000000974 neutron-periodic-workers[88687]: DEBUG oslo.service.backend._threading.loopingcall [None req-f4aead25-d8c7-472e-a4a4-f4a089303510 None None] Fixed interval looping call 'neutron.plugins.ml2.plugin.AgentDbMixin.agent_health_check' sleeping for 37.00 seconds {{(pid=88687) _run_loop /opt/stack/data/venv/lib/python3.12/site-packages/oslo_service/backend/_threading/loopingcall.py:125}}
May 18 17:21:28.784626 np0000000974 neutron-periodic-workers[88687]: DEBUG dbcounter [-] [88687] Writing DB stats neutron:SELECT=1 {{(pid=88687) stat_writer /opt/stack/data/venv/lib/python3.12/site-packages/dbcounter.py:115}}
May 18 17:21:41.751662 np0000000974 neutron-periodic-workers[88665]: DEBUG oslo.service.backend._threading.loopingcall [None req-6a0e7de7-0bd4-4cfd-91e1-230a8532acde None None] Fixed interval looping call 'neutron.plugins.ml2.plugin.DhcpAgentSchedulerDbMixin.remove_networks_from_down_agents' sleeping for 36.99 seconds {{(pid=88665) _run_loop /opt/stack/data/venv/lib/python3.12/site-packages/oslo_service/backend/_threading/loopingcall.py:125}}
May 18 17:21:51.752210 np0000000974 neutron-periodic-workers[88665]: DEBUG dbcounter [-] [88665] Writing DB stats neutron:SELECT=3 {{(pid=88665) stat_writer /opt/stack/data/venv/lib/python3.12/site-packages/dbcounter.py:115}}
May 18 17:21:55.793142 np0000000974 neutron-periodic-workers[88687]: DEBUG neutron.db.agents_db [None req-f4aead25-d8c7-472e-a4a4-f4a089303510 None None] Agent healthcheck: found 0 active agents {{(pid=88687) agent_health_check /opt/stack/neutron/neutron/db/agents_db.py:322}}
May 18 17:21:55.793142 np0000000974 neutron-periodic-workers[88687]: DEBUG oslo.service.backend._threading.loopingcall [None req-f4aead25-d8c7-472e-a4a4-f4a089303510 None None] Fixed interval looping call 'neutron.plugins.ml2.plugin.AgentDbMixin.agent_health_check' sleeping for 36.99 seconds {{(pid=88687) _run_loop /opt/stack/data/venv/lib/python3.12/site-packages/oslo_service/backend/_threading/loopingcall.py:125}}
May 18 17:22:05.792142 np0000000974 neutron-periodic-workers[88687]: DEBUG dbcounter [-] [88687] Writing DB stats neutron:SELECT=1 {{(pid=88687) stat_writer /opt/stack/data/venv/lib/python3.12/site-packages/dbcounter.py:115}}
May 18 17:22:18.754419 np0000000974 neutron-periodic-workers[88665]: DEBUG oslo.service.backend._threading.loopingcall [None req-6a0e7de7-0bd4-4cfd-91e1-230a8532acde None None] Fixed interval looping call 'neutron.plugins.ml2.plugin.DhcpAgentSchedulerDbMixin.remove_networks_from_down_agents' sleeping for 36.99 seconds {{(pid=88665) _run_loop /opt/stack/data/venv/lib/python3.12/site-packages/oslo_service/backend/_threading/loopingcall.py:125}}
May 18 17:22:25.745464 np0000000974 neutron-periodic-workers[88657]: DEBUG oslo.service.backend._threading.loopingcall [None req-40ba085a-429f-4bae-8eaa-57b9610b8bd7 None None] Fixed interval looping call 'neutron.services.ovn_l3.plugin.L3_NAT_dbonly_mixin._clean_garbage' sleeping for 299.99 seconds {{(pid=88657) _run_loop /opt/stack/data/venv/lib/python3.12/site-packages/oslo_service/backend/_threading/loopingcall.py:125}}
May 18 17:22:28.753689 np0000000974 neutron-periodic-workers[88665]: DEBUG dbcounter [-] [88665] Writing DB stats neutron:SELECT=3 {{(pid=88665) stat_writer /opt/stack/data/venv/lib/python3.12/site-packages/dbcounter.py:115}}
May 18 17:22:32.786774 np0000000974 neutron-periodic-workers[88687]: DEBUG neutron.db.agents_db [None req-f4aead25-d8c7-472e-a4a4-f4a089303510 None None] Agent healthcheck: found 0 active agents {{(pid=88687) agent_health_check /opt/stack/neutron/neutron/db/agents_db.py:322}}
May 18 17:22:32.787204 np0000000974 neutron-periodic-workers[88687]: DEBUG oslo.service.backend._threading.loopingcall [None req-f4aead25-d8c7-472e-a4a4-f4a089303510 None None] Fixed interval looping call 'neutron.plugins.ml2.plugin.AgentDbMixin.agent_health_check' sleeping for 37.00 seconds {{(pid=88687) _run_loop /opt/stack/data/venv/lib/python3.12/site-packages/oslo_service/backend/_threading/loopingcall.py:125}}
May 18 17:22:35.740046 np0000000974 neutron-periodic-workers[88657]: DEBUG dbcounter [-] [88657] Writing DB stats neutron:SELECT=1 {{(pid=88657) stat_writer /opt/stack/data/venv/lib/python3.12/site-packages/dbcounter.py:115}}
May 18 17:22:42.786960 np0000000974 neutron-periodic-workers[88687]: DEBUG dbcounter [-] [88687] Writing DB stats neutron:SELECT=1 {{(pid=88687) stat_writer /opt/stack/data/venv/lib/python3.12/site-packages/dbcounter.py:115}}
May 18 17:22:51.783090 np0000000974 neutron-periodic-workers[88696]: DEBUG oslo.service.backend._threading.loopingcall [None req-25ca30fe-1cfa-4bb5-b8ef-f755dafc604e None None] Fixed interval looping call 'neutron.db.quota.driver_nolock.DbQuotaNoLockDriver._remove_expired_reservations' sleeping for 120.00 seconds {{(pid=88696) _run_loop /opt/stack/data/venv/lib/python3.12/site-packages/oslo_service/backend/_threading/loopingcall.py:125}}
May 18 17:22:55.756642 np0000000974 neutron-periodic-workers[88665]: DEBUG oslo.service.backend._threading.loopingcall [None req-6a0e7de7-0bd4-4cfd-91e1-230a8532acde None None] Fixed interval looping call 'neutron.plugins.ml2.plugin.DhcpAgentSchedulerDbMixin.remove_networks_from_down_agents' sleeping for 36.99 seconds {{(pid=88665) _run_loop /opt/stack/data/venv/lib/python3.12/site-packages/oslo_service/backend/_threading/loopingcall.py:125}}
May 18 17:23:01.781559 np0000000974 neutron-periodic-workers[88696]: DEBUG dbcounter [-] [88696] Writing DB stats neutron:DELETE=1 {{(pid=88696) stat_writer /opt/stack/data/venv/lib/python3.12/site-packages/dbcounter.py:115}}
May 18 17:23:05.754377 np0000000974 neutron-periodic-workers[88665]: DEBUG dbcounter [-] [88665] Writing DB stats neutron:SELECT=3 {{(pid=88665) stat_writer /opt/stack/data/venv/lib/python3.12/site-packages/dbcounter.py:115}}
May 18 17:23:09.791391 np0000000974 neutron-periodic-workers[88687]: DEBUG neutron.db.agents_db [None req-f4aead25-d8c7-472e-a4a4-f4a089303510 None None] Agent healthcheck: found 0 active agents {{(pid=88687) agent_health_check /opt/stack/neutron/neutron/db/agents_db.py:322}}
May 18 17:23:09.791391 np0000000974 neutron-periodic-workers[88687]: DEBUG oslo.service.backend._threading.loopingcall [None req-f4aead25-d8c7-472e-a4a4-f4a089303510 None None] Fixed interval looping call 'neutron.plugins.ml2.plugin.AgentDbMixin.agent_health_check' sleeping for 37.00 seconds {{(pid=88687) _run_loop /opt/stack/data/venv/lib/python3.12/site-packages/oslo_service/backend/_threading/loopingcall.py:125}}
May 18 17:23:19.789876 np0000000974 neutron-periodic-workers[88687]: DEBUG dbcounter [-] [88687] Writing DB stats neutron:SELECT=1 {{(pid=88687) stat_writer /opt/stack/data/venv/lib/python3.12/site-packages/dbcounter.py:115}}
May 18 17:23:32.775050 np0000000974 neutron-periodic-workers[88665]: DEBUG oslo.service.backend._threading.loopingcall [None req-6a0e7de7-0bd4-4cfd-91e1-230a8532acde None None] Fixed interval looping call 'neutron.plugins.ml2.plugin.DhcpAgentSchedulerDbMixin.remove_networks_from_down_agents' sleeping for 36.98 seconds {{(pid=88665) _run_loop /opt/stack/data/venv/lib/python3.12/site-packages/oslo_service/backend/_threading/loopingcall.py:125}}
May 18 17:23:42.774701 np0000000974 neutron-periodic-workers[88665]: DEBUG dbcounter [-] [88665] Writing DB stats neutron:SELECT=3 {{(pid=88665) stat_writer /opt/stack/data/venv/lib/python3.12/site-packages/dbcounter.py:115}}
May 18 17:23:46.797072 np0000000974 neutron-periodic-workers[88687]: DEBUG neutron.db.agents_db [None req-f4aead25-d8c7-472e-a4a4-f4a089303510 None None] Agent healthcheck: found 0 active agents {{(pid=88687) agent_health_check /opt/stack/neutron/neutron/db/agents_db.py:322}}
May 18 17:23:46.797547 np0000000974 neutron-periodic-workers[88687]: DEBUG oslo.service.backend._threading.loopingcall [None req-f4aead25-d8c7-472e-a4a4-f4a089303510 None None] Fixed interval looping call 'neutron.plugins.ml2.plugin.AgentDbMixin.agent_health_check' sleeping for 36.99 seconds {{(pid=88687) _run_loop /opt/stack/data/venv/lib/python3.12/site-packages/oslo_service/backend/_threading/loopingcall.py:125}}
May 18 17:23:56.796760 np0000000974 neutron-periodic-workers[88687]: DEBUG dbcounter [-] [88687] Writing DB stats neutron:SELECT=1 {{(pid=88687) stat_writer /opt/stack/data/venv/lib/python3.12/site-packages/dbcounter.py:115}}
May 18 17:24:09.776209 np0000000974 neutron-periodic-workers[88665]: DEBUG oslo.service.backend._threading.loopingcall [None req-6a0e7de7-0bd4-4cfd-91e1-230a8532acde None None] Fixed interval looping call 'neutron.plugins.ml2.plugin.DhcpAgentSchedulerDbMixin.remove_networks_from_down_agents' sleeping for 36.98 seconds {{(pid=88665) _run_loop /opt/stack/data/venv/lib/python3.12/site-packages/oslo_service/backend/_threading/loopingcall.py:125}}
May 18 17:24:19.775773 np0000000974 neutron-periodic-workers[88665]: DEBUG dbcounter [-] [88665] Writing DB stats neutron:SELECT=3 {{(pid=88665) stat_writer /opt/stack/data/venv/lib/python3.12/site-packages/dbcounter.py:115}}
May 18 17:24:23.792584 np0000000974 neutron-periodic-workers[88687]: DEBUG neutron.db.agents_db [None req-f4aead25-d8c7-472e-a4a4-f4a089303510 None None] Agent healthcheck: found 0 active agents {{(pid=88687) agent_health_check /opt/stack/neutron/neutron/db/agents_db.py:322}}
May 18 17:24:23.792943 np0000000974 neutron-periodic-workers[88687]: DEBUG oslo.service.backend._threading.loopingcall [None req-f4aead25-d8c7-472e-a4a4-f4a089303510 None None] Fixed interval looping call 'neutron.plugins.ml2.plugin.AgentDbMixin.agent_health_check' sleeping for 36.99 seconds {{(pid=88687) _run_loop /opt/stack/data/venv/lib/python3.12/site-packages/oslo_service/backend/_threading/loopingcall.py:125}}
May 18 17:24:33.791037 np0000000974 neutron-periodic-workers[88687]: DEBUG dbcounter [-] [88687] Writing DB stats neutron:SELECT=1 {{(pid=88687) stat_writer /opt/stack/data/venv/lib/python3.12/site-packages/dbcounter.py:115}}
May 18 17:24:46.764732 np0000000974 neutron-periodic-workers[88665]: DEBUG oslo.service.backend._threading.loopingcall [None req-6a0e7de7-0bd4-4cfd-91e1-230a8532acde None None] Fixed interval looping call 'neutron.plugins.ml2.plugin.DhcpAgentSchedulerDbMixin.remove_networks_from_down_agents' sleeping for 36.99 seconds {{(pid=88665) _run_loop /opt/stack/data/venv/lib/python3.12/site-packages/oslo_service/backend/_threading/loopingcall.py:125}}
May 18 17:24:51.786483 np0000000974 neutron-periodic-workers[88696]: DEBUG oslo.service.backend._threading.loopingcall [None req-25ca30fe-1cfa-4bb5-b8ef-f755dafc604e None None] Fixed interval looping call 'neutron.db.quota.driver_nolock.DbQuotaNoLockDriver._remove_expired_reservations' sleeping for 120.00 seconds {{(pid=88696) _run_loop /opt/stack/data/venv/lib/python3.12/site-packages/oslo_service/backend/_threading/loopingcall.py:125}}
May 18 17:24:56.763310 np0000000974 neutron-periodic-workers[88665]: DEBUG dbcounter [-] [88665] Writing DB stats neutron:SELECT=3 {{(pid=88665) stat_writer /opt/stack/data/venv/lib/python3.12/site-packages/dbcounter.py:115}}
May 18 17:25:00.786947 np0000000974 neutron-periodic-workers[88687]: DEBUG neutron.db.agents_db [None req-f4aead25-d8c7-472e-a4a4-f4a089303510 None None] Agent healthcheck: found 0 active agents {{(pid=88687) agent_health_check /opt/stack/neutron/neutron/db/agents_db.py:322}}
May 18 17:25:00.787534 np0000000974 neutron-periodic-workers[88687]: DEBUG oslo.service.backend._threading.loopingcall [None req-f4aead25-d8c7-472e-a4a4-f4a089303510 None None] Fixed interval looping call 'neutron.plugins.ml2.plugin.AgentDbMixin.agent_health_check' sleeping for 37.00 seconds {{(pid=88687) _run_loop /opt/stack/data/venv/lib/python3.12/site-packages/oslo_service/backend/_threading/loopingcall.py:125}}
May 18 17:25:01.785698 np0000000974 neutron-periodic-workers[88696]: DEBUG dbcounter [-] [88696] Writing DB stats neutron:DELETE=1 {{(pid=88696) stat_writer /opt/stack/data/venv/lib/python3.12/site-packages/dbcounter.py:115}}
May 18 17:25:10.785474 np0000000974 neutron-periodic-workers[88687]: DEBUG dbcounter [-] [88687] Writing DB stats neutron:SELECT=1 {{(pid=88687) stat_writer /opt/stack/data/venv/lib/python3.12/site-packages/dbcounter.py:115}}
May 18 17:25:23.760533 np0000000974 neutron-periodic-workers[88665]: DEBUG oslo.service.backend._threading.loopingcall [None req-6a0e7de7-0bd4-4cfd-91e1-230a8532acde None None] Fixed interval looping call 'neutron.plugins.ml2.plugin.DhcpAgentSchedulerDbMixin.remove_networks_from_down_agents' sleeping for 36.99 seconds {{(pid=88665) _run_loop /opt/stack/data/venv/lib/python3.12/site-packages/oslo_service/backend/_threading/loopingcall.py:125}}
May 18 17:25:33.760286 np0000000974 neutron-periodic-workers[88665]: DEBUG dbcounter [-] [88665] Writing DB stats neutron:SELECT=3 {{(pid=88665) stat_writer /opt/stack/data/venv/lib/python3.12/site-packages/dbcounter.py:115}}
May 18 17:25:37.795974 np0000000974 neutron-periodic-workers[88687]: DEBUG neutron.db.agents_db [None req-f4aead25-d8c7-472e-a4a4-f4a089303510 None None] Agent healthcheck: found 0 active agents {{(pid=88687) agent_health_check /opt/stack/neutron/neutron/db/agents_db.py:322}}
May 18 17:25:37.796690 np0000000974 neutron-periodic-workers[88687]: DEBUG oslo.service.backend._threading.loopingcall [None req-f4aead25-d8c7-472e-a4a4-f4a089303510 None None] Fixed interval looping call 'neutron.plugins.ml2.plugin.AgentDbMixin.agent_health_check' sleeping for 36.99 seconds {{(pid=88687) _run_loop /opt/stack/data/venv/lib/python3.12/site-packages/oslo_service/backend/_threading/loopingcall.py:125}}
May 18 17:25:47.791746 np0000000974 neutron-periodic-workers[88687]: DEBUG dbcounter [-] [88687] Writing DB stats neutron:SELECT=1 {{(pid=88687) stat_writer /opt/stack/data/venv/lib/python3.12/site-packages/dbcounter.py:115}}
May 18 17:26:00.759239 np0000000974 neutron-periodic-workers[88665]: DEBUG oslo.service.backend._threading.loopingcall [None req-6a0e7de7-0bd4-4cfd-91e1-230a8532acde None None] Fixed interval looping call 'neutron.plugins.ml2.plugin.DhcpAgentSchedulerDbMixin.remove_networks_from_down_agents' sleeping for 36.99 seconds {{(pid=88665) _run_loop /opt/stack/data/venv/lib/python3.12/site-packages/oslo_service/backend/_threading/loopingcall.py:125}}
May 18 17:26:10.758227 np0000000974 neutron-periodic-workers[88665]: DEBUG dbcounter [-] [88665] Writing DB stats neutron:SELECT=3 {{(pid=88665) stat_writer /opt/stack/data/venv/lib/python3.12/site-packages/dbcounter.py:115}}
May 18 17:26:14.791059 np0000000974 neutron-periodic-workers[88687]: DEBUG neutron.db.agents_db [None req-f4aead25-d8c7-472e-a4a4-f4a089303510 None None] Agent healthcheck: found 0 active agents {{(pid=88687) agent_health_check /opt/stack/neutron/neutron/db/agents_db.py:322}}
May 18 17:26:14.791863 np0000000974 neutron-periodic-workers[88687]: DEBUG oslo.service.backend._threading.loopingcall [None req-f4aead25-d8c7-472e-a4a4-f4a089303510 None None] Fixed interval looping call 'neutron.plugins.ml2.plugin.AgentDbMixin.agent_health_check' sleeping for 36.99 seconds {{(pid=88687) _run_loop /opt/stack/data/venv/lib/python3.12/site-packages/oslo_service/backend/_threading/loopingcall.py:125}}
May 18 17:26:24.790078 np0000000974 neutron-periodic-workers[88687]: DEBUG dbcounter [-] [88687] Writing DB stats neutron:SELECT=1 {{(pid=88687) stat_writer /opt/stack/data/venv/lib/python3.12/site-packages/dbcounter.py:115}}
May 18 17:26:37.755397 np0000000974 neutron-periodic-workers[88665]: DEBUG oslo.service.backend._threading.loopingcall [None req-6a0e7de7-0bd4-4cfd-91e1-230a8532acde None None] Fixed interval looping call 'neutron.plugins.ml2.plugin.DhcpAgentSchedulerDbMixin.remove_networks_from_down_agents' sleeping for 36.99 seconds {{(pid=88665) _run_loop /opt/stack/data/venv/lib/python3.12/site-packages/oslo_service/backend/_threading/loopingcall.py:125}}
May 18 17:26:47.754516 np0000000974 neutron-periodic-workers[88665]: DEBUG dbcounter [-] [88665] Writing DB stats neutron:SELECT=3 {{(pid=88665) stat_writer /opt/stack/data/venv/lib/python3.12/site-packages/dbcounter.py:115}}
May 18 17:26:51.784586 np0000000974 neutron-periodic-workers[88687]: DEBUG neutron.db.agents_db [None req-f4aead25-d8c7-472e-a4a4-f4a089303510 None None] Agent healthcheck: found 0 active agents {{(pid=88687) agent_health_check /opt/stack/neutron/neutron/db/agents_db.py:322}}
May 18 17:26:51.784969 np0000000974 neutron-periodic-workers[88687]: DEBUG oslo.service.backend._threading.loopingcall [None req-f4aead25-d8c7-472e-a4a4-f4a089303510 None None] Fixed interval looping call 'neutron.plugins.ml2.plugin.AgentDbMixin.agent_health_check' sleeping for 37.00 seconds {{(pid=88687) _run_loop /opt/stack/data/venv/lib/python3.12/site-packages/oslo_service/backend/_threading/loopingcall.py:125}}
May 18 17:26:51.792357 np0000000974 neutron-periodic-workers[88696]: DEBUG oslo.service.backend._threading.loopingcall [None req-25ca30fe-1cfa-4bb5-b8ef-f755dafc604e None None] Fixed interval looping call 'neutron.db.quota.driver_nolock.DbQuotaNoLockDriver._remove_expired_reservations' sleeping for 120.00 seconds {{(pid=88696) _run_loop /opt/stack/data/venv/lib/python3.12/site-packages/oslo_service/backend/_threading/loopingcall.py:125}}
May 18 17:27:01.784328 np0000000974 neutron-periodic-workers[88687]: DEBUG dbcounter [-] [88687] Writing DB stats neutron:SELECT=1 {{(pid=88687) stat_writer /opt/stack/data/venv/lib/python3.12/site-packages/dbcounter.py:115}}
May 18 17:27:01.791656 np0000000974 neutron-periodic-workers[88696]: DEBUG dbcounter [-] [88696] Writing DB stats neutron:DELETE=1 {{(pid=88696) stat_writer /opt/stack/data/venv/lib/python3.12/site-packages/dbcounter.py:115}}
May 18 17:27:14.753491 np0000000974 neutron-periodic-workers[88665]: DEBUG oslo.service.backend._threading.loopingcall [None req-6a0e7de7-0bd4-4cfd-91e1-230a8532acde None None] Fixed interval looping call 'neutron.plugins.ml2.plugin.DhcpAgentSchedulerDbMixin.remove_networks_from_down_agents' sleeping for 36.99 seconds {{(pid=88665) _run_loop /opt/stack/data/venv/lib/python3.12/site-packages/oslo_service/backend/_threading/loopingcall.py:125}}
May 18 17:27:24.755114 np0000000974 neutron-periodic-workers[88665]: DEBUG dbcounter [-] [88665] Writing DB stats neutron:SELECT=3 {{(pid=88665) stat_writer /opt/stack/data/venv/lib/python3.12/site-packages/dbcounter.py:115}}
May 18 17:27:25.754560 np0000000974 neutron-periodic-workers[88657]: DEBUG oslo.service.backend._threading.loopingcall [None req-40ba085a-429f-4bae-8eaa-57b9610b8bd7 None None] Fixed interval looping call 'neutron.services.ovn_l3.plugin.L3_NAT_dbonly_mixin._clean_garbage' sleeping for 299.98 seconds {{(pid=88657) _run_loop /opt/stack/data/venv/lib/python3.12/site-packages/oslo_service/backend/_threading/loopingcall.py:125}}
May 18 17:27:28.792698 np0000000974 neutron-periodic-workers[88687]: DEBUG neutron.db.agents_db [None req-f4aead25-d8c7-472e-a4a4-f4a089303510 None None] Agent healthcheck: found 0 active agents {{(pid=88687) agent_health_check /opt/stack/neutron/neutron/db/agents_db.py:322}}
May 18 17:27:28.793253 np0000000974 neutron-periodic-workers[88687]: DEBUG oslo.service.backend._threading.loopingcall [None req-f4aead25-d8c7-472e-a4a4-f4a089303510 None None] Fixed interval looping call 'neutron.plugins.ml2.plugin.AgentDbMixin.agent_health_check' sleeping for 36.99 seconds {{(pid=88687) _run_loop /opt/stack/data/venv/lib/python3.12/site-packages/oslo_service/backend/_threading/loopingcall.py:125}}
