Aug 06 05:07:36.468146 np0000006620 devstack@c-api.service[97023]: INFO cinder.api.v3.snapshots [None req-c7719063-4c53-4225-81b2-db5665c6597f tempest-VolumeSnapshotQuotasNegativeTestJSON-634864755 tempest-VolumeSnapshotQuotasNegativeTestJSON-634864755-project-member] Create snapshot from volume eb279fb7-3f57-4bce-a755-5c83ddc3788d
Aug 06 05:07:36.509402 np0000006620 devstack@c-api.service[97023]: DEBUG cinder.quota [None req-c7719063-4c53-4225-81b2-db5665c6597f tempest-VolumeSnapshotQuotasNegativeTestJSON-634864755 tempest-VolumeSnapshotQuotasNegativeTestJSON-634864755-project-member] Created reservations ['3aac0839-c714-4fe4-9b0f-9d9fe325fc70', '0c39a0f8-c32a-466d-9c42-6d4bae992971', 'c4bacfe0-e0a1-4359-b925-921f3250c46b', '3433b37d-ff58-4bea-a8ec-707a4d5f5677'] {{(pid=97023) reserve /opt/stack/cinder/cinder/quota.py:752}}
Aug 06 05:07:36.546244 np0000006620 devstack@c-api.service[97023]: INFO cinder.volume.api [None req-c7719063-4c53-4225-81b2-db5665c6597f tempest-VolumeSnapshotQuotasNegativeTestJSON-634864755 tempest-VolumeSnapshotQuotasNegativeTestJSON-634864755-project-member] Snapshot create request issued successfully.
Aug 06 05:07:36.546793 np0000006620 devstack@c-api.service[97023]: INFO cinder.api.openstack.wsgi [None req-c7719063-4c53-4225-81b2-db5665c6597f tempest-VolumeSnapshotQuotasNegativeTestJSON-634864755 tempest-VolumeSnapshotQuotasNegativeTestJSON-634864755-project-member] https://10.4.3.122/volume/v3/snapshots returned with HTTP 202
Aug 06 05:07:36.547419 np0000006620 devstack@c-api.service[97023]: [pid: 97023|app: 0|req: 156/477] 10.4.3.122 () {68 vars in 1265 bytes} [Thu Aug 6 05:07:36 2026] POST /volume/v3/snapshots => generated 323 bytes in 91 msecs (HTTP/1.1 202) 7 headers in 291 bytes (1 switches on core 0)
Aug 06 05:07:36.558692 np0000006620 devstack@c-api.service[97021]: DEBUG cinder.api.middleware.request_id [None req-a0d00521-f792-4263-8f16-747b84b037a8 None None] RequestId filter calling following filter/app {{(pid=97021) _context_setter /opt/stack/cinder/cinder/api/middleware/request_id.py:62}}
Aug 06 05:07:36.561605 np0000006620 devstack@c-api.service[97021]: INFO cinder.api.openstack.wsgi [None req-a0d00521-f792-4263-8f16-747b84b037a8 tempest-VolumeSnapshotQuotasNegativeTestJSON-634864755 tempest-VolumeSnapshotQuotasNegativeTestJSON-634864755-project-member] GET https://10.4.3.122/volume/v3/snapshots/74140353-8856-4c87-b646-b1dcdad4545f
Aug 06 05:07:36.561605 np0000006620 devstack@c-api.service[97021]: DEBUG cinder.api.openstack.wsgi [None req-a0d00521-f792-4263-8f16-747b84b037a8 tempest-VolumeSnapshotQuotasNegativeTestJSON-634864755 tempest-VolumeSnapshotQuotasNegativeTestJSON-634864755-project-member] Empty body provided in request {{(pid=97021) get_body /opt/stack/cinder/cinder/api/openstack/wsgi.py:725}}
Aug 06 05:07:36.561605 np0000006620 devstack@c-api.service[97021]: DEBUG cinder.api.openstack.wsgi [None req-a0d00521-f792-4263-8f16-747b84b037a8 tempest-VolumeSnapshotQuotasNegativeTestJSON-634864755 tempest-VolumeSnapshotQuotasNegativeTestJSON-634864755-project-member] Calling method 'show' {{(pid=97021) _process_stack /opt/stack/cinder/cinder/api/openstack/wsgi.py:878}}
Aug 06 05:07:36.568696 np0000006620 devstack@c-api.service[97021]: /opt/stack/data/venv/lib/python3.12/site-packages/oslo_context/context.py:102: DeprecationWarning: Policy enforcement is depending on the value of is_admin. This key is deprecated. Please update your policy file to use the standard policy values.
Aug 06 05:07:36.568696 np0000006620 devstack@c-api.service[97021]: warnings.warn(
Aug 06 05:07:36.569401 np0000006620 devstack@c-api.service[97021]: INFO cinder.volume.api [None req-a0d00521-f792-4263-8f16-747b84b037a8 tempest-VolumeSnapshotQuotasNegativeTestJSON-634864755 tempest-VolumeSnapshotQuotasNegativeTestJSON-634864755-project-member] Snapshot retrieved successfully.
Aug 06 05:07:36.570447 np0000006620 devstack@c-api.service[97021]: INFO cinder.api.openstack.wsgi [None req-a0d00521-f792-4263-8f16-747b84b037a8 tempest-VolumeSnapshotQuotasNegativeTestJSON-634864755 tempest-VolumeSnapshotQuotasNegativeTestJSON-634864755-project-member] https://10.4.3.122/volume/v3/snapshots/74140353-8856-4c87-b646-b1dcdad4545f returned with HTTP 200
Aug 06 05:07:36.571392 np0000006620 devstack@c-api.service[97021]: [pid: 97021|app: 0|req: 163/478] 10.4.3.122 () {66 vars in 1354 bytes} [Thu Aug 6 05:07:36 2026] GET /volume/v3/snapshots/74140353-8856-4c87-b646-b1dcdad4545f => generated 455 bytes in 13 msecs (HTTP/1.1 200) 7 headers in 285 bytes (1 switches on core 0)
Aug 06 05:07:37.179735 np0000006620 devstack@c-api.service[97022]: DEBUG cinder.api.middleware.request_id [req-58d74a1c-c908-4e62-b1d1-3091a8110fe0 req-ae9907f1-60eb-4436-a00a-8b09c84dd79e None None] RequestId filter calling following filter/app {{(pid=97022) _context_setter /opt/stack/cinder/cinder/api/middleware/request_id.py:62}}
Aug 06 05:07:37.182332 np0000006620 devstack@c-api.service[97022]: INFO cinder.api.openstack.wsgi [req-58d74a1c-c908-4e62-b1d1-3091a8110fe0 req-ae9907f1-60eb-4436-a00a-8b09c84dd79e tempest-TaggedAttachmentsTest-647445195 tempest-TaggedAttachmentsTest-647445195-project-member] GET https://10.4.3.122/volume/v3/volumes/13c6dd4d-60b0-4cb9-beca-aee0163a9f2a
Aug 06 05:07:37.182541 np0000006620 devstack@c-api.service[97022]: DEBUG cinder.api.openstack.wsgi [req-58d74a1c-c908-4e62-b1d1-3091a8110fe0 req-ae9907f1-60eb-4436-a00a-8b09c84dd79e tempest-TaggedAttachmentsTest-647445195 tempest-TaggedAttachmentsTest-647445195-project-member] Empty body provided in request {{(pid=97022) get_body /opt/stack/cinder/cinder/api/openstack/wsgi.py:725}}
Aug 06 05:07:37.182726 np0000006620 devstack@c-api.service[97022]: DEBUG cinder.api.openstack.wsgi [req-58d74a1c-c908-4e62-b1d1-3091a8110fe0 req-ae9907f1-60eb-4436-a00a-8b09c84dd79e tempest-TaggedAttachmentsTest-647445195 tempest-TaggedAttachmentsTest-647445195-project-member] Calling method 'show' {{(pid=97022) _process_stack /opt/stack/cinder/cinder/api/openstack/wsgi.py:878}}
Aug 06 05:07:37.189374 np0000006620 devstack@c-api.service[97022]: /opt/stack/data/venv/lib/python3.12/site-packages/oslo_context/context.py:102: DeprecationWarning: Policy enforcement is depending on the value of is_admin. This key is deprecated. Please update your policy file to use the standard policy values.
Aug 06 05:07:37.189374 np0000006620 devstack@c-api.service[97022]: warnings.warn(
Aug 06 05:07:37.194012 np0000006620 devstack@c-api.service[97022]: INFO cinder.volume.api [req-58d74a1c-c908-4e62-b1d1-3091a8110fe0 req-ae9907f1-60eb-4436-a00a-8b09c84dd79e tempest-TaggedAttachmentsTest-647445195 tempest-TaggedAttachmentsTest-647445195-project-member] Volume info retrieved successfully.
Aug 06 05:07:37.200921 np0000006620 devstack@c-api.service[97022]: INFO cinder.api.openstack.wsgi [req-58d74a1c-c908-4e62-b1d1-3091a8110fe0 req-ae9907f1-60eb-4436-a00a-8b09c84dd79e tempest-TaggedAttachmentsTest-647445195 tempest-TaggedAttachmentsTest-647445195-project-member] https://10.4.3.122/volume/v3/volumes/13c6dd4d-60b0-4cb9-beca-aee0163a9f2a returned with HTTP 200
Aug 06 05:07:37.201538 np0000006620 devstack@c-api.service[97022]: [pid: 97022|app: 0|req: 160/479] 10.4.3.122 () {68 vars in 1598 bytes} [Thu Aug 6 05:07:37 2026] GET /volume/v3/volumes/13c6dd4d-60b0-4cb9-beca-aee0163a9f2a => generated 845 bytes in 22 msecs (HTTP/1.1 200) 7 headers in 285 bytes (1 switches on core 0)
Aug 06 05:07:37.321237 np0000006620 devstack@c-api.service[97023]: DEBUG cinder.api.middleware.request_id [None req-921ba567-e411-4bc7-9bb7-bf3447a5ffd8 None None] RequestId filter calling following filter/app {{(pid=97023) _context_setter /opt/stack/cinder/cinder/api/middleware/request_id.py:62}}
Aug 06 05:07:37.321890 np0000006620 devstack@c-api.service[97023]: INFO cinder.api.openstack.wsgi [None req-921ba567-e411-4bc7-9bb7-bf3447a5ffd8 None None] GET https://10.4.3.122/volume//
Aug 06 05:07:37.322068 np0000006620 devstack@c-api.service[97023]: DEBUG cinder.api.openstack.wsgi [None req-921ba567-e411-4bc7-9bb7-bf3447a5ffd8 None None] Empty body provided in request {{(pid=97023) get_body /opt/stack/cinder/cinder/api/openstack/wsgi.py:725}}
Aug 06 05:07:37.322253 np0000006620 devstack@c-api.service[97023]: DEBUG cinder.api.openstack.wsgi [None req-921ba567-e411-4bc7-9bb7-bf3447a5ffd8 None None] Calling method 'all' {{(pid=97023) _process_stack /opt/stack/cinder/cinder/api/openstack/wsgi.py:878}}
Aug 06 05:07:37.322608 np0000006620 devstack@c-api.service[97023]: INFO cinder.api.openstack.wsgi [None req-921ba567-e411-4bc7-9bb7-bf3447a5ffd8 None None] https://10.4.3.122/volume// returned with HTTP 300
Aug 06 05:07:37.323005 np0000006620 devstack@c-api.service[97023]: [pid: 97023|app: 0|req: 157/480] 10.4.3.122 () {66 vars in 1428 bytes} [Thu Aug 6 05:07:37 2026] GET /volume/ => generated 386 bytes in 3 msecs (HTTP/1.1 300) 7 headers in 299 bytes (1 switches on core 0)
Aug 06 05:07:37.343453 np0000006620 devstack@c-api.service[97021]: DEBUG cinder.api.middleware.request_id [req-58d74a1c-c908-4e62-b1d1-3091a8110fe0 req-edfdacc3-55a2-4f1e-88e7-424639299f91 None None] RequestId filter calling following filter/app {{(pid=97021) _context_setter /opt/stack/cinder/cinder/api/middleware/request_id.py:62}}
Aug 06 05:07:37.345448 np0000006620 devstack@c-api.service[97021]: INFO cinder.api.openstack.wsgi [req-58d74a1c-c908-4e62-b1d1-3091a8110fe0 req-edfdacc3-55a2-4f1e-88e7-424639299f91 tempest-TaggedAttachmentsTest-647445195 tempest-TaggedAttachmentsTest-647445195-project-member] POST https://10.4.3.122/volume/v3/attachments
Aug 06 05:07:37.345778 np0000006620 devstack@c-api.service[97021]: DEBUG cinder.api.openstack.wsgi [req-58d74a1c-c908-4e62-b1d1-3091a8110fe0 req-edfdacc3-55a2-4f1e-88e7-424639299f91 tempest-TaggedAttachmentsTest-647445195 tempest-TaggedAttachmentsTest-647445195-project-member] Action: 'create', calling method: version_select, body: {"attachment": {"volume_uuid": "13c6dd4d-60b0-4cb9-beca-aee0163a9f2a", "connector": null, "instance_uuid": "61231143-f3ef-441b-aae5-e492df70669c"}} {{(pid=97021) _process_stack /opt/stack/cinder/cinder/api/openstack/wsgi.py:876}}
Aug 06 05:07:37.355010 np0000006620 devstack@c-api.service[97021]: /opt/stack/data/venv/lib/python3.12/site-packages/oslo_context/context.py:102: DeprecationWarning: Policy enforcement is depending on the value of is_admin. This key is deprecated. Please update your policy file to use the standard policy values.
Aug 06 05:07:37.355010 np0000006620 devstack@c-api.service[97021]: warnings.warn(
Aug 06 05:07:37.389346 np0000006620 devstack@c-api.service[97021]: INFO cinder.api.openstack.wsgi [req-58d74a1c-c908-4e62-b1d1-3091a8110fe0 req-edfdacc3-55a2-4f1e-88e7-424639299f91 tempest-TaggedAttachmentsTest-647445195 tempest-TaggedAttachmentsTest-647445195-project-member] https://10.4.3.122/volume/v3/attachments returned with HTTP 200
Aug 06 05:07:37.389790 np0000006620 devstack@c-api.service[97021]: [pid: 97021|app: 0|req: 164/481] 10.4.3.122 () {74 vars in 1594 bytes} [Thu Aug 6 05:07:37 2026] POST /volume/v3/attachments => generated 273 bytes in 47 msecs (HTTP/1.1 200) 7 headers in 286 bytes (1 switches on core 0)
Aug 06 05:07:37.434431 np0000006620 devstack@c-api.service[97022]: DEBUG cinder.api.middleware.request_id [None req-a202cc1d-603b-4294-9dc4-5861eb5213c1 None None] RequestId filter calling following filter/app {{(pid=97022) _context_setter /opt/stack/cinder/cinder/api/middleware/request_id.py:62}}
Aug 06 05:07:37.436291 np0000006620 devstack@c-api.service[97022]: INFO cinder.api.openstack.wsgi [None req-a202cc1d-603b-4294-9dc4-5861eb5213c1 tempest-TaggedAttachmentsTest-647445195 tempest-TaggedAttachmentsTest-647445195-project-member] GET https://10.4.3.122/volume/v3/volumes/13c6dd4d-60b0-4cb9-beca-aee0163a9f2a
Aug 06 05:07:37.436503 np0000006620 devstack@c-api.service[97022]: DEBUG cinder.api.openstack.wsgi [None req-a202cc1d-603b-4294-9dc4-5861eb5213c1 tempest-TaggedAttachmentsTest-647445195 tempest-TaggedAttachmentsTest-647445195-project-member] Empty body provided in request {{(pid=97022) get_body /opt/stack/cinder/cinder/api/openstack/wsgi.py:725}}
Aug 06 05:07:37.436682 np0000006620 devstack@c-api.service[97022]: DEBUG cinder.api.openstack.wsgi [None req-a202cc1d-603b-4294-9dc4-5861eb5213c1 tempest-TaggedAttachmentsTest-647445195 tempest-TaggedAttachmentsTest-647445195-project-member] Calling method 'show' {{(pid=97022) _process_stack /opt/stack/cinder/cinder/api/openstack/wsgi.py:878}}
Aug 06 05:07:37.443021 np0000006620 devstack@c-api.service[97023]: DEBUG cinder.api.middleware.request_id [None req-3d75c76c-a661-43f5-bcd7-0fc870af800e None None] RequestId filter calling following filter/app {{(pid=97023) _context_setter /opt/stack/cinder/cinder/api/middleware/request_id.py:62}}
Aug 06 05:07:37.451879 np0000006620 devstack@c-api.service[97022]: /opt/stack/data/venv/lib/python3.12/site-packages/oslo_context/context.py:102: DeprecationWarning: Policy enforcement is depending on the value of is_admin. This key is deprecated. Please update your policy file to use the standard policy values.
Aug 06 05:07:37.451879 np0000006620 devstack@c-api.service[97022]: warnings.warn(
Aug 06 05:07:37.455196 np0000006620 devstack@c-api.service[97021]: DEBUG cinder.api.middleware.request_id [None req-d3cba090-d444-4a8d-92c9-e791d89ada76 None None] RequestId filter calling following filter/app {{(pid=97021) _context_setter /opt/stack/cinder/cinder/api/middleware/request_id.py:62}}
Aug 06 05:07:37.455594 np0000006620 devstack@c-api.service[97021]: INFO cinder.api.openstack.wsgi [None req-d3cba090-d444-4a8d-92c9-e791d89ada76 None None] GET https://10.4.3.122/volume//
Aug 06 05:07:37.455774 np0000006620 devstack@c-api.service[97021]: DEBUG cinder.api.openstack.wsgi [None req-d3cba090-d444-4a8d-92c9-e791d89ada76 None None] Empty body provided in request {{(pid=97021) get_body /opt/stack/cinder/cinder/api/openstack/wsgi.py:725}}
Aug 06 05:07:37.455962 np0000006620 devstack@c-api.service[97021]: DEBUG cinder.api.openstack.wsgi [None req-d3cba090-d444-4a8d-92c9-e791d89ada76 None None] Calling method 'all' {{(pid=97021) _process_stack /opt/stack/cinder/cinder/api/openstack/wsgi.py:878}}
Aug 06 05:07:37.456275 np0000006620 devstack@c-api.service[97021]: INFO cinder.api.openstack.wsgi [None req-d3cba090-d444-4a8d-92c9-e791d89ada76 None None] https://10.4.3.122/volume// returned with HTTP 300
Aug 06 05:07:37.456563 np0000006620 devstack@c-api.service[97021]: [pid: 97021|app: 0|req: 165/482] 10.4.3.122 () {66 vars in 1426 bytes} [Thu Aug 6 05:07:37 2026] GET /volume/ => generated 386 bytes in 2 msecs (HTTP/1.1 300) 7 headers in 299 bytes (1 switches on core 0)
Aug 06 05:07:37.459056 np0000006620 devstack@c-api.service[97022]: INFO cinder.volume.api [None req-a202cc1d-603b-4294-9dc4-5861eb5213c1 tempest-TaggedAttachmentsTest-647445195 tempest-TaggedAttachmentsTest-647445195-project-member] Volume info retrieved successfully.
Aug 06 05:07:37.466264 np0000006620 devstack@c-api.service[97022]: INFO cinder.api.openstack.wsgi [None req-a202cc1d-603b-4294-9dc4-5861eb5213c1 tempest-TaggedAttachmentsTest-647445195 tempest-TaggedAttachmentsTest-647445195-project-member] https://10.4.3.122/volume/v3/volumes/13c6dd4d-60b0-4cb9-beca-aee0163a9f2a returned with HTTP 200
Aug 06 05:07:37.467681 np0000006620 devstack@c-api.service[97022]: [pid: 97022|app: 0|req: 161/483] 10.4.3.122 () {66 vars in 1348 bytes} [Thu Aug 6 05:07:37 2026] GET /volume/v3/volumes/13c6dd4d-60b0-4cb9-beca-aee0163a9f2a => generated 844 bytes in 34 msecs (HTTP/1.1 200) 7 headers in 285 bytes (1 switches on core 0)
Aug 06 05:07:37.469877 np0000006620 devstack@c-api.service[97021]: DEBUG cinder.api.middleware.request_id [req-58d74a1c-c908-4e62-b1d1-3091a8110fe0 req-51d454d8-76f5-4a66-b211-74d3ed451db3 None None] RequestId filter calling following filter/app {{(pid=97021) _context_setter /opt/stack/cinder/cinder/api/middleware/request_id.py:62}}
Aug 06 05:07:37.472098 np0000006620 devstack@c-api.service[97021]: INFO cinder.api.openstack.wsgi [req-58d74a1c-c908-4e62-b1d1-3091a8110fe0 req-51d454d8-76f5-4a66-b211-74d3ed451db3 tempest-TaggedAttachmentsTest-647445195 tempest-TaggedAttachmentsTest-647445195-project-member] GET https://10.4.3.122/volume/v3/volumes/13c6dd4d-60b0-4cb9-beca-aee0163a9f2a
Aug 06 05:07:37.472323 np0000006620 devstack@c-api.service[97021]: DEBUG cinder.api.openstack.wsgi [req-58d74a1c-c908-4e62-b1d1-3091a8110fe0 req-51d454d8-76f5-4a66-b211-74d3ed451db3 tempest-TaggedAttachmentsTest-647445195 tempest-TaggedAttachmentsTest-647445195-project-member] Empty body provided in request {{(pid=97021) get_body /opt/stack/cinder/cinder/api/openstack/wsgi.py:725}}
Aug 06 05:07:37.472579 np0000006620 devstack@c-api.service[97021]: DEBUG cinder.api.openstack.wsgi [req-58d74a1c-c908-4e62-b1d1-3091a8110fe0 req-51d454d8-76f5-4a66-b211-74d3ed451db3 tempest-TaggedAttachmentsTest-647445195 tempest-TaggedAttachmentsTest-647445195-project-member] Calling method 'show' {{(pid=97021) _process_stack /opt/stack/cinder/cinder/api/openstack/wsgi.py:878}}
Aug 06 05:07:37.486714 np0000006620 devstack@c-api.service[97021]: /opt/stack/data/venv/lib/python3.12/site-packages/oslo_context/context.py:102: DeprecationWarning: Policy enforcement is depending on the value of is_admin. This key is deprecated. Please update your policy file to use the standard policy values.
Aug 06 05:07:37.486714 np0000006620 devstack@c-api.service[97021]: warnings.warn(
Aug 06 05:07:37.491205 np0000006620 devstack@c-api.service[97021]: INFO cinder.volume.api [req-58d74a1c-c908-4e62-b1d1-3091a8110fe0 req-51d454d8-76f5-4a66-b211-74d3ed451db3 tempest-TaggedAttachmentsTest-647445195 tempest-TaggedAttachmentsTest-647445195-project-member] Volume info retrieved successfully.
Aug 06 05:07:37.497881 np0000006620 devstack@c-api.service[97021]: INFO cinder.api.openstack.wsgi [req-58d74a1c-c908-4e62-b1d1-3091a8110fe0 req-51d454d8-76f5-4a66-b211-74d3ed451db3 tempest-TaggedAttachmentsTest-647445195 tempest-TaggedAttachmentsTest-647445195-project-member] https://10.4.3.122/volume/v3/volumes/13c6dd4d-60b0-4cb9-beca-aee0163a9f2a returned with HTTP 200
Aug 06 05:07:37.497881 np0000006620 devstack@c-api.service[97021]: [pid: 97021|app: 0|req: 166/484] 10.4.3.122 () {70 vars in 1639 bytes} [Thu Aug 6 05:07:37 2026] GET /volume/v3/volumes/13c6dd4d-60b0-4cb9-beca-aee0163a9f2a => generated 1025 bytes in 29 msecs (HTTP/1.1 200) 7 headers in 287 bytes (1 switches on core 0)
Aug 06 05:07:37.573798 np0000006620 devstack@c-api.service[97023]: INFO cinder.api.openstack.wsgi [None req-3d75c76c-a661-43f5-bcd7-0fc870af800e tempest-ServerStableDeviceRescueTest-400491202 tempest-ServerStableDeviceRescueTest-400491202-project-member] POST https://10.4.3.122/volume/v3/volumes
Aug 06 05:07:37.574168 np0000006620 devstack@c-api.service[97023]: DEBUG cinder.api.openstack.wsgi [None req-3d75c76c-a661-43f5-bcd7-0fc870af800e tempest-ServerStableDeviceRescueTest-400491202 tempest-ServerStableDeviceRescueTest-400491202-project-member] Action: 'create', calling method: create, body: {"volume": {"size": 1, "display_name": "tempest-ServerStableDeviceRescueTest-volume-1112525227"}} {{(pid=97023) _process_stack /opt/stack/cinder/cinder/api/openstack/wsgi.py:876}}
Aug 06 05:07:37.581005 np0000006620 devstack@c-api.service[97023]: DEBUG cinder.api.v3.volumes [None req-3d75c76c-a661-43f5-bcd7-0fc870af800e tempest-ServerStableDeviceRescueTest-400491202 tempest-ServerStableDeviceRescueTest-400491202-project-member] Create volume request body: {'volume': {'size': 1, 'display_name': 'tempest-ServerStableDeviceRescueTest-volume-1112525227'}} {{(pid=97023) create /opt/stack/cinder/cinder/api/v3/volumes.py:368}}
Aug 06 05:07:37.581005 np0000006620 devstack@c-api.service[97023]: INFO cinder.api.v3.volumes [None req-3d75c76c-a661-43f5-bcd7-0fc870af800e tempest-ServerStableDeviceRescueTest-400491202 tempest-ServerStableDeviceRescueTest-400491202-project-member] Create volume of 1 GB
Aug 06 05:07:37.581005 np0000006620 devstack@c-api.service[97023]: /opt/stack/data/venv/lib/python3.12/site-packages/oslo_context/context.py:102: DeprecationWarning: Policy enforcement is depending on the value of is_admin. This key is deprecated. Please update your policy file to use the standard policy values.
Aug 06 05:07:37.581005 np0000006620 devstack@c-api.service[97023]: warnings.warn(
Aug 06 05:07:37.582610 np0000006620 devstack@c-api.service[97022]: DEBUG cinder.api.middleware.request_id [None req-35ba2c89-522c-440b-b262-a3b6ca6b055a None None] RequestId filter calling following filter/app {{(pid=97022) _context_setter /opt/stack/cinder/cinder/api/middleware/request_id.py:62}}
Aug 06 05:07:37.585421 np0000006620 devstack@c-api.service[97023]: INFO cinder.volume.api [None req-3d75c76c-a661-43f5-bcd7-0fc870af800e tempest-ServerStableDeviceRescueTest-400491202 tempest-ServerStableDeviceRescueTest-400491202-project-member] Availability Zones retrieved successfully.
Aug 06 05:07:37.585487 np0000006620 devstack@c-api.service[97022]: INFO cinder.api.openstack.wsgi [None req-35ba2c89-522c-440b-b262-a3b6ca6b055a tempest-VolumeSnapshotQuotasNegativeTestJSON-634864755 tempest-VolumeSnapshotQuotasNegativeTestJSON-634864755-project-member] GET https://10.4.3.122/volume/v3/snapshots/74140353-8856-4c87-b646-b1dcdad4545f
Aug 06 05:07:37.585870 np0000006620 devstack@c-api.service[97022]: DEBUG cinder.api.openstack.wsgi [None req-35ba2c89-522c-440b-b262-a3b6ca6b055a tempest-VolumeSnapshotQuotasNegativeTestJSON-634864755 tempest-VolumeSnapshotQuotasNegativeTestJSON-634864755-project-member] Empty body provided in request {{(pid=97022) get_body /opt/stack/cinder/cinder/api/openstack/wsgi.py:725}}
Aug 06 05:07:37.586054 np0000006620 devstack@c-api.service[97022]: DEBUG cinder.api.openstack.wsgi [None req-35ba2c89-522c-440b-b262-a3b6ca6b055a tempest-VolumeSnapshotQuotasNegativeTestJSON-634864755 tempest-VolumeSnapshotQuotasNegativeTestJSON-634864755-project-member] Calling method 'show' {{(pid=97022) _process_stack /opt/stack/cinder/cinder/api/openstack/wsgi.py:878}}
Aug 06 05:07:37.591446 np0000006620 devstack@c-api.service[97022]: /opt/stack/data/venv/lib/python3.12/site-packages/oslo_context/context.py:102: DeprecationWarning: Policy enforcement is depending on the value of is_admin. This key is deprecated. Please update your policy file to use the standard policy values.
Aug 06 05:07:37.591446 np0000006620 devstack@c-api.service[97022]: warnings.warn(
Aug 06 05:07:37.591446 np0000006620 devstack@c-api.service[97022]: INFO cinder.volume.api [None req-35ba2c89-522c-440b-b262-a3b6ca6b055a tempest-VolumeSnapshotQuotasNegativeTestJSON-634864755 tempest-VolumeSnapshotQuotasNegativeTestJSON-634864755-project-member] Snapshot retrieved successfully.
Aug 06 05:07:37.591944 np0000006620 devstack@c-api.service[97022]: INFO cinder.api.openstack.wsgi [None req-35ba2c89-522c-440b-b262-a3b6ca6b055a tempest-VolumeSnapshotQuotasNegativeTestJSON-634864755 tempest-VolumeSnapshotQuotasNegativeTestJSON-634864755-project-member] https://10.4.3.122/volume/v3/snapshots/74140353-8856-4c87-b646-b1dcdad4545f returned with HTTP 200
Aug 06 05:07:37.592287 np0000006620 devstack@c-api.service[97022]: [pid: 97022|app: 0|req: 162/485] 10.4.3.122 () {66 vars in 1354 bytes} [Thu Aug 6 05:07:37 2026] GET /volume/v3/snapshots/74140353-8856-4c87-b646-b1dcdad4545f => generated 482 bytes in 11 msecs (HTTP/1.1 200) 7 headers in 285 bytes (1 switches on core 0)
Aug 06 05:07:37.595222 np0000006620 devstack@c-api.service[97023]: DEBUG cinder.volume.api [None req-3d75c76c-a661-43f5-bcd7-0fc870af800e tempest-ServerStableDeviceRescueTest-400491202 tempest-ServerStableDeviceRescueTest-400491202-project-member] Flow 'volume_create_api' (a502b155-55f6-4271-b55c-ed773d69dc07) transitioned into state 'RUNNING' from state 'PENDING' {{(pid=97023) _flow_receiver /opt/stack/data/venv/lib/python3.12/site-packages/taskflow/listeners/logging.py:160}}
Aug 06 05:07:37.597023 np0000006620 devstack@c-api.service[97023]: DEBUG cinder.volume.api [None req-3d75c76c-a661-43f5-bcd7-0fc870af800e tempest-ServerStableDeviceRescueTest-400491202 tempest-ServerStableDeviceRescueTest-400491202-project-member] Task 'cinder.volume.flows.api.create_volume.ExtractVolumeRequestTask;volume:create' (f335d076-0b99-4adc-b1d4-d7bbbc77fe9c) transitioned into state 'RUNNING' from state 'PENDING' {{(pid=97023) _task_receiver /opt/stack/data/venv/lib/python3.12/site-packages/taskflow/listeners/logging.py:242}}
Aug 06 05:07:37.598956 np0000006620 devstack@c-api.service[97023]: DEBUG cinder.volume.flows.api.create_volume [None req-3d75c76c-a661-43f5-bcd7-0fc870af800e tempest-ServerStableDeviceRescueTest-400491202 tempest-ServerStableDeviceRescueTest-400491202-project-member] Validating volume size '1' using validate_int {{(pid=97023) _extract_size /opt/stack/cinder/cinder/volume/flows/api/create_volume.py:226}}
Aug 06 05:07:37.604381 np0000006620 devstack@c-api.service[97021]: DEBUG cinder.api.middleware.request_id [None req-c0eddbd9-a6a8-4853-9194-a3a319024d4e None None] RequestId filter calling following filter/app {{(pid=97021) _context_setter /opt/stack/cinder/cinder/api/middleware/request_id.py:62}}
Aug 06 05:07:37.608777 np0000006620 devstack@c-api.service[97021]: INFO cinder.api.openstack.wsgi [None req-c0eddbd9-a6a8-4853-9194-a3a319024d4e tempest-VolumeSnapshotQuotasNegativeTestJSON-615327688 tempest-VolumeSnapshotQuotasNegativeTestJSON-615327688-project-admin] PUT https://10.4.3.122/volume/v3/os-quota-sets/6d20b60fee334ec79e6aceaa507db307
Aug 06 05:07:37.608777 np0000006620 devstack@c-api.service[97021]: DEBUG cinder.api.openstack.wsgi [None req-c0eddbd9-a6a8-4853-9194-a3a319024d4e tempest-VolumeSnapshotQuotasNegativeTestJSON-615327688 tempest-VolumeSnapshotQuotasNegativeTestJSON-615327688-project-admin] Action: 'update', calling method: update, body: {"quota_set": {"gigabytes": 2, "volumes": 1, "snapshots": 2}} {{(pid=97021) _process_stack /opt/stack/cinder/cinder/api/openstack/wsgi.py:876}}
Aug 06 05:07:37.608875 np0000006620 devstack@c-api.service[97022]: DEBUG cinder.api.middleware.request_id [req-58d74a1c-c908-4e62-b1d1-3091a8110fe0 req-7a168bf6-c721-450b-ae35-5490b2054c52 None None] RequestId filter calling following filter/app {{(pid=97022) _context_setter /opt/stack/cinder/cinder/api/middleware/request_id.py:62}}
Aug 06 05:07:37.612637 np0000006620 devstack@c-api.service[97022]: INFO cinder.api.openstack.wsgi [req-58d74a1c-c908-4e62-b1d1-3091a8110fe0 req-7a168bf6-c721-450b-ae35-5490b2054c52 tempest-TaggedAttachmentsTest-647445195 tempest-TaggedAttachmentsTest-647445195-project-member] PUT https://10.4.3.122/volume/v3/attachments/cbcde6e9-87bb-4e43-90ad-74fc6e5b1469
Aug 06 05:07:37.613080 np0000006620 devstack@c-api.service[97022]: DEBUG cinder.api.openstack.wsgi [req-58d74a1c-c908-4e62-b1d1-3091a8110fe0 req-7a168bf6-c721-450b-ae35-5490b2054c52 tempest-TaggedAttachmentsTest-647445195 tempest-TaggedAttachmentsTest-647445195-project-member] Action: 'update', calling method: version_select, body: {"attachment": {"connector": {"platform": "x86_64", "os_type": "linux", "ip": "10.4.3.122", "host": "np0000006620", "multipath": false, "enforce_multipath": true, "initiator": "iqn.2016-04.com.open-iscsi:283ace7da24", "do_local_attach": false, "nvme_hostid": "33c2c1ae-77be-48c4-b466-bf258cd70e62", "uuid": "8515de1c-ba7e-467b-adde-6d9f8a8dbc1f", "system uuid": "03e5c29e-82f8-4019-9fa6-6fab3b31a8d3", "nqn": "nqn.2014-08.org.nvmexpress:uuid:03e5c29e-82f8-4019-9fa6-6fab3b31a8d3", "nvme_native_multipath": true, "found_dsc": "", "host_ips": ["10.4.3.122", "fe80::f816:3eff:febb:29fb", "192.168.10.6", "fe80::f816:3eff:fe5e:54ce", "192.168.20.6", "fe80::f816:3eff:fe06:4fa8", "192.168.30.6", "fe80::f816:3eff:fe8c:2e2c", "192.168.122.1", "172.24.5.1", "2001:db8::2", "fe80::dc70:8cff:fec0:ee43", "fe80::f816:3eff:fefd:6b61", "fe80::b037:d0ff:fe45:1256", "fe80::f816:3eff:feee:81f1", "fe80::ccdd:80ff:fe01:5864", "fe80::f816:3eff:fefd:b3f7", "fe80::a858:eff:fe7f:4fc0", "fe80::f816:3eff:fe57:b8ef", "fe80::80d5:c8ff:fed2:4d38", "fe80::f816:3eff:feee:842b", "fe80::f816:3eff:fe96:f456", "fe80::8886:eaff:fea2:5011"], "mountpoint": "/dev/vdb"}}} {{(pid=97022) _process_stack /opt/stack/cinder/cinder/api/openstack/wsgi.py:876}}
Aug 06 05:07:37.624210 np0000006620 devstack@c-api.service[97022]: DEBUG cinder.coordination [req-58d74a1c-c908-4e62-b1d1-3091a8110fe0 req-7a168bf6-c721-450b-ae35-5490b2054c52 tempest-TaggedAttachmentsTest-647445195 tempest-TaggedAttachmentsTest-647445195-project-member] Acquiring lock "cinder-attachment_update-13c6dd4d-60b0-4cb9-beca-aee0163a9f2a-np0000006620" by "attachment_update" {{(pid=97022) __acquire /opt/stack/cinder/cinder/coordination.py:138}}
Aug 06 05:07:37.630583 np0000006620 devstack@c-api.service[97022]: DEBUG cinder.coordination [req-58d74a1c-c908-4e62-b1d1-3091a8110fe0 req-7a168bf6-c721-450b-ae35-5490b2054c52 tempest-TaggedAttachmentsTest-647445195 tempest-TaggedAttachmentsTest-647445195-project-member] Lock "cinder-attachment_update-13c6dd4d-60b0-4cb9-beca-aee0163a9f2a-np0000006620" acquired by "attachment_update" :: waited 0.006s {{(pid=97022) __acquire /opt/stack/cinder/cinder/coordination.py:141}}
Aug 06 05:07:37.631044 np0000006620 devstack@c-api.service[97022]: /opt/stack/data/venv/lib/python3.12/site-packages/oslo_context/context.py:102: DeprecationWarning: Policy enforcement is depending on the value of is_admin. This key is deprecated. Please update your policy file to use the standard policy values.
Aug 06 05:07:37.631044 np0000006620 devstack@c-api.service[97022]: warnings.warn(
Aug 06 05:07:37.641369 np0000006620 devstack@c-api.service[97023]: DEBUG cinder.volume.api [None req-3d75c76c-a661-43f5-bcd7-0fc870af800e tempest-ServerStableDeviceRescueTest-400491202 tempest-ServerStableDeviceRescueTest-400491202-project-member] Task 'cinder.volume.flows.api.create_volume.ExtractVolumeRequestTask;volume:create' (f335d076-0b99-4adc-b1d4-d7bbbc77fe9c) transitioned into state 'SUCCESS' from state 'RUNNING' with result '{'size': 1, 'snapshot_id': None, 'source_volid': None, 'volume_type': VolumeType(created_at=2026-08-06T05:03:06Z,deleted=False,deleted_at=None,description=None,extra_specs={volume_backend_name='storpool'},id=0e2ab619-21c9-42ca-bc76-c0f883c92c27,is_public=True,name='storpool',projects=[],qos_specs=,qos_specs_id=None,updated_at=None), 'volume_type_id': '0e2ab619-21c9-42ca-bc76-c0f883c92c27', 'encryption_key_id': None, 'qos_specs': None, 'consistencygroup_id': None, 'cgsnapshot_id': None, 'group_id': None, 'replication_status': 'disabled', 'refresh_az': False, 'backup_id': None, 'multiattach': False, 'availability_zones': ['nova']}' {{(pid=97023) _task_receiver /opt/stack/data/venv/lib/python3.12/site-packages/taskflow/listeners/logging.py:218}}
Aug 06 05:07:37.642646 np0000006620 devstack@c-api.service[97023]: DEBUG cinder.volume.api [None req-3d75c76c-a661-43f5-bcd7-0fc870af800e tempest-ServerStableDeviceRescueTest-400491202 tempest-ServerStableDeviceRescueTest-400491202-project-member] Task 'cinder.volume.flows.api.create_volume.QuotaReserveTask;volume:create' (1d26366e-af8f-483c-966f-828ac791069d) transitioned into state 'RUNNING' from state 'PENDING' {{(pid=97023) _task_receiver /opt/stack/data/venv/lib/python3.12/site-packages/taskflow/listeners/logging.py:242}}
Aug 06 05:07:37.695770 np0000006620 devstack@c-api.service[97021]: INFO cinder.api.openstack.wsgi [None req-c0eddbd9-a6a8-4853-9194-a3a319024d4e tempest-VolumeSnapshotQuotasNegativeTestJSON-615327688 tempest-VolumeSnapshotQuotasNegativeTestJSON-615327688-project-admin] https://10.4.3.122/volume/v3/os-quota-sets/6d20b60fee334ec79e6aceaa507db307 returned with HTTP 200
Aug 06 05:07:37.696331 np0000006620 devstack@c-api.service[97021]: [pid: 97021|app: 0|req: 167/486] 10.4.3.122 () {68 vars in 1374 bytes} [Thu Aug 6 05:07:37 2026] PUT /volume/v3/os-quota-sets/6d20b60fee334ec79e6aceaa507db307 => generated 305 bytes in 92 msecs (HTTP/1.1 200) 7 headers in 285 bytes (1 switches on core 0)
Aug 06 05:07:37.706592 np0000006620 devstack@c-api.service[97021]: DEBUG cinder.api.middleware.request_id [None req-1bbf83bf-7965-4e80-88ec-6de9226d1369 None None] RequestId filter calling following filter/app {{(pid=97021) _context_setter /opt/stack/cinder/cinder/api/middleware/request_id.py:62}}
Aug 06 05:07:37.710594 np0000006620 devstack@c-api.service[97021]: INFO cinder.api.openstack.wsgi [None req-1bbf83bf-7965-4e80-88ec-6de9226d1369 tempest-VolumeSnapshotQuotasNegativeTestJSON-634864755 tempest-VolumeSnapshotQuotasNegativeTestJSON-634864755-project-member] POST https://10.4.3.122/volume/v3/snapshots
Aug 06 05:07:37.710660 np0000006620 devstack@c-api.service[97022]: DEBUG cinder.coordination [req-58d74a1c-c908-4e62-b1d1-3091a8110fe0 req-7a168bf6-c721-450b-ae35-5490b2054c52 tempest-TaggedAttachmentsTest-647445195 tempest-TaggedAttachmentsTest-647445195-project-member] Lock "cinder-attachment_update-13c6dd4d-60b0-4cb9-beca-aee0163a9f2a-np0000006620" released by "attachment_update" :: held 0.081s {{(pid=97022) __release /opt/stack/cinder/cinder/coordination.py:152}}
Aug 06 05:07:37.710952 np0000006620 devstack@c-api.service[97022]: INFO cinder.api.openstack.wsgi [req-58d74a1c-c908-4e62-b1d1-3091a8110fe0 req-7a168bf6-c721-450b-ae35-5490b2054c52 tempest-TaggedAttachmentsTest-647445195 tempest-TaggedAttachmentsTest-647445195-project-member] https://10.4.3.122/volume/v3/attachments/cbcde6e9-87bb-4e43-90ad-74fc6e5b1469 returned with HTTP 200
Aug 06 05:07:37.711084 np0000006620 devstack@c-api.service[97021]: DEBUG cinder.api.openstack.wsgi [None req-1bbf83bf-7965-4e80-88ec-6de9226d1369 tempest-VolumeSnapshotQuotasNegativeTestJSON-634864755 tempest-VolumeSnapshotQuotasNegativeTestJSON-634864755-project-member] Action: 'create', calling method: create, body: {"snapshot": {"volume_id": "eb279fb7-3f57-4bce-a755-5c83ddc3788d"}} {{(pid=97021) _process_stack /opt/stack/cinder/cinder/api/openstack/wsgi.py:876}}
Aug 06 05:07:37.711375 np0000006620 devstack@c-api.service[97022]: [pid: 97022|app: 0|req: 163/487] 10.4.3.122 () {74 vars in 1705 bytes} [Thu Aug 6 05:07:37 2026] PUT /volume/v3/attachments/cbcde6e9-87bb-4e43-90ad-74fc6e5b1469 => generated 535 bytes in 104 msecs (HTTP/1.1 200) 7 headers in 286 bytes (1 switches on core 0)
Aug 06 05:07:37.722789 np0000006620 devstack@c-api.service[97023]: DEBUG cinder.quota [None req-3d75c76c-a661-43f5-bcd7-0fc870af800e tempest-ServerStableDeviceRescueTest-400491202 tempest-ServerStableDeviceRescueTest-400491202-project-member] Created reservations ['f81bd86a-02c8-4a0b-a1f0-97cbe35b7b6b', '2e3142b1-bab3-482b-93f8-28cb3251115f', '855fd2c5-0ddd-49e3-8656-2fdd037fcfe8', '4cfb71cc-4ecd-4993-a2ce-6ff5cd9d1db3'] {{(pid=97023) reserve /opt/stack/cinder/cinder/quota.py:752}}
Aug 06 05:07:37.723596 np0000006620 devstack@c-api.service[97023]: DEBUG cinder.volume.api [None req-3d75c76c-a661-43f5-bcd7-0fc870af800e tempest-ServerStableDeviceRescueTest-400491202 tempest-ServerStableDeviceRescueTest-400491202-project-member] Task 'cinder.volume.flows.api.create_volume.QuotaReserveTask;volume:create' (1d26366e-af8f-483c-966f-828ac791069d) transitioned into state 'SUCCESS' from state 'RUNNING' with result '{'reservations': ['f81bd86a-02c8-4a0b-a1f0-97cbe35b7b6b', '2e3142b1-bab3-482b-93f8-28cb3251115f', '855fd2c5-0ddd-49e3-8656-2fdd037fcfe8', '4cfb71cc-4ecd-4993-a2ce-6ff5cd9d1db3']}' {{(pid=97023) _task_receiver /opt/stack/data/venv/lib/python3.12/site-packages/taskflow/listeners/logging.py:218}}
Aug 06 05:07:37.723904 np0000006620 devstack@c-api.service[97021]: /opt/stack/data/venv/lib/python3.12/site-packages/oslo_context/context.py:102: DeprecationWarning: Policy enforcement is depending on the value of is_admin. This key is deprecated. Please update your policy file to use the standard policy values.
Aug 06 05:07:37.723904 np0000006620 devstack@c-api.service[97021]: warnings.warn(
Aug 06 05:07:37.724632 np0000006620 devstack@c-api.service[97023]: DEBUG cinder.volume.api [None req-3d75c76c-a661-43f5-bcd7-0fc870af800e tempest-ServerStableDeviceRescueTest-400491202 tempest-ServerStableDeviceRescueTest-400491202-project-member] Task 'cinder.volume.flows.api.create_volume.EntryCreateTask;volume:create' (68cfb0b2-6b9e-4a91-b401-8c4b4dcd2eeb) transitioned into state 'RUNNING' from state 'PENDING' {{(pid=97023) _task_receiver /opt/stack/data/venv/lib/python3.12/site-packages/taskflow/listeners/logging.py:242}}
Aug 06 05:07:37.724994 np0000006620 devstack@c-api.service[97021]: INFO cinder.volume.api [None req-1bbf83bf-7965-4e80-88ec-6de9226d1369 tempest-VolumeSnapshotQuotasNegativeTestJSON-634864755 tempest-VolumeSnapshotQuotasNegativeTestJSON-634864755-project-member] Volume info retrieved successfully.
Aug 06 05:07:37.724994 np0000006620 devstack@c-api.service[97021]: INFO cinder.api.v3.snapshots [None req-1bbf83bf-7965-4e80-88ec-6de9226d1369 tempest-VolumeSnapshotQuotasNegativeTestJSON-634864755 tempest-VolumeSnapshotQuotasNegativeTestJSON-634864755-project-member] Create snapshot from volume eb279fb7-3f57-4bce-a755-5c83ddc3788d
Aug 06 05:07:37.749530 np0000006620 devstack@c-api.service[97021]: WARNING cinder.quota_utils [None req-1bbf83bf-7965-4e80-88ec-6de9226d1369 tempest-VolumeSnapshotQuotasNegativeTestJSON-634864755 tempest-VolumeSnapshotQuotasNegativeTestJSON-634864755-project-member] Quota exceeded for 6d20b60fee334ec79e6aceaa507db307, tried to create 1G snapshot (2G of 2G already consumed).: cinder.exception.OverQuota: Quota exceeded for resources: ['gigabytes']
Aug 06 05:07:37.749906 np0000006620 devstack@c-api.service[97021]: INFO cinder.api.middleware.fault [None req-1bbf83bf-7965-4e80-88ec-6de9226d1369 tempest-VolumeSnapshotQuotasNegativeTestJSON-634864755 tempest-VolumeSnapshotQuotasNegativeTestJSON-634864755-project-member] https://10.4.3.122/volume/v3/snapshots returned with HTTP 413
Aug 06 05:07:37.750845 np0000006620 devstack@c-api.service[97021]: [pid: 97021|app: 0|req: 168/488] 10.4.3.122 () {68 vars in 1264 bytes} [Thu Aug 6 05:07:37 2026] POST /volume/v3/snapshots => generated 208 bytes in 45 msecs (HTTP/1.1 413) 8 headers in 323 bytes (1 switches on core 0)
Aug 06 05:07:37.752994 np0000006620 devstack@c-api.service[97023]: DEBUG cinder.volume.api [None req-3d75c76c-a661-43f5-bcd7-0fc870af800e tempest-ServerStableDeviceRescueTest-400491202 tempest-ServerStableDeviceRescueTest-400491202-project-member] Task 'cinder.volume.flows.api.create_volume.EntryCreateTask;volume:create' (68cfb0b2-6b9e-4a91-b401-8c4b4dcd2eeb) transitioned into state 'SUCCESS' from state 'RUNNING' with result '{'volume_id': '7f4658d2-c7d1-4064-ab5d-fb863f364797', 'volume_properties': VolumeProperties(attach_status='detached',availability_zone='nova',cgsnapshot_id=None,consistencygroup_id=None,display_description=None,display_name='tempest-ServerStableDeviceRescueTest-volume-1112525227',encryption_key_id=None,group_id=None,group_type_id=,metadata={},multiattach=False,project_id='0955f13e22c94705975e65e5b3184aae',qos_specs=None,replication_status=,reservations=['f81bd86a-02c8-4a0b-a1f0-97cbe35b7b6b','2e3142b1-bab3-482b-93f8-28cb3251115f','855fd2c5-0ddd-49e3-8656-2fdd037fcfe8','4cfb71cc-4ecd-4993-a2ce-6ff5cd9d1db3'],size=1,snapshot_id=None,source_replicaid=,source_volid=None,status='creating',user_id='7237bbd999764de589f0a11110e51cd3',volume_type_id=0e2ab619-21c9-42ca-bc76-c0f883c92c27), 'volume': Volume(_name_id=None,admin_metadata=,attach_status='detached',availability_zone='nova',bootable=False,cluster=,cluster_name=None,consistencygroup=,consistencygroup_id=None,created_at=2026-08-06T05:07:37Z,deleted=False,deleted_at=None,display_description=None,display_name='tempest-ServerStableDeviceRescueTest-volume-1112525227',ec2_id=None,encryption_key_id=None,glance_metadata=,group=,group_id=None,host=None,id=7f4658d2-c7d1-4064-ab5d-fb863f364797,launched_at=None,metadata={},migration_status=None,multiattach=False,previous_status=None,project_id='0955f13e22c94705975e65e5b3184aae',provider_auth=None,provider_geometry=None,provider_id=None,provider_location=None,replication_driver_data=None,replication_extended_status=None,replication_status=None,scheduled_at=None,service_uuid=None,shared_targets=True,size=1,snapshot_id=None,snapshots=,source_volid=None,status='creating',terminated_at=None,updated_at=None,use_quota=True,user_id='7237bbd999764de589f0a11110e51cd3',volume_attachment=VolumeAttachmentList,volume_type=VolumeType(0e2ab619-21c9-42ca-bc76-c0f883c92c27),volume_type_id=0e2ab619-21c9-42ca-bc76-c0f883c92c27)}' {{(pid=97023) _task_receiver /opt/stack/data/venv/lib/python3.12/site-packages/taskflow/listeners/logging.py:218}}
Aug 06 05:07:37.754053 np0000006620 devstack@c-api.service[97023]: DEBUG cinder.volume.api [None req-3d75c76c-a661-43f5-bcd7-0fc870af800e tempest-ServerStableDeviceRescueTest-400491202 tempest-ServerStableDeviceRescueTest-400491202-project-member] Task 'cinder.volume.flows.api.create_volume.QuotaCommitTask;volume:create' (87beac1f-fc83-4e5d-8868-d2208c751415) transitioned into state 'RUNNING' from state 'PENDING' {{(pid=97023) _task_receiver /opt/stack/data/venv/lib/python3.12/site-packages/taskflow/listeners/logging.py:242}}
Aug 06 05:07:37.760716 np0000006620 devstack@c-api.service[97022]: DEBUG cinder.api.middleware.request_id [None req-b826b772-0e4c-4a8f-be45-74edc7fcad27 None None] RequestId filter calling following filter/app {{(pid=97022) _context_setter /opt/stack/cinder/cinder/api/middleware/request_id.py:62}}
Aug 06 05:07:37.764021 np0000006620 devstack@c-api.service[97022]: INFO cinder.api.openstack.wsgi [None req-b826b772-0e4c-4a8f-be45-74edc7fcad27 tempest-VolumeSnapshotQuotasNegativeTestJSON-615327688 tempest-VolumeSnapshotQuotasNegativeTestJSON-615327688-project-admin] PUT https://10.4.3.122/volume/v3/os-quota-sets/6d20b60fee334ec79e6aceaa507db307
Aug 06 05:07:37.764515 np0000006620 devstack@c-api.service[97022]: DEBUG cinder.api.openstack.wsgi [None req-b826b772-0e4c-4a8f-be45-74edc7fcad27 tempest-VolumeSnapshotQuotasNegativeTestJSON-615327688 tempest-VolumeSnapshotQuotasNegativeTestJSON-615327688-project-admin] Action: 'update', calling method: update, body: {"quota_set": {"gigabytes": 3, "volumes": 1, "snapshots": 1}} {{(pid=97022) _process_stack /opt/stack/cinder/cinder/api/openstack/wsgi.py:876}}
Aug 06 05:07:37.777337 np0000006620 devstack@c-api.service[97023]: DEBUG cinder.volume.api [None req-3d75c76c-a661-43f5-bcd7-0fc870af800e tempest-ServerStableDeviceRescueTest-400491202 tempest-ServerStableDeviceRescueTest-400491202-project-member] Task 'cinder.volume.flows.api.create_volume.QuotaCommitTask;volume:create' (87beac1f-fc83-4e5d-8868-d2208c751415) transitioned into state 'SUCCESS' from state 'RUNNING' with result '{'volume_properties': VolumeProperties(attach_status='detached',availability_zone='nova',cgsnapshot_id=None,consistencygroup_id=None,display_description=None,display_name='tempest-ServerStableDeviceRescueTest-volume-1112525227',encryption_key_id=None,group_id=None,group_type_id=,metadata={},multiattach=False,project_id='0955f13e22c94705975e65e5b3184aae',qos_specs=None,replication_status=,reservations=['f81bd86a-02c8-4a0b-a1f0-97cbe35b7b6b','2e3142b1-bab3-482b-93f8-28cb3251115f','855fd2c5-0ddd-49e3-8656-2fdd037fcfe8','4cfb71cc-4ecd-4993-a2ce-6ff5cd9d1db3'],size=1,snapshot_id=None,source_replicaid=,source_volid=None,status='creating',user_id='7237bbd999764de589f0a11110e51cd3',volume_type_id=0e2ab619-21c9-42ca-bc76-c0f883c92c27)}' {{(pid=97023) _task_receiver /opt/stack/data/venv/lib/python3.12/site-packages/taskflow/listeners/logging.py:218}}
Aug 06 05:07:37.778206 np0000006620 devstack@c-api.service[97023]: DEBUG cinder.volume.api [None req-3d75c76c-a661-43f5-bcd7-0fc870af800e tempest-ServerStableDeviceRescueTest-400491202 tempest-ServerStableDeviceRescueTest-400491202-project-member] Task 'cinder.volume.flows.api.create_volume.VolumeCastTask;volume:create' (f6ea6b0b-fab9-492a-8c4e-06e6fb36678a) transitioned into state 'RUNNING' from state 'PENDING' {{(pid=97023) _task_receiver /opt/stack/data/venv/lib/python3.12/site-packages/taskflow/listeners/logging.py:242}}
Aug 06 05:07:37.785148 np0000006620 devstack@c-api.service[97022]: /opt/stack/data/venv/lib/python3.12/site-packages/oslo_context/context.py:102: DeprecationWarning: Policy enforcement is depending on the value of is_admin. This key is deprecated. Please update your policy file to use the standard policy values.
Aug 06 05:07:37.785148 np0000006620 devstack@c-api.service[97022]: warnings.warn(
Aug 06 05:07:37.793236 np0000006620 devstack@c-api.service[97023]: DEBUG cinder.volume.api [None req-3d75c76c-a661-43f5-bcd7-0fc870af800e tempest-ServerStableDeviceRescueTest-400491202 tempest-ServerStableDeviceRescueTest-400491202-project-member] Task 'cinder.volume.flows.api.create_volume.VolumeCastTask;volume:create' (f6ea6b0b-fab9-492a-8c4e-06e6fb36678a) transitioned into state 'SUCCESS' from state 'RUNNING' with result 'None' {{(pid=97023) _task_receiver /opt/stack/data/venv/lib/python3.12/site-packages/taskflow/listeners/logging.py:218}}
Aug 06 05:07:37.794256 np0000006620 devstack@c-api.service[97023]: DEBUG cinder.volume.api [None req-3d75c76c-a661-43f5-bcd7-0fc870af800e tempest-ServerStableDeviceRescueTest-400491202 tempest-ServerStableDeviceRescueTest-400491202-project-member] Flow 'volume_create_api' (a502b155-55f6-4271-b55c-ed773d69dc07) transitioned into state 'SUCCESS' from state 'RUNNING' {{(pid=97023) _flow_receiver /opt/stack/data/venv/lib/python3.12/site-packages/taskflow/listeners/logging.py:160}}
Aug 06 05:07:37.794675 np0000006620 devstack@c-api.service[97023]: INFO cinder.volume.api [None req-3d75c76c-a661-43f5-bcd7-0fc870af800e tempest-ServerStableDeviceRescueTest-400491202 tempest-ServerStableDeviceRescueTest-400491202-project-member] Create volume request issued successfully.
Aug 06 05:07:37.795411 np0000006620 devstack@c-api.service[97023]: INFO cinder.api.openstack.wsgi [None req-3d75c76c-a661-43f5-bcd7-0fc870af800e tempest-ServerStableDeviceRescueTest-400491202 tempest-ServerStableDeviceRescueTest-400491202-project-member] https://10.4.3.122/volume/v3/volumes returned with HTTP 202
Aug 06 05:07:37.796598 np0000006620 devstack@c-api.service[97023]: [pid: 97023|app: 0|req: 158/489] 10.4.3.122 () {68 vars in 1258 bytes} [Thu Aug 6 05:07:37 2026] POST /volume/v3/volumes => generated 759 bytes in 354 msecs (HTTP/1.1 202) 7 headers in 291 bytes (1 switches on core 0)
Aug 06 05:07:37.804097 np0000006620 devstack@c-api.service[97021]: DEBUG cinder.api.middleware.request_id [None req-79a1193f-8023-4d89-ac7b-ee2faeed4b96 None None] RequestId filter calling following filter/app {{(pid=97021) _context_setter /opt/stack/cinder/cinder/api/middleware/request_id.py:62}}
Aug 06 05:07:37.825837 np0000006620 devstack@c-api.service[97022]: INFO cinder.api.openstack.wsgi [None req-b826b772-0e4c-4a8f-be45-74edc7fcad27 tempest-VolumeSnapshotQuotasNegativeTestJSON-615327688 tempest-VolumeSnapshotQuotasNegativeTestJSON-615327688-project-admin] https://10.4.3.122/volume/v3/os-quota-sets/6d20b60fee334ec79e6aceaa507db307 returned with HTTP 200
Aug 06 05:07:37.826419 np0000006620 devstack@c-api.service[97022]: [pid: 97022|app: 0|req: 164/490] 10.4.3.122 () {68 vars in 1374 bytes} [Thu Aug 6 05:07:37 2026] PUT /volume/v3/os-quota-sets/6d20b60fee334ec79e6aceaa507db307 => generated 305 bytes in 66 msecs (HTTP/1.1 200) 7 headers in 285 bytes (1 switches on core 0)
Aug 06 05:07:37.837300 np0000006620 devstack@c-api.service[97023]: DEBUG cinder.api.middleware.request_id [None req-fca3bd1e-b8ac-478e-88f9-1f32735d4c77 None None] RequestId filter calling following filter/app {{(pid=97023) _context_setter /opt/stack/cinder/cinder/api/middleware/request_id.py:62}}
Aug 06 05:07:37.839727 np0000006620 devstack@c-api.service[97023]: INFO cinder.api.openstack.wsgi [None req-fca3bd1e-b8ac-478e-88f9-1f32735d4c77 tempest-VolumeSnapshotQuotasNegativeTestJSON-634864755 tempest-VolumeSnapshotQuotasNegativeTestJSON-634864755-project-member] POST https://10.4.3.122/volume/v3/snapshots
Aug 06 05:07:37.841770 np0000006620 devstack@c-api.service[97023]: DEBUG cinder.api.openstack.wsgi [None req-fca3bd1e-b8ac-478e-88f9-1f32735d4c77 tempest-VolumeSnapshotQuotasNegativeTestJSON-634864755 tempest-VolumeSnapshotQuotasNegativeTestJSON-634864755-project-member] Action: 'create', calling method: create, body: {"snapshot": {"volume_id": "eb279fb7-3f57-4bce-a755-5c83ddc3788d"}} {{(pid=97023) _process_stack /opt/stack/cinder/cinder/api/openstack/wsgi.py:876}}
Aug 06 05:07:37.850606 np0000006620 devstack@c-api.service[97023]: /opt/stack/data/venv/lib/python3.12/site-packages/oslo_context/context.py:102: DeprecationWarning: Policy enforcement is depending on the value of is_admin. This key is deprecated. Please update your policy file to use the standard policy values.
Aug 06 05:07:37.850606 np0000006620 devstack@c-api.service[97023]: warnings.warn(
Aug 06 05:07:37.851187 np0000006620 devstack@c-api.service[97023]: INFO cinder.volume.api [None req-fca3bd1e-b8ac-478e-88f9-1f32735d4c77 tempest-VolumeSnapshotQuotasNegativeTestJSON-634864755 tempest-VolumeSnapshotQuotasNegativeTestJSON-634864755-project-member] Volume info retrieved successfully.
Aug 06 05:07:37.851380 np0000006620 devstack@c-api.service[97023]: INFO cinder.api.v3.snapshots [None req-fca3bd1e-b8ac-478e-88f9-1f32735d4c77 tempest-VolumeSnapshotQuotasNegativeTestJSON-634864755 tempest-VolumeSnapshotQuotasNegativeTestJSON-634864755-project-member] Create snapshot from volume eb279fb7-3f57-4bce-a755-5c83ddc3788d
Aug 06 05:07:37.869380 np0000006620 devstack@c-api.service[97023]: WARNING cinder.quota_utils [None req-fca3bd1e-b8ac-478e-88f9-1f32735d4c77 tempest-VolumeSnapshotQuotasNegativeTestJSON-634864755 tempest-VolumeSnapshotQuotasNegativeTestJSON-634864755-project-member] Quota exceeded for 6d20b60fee334ec79e6aceaa507db307, tried to create snapshot (1 snapshots already consumed).: cinder.exception.OverQuota: Quota exceeded for resources: ['snapshots']
