Aug 12 17:19:00.591275 np0000007076 devstack@g-api.service[99774]: DEBUG glance_store.backend [-] Attempting to import store file {{(pid=99774) _load_store /opt/stack/data/venv/lib/python3.12/site-packages/glance_store/backend.py:215}}
Aug 12 17:19:00.591669 np0000007076 devstack@g-api.service[99774]: DEBUG glance_store.capabilities [-] Store glance_store._drivers.filesystem.Store doesn't support updating dynamic storage capabilities. Please overwrite 'update_capabilities' method of the store to implement updating logics if needed. {{(pid=99774) update_capabilities /opt/stack/data/venv/lib/python3.12/site-packages/glance_store/capabilities.py:91}}
Aug 12 17:19:00.591779 np0000007076 devstack@g-api.service[99774]: DEBUG glance_store.backend [-] Registering store file with schemes ('file', 'filesystem') {{(pid=99774) create_stores /opt/stack/data/venv/lib/python3.12/site-packages/glance_store/backend.py:261}}
Aug 12 17:19:00.591779 np0000007076 devstack@g-api.service[99774]: DEBUG glance_store.driver [-] Late loading location class glance_store._drivers.filesystem.StoreLocation {{(pid=99774) get_store_location_class /opt/stack/data/venv/lib/python3.12/site-packages/glance_store/driver.py:134}}
Aug 12 17:19:00.592027 np0000007076 devstack@g-api.service[99774]: DEBUG glance_store.location [-] Registering scheme file with {'store': , 'location_class': , 'store_entry': 'file'} {{(pid=99774) register_scheme_map /opt/stack/data/venv/lib/python3.12/site-packages/glance_store/location.py:146}}
Aug 12 17:19:00.592027 np0000007076 devstack@g-api.service[99774]: DEBUG glance_store.location [-] Registering scheme filesystem with {'store': , 'location_class': , 'store_entry': 'file'} {{(pid=99774) register_scheme_map /opt/stack/data/venv/lib/python3.12/site-packages/glance_store/location.py:146}}
Aug 12 17:19:00.592110 np0000007076 devstack@g-api.service[99774]: DEBUG glance_store.backend [-] Attempting to import store http {{(pid=99774) _load_store /opt/stack/data/venv/lib/python3.12/site-packages/glance_store/backend.py:215}}
Aug 12 17:19:00.592252 np0000007076 devstack@g-api.service[99774]: DEBUG glance_store.capabilities [-] Store glance_store._drivers.http.Store doesn't support updating dynamic storage capabilities. Please overwrite 'update_capabilities' method of the store to implement updating logics if needed. {{(pid=99774) update_capabilities /opt/stack/data/venv/lib/python3.12/site-packages/glance_store/capabilities.py:91}}
Aug 12 17:19:00.592306 np0000007076 devstack@g-api.service[99774]: DEBUG glance_store.backend [-] Registering store http with schemes ('http', 'https') {{(pid=99774) create_stores /opt/stack/data/venv/lib/python3.12/site-packages/glance_store/backend.py:261}}
Aug 12 17:19:00.592352 np0000007076 devstack@g-api.service[99774]: DEBUG glance_store.driver [-] Late loading location class glance_store._drivers.http.StoreLocation {{(pid=99774) get_store_location_class /opt/stack/data/venv/lib/python3.12/site-packages/glance_store/driver.py:134}}
Aug 12 17:19:00.592390 np0000007076 devstack@g-api.service[99774]: DEBUG glance_store.location [-] Registering scheme http with {'store': , 'location_class': , 'store_entry': 'http'} {{(pid=99774) register_scheme_map /opt/stack/data/venv/lib/python3.12/site-packages/glance_store/location.py:146}}
Aug 12 17:19:00.592474 np0000007076 devstack@g-api.service[99774]: DEBUG glance_store.location [-] Registering scheme https with {'store': , 'location_class': , 'store_entry': 'http'} {{(pid=99774) register_scheme_map /opt/stack/data/venv/lib/python3.12/site-packages/glance_store/location.py:146}}
Aug 12 17:19:00.592528 np0000007076 devstack@g-api.service[99774]: DEBUG glance_store.backend [-] Attempting to import store swift {{(pid=99774) _load_store /opt/stack/data/venv/lib/python3.12/site-packages/glance_store/backend.py:215}}
Aug 12 17:19:00.593556 np0000007076 devstack@g-api.service[99774]: DEBUG glance_store.capabilities [-] Store glance_store._drivers.swift.store.SingleTenantStore doesn't support updating dynamic storage capabilities. Please overwrite 'update_capabilities' method of the store to implement updating logics if needed. {{(pid=99774) update_capabilities /opt/stack/data/venv/lib/python3.12/site-packages/glance_store/capabilities.py:91}}
Aug 12 17:19:00.593671 np0000007076 devstack@g-api.service[99774]: DEBUG glance_store.driver [-] Late loading location class glance_store._drivers.swift.store.StoreLocation {{(pid=99774) get_store_location_class /opt/stack/data/venv/lib/python3.12/site-packages/glance_store/driver.py:134}}
Aug 12 17:19:00.593671 np0000007076 devstack@g-api.service[99774]: DEBUG glance_store.location [-] Registering scheme swift+https with {'store': , 'location_class': , 'store_entry': 'swift'} {{(pid=99774) register_scheme_map /opt/stack/data/venv/lib/python3.12/site-packages/glance_store/location.py:146}}
Aug 12 17:19:00.593785 np0000007076 devstack@g-api.service[99774]: DEBUG glance_store.location [-] Registering scheme swift+https with {'store': , 'location_class': , 'store_entry': 'swift'} {{(pid=99774) register_scheme_map /opt/stack/data/venv/lib/python3.12/site-packages/glance_store/location.py:146}}
Aug 12 17:19:00.593785 np0000007076 devstack@g-api.service[99774]: DEBUG glance_store.location [-] Registering scheme swift with {'store': , 'location_class': , 'store_entry': 'swift'} {{(pid=99774) register_scheme_map /opt/stack/data/venv/lib/python3.12/site-packages/glance_store/location.py:146}}
Aug 12 17:19:00.593852 np0000007076 devstack@g-api.service[99774]: DEBUG glance_store.location [-] Registering scheme swift+https with {'store': , 'location_class': , 'store_entry': 'swift'} {{(pid=99774) register_scheme_map /opt/stack/data/venv/lib/python3.12/site-packages/glance_store/location.py:146}}
Aug 12 17:19:00.593852 np0000007076 devstack@g-api.service[99774]: DEBUG glance_store.location [-] Registering scheme swift with {'store': , 'location_class': , 'store_entry': 'swift'} {{(pid=99774) register_scheme_map /opt/stack/data/venv/lib/python3.12/site-packages/glance_store/location.py:146}}
Aug 12 17:19:00.593917 np0000007076 devstack@g-api.service[99774]: DEBUG glance_store.location [-] Registering scheme swift+http with {'store': , 'location_class': , 'store_entry': 'swift'} {{(pid=99774) register_scheme_map /opt/stack/data/venv/lib/python3.12/site-packages/glance_store/location.py:146}}
Aug 12 17:19:00.593975 np0000007076 devstack@g-api.service[99774]: DEBUG glance_store.location [-] Registering scheme swift+https with {'store': , 'location_class': , 'store_entry': 'swift'} {{(pid=99774) register_scheme_map /opt/stack/data/venv/lib/python3.12/site-packages/glance_store/location.py:146}}
Aug 12 17:19:00.593975 np0000007076 devstack@g-api.service[99774]: DEBUG glance_store.location [-] Registering scheme swift with {'store': , 'location_class': , 'store_entry': 'swift'} {{(pid=99774) register_scheme_map /opt/stack/data/venv/lib/python3.12/site-packages/glance_store/location.py:146}}
Aug 12 17:19:00.594080 np0000007076 devstack@g-api.service[99774]: DEBUG glance_store.location [-] Registering scheme swift+http with {'store': , 'location_class': , 'store_entry': 'swift'} {{(pid=99774) register_scheme_map /opt/stack/data/venv/lib/python3.12/site-packages/glance_store/location.py:146}}
Aug 12 17:19:00.594123 np0000007076 devstack@g-api.service[99774]: DEBUG glance_store.location [-] Registering scheme swift+config with {'store': , 'location_class': , 'store_entry': 'swift'} {{(pid=99774) register_scheme_map /opt/stack/data/venv/lib/python3.12/site-packages/glance_store/location.py:146}}
Aug 12 17:19:00.594377 np0000007076 devstack@g-api.service[99774]: DEBUG glance.sqlite_migration [-] SQLite caching database not located, skipping migration {{(pid=99774) get_db_path /opt/stack/glance/glance/sqlite_migration.py:68}}
Aug 12 17:19:00.594557 np0000007076 devstack@g-api.service[99774]: WARNING glance.common.wsgi_app [-] Import methods are enabled but staging directory /tmp/staging/ does not exist; Imports will fail!
Aug 12 17:19:00.698842 np0000007076 devstack@g-api.service[99776]: DEBUG glance.common.config [None req-f414e8ac-f7f6-4024-a00c-2121e0f57ec4 None None] Loading glance-api-keystone+cachemanagement from /etc/glance/glance-api-paste.ini {{(pid=99776) load_paste_app /opt/stack/glance/glance/common/config.py:772}}
Aug 12 17:19:00.709346 np0000007076 devstack@g-api.service[99775]: DEBUG glance.common.config [None req-2271933c-d4e4-40f7-b8b4-94f5f50ff3c9 None None] Loading glance-api-keystone+cachemanagement from /etc/glance/glance-api-paste.ini {{(pid=99775) load_paste_app /opt/stack/glance/glance/common/config.py:772}}
Aug 12 17:19:00.731380 np0000007076 devstack@g-api.service[99774]: DEBUG glance.common.config [None req-b9719a4e-57bf-4a7b-ace2-2298b6d0b3f0 None None] Loading glance-api-keystone+cachemanagement from /etc/glance/glance-api-paste.ini {{(pid=99774) load_paste_app /opt/stack/glance/glance/common/config.py:772}}
Aug 12 17:19:01.314532 np0000007076 devstack@g-api.service[99774]: INFO glance.image_cache [None req-b9719a4e-57bf-4a7b-ace2-2298b6d0b3f0 None None] Image cache loaded driver 'centralized_db'.
Aug 12 17:19:01.321247 np0000007076 devstack@g-api.service[99776]: INFO glance.image_cache [None req-f414e8ac-f7f6-4024-a00c-2121e0f57ec4 None None] Image cache loaded driver 'centralized_db'.
Aug 12 17:19:01.347823 np0000007076 devstack@g-api.service[99775]: INFO glance.image_cache [None req-2271933c-d4e4-40f7-b8b4-94f5f50ff3c9 None None] Image cache loaded driver 'centralized_db'.
Aug 12 17:19:01.361042 np0000007076 devstack@g-api.service[99774]: INFO dbcounter [None req-b9719a4e-57bf-4a7b-ace2-2298b6d0b3f0 None None] Registered counter for database glance
Aug 12 17:19:01.376970 np0000007076 devstack@g-api.service[99776]: INFO dbcounter [None req-f414e8ac-f7f6-4024-a00c-2121e0f57ec4 None None] Registered counter for database glance
Aug 12 17:19:01.393356 np0000007076 devstack@g-api.service[99775]: INFO dbcounter [None req-2271933c-d4e4-40f7-b8b4-94f5f50ff3c9 None None] Registered counter for database glance
Aug 12 17:19:01.399963 np0000007076 devstack@g-api.service[99774]: DEBUG oslo_db.sqlalchemy.engines [None req-b9719a4e-57bf-4a7b-ace2-2298b6d0b3f0 None None] MySQL server mode set to STRICT_TRANS_TABLES,STRICT_ALL_TABLES,NO_ZERO_IN_DATE,NO_ZERO_DATE,ERROR_FOR_DIVISION_BY_ZERO,TRADITIONAL,NO_ENGINE_SUBSTITUTION {{(pid=99774) _check_effective_sql_mode /opt/stack/data/venv/lib/python3.12/site-packages/oslo_db/sqlalchemy/engines.py:325}}
Aug 12 17:19:01.426805 np0000007076 devstack@g-api.service[99776]: DEBUG oslo_db.sqlalchemy.engines [None req-f414e8ac-f7f6-4024-a00c-2121e0f57ec4 None None] MySQL server mode set to STRICT_TRANS_TABLES,STRICT_ALL_TABLES,NO_ZERO_IN_DATE,NO_ZERO_DATE,ERROR_FOR_DIVISION_BY_ZERO,TRADITIONAL,NO_ENGINE_SUBSTITUTION {{(pid=99776) _check_effective_sql_mode /opt/stack/data/venv/lib/python3.12/site-packages/oslo_db/sqlalchemy/engines.py:325}}
Aug 12 17:19:01.433618 np0000007076 devstack@g-api.service[99775]: DEBUG oslo_db.sqlalchemy.engines [None req-2271933c-d4e4-40f7-b8b4-94f5f50ff3c9 None None] MySQL server mode set to STRICT_TRANS_TABLES,STRICT_ALL_TABLES,NO_ZERO_IN_DATE,NO_ZERO_DATE,ERROR_FOR_DIVISION_BY_ZERO,TRADITIONAL,NO_ENGINE_SUBSTITUTION {{(pid=99775) _check_effective_sql_mode /opt/stack/data/venv/lib/python3.12/site-packages/oslo_db/sqlalchemy/engines.py:325}}
Aug 12 17:19:01.525539 np0000007076 devstack@g-api.service[99774]: DEBUG dbcounter [-] [99774] Writer thread running {{(pid=99774) stat_writer /opt/stack/data/venv/lib/python3.12/site-packages/dbcounter.py:102}}
Aug 12 17:19:01.538303 np0000007076 devstack@g-api.service[99774]: INFO glance.image_cache [None req-b9719a4e-57bf-4a7b-ace2-2298b6d0b3f0 None None] Image cache loaded driver 'centralized_db'.
Aug 12 17:19:01.541937 np0000007076 devstack@g-api.service[99776]: DEBUG dbcounter [-] [99776] Writer thread running {{(pid=99776) stat_writer /opt/stack/data/venv/lib/python3.12/site-packages/dbcounter.py:102}}
Aug 12 17:19:01.546661 np0000007076 devstack@g-api.service[99776]: DEBUG glance.image_cache.drivers.centralized_db [None req-f414e8ac-f7f6-4024-a00c-2121e0f57ec4 None None] Node reference is already recorded, ignoring it {{(pid=99776) configure /opt/stack/glance/glance/image_cache/drivers/centralized_db.py:71}}
Aug 12 17:19:01.547999 np0000007076 devstack@g-api.service[99774]: DEBUG glance.image_cache.drivers.centralized_db [None req-b9719a4e-57bf-4a7b-ace2-2298b6d0b3f0 None None] Node reference is already recorded, ignoring it {{(pid=99774) configure /opt/stack/glance/glance/image_cache/drivers/centralized_db.py:71}}
Aug 12 17:19:01.552233 np0000007076 devstack@g-api.service[99776]: INFO glance.image_cache [None req-f414e8ac-f7f6-4024-a00c-2121e0f57ec4 None None] Image cache loaded driver 'centralized_db'.
Aug 12 17:19:01.553615 np0000007076 devstack@g-api.service[99774]: DEBUG glance.api.v2.cached_images [None req-b9719a4e-57bf-4a7b-ace2-2298b6d0b3f0 None None] Started cache worker thread {{(pid=99774) __init__ /opt/stack/glance/glance/api/v2/cached_images.py:71}}
Aug 12 17:19:01.554538 np0000007076 devstack@g-api.service[99774]: INFO glance.image_cache [None req-b9719a4e-57bf-4a7b-ace2-2298b6d0b3f0 None None] Image cache loaded driver 'centralized_db'.
Aug 12 17:19:01.559787 np0000007076 devstack@g-api.service[99775]: DEBUG dbcounter [-] [99775] Writer thread running {{(pid=99775) stat_writer /opt/stack/data/venv/lib/python3.12/site-packages/dbcounter.py:102}}
Aug 12 17:19:01.561487 np0000007076 devstack@g-api.service[99776]: DEBUG glance.image_cache.drivers.centralized_db [None req-f414e8ac-f7f6-4024-a00c-2121e0f57ec4 None None] Node reference is already recorded, ignoring it {{(pid=99776) configure /opt/stack/glance/glance/image_cache/drivers/centralized_db.py:71}}
Aug 12 17:19:01.562314 np0000007076 devstack@g-api.service[99774]: DEBUG glance.image_cache.drivers.centralized_db [None req-b9719a4e-57bf-4a7b-ace2-2298b6d0b3f0 None None] Node reference is already recorded, ignoring it {{(pid=99774) configure /opt/stack/glance/glance/image_cache/drivers/centralized_db.py:71}}
Aug 12 17:19:01.563078 np0000007076 devstack@g-api.service[99775]: DEBUG glance.image_cache.drivers.centralized_db [None req-2271933c-d4e4-40f7-b8b4-94f5f50ff3c9 None None] Node reference is already recorded, ignoring it {{(pid=99775) configure /opt/stack/glance/glance/image_cache/drivers/centralized_db.py:71}}
Aug 12 17:19:01.566120 np0000007076 devstack@g-api.service[99776]: DEBUG glance.api.v2.cached_images [None req-f414e8ac-f7f6-4024-a00c-2121e0f57ec4 None None] Started cache worker thread {{(pid=99776) __init__ /opt/stack/glance/glance/api/v2/cached_images.py:71}}
Aug 12 17:19:01.566753 np0000007076 devstack@g-api.service[99776]: INFO glance.image_cache [None req-f414e8ac-f7f6-4024-a00c-2121e0f57ec4 None None] Image cache loaded driver 'centralized_db'.
Aug 12 17:19:01.566857 np0000007076 devstack@g-api.service[99774]: INFO glance.api.middleware.cache_manage [None req-b9719a4e-57bf-4a7b-ace2-2298b6d0b3f0 None None] Initialized image cache management middleware
Aug 12 17:19:01.566922 np0000007076 devstack@g-api.service[99774]: INFO glance.image_cache [None req-b9719a4e-57bf-4a7b-ace2-2298b6d0b3f0 None None] Image cache loaded driver 'centralized_db'.
Aug 12 17:19:01.569813 np0000007076 devstack@g-api.service[99775]: INFO glance.image_cache [None req-2271933c-d4e4-40f7-b8b4-94f5f50ff3c9 None None] Image cache loaded driver 'centralized_db'.
Aug 12 17:19:01.574235 np0000007076 devstack@g-api.service[99776]: DEBUG glance.image_cache.drivers.centralized_db [None req-f414e8ac-f7f6-4024-a00c-2121e0f57ec4 None None] Node reference is already recorded, ignoring it {{(pid=99776) configure /opt/stack/glance/glance/image_cache/drivers/centralized_db.py:71}}
Aug 12 17:19:01.575147 np0000007076 devstack@g-api.service[99774]: DEBUG glance.image_cache.drivers.centralized_db [None req-b9719a4e-57bf-4a7b-ace2-2298b6d0b3f0 None None] Node reference is already recorded, ignoring it {{(pid=99774) configure /opt/stack/glance/glance/image_cache/drivers/centralized_db.py:71}}
Aug 12 17:19:01.579328 np0000007076 devstack@g-api.service[99774]: INFO glance.api.middleware.cache [None req-b9719a4e-57bf-4a7b-ace2-2298b6d0b3f0 None None] Initialized image cache middleware
Aug 12 17:19:01.579406 np0000007076 devstack@g-api.service[99775]: DEBUG glance.image_cache.drivers.centralized_db [None req-2271933c-d4e4-40f7-b8b4-94f5f50ff3c9 None None] Node reference is already recorded, ignoring it {{(pid=99775) configure /opt/stack/glance/glance/image_cache/drivers/centralized_db.py:71}}
Aug 12 17:19:01.580212 np0000007076 devstack@g-api.service[99776]: INFO glance.api.middleware.cache_manage [None req-f414e8ac-f7f6-4024-a00c-2121e0f57ec4 None None] Initialized image cache management middleware
Aug 12 17:19:01.580368 np0000007076 devstack@g-api.service[99776]: INFO glance.image_cache [None req-f414e8ac-f7f6-4024-a00c-2121e0f57ec4 None None] Image cache loaded driver 'centralized_db'.
Aug 12 17:19:01.584800 np0000007076 devstack@g-api.service[99775]: DEBUG glance.api.v2.cached_images [None req-2271933c-d4e4-40f7-b8b4-94f5f50ff3c9 None None] Started cache worker thread {{(pid=99775) __init__ /opt/stack/glance/glance/api/v2/cached_images.py:71}}
Aug 12 17:19:01.585526 np0000007076 devstack@g-api.service[99775]: INFO glance.image_cache [None req-2271933c-d4e4-40f7-b8b4-94f5f50ff3c9 None None] Image cache loaded driver 'centralized_db'.
Aug 12 17:19:01.587257 np0000007076 devstack@g-api.service[99776]: DEBUG glance.image_cache.drivers.centralized_db [None req-f414e8ac-f7f6-4024-a00c-2121e0f57ec4 None None] Node reference is already recorded, ignoring it {{(pid=99776) configure /opt/stack/glance/glance/image_cache/drivers/centralized_db.py:71}}
Aug 12 17:19:01.590991 np0000007076 devstack@g-api.service[99774]: DEBUG glance.common.config [None req-b9719a4e-57bf-4a7b-ace2-2298b6d0b3f0 None None] ******************************************************************************** {{(pid=99774) log_opt_values /opt/stack/data/venv/lib/python3.12/site-packages/oslo_config/cfg.py:3518}}
Aug 12 17:19:01.591063 np0000007076 devstack@g-api.service[99776]: INFO glance.api.middleware.cache [None req-f414e8ac-f7f6-4024-a00c-2121e0f57ec4 None None] Initialized image cache middleware
Aug 12 17:19:01.591125 np0000007076 devstack@g-api.service[99774]: DEBUG glance.common.config [None req-b9719a4e-57bf-4a7b-ace2-2298b6d0b3f0 None None] Configuration options gathered from: {{(pid=99774) log_opt_values /opt/stack/data/venv/lib/python3.12/site-packages/oslo_config/cfg.py:3519}}
Aug 12 17:19:01.591527 np0000007076 devstack@g-api.service[99774]: DEBUG glance.common.config [None req-b9719a4e-57bf-4a7b-ace2-2298b6d0b3f0 None None] command line args: [] {{(pid=99774) log_opt_values /opt/stack/data/venv/lib/python3.12/site-packages/oslo_config/cfg.py:3520}}
Aug 12 17:19:01.591672 np0000007076 devstack@g-api.service[99774]: DEBUG glance.common.config [None req-b9719a4e-57bf-4a7b-ace2-2298b6d0b3f0 None None] config files: ['/etc/glance/glance-image-import.conf', '/etc/glance/glance-api.conf'] {{(pid=99774) log_opt_values /opt/stack/data/venv/lib/python3.12/site-packages/oslo_config/cfg.py:3521}}
Aug 12 17:19:01.591741 np0000007076 devstack@g-api.service[99774]: DEBUG glance.common.config [None req-b9719a4e-57bf-4a7b-ace2-2298b6d0b3f0 None None] ================================================================================ {{(pid=99774) log_opt_values /opt/stack/data/venv/lib/python3.12/site-packages/oslo_config/cfg.py:3526}}
Aug 12 17:19:01.591857 np0000007076 devstack@g-api.service[99774]: DEBUG glance.common.config [None req-b9719a4e-57bf-4a7b-ace2-2298b6d0b3f0 None None] allow_anonymous_access = False {{(pid=99774) log_opt_values /opt/stack/data/venv/lib/python3.12/site-packages/oslo_config/cfg.py:3534}}
Aug 12 17:19:01.591961 np0000007076 devstack@g-api.service[99774]: DEBUG glance.common.config [None req-b9719a4e-57bf-4a7b-ace2-2298b6d0b3f0 None None] api_limit_max = 1000 {{(pid=99774) log_opt_values /opt/stack/data/venv/lib/python3.12/site-packages/oslo_config/cfg.py:3534}}
Aug 12 17:19:01.592078 np0000007076 devstack@g-api.service[99774]: DEBUG glance.common.config [None req-b9719a4e-57bf-4a7b-ace2-2298b6d0b3f0 None None] config_dir = [] {{(pid=99774) log_opt_values /opt/stack/data/venv/lib/python3.12/site-packages/oslo_config/cfg.py:3534}}
Aug 12 17:19:01.592149 np0000007076 devstack@g-api.service[99774]: DEBUG glance.common.config [None req-b9719a4e-57bf-4a7b-ace2-2298b6d0b3f0 None None] config_file = ['/etc/glance/glance-image-import.conf', '/etc/glance/glance-api.conf'] {{(pid=99774) log_opt_values /opt/stack/data/venv/lib/python3.12/site-packages/oslo_config/cfg.py:3534}}
Aug 12 17:19:01.592272 np0000007076 devstack@g-api.service[99774]: DEBUG glance.common.config [None req-b9719a4e-57bf-4a7b-ace2-2298b6d0b3f0 None None] config_source = [] {{(pid=99774) log_opt_values /opt/stack/data/venv/lib/python3.12/site-packages/oslo_config/cfg.py:3534}}
Aug 12 17:19:01.592420 np0000007076 devstack@g-api.service[99774]: DEBUG glance.common.config [None req-b9719a4e-57bf-4a7b-ace2-2298b6d0b3f0 None None] control_exchange = glance {{(pid=99774) log_opt_values /opt/stack/data/venv/lib/python3.12/site-packages/oslo_config/cfg.py:3534}}
Aug 12 17:19:01.592482 np0000007076 devstack@g-api.service[99774]: DEBUG glance.common.config [None req-b9719a4e-57bf-4a7b-ace2-2298b6d0b3f0 None None] debug = True {{(pid=99774) log_opt_values /opt/stack/data/venv/lib/python3.12/site-packages/oslo_config/cfg.py:3534}}
Aug 12 17:19:01.592732 np0000007076 devstack@g-api.service[99774]: DEBUG glance.common.config [None req-b9719a4e-57bf-4a7b-ace2-2298b6d0b3f0 None None] default_log_levels = ['amqp=WARN', 'boto=WARN', 'sqlalchemy=WARN', 'suds=INFO', 'oslo.messaging=INFO', 'oslo_messaging=INFO', 'iso8601=WARN', 'requests.packages.urllib3.connectionpool=WARN', 'urllib3.connectionpool=WARN', 'websocket=WARN', 'requests.packages.urllib3.util.retry=WARN', 'urllib3.util.retry=WARN', 'keystonemiddleware=WARN', 'routes.middleware=WARN', 'stevedore=WARN', 'taskflow=WARN', 'keystoneauth=WARN', 'oslo.cache=INFO', 'oslo_policy=INFO', 'dogpile.core.dogpile=INFO'] {{(pid=99774) log_opt_values /opt/stack/data/venv/lib/python3.12/site-packages/oslo_config/cfg.py:3534}}
Aug 12 17:19:01.592857 np0000007076 devstack@g-api.service[99774]: DEBUG glance.common.config [None req-b9719a4e-57bf-4a7b-ace2-2298b6d0b3f0 None None] default_publisher_id = image.localhost {{(pid=99774) log_opt_values /opt/stack/data/venv/lib/python3.12/site-packages/oslo_config/cfg.py:3534}}
Aug 12 17:19:01.592857 np0000007076 devstack@g-api.service[99774]: DEBUG glance.common.config [None req-b9719a4e-57bf-4a7b-ace2-2298b6d0b3f0 None None] delayed_delete = False {{(pid=99774) log_opt_values /opt/stack/data/venv/lib/python3.12/site-packages/oslo_config/cfg.py:3534}}
Aug 12 17:19:01.592917 np0000007076 devstack@g-api.service[99774]: DEBUG glance.common.config [None req-b9719a4e-57bf-4a7b-ace2-2298b6d0b3f0 None None] digest_algorithm = sha256 {{(pid=99774) log_opt_values /opt/stack/data/venv/lib/python3.12/site-packages/oslo_config/cfg.py:3534}}
Aug 12 17:19:01.593019 np0000007076 devstack@g-api.service[99774]: DEBUG glance.common.config [None req-b9719a4e-57bf-4a7b-ace2-2298b6d0b3f0 None None] disabled_notifications = [] {{(pid=99774) log_opt_values /opt/stack/data/venv/lib/python3.12/site-packages/oslo_config/cfg.py:3534}}
Aug 12 17:19:01.593104 np0000007076 devstack@g-api.service[99774]: DEBUG glance.common.config [None req-b9719a4e-57bf-4a7b-ace2-2298b6d0b3f0 None None] do_secure_hash = True {{(pid=99774) log_opt_values /opt/stack/data/venv/lib/python3.12/site-packages/oslo_config/cfg.py:3534}}
Aug 12 17:19:01.593191 np0000007076 devstack@g-api.service[99774]: DEBUG glance.common.config [None req-b9719a4e-57bf-4a7b-ace2-2298b6d0b3f0 None None] enabled_backends = None {{(pid=99774) log_opt_values /opt/stack/data/venv/lib/python3.12/site-packages/oslo_config/cfg.py:3534}}
Aug 12 17:19:01.593225 np0000007076 devstack@g-api.service[99775]: DEBUG glance.image_cache.drivers.centralized_db [None req-2271933c-d4e4-40f7-b8b4-94f5f50ff3c9 None None] Node reference is already recorded, ignoring it {{(pid=99775) configure /opt/stack/glance/glance/image_cache/drivers/centralized_db.py:71}}
Aug 12 17:19:01.593296 np0000007076 devstack@g-api.service[99774]: DEBUG glance.common.config [None req-b9719a4e-57bf-4a7b-ace2-2298b6d0b3f0 None None] enabled_import_methods = ['glance-direct', 'web-download', 'copy-image'] {{(pid=99774) log_opt_values /opt/stack/data/venv/lib/python3.12/site-packages/oslo_config/cfg.py:3534}}
Aug 12 17:19:01.593379 np0000007076 devstack@g-api.service[99774]: DEBUG glance.common.config [None req-b9719a4e-57bf-4a7b-ace2-2298b6d0b3f0 None None] fatal_deprecations = False {{(pid=99774) log_opt_values /opt/stack/data/venv/lib/python3.12/site-packages/oslo_config/cfg.py:3534}}
Aug 12 17:19:01.593468 np0000007076 devstack@g-api.service[99774]: DEBUG glance.common.config [None req-b9719a4e-57bf-4a7b-ace2-2298b6d0b3f0 None None] hashing_algorithm = sha512 {{(pid=99774) log_opt_values /opt/stack/data/venv/lib/python3.12/site-packages/oslo_config/cfg.py:3534}}
Aug 12 17:19:01.593552 np0000007076 devstack@g-api.service[99774]: DEBUG glance.common.config [None req-b9719a4e-57bf-4a7b-ace2-2298b6d0b3f0 None None] http_retries = 3 {{(pid=99774) log_opt_values /opt/stack/data/venv/lib/python3.12/site-packages/oslo_config/cfg.py:3534}}
Aug 12 17:19:01.593665 np0000007076 devstack@g-api.service[99774]: DEBUG glance.common.config [None req-b9719a4e-57bf-4a7b-ace2-2298b6d0b3f0 None None] image_cache_dir = /opt/stack/data/glance/cache/ {{(pid=99774) log_opt_values /opt/stack/data/venv/lib/python3.12/site-packages/oslo_config/cfg.py:3534}}
Aug 12 17:19:01.593757 np0000007076 devstack@g-api.service[99774]: DEBUG glance.common.config [None req-b9719a4e-57bf-4a7b-ace2-2298b6d0b3f0 None None] image_cache_driver = centralized_db {{(pid=99774) log_opt_values /opt/stack/data/venv/lib/python3.12/site-packages/oslo_config/cfg.py:3534}}
Aug 12 17:19:01.593839 np0000007076 devstack@g-api.service[99774]: DEBUG glance.common.config [None req-b9719a4e-57bf-4a7b-ace2-2298b6d0b3f0 None None] image_cache_max_size = 10737418240 {{(pid=99774) log_opt_values /opt/stack/data/venv/lib/python3.12/site-packages/oslo_config/cfg.py:3534}}
Aug 12 17:19:01.593927 np0000007076 devstack@g-api.service[99774]: DEBUG glance.common.config [None req-b9719a4e-57bf-4a7b-ace2-2298b6d0b3f0 None None] image_cache_sqlite_db = cache.db {{(pid=99774) log_opt_values /opt/stack/data/venv/lib/python3.12/site-packages/oslo_config/cfg.py:3534}}
Aug 12 17:19:01.594046 np0000007076 devstack@g-api.service[99774]: DEBUG glance.common.config [None req-b9719a4e-57bf-4a7b-ace2-2298b6d0b3f0 None None] image_cache_stall_time = 86400 {{(pid=99774) log_opt_values /opt/stack/data/venv/lib/python3.12/site-packages/oslo_config/cfg.py:3534}}
Aug 12 17:19:01.594132 np0000007076 devstack@g-api.service[99774]: DEBUG glance.common.config [None req-b9719a4e-57bf-4a7b-ace2-2298b6d0b3f0 None None] image_location_quota = 10 {{(pid=99774) log_opt_values /opt/stack/data/venv/lib/python3.12/site-packages/oslo_config/cfg.py:3534}}
Aug 12 17:19:01.594217 np0000007076 devstack@g-api.service[99774]: DEBUG glance.common.config [None req-b9719a4e-57bf-4a7b-ace2-2298b6d0b3f0 None None] image_member_quota = 128 {{(pid=99774) log_opt_values /opt/stack/data/venv/lib/python3.12/site-packages/oslo_config/cfg.py:3534}}
Aug 12 17:19:01.594301 np0000007076 devstack@g-api.service[99774]: DEBUG glance.common.config [None req-b9719a4e-57bf-4a7b-ace2-2298b6d0b3f0 None None] image_property_quota = 128 {{(pid=99774) log_opt_values /opt/stack/data/venv/lib/python3.12/site-packages/oslo_config/cfg.py:3534}}
Aug 12 17:19:01.594387 np0000007076 devstack@g-api.service[99774]: DEBUG glance.common.config [None req-b9719a4e-57bf-4a7b-ace2-2298b6d0b3f0 None None] image_size_cap = 1099511627776 {{(pid=99774) log_opt_values /opt/stack/data/venv/lib/python3.12/site-packages/oslo_config/cfg.py:3534}}
Aug 12 17:19:01.594480 np0000007076 devstack@g-api.service[99774]: DEBUG glance.common.config [None req-b9719a4e-57bf-4a7b-ace2-2298b6d0b3f0 None None] image_tag_quota = 128 {{(pid=99774) log_opt_values /opt/stack/data/venv/lib/python3.12/site-packages/oslo_config/cfg.py:3534}}
Aug 12 17:19:01.594624 np0000007076 devstack@g-api.service[99774]: DEBUG glance.common.config [None req-b9719a4e-57bf-4a7b-ace2-2298b6d0b3f0 None None] instance_format = [instance: %(uuid)s] {{(pid=99774) log_opt_values /opt/stack/data/venv/lib/python3.12/site-packages/oslo_config/cfg.py:3534}}
Aug 12 17:19:01.594780 np0000007076 devstack@g-api.service[99774]: DEBUG glance.common.config [None req-b9719a4e-57bf-4a7b-ace2-2298b6d0b3f0 None None] instance_uuid_format = [instance: %(uuid)s] {{(pid=99774) log_opt_values /opt/stack/data/venv/lib/python3.12/site-packages/oslo_config/cfg.py:3534}}
Aug 12 17:19:01.594909 np0000007076 devstack@g-api.service[99774]: DEBUG glance.common.config [None req-b9719a4e-57bf-4a7b-ace2-2298b6d0b3f0 None None] limit_param_default = 25 {{(pid=99774) log_opt_values /opt/stack/data/venv/lib/python3.12/site-packages/oslo_config/cfg.py:3534}}
Aug 12 17:19:01.595015 np0000007076 devstack@g-api.service[99774]: DEBUG glance.common.config [None req-b9719a4e-57bf-4a7b-ace2-2298b6d0b3f0 None None] log_color = False {{(pid=99774) log_opt_values /opt/stack/data/venv/lib/python3.12/site-packages/oslo_config/cfg.py:3534}}
Aug 12 17:19:01.595106 np0000007076 devstack@g-api.service[99774]: DEBUG glance.common.config [None req-b9719a4e-57bf-4a7b-ace2-2298b6d0b3f0 None None] log_config_append = None {{(pid=99774) log_opt_values /opt/stack/data/venv/lib/python3.12/site-packages/oslo_config/cfg.py:3534}}
Aug 12 17:19:01.595197 np0000007076 devstack@g-api.service[99774]: DEBUG glance.common.config [None req-b9719a4e-57bf-4a7b-ace2-2298b6d0b3f0 None None] log_date_format = %Y-%m-%d %H:%M:%S {{(pid=99774) log_opt_values /opt/stack/data/venv/lib/python3.12/site-packages/oslo_config/cfg.py:3534}}
Aug 12 17:19:01.595284 np0000007076 devstack@g-api.service[99774]: DEBUG glance.common.config [None req-b9719a4e-57bf-4a7b-ace2-2298b6d0b3f0 None None] log_dir = None {{(pid=99774) log_opt_values /opt/stack/data/venv/lib/python3.12/site-packages/oslo_config/cfg.py:3534}}
Aug 12 17:19:01.595368 np0000007076 devstack@g-api.service[99774]: DEBUG glance.common.config [None req-b9719a4e-57bf-4a7b-ace2-2298b6d0b3f0 None None] log_file = None {{(pid=99774) log_opt_values /opt/stack/data/venv/lib/python3.12/site-packages/oslo_config/cfg.py:3534}}
Aug 12 17:19:01.595456 np0000007076 devstack@g-api.service[99774]: DEBUG glance.common.config [None req-b9719a4e-57bf-4a7b-ace2-2298b6d0b3f0 None None] log_rotate_interval = 1 {{(pid=99774) log_opt_values /opt/stack/data/venv/lib/python3.12/site-packages/oslo_config/cfg.py:3534}}
Aug 12 17:19:01.595547 np0000007076 devstack@g-api.service[99774]: DEBUG glance.common.config [None req-b9719a4e-57bf-4a7b-ace2-2298b6d0b3f0 None None] log_rotate_interval_type = days {{(pid=99774) log_opt_values /opt/stack/data/venv/lib/python3.12/site-packages/oslo_config/cfg.py:3534}}
Aug 12 17:19:01.595660 np0000007076 devstack@g-api.service[99774]: DEBUG glance.common.config [None req-b9719a4e-57bf-4a7b-ace2-2298b6d0b3f0 None None] log_rotation_type = none {{(pid=99774) log_opt_values /opt/stack/data/venv/lib/python3.12/site-packages/oslo_config/cfg.py:3534}}
Aug 12 17:19:01.595726 np0000007076 devstack@g-api.service[99774]: DEBUG glance.common.config [None req-b9719a4e-57bf-4a7b-ace2-2298b6d0b3f0 None None] logging_context_format_string = %(color)s%(levelname)s %(name)s [%(global_request_id)s %(request_id)s %(project_name)s %(user_name)s%(color)s] %(instance)s%(color)s%(message)s {{(pid=99774) log_opt_values /opt/stack/data/venv/lib/python3.12/site-packages/oslo_config/cfg.py:3534}}
Aug 12 17:19:01.595801 np0000007076 devstack@g-api.service[99774]: DEBUG glance.common.config [None req-b9719a4e-57bf-4a7b-ace2-2298b6d0b3f0 None None] logging_debug_format_suffix = {{(pid=%(process)d) %(funcName)s %(pathname)s:%(lineno)d}} {{(pid=99774) log_opt_values /opt/stack/data/venv/lib/python3.12/site-packages/oslo_config/cfg.py:3534}}
Aug 12 17:19:01.595884 np0000007076 devstack@g-api.service[99774]: DEBUG glance.common.config [None req-b9719a4e-57bf-4a7b-ace2-2298b6d0b3f0 None None] logging_default_format_string = %(color)s%(levelname)s %(name)s [-%(color)s] %(instance)s%(color)s%(message)s {{(pid=99774) log_opt_values /opt/stack/data/venv/lib/python3.12/site-packages/oslo_config/cfg.py:3534}}
Aug 12 17:19:01.595995 np0000007076 devstack@g-api.service[99774]: DEBUG glance.common.config [None req-b9719a4e-57bf-4a7b-ace2-2298b6d0b3f0 None None] logging_exception_prefix = ERROR %(name)s %(instance)s {{(pid=99774) log_opt_values /opt/stack/data/venv/lib/python3.12/site-packages/oslo_config/cfg.py:3534}}
Aug 12 17:19:01.596110 np0000007076 devstack@g-api.service[99774]: DEBUG glance.common.config [None req-b9719a4e-57bf-4a7b-ace2-2298b6d0b3f0 None None] logging_user_identity_format = %(user)s %(project)s %(domain)s %(system_scope)s %(user_domain)s %(project_domain)s {{(pid=99774) log_opt_values /opt/stack/data/venv/lib/python3.12/site-packages/oslo_config/cfg.py:3534}}
Aug 12 17:19:01.596240 np0000007076 devstack@g-api.service[99774]: DEBUG glance.common.config [None req-b9719a4e-57bf-4a7b-ace2-2298b6d0b3f0 None None] max_logfile_count = 30 {{(pid=99774) log_opt_values /opt/stack/data/venv/lib/python3.12/site-packages/oslo_config/cfg.py:3534}}
Aug 12 17:19:01.596331 np0000007076 devstack@g-api.service[99774]: DEBUG glance.common.config [None req-b9719a4e-57bf-4a7b-ace2-2298b6d0b3f0 None None] max_logfile_size_mb = 200 {{(pid=99774) log_opt_values /opt/stack/data/venv/lib/python3.12/site-packages/oslo_config/cfg.py:3534}}
Aug 12 17:19:01.596416 np0000007076 devstack@g-api.service[99774]: DEBUG glance.common.config [None req-b9719a4e-57bf-4a7b-ace2-2298b6d0b3f0 None None] max_request_id_length = 64 {{(pid=99774) log_opt_values /opt/stack/data/venv/lib/python3.12/site-packages/oslo_config/cfg.py:3534}}
Aug 12 17:19:01.596504 np0000007076 devstack@g-api.service[99774]: DEBUG glance.common.config [None req-b9719a4e-57bf-4a7b-ace2-2298b6d0b3f0 None None] metadata_encryption_key = **** {{(pid=99774) log_opt_values /opt/stack/data/venv/lib/python3.12/site-packages/oslo_config/cfg.py:3534}}
Aug 12 17:19:01.596616 np0000007076 devstack@g-api.service[99774]: DEBUG glance.common.config [None req-b9719a4e-57bf-4a7b-ace2-2298b6d0b3f0 None None] node_staging_uri = file:///tmp/staging/ {{(pid=99774) log_opt_values /opt/stack/data/venv/lib/python3.12/site-packages/oslo_config/cfg.py:3534}}
Aug 12 17:19:01.596701 np0000007076 devstack@g-api.service[99774]: DEBUG glance.common.config [None req-b9719a4e-57bf-4a7b-ace2-2298b6d0b3f0 None None] property_protection_file = None {{(pid=99774) log_opt_values /opt/stack/data/venv/lib/python3.12/site-packages/oslo_config/cfg.py:3534}}
Aug 12 17:19:01.596791 np0000007076 devstack@g-api.service[99774]: DEBUG glance.common.config [None req-b9719a4e-57bf-4a7b-ace2-2298b6d0b3f0 None None] property_protection_rule_format = roles {{(pid=99774) log_opt_values /opt/stack/data/venv/lib/python3.12/site-packages/oslo_config/cfg.py:3534}}
Aug 12 17:19:01.596887 np0000007076 devstack@g-api.service[99774]: DEBUG glance.common.config [None req-b9719a4e-57bf-4a7b-ace2-2298b6d0b3f0 None None] public_endpoint = https://10.4.3.155/image {{(pid=99774) log_opt_values /opt/stack/data/venv/lib/python3.12/site-packages/oslo_config/cfg.py:3534}}
Aug 12 17:19:01.597049 np0000007076 devstack@g-api.service[99774]: DEBUG glance.common.config [None req-b9719a4e-57bf-4a7b-ace2-2298b6d0b3f0 None None] publish_errors = False {{(pid=99774) log_opt_values /opt/stack/data/venv/lib/python3.12/site-packages/oslo_config/cfg.py:3534}}
Aug 12 17:19:01.597185 np0000007076 devstack@g-api.service[99774]: DEBUG glance.common.config [None req-b9719a4e-57bf-4a7b-ace2-2298b6d0b3f0 None None] pydev_worker_debug_host = None {{(pid=99774) log_opt_values /opt/stack/data/venv/lib/python3.12/site-packages/oslo_config/cfg.py:3534}}
Aug 12 17:19:01.597337 np0000007076 devstack@g-api.service[99774]: DEBUG glance.common.config [None req-b9719a4e-57bf-4a7b-ace2-2298b6d0b3f0 None None] pydev_worker_debug_port = 5678 {{(pid=99774) log_opt_values /opt/stack/data/venv/lib/python3.12/site-packages/oslo_config/cfg.py:3534}}
Aug 12 17:19:01.597475 np0000007076 devstack@g-api.service[99774]: DEBUG glance.common.config [None req-b9719a4e-57bf-4a7b-ace2-2298b6d0b3f0 None None] rate_limit_burst = 0 {{(pid=99774) log_opt_values /opt/stack/data/venv/lib/python3.12/site-packages/oslo_config/cfg.py:3534}}
Aug 12 17:19:01.597642 np0000007076 devstack@g-api.service[99774]: DEBUG glance.common.config [None req-b9719a4e-57bf-4a7b-ace2-2298b6d0b3f0 None None] rate_limit_except_level = CRITICAL {{(pid=99774) log_opt_values /opt/stack/data/venv/lib/python3.12/site-packages/oslo_config/cfg.py:3534}}
Aug 12 17:19:01.597773 np0000007076 devstack@g-api.service[99774]: DEBUG glance.common.config [None req-b9719a4e-57bf-4a7b-ace2-2298b6d0b3f0 None None] rate_limit_interval = 0 {{(pid=99774) log_opt_values /opt/stack/data/venv/lib/python3.12/site-packages/oslo_config/cfg.py:3534}}
Aug 12 17:19:01.597899 np0000007076 devstack@g-api.service[99774]: DEBUG glance.common.config [None req-b9719a4e-57bf-4a7b-ace2-2298b6d0b3f0 None None] scrub_pool_size = 1 {{(pid=99774) log_opt_values /opt/stack/data/venv/lib/python3.12/site-packages/oslo_config/cfg.py:3534}}
Aug 12 17:19:01.597993 np0000007076 devstack@g-api.service[99774]: DEBUG glance.common.config [None req-b9719a4e-57bf-4a7b-ace2-2298b6d0b3f0 None None] scrub_time = 0 {{(pid=99774) log_opt_values /opt/stack/data/venv/lib/python3.12/site-packages/oslo_config/cfg.py:3534}}
Aug 12 17:19:01.598087 np0000007076 devstack@g-api.service[99774]: DEBUG glance.common.config [None req-b9719a4e-57bf-4a7b-ace2-2298b6d0b3f0 None None] shell_completion = None {{(pid=99774) log_opt_values /opt/stack/data/venv/lib/python3.12/site-packages/oslo_config/cfg.py:3534}}
Aug 12 17:19:01.598200 np0000007076 devstack@g-api.service[99774]: DEBUG glance.common.config [None req-b9719a4e-57bf-4a7b-ace2-2298b6d0b3f0 None None] show_image_direct_url = False {{(pid=99774) log_opt_values /opt/stack/data/venv/lib/python3.12/site-packages/oslo_config/cfg.py:3534}}
Aug 12 17:19:01.598402 np0000007076 devstack@g-api.service[99774]: WARNING oslo_config.cfg [None req-b9719a4e-57bf-4a7b-ace2-2298b6d0b3f0 None None] Deprecated: Option "show_multiple_locations" from group "DEFAULT" is deprecated for removal (Use of this option, deprecated since Newton, is a security risk and will be removed once we figure out a way to satisfy those use cases that currently require it. An earlier announcement that the same functionality can be achieved with greater granularity by using policies is incorrect. You cannot work around this option via policy configuration at the present time, though that is the direction we believe the fix will take. Please keep an eye on the Glance release notes to stay up to date on progress in addressing this issue.). Its value may be silently ignored in the future.
Aug 12 17:19:01.598504 np0000007076 devstack@g-api.service[99774]: DEBUG glance.common.config [None req-b9719a4e-57bf-4a7b-ace2-2298b6d0b3f0 None None] show_multiple_locations = False {{(pid=99774) log_opt_values /opt/stack/data/venv/lib/python3.12/site-packages/oslo_config/cfg.py:3534}}
Aug 12 17:19:01.598631 np0000007076 devstack@g-api.service[99774]: DEBUG glance.common.config [None req-b9719a4e-57bf-4a7b-ace2-2298b6d0b3f0 None None] syslog_log_facility = LOG_USER {{(pid=99774) log_opt_values /opt/stack/data/venv/lib/python3.12/site-packages/oslo_config/cfg.py:3534}}
Aug 12 17:19:01.598733 np0000007076 devstack@g-api.service[99774]: DEBUG glance.common.config [None req-b9719a4e-57bf-4a7b-ace2-2298b6d0b3f0 None None] transport_url = **** {{(pid=99774) log_opt_values /opt/stack/data/venv/lib/python3.12/site-packages/oslo_config/cfg.py:3534}}
Aug 12 17:19:01.598854 np0000007076 devstack@g-api.service[99774]: DEBUG glance.common.config [None req-b9719a4e-57bf-4a7b-ace2-2298b6d0b3f0 None None] use_journal = False {{(pid=99774) log_opt_values /opt/stack/data/venv/lib/python3.12/site-packages/oslo_config/cfg.py:3534}}
Aug 12 17:19:01.598965 np0000007076 devstack@g-api.service[99774]: DEBUG glance.common.config [None req-b9719a4e-57bf-4a7b-ace2-2298b6d0b3f0 None None] use_json = False {{(pid=99774) log_opt_values /opt/stack/data/venv/lib/python3.12/site-packages/oslo_config/cfg.py:3534}}
Aug 12 17:19:01.599119 np0000007076 devstack@g-api.service[99774]: DEBUG glance.common.config [None req-b9719a4e-57bf-4a7b-ace2-2298b6d0b3f0 None None] use_keystone_limits = True {{(pid=99774) log_opt_values /opt/stack/data/venv/lib/python3.12/site-packages/oslo_config/cfg.py:3534}}
Aug 12 17:19:01.599232 np0000007076 devstack@g-api.service[99774]: DEBUG glance.common.config [None req-b9719a4e-57bf-4a7b-ace2-2298b6d0b3f0 None None] use_stderr = False {{(pid=99774) log_opt_values /opt/stack/data/venv/lib/python3.12/site-packages/oslo_config/cfg.py:3534}}
Aug 12 17:19:01.599367 np0000007076 devstack@g-api.service[99774]: DEBUG glance.common.config [None req-b9719a4e-57bf-4a7b-ace2-2298b6d0b3f0 None None] use_syslog = False {{(pid=99774) log_opt_values /opt/stack/data/venv/lib/python3.12/site-packages/oslo_config/cfg.py:3534}}
Aug 12 17:19:01.599516 np0000007076 devstack@g-api.service[99774]: DEBUG glance.common.config [None req-b9719a4e-57bf-4a7b-ace2-2298b6d0b3f0 None None] user_storage_quota = 0 {{(pid=99774) log_opt_values /opt/stack/data/venv/lib/python3.12/site-packages/oslo_config/cfg.py:3534}}
Aug 12 17:19:01.599665 np0000007076 devstack@g-api.service[99774]: DEBUG glance.common.config [None req-b9719a4e-57bf-4a7b-ace2-2298b6d0b3f0 None None] worker_self_reference_url = http://127.0.0.1:60999 {{(pid=99774) log_opt_values /opt/stack/data/venv/lib/python3.12/site-packages/oslo_config/cfg.py:3534}}
Aug 12 17:19:01.599833 np0000007076 devstack@g-api.service[99774]: DEBUG glance.common.config [None req-b9719a4e-57bf-4a7b-ace2-2298b6d0b3f0 None None] oslo_concurrency.disable_process_locking = False {{(pid=99774) log_opt_values /opt/stack/data/venv/lib/python3.12/site-packages/oslo_config/cfg.py:3545}}
Aug 12 17:19:01.599965 np0000007076 devstack@g-api.service[99774]: DEBUG glance.common.config [None req-b9719a4e-57bf-4a7b-ace2-2298b6d0b3f0 None None] oslo_concurrency.lock_path = /opt/stack/data/glance/locks {{(pid=99774) log_opt_values /opt/stack/data/venv/lib/python3.12/site-packages/oslo_config/cfg.py:3545}}
Aug 12 17:19:01.600118 np0000007076 devstack@g-api.service[99774]: DEBUG glance.common.config [None req-b9719a4e-57bf-4a7b-ace2-2298b6d0b3f0 None None] oslo_middleware.enable_proxy_headers_parsing = False {{(pid=99774) log_opt_values /opt/stack/data/venv/lib/python3.12/site-packages/oslo_config/cfg.py:3545}}
Aug 12 17:19:01.600269 np0000007076 devstack@g-api.service[99774]: DEBUG glance.common.config [None req-b9719a4e-57bf-4a7b-ace2-2298b6d0b3f0 None None] oslo_middleware.http_basic_auth_user_file = /etc/htpasswd {{(pid=99774) log_opt_values /opt/stack/data/venv/lib/python3.12/site-packages/oslo_config/cfg.py:3545}}
Aug 12 17:19:01.600394 np0000007076 devstack@g-api.service[99774]: DEBUG glance.common.config [None req-b9719a4e-57bf-4a7b-ace2-2298b6d0b3f0 None None] paste_deploy.config_file = None {{(pid=99774) log_opt_values /opt/stack/data/venv/lib/python3.12/site-packages/oslo_config/cfg.py:3545}}
Aug 12 17:19:01.600530 np0000007076 devstack@g-api.service[99775]: INFO glance.api.middleware.cache_manage [None req-2271933c-d4e4-40f7-b8b4-94f5f50ff3c9 None None] Initialized image cache management middleware
Aug 12 17:19:01.600565 np0000007076 devstack@g-api.service[99774]: DEBUG glance.common.config [None req-b9719a4e-57bf-4a7b-ace2-2298b6d0b3f0 None None] paste_deploy.flavor = keystone+cachemanagement {{(pid=99774) log_opt_values /opt/stack/data/venv/lib/python3.12/site-packages/oslo_config/cfg.py:3545}}
Aug 12 17:19:01.600716 np0000007076 devstack@g-api.service[99774]: DEBUG glance.common.config [None req-b9719a4e-57bf-4a7b-ace2-2298b6d0b3f0 None None] image_format.container_formats = ['ami', 'ari', 'aki', 'bare', 'ovf', 'ova', 'docker', 'compressed'] {{(pid=99774) log_opt_values /opt/stack/data/venv/lib/python3.12/site-packages/oslo_config/cfg.py:3545}}
Aug 12 17:19:01.600754 np0000007076 devstack@g-api.service[99775]: INFO glance.image_cache [None req-2271933c-d4e4-40f7-b8b4-94f5f50ff3c9 None None] Image cache loaded driver 'centralized_db'.
Aug 12 17:19:01.600845 np0000007076 devstack@g-api.service[99774]: DEBUG glance.common.config [None req-b9719a4e-57bf-4a7b-ace2-2298b6d0b3f0 None None] image_format.disk_formats = ['ami', 'ari', 'aki', 'vhd', 'vhdx', 'vmdk', 'raw', 'qcow2', 'vdi', 'iso', 'ploop'] {{(pid=99774) log_opt_values /opt/stack/data/venv/lib/python3.12/site-packages/oslo_config/cfg.py:3545}}
Aug 12 17:19:01.601002 np0000007076 devstack@g-api.service[99774]: DEBUG glance.common.config [None req-b9719a4e-57bf-4a7b-ace2-2298b6d0b3f0 None None] image_format.gpt_safety_checks_nonfatal = [] {{(pid=99774) log_opt_values /opt/stack/data/venv/lib/python3.12/site-packages/oslo_config/cfg.py:3545}}
Aug 12 17:19:01.601139 np0000007076 devstack@g-api.service[99774]: DEBUG glance.common.config [None req-b9719a4e-57bf-4a7b-ace2-2298b6d0b3f0 None None] image_format.require_image_format_match = True {{(pid=99774) log_opt_values /opt/stack/data/venv/lib/python3.12/site-packages/oslo_config/cfg.py:3545}}
Aug 12 17:19:01.601248 np0000007076 devstack@g-api.service[99774]: DEBUG glance.common.config [None req-b9719a4e-57bf-4a7b-ace2-2298b6d0b3f0 None None] image_format.vmdk_allowed_types = ['streamOptimized', 'monolithicSparse'] {{(pid=99774) log_opt_values /opt/stack/data/venv/lib/python3.12/site-packages/oslo_config/cfg.py:3545}}
Aug 12 17:19:01.601348 np0000007076 devstack@g-api.service[99774]: DEBUG glance.common.config [None req-b9719a4e-57bf-4a7b-ace2-2298b6d0b3f0 None None] task.task_executor = taskflow {{(pid=99774) log_opt_values /opt/stack/data/venv/lib/python3.12/site-packages/oslo_config/cfg.py:3545}}
Aug 12 17:19:01.601439 np0000007076 devstack@g-api.service[99774]: DEBUG glance.common.config [None req-b9719a4e-57bf-4a7b-ace2-2298b6d0b3f0 None None] task.task_time_to_live = 48 {{(pid=99774) log_opt_values /opt/stack/data/venv/lib/python3.12/site-packages/oslo_config/cfg.py:3545}}
Aug 12 17:19:01.601524 np0000007076 devstack@g-api.service[99774]: DEBUG glance.common.config [None req-b9719a4e-57bf-4a7b-ace2-2298b6d0b3f0 None None] task.work_dir = None {{(pid=99774) log_opt_values /opt/stack/data/venv/lib/python3.12/site-packages/oslo_config/cfg.py:3545}}
Aug 12 17:19:01.601641 np0000007076 devstack@g-api.service[99774]: DEBUG glance.common.config [None req-b9719a4e-57bf-4a7b-ace2-2298b6d0b3f0 None None] wsgi.python_interpreter = /opt/stack/data/venv/bin/python3 {{(pid=99774) log_opt_values /opt/stack/data/venv/lib/python3.12/site-packages/oslo_config/cfg.py:3545}}
Aug 12 17:19:01.601724 np0000007076 devstack@g-api.service[99776]: DEBUG glance.common.config [None req-f414e8ac-f7f6-4024-a00c-2121e0f57ec4 None None] ******************************************************************************** {{(pid=99776) log_opt_values /opt/stack/data/venv/lib/python3.12/site-packages/oslo_config/cfg.py:3518}}
Aug 12 17:19:01.601764 np0000007076 devstack@g-api.service[99774]: DEBUG glance.common.config [None req-b9719a4e-57bf-4a7b-ace2-2298b6d0b3f0 None None] wsgi.task_pool_threads = 16 {{(pid=99774) log_opt_values /opt/stack/data/venv/lib/python3.12/site-packages/oslo_config/cfg.py:3545}}
Aug 12 17:19:01.601827 np0000007076 devstack@g-api.service[99776]: DEBUG glance.common.config [None req-f414e8ac-f7f6-4024-a00c-2121e0f57ec4 None None] Configuration options gathered from: {{(pid=99776) log_opt_values /opt/stack/data/venv/lib/python3.12/site-packages/oslo_config/cfg.py:3519}}
Aug 12 17:19:01.601905 np0000007076 devstack@g-api.service[99774]: DEBUG glance.common.config [None req-b9719a4e-57bf-4a7b-ace2-2298b6d0b3f0 None None] import_filtering_opts.allowed_hosts = [] {{(pid=99774) log_opt_values /opt/stack/data/venv/lib/python3.12/site-packages/oslo_config/cfg.py:3545}}
Aug 12 17:19:01.601905 np0000007076 devstack@g-api.service[99774]: DEBUG glance.common.config [None req-b9719a4e-57bf-4a7b-ace2-2298b6d0b3f0 None None] import_filtering_opts.allowed_ports = [80, 443] {{(pid=99774) log_opt_values /opt/stack/data/venv/lib/python3.12/site-packages/oslo_config/cfg.py:3545}}
Aug 12 17:19:01.602025 np0000007076 devstack@g-api.service[99774]: DEBUG glance.common.config [None req-b9719a4e-57bf-4a7b-ace2-2298b6d0b3f0 None None] import_filtering_opts.allowed_schemes = ['http', 'https'] {{(pid=99774) log_opt_values /opt/stack/data/venv/lib/python3.12/site-packages/oslo_config/cfg.py:3545}}
Aug 12 17:19:01.602115 np0000007076 devstack@g-api.service[99774]: DEBUG glance.common.config [None req-b9719a4e-57bf-4a7b-ace2-2298b6d0b3f0 None None] import_filtering_opts.disallowed_hosts = [] {{(pid=99774) log_opt_values /opt/stack/data/venv/lib/python3.12/site-packages/oslo_config/cfg.py:3545}}
Aug 12 17:19:01.602202 np0000007076 devstack@g-api.service[99774]: DEBUG glance.common.config [None req-b9719a4e-57bf-4a7b-ace2-2298b6d0b3f0 None None] import_filtering_opts.disallowed_ports = [] {{(pid=99774) log_opt_values /opt/stack/data/venv/lib/python3.12/site-packages/oslo_config/cfg.py:3545}}
Aug 12 17:19:01.602290 np0000007076 devstack@g-api.service[99774]: DEBUG glance.common.config [None req-b9719a4e-57bf-4a7b-ace2-2298b6d0b3f0 None None] import_filtering_opts.disallowed_schemes = [] {{(pid=99774) log_opt_values /opt/stack/data/venv/lib/python3.12/site-packages/oslo_config/cfg.py:3545}}
