Aug 12 17:21:30.638876 np0000007076 devstack@n-api.service[84336]: DEBUG nova.policy [None req-836c6d27-8a61-46d7-b179-84ecd7bd13ba tempest-ServerActionsTestOtherA-1627641506 tempest-ServerActionsTestOtherA-1627641506-project-member] Policy check for os_compute_api:os-extended-server-attributes failed with credentials {'is_admin': False, 'user_id': '0c3bcb71c8954133933bc5417e384c62', 'user_domain_id': 'default', 'system_scope': None, 'domain_id': None, 'project_id': '9f4a37d1aa0941cf86fff5a9240dc3b7', 'project_domain_id': 'default', 'roles': ['member', 'reader'], 'is_admin_project': True, 'service_user_id': None, 'service_user_domain_id': None, 'service_project_id': None, 'service_project_domain_id': None, 'service_roles': []} {{(pid=84336) authorize /opt/stack/nova/nova/policy.py:202}}
Aug 12 17:21:30.647255 np0000007076 devstack@n-api.service[84336]: INFO nova.api.openstack.requestlog [None req-836c6d27-8a61-46d7-b179-84ecd7bd13ba tempest-ServerActionsTestOtherA-1627641506 tempest-ServerActionsTestOtherA-1627641506-project-member] 10.4.3.155 "GET /compute/v2.1/servers/cc17986a-f149-4823-93f6-bb7ae6376c67" status: 200 len: 1363 microversion: 2.1 time: 0.974346
Aug 12 17:21:30.647255 np0000007076 devstack@n-api.service[84336]: [pid: 84336|app: 0|req: 20/61] 10.4.3.155 () {66 vars in 1354 bytes} [Wed Aug 12 17:21:29 2026] GET /compute/v2.1/servers/cc17986a-f149-4823-93f6-bb7ae6376c67 => generated 1363 bytes in 975 msecs (HTTP/1.1 200) 9 headers in 358 bytes (1 switches on core 0)
Aug 12 17:21:30.649215 np0000007076 devstack@n-api.service[84336]: DEBUG nova.api.openstack.wsgi [None req-55c4f3b0-eaa5-4d3f-b699-607b34a91cf4 tempest-DeleteServersTestJSON-782309388 tempest-DeleteServersTestJSON-782309388-project-member] Calling method '>' {{(pid=84336) _process_stack /opt/stack/nova/nova/api/openstack/wsgi.py:551}}
Aug 12 17:21:30.650725 np0000007076 devstack@n-api.service[84336]: DEBUG nova.compute.api [None req-55c4f3b0-eaa5-4d3f-b699-607b34a91cf4 tempest-DeleteServersTestJSON-782309388 tempest-DeleteServersTestJSON-782309388-project-member] [instance: 2bd27f78-e07a-4d1e-b41c-c1666a380651] Fetching instance by UUID {{(pid=84336) get /opt/stack/nova/nova/compute/api.py:3068}}
Aug 12 17:21:30.656449 np0000007076 devstack@n-api.service[84336]: DEBUG oslo_concurrency.lockutils [None req-55c4f3b0-eaa5-4d3f-b699-607b34a91cf4 tempest-DeleteServersTestJSON-782309388 tempest-DeleteServersTestJSON-782309388-project-member] Acquiring lock "9d4eb7cc-5f17-4147-8039-b4a099207c94" by "nova.context.set_target_cell..get_or_set_cached_cell_and_set_connections" {{(pid=84336) inner /opt/stack/data/venv/lib/python3.12/site-packages/oslo_concurrency/lockutils.py:512}}
Aug 12 17:21:30.656449 np0000007076 devstack@n-api.service[84336]: DEBUG oslo_concurrency.lockutils [None req-55c4f3b0-eaa5-4d3f-b699-607b34a91cf4 tempest-DeleteServersTestJSON-782309388 tempest-DeleteServersTestJSON-782309388-project-member] Lock "9d4eb7cc-5f17-4147-8039-b4a099207c94" acquired by "nova.context.set_target_cell..get_or_set_cached_cell_and_set_connections" :: waited 0.000s {{(pid=84336) inner /opt/stack/data/venv/lib/python3.12/site-packages/oslo_concurrency/lockutils.py:525}}
Aug 12 17:21:30.656783 np0000007076 devstack@n-api.service[84336]: DEBUG oslo_concurrency.lockutils [None req-55c4f3b0-eaa5-4d3f-b699-607b34a91cf4 tempest-DeleteServersTestJSON-782309388 tempest-DeleteServersTestJSON-782309388-project-member] Lock "9d4eb7cc-5f17-4147-8039-b4a099207c94" "released" by "nova.context.set_target_cell..get_or_set_cached_cell_and_set_connections" :: held 0.000s {{(pid=84336) inner /opt/stack/data/venv/lib/python3.12/site-packages/oslo_concurrency/lockutils.py:544}}
Aug 12 17:21:30.657333 np0000007076 devstack@n-api.service[84336]: DEBUG oslo_concurrency.lockutils [None req-55c4f3b0-eaa5-4d3f-b699-607b34a91cf4 tempest-DeleteServersTestJSON-782309388 tempest-DeleteServersTestJSON-782309388-project-member] Acquiring lock "9d4eb7cc-5f17-4147-8039-b4a099207c94" by "nova.context.set_target_cell..get_or_set_cached_cell_and_set_connections" {{(pid=84336) inner /opt/stack/data/venv/lib/python3.12/site-packages/oslo_concurrency/lockutils.py:512}}
Aug 12 17:21:30.657701 np0000007076 devstack@n-api.service[84336]: DEBUG oslo_concurrency.lockutils [None req-55c4f3b0-eaa5-4d3f-b699-607b34a91cf4 tempest-DeleteServersTestJSON-782309388 tempest-DeleteServersTestJSON-782309388-project-member] Lock "9d4eb7cc-5f17-4147-8039-b4a099207c94" acquired by "nova.context.set_target_cell..get_or_set_cached_cell_and_set_connections" :: waited 0.000s {{(pid=84336) inner /opt/stack/data/venv/lib/python3.12/site-packages/oslo_concurrency/lockutils.py:525}}
Aug 12 17:21:30.658004 np0000007076 devstack@n-api.service[84336]: DEBUG oslo_concurrency.lockutils [None req-55c4f3b0-eaa5-4d3f-b699-607b34a91cf4 tempest-DeleteServersTestJSON-782309388 tempest-DeleteServersTestJSON-782309388-project-member] Lock "9d4eb7cc-5f17-4147-8039-b4a099207c94" "released" by "nova.context.set_target_cell..get_or_set_cached_cell_and_set_connections" :: held 0.000s {{(pid=84336) inner /opt/stack/data/venv/lib/python3.12/site-packages/oslo_concurrency/lockutils.py:544}}
Aug 12 17:21:30.678504 np0000007076 devstack@n-api.service[84336]: WARNING neutronclient.v2_0.client [None req-55c4f3b0-eaa5-4d3f-b699-607b34a91cf4 tempest-DeleteServersTestJSON-782309388 tempest-DeleteServersTestJSON-782309388-project-member] The python binding code in neutronclient is deprecated in favor of OpenstackSDK, please use that as this will be removed in a future release.
Aug 12 17:21:30.725013 np0000007076 devstack@n-api.service[84334]: WARNING neutronclient.v2_0.client [None req-623146fc-1105-41fe-8579-17a3101c5999 tempest-AttachSCSIVolumeTestJSON-1736094048 tempest-AttachSCSIVolumeTestJSON-1736094048-project-member] The python binding code in neutronclient is deprecated in favor of OpenstackSDK, please use that as this will be removed in a future release.
Aug 12 17:21:30.879764 np0000007076 devstack@n-api.service[84335]: DEBUG nova.api.openstack.wsgi [None req-dfc1fc6d-aa5b-4892-8cda-ede93e12f7a6 tempest-VolumesAssistedSnapshotsTest-13767680 tempest-VolumesAssistedSnapshotsTest-13767680-project-member] Action: 'create', calling method: >, body: {"keypair": {"name": "tempest-keypair-25215296", "public_key": "ecdsa-sha2-nistp384 AAAAE2VjZHNhLXNoYTItbmlzdHAzODQAAAAIbmlzdHAzODQAAABhBDGMBmbfbib7dM0IMxQ7QDBHkhBQnA1uiy/vU0sBPhRranzDYrw0+XpEnhrtWFEeREPiC8RfIRZmWCHqALWH1CLKnI6jpm57sNcnpafFUTMwZq7A7S4X3FaNf6b+XosXaA=="}} {{(pid=84335) _process_stack /opt/stack/nova/nova/api/openstack/wsgi.py:549}}
Aug 12 17:21:30.894108 np0000007076 devstack@n-api.service[84335]: DEBUG nova.quota [None req-dfc1fc6d-aa5b-4892-8cda-ede93e12f7a6 tempest-VolumesAssistedSnapshotsTest-13767680 tempest-VolumesAssistedSnapshotsTest-13767680-project-member] Getting quotas for project ba15613be7384733a7b7212f6204beaf. Resources: {'key_pairs'} {{(pid=84335) _get_quotas /opt/stack/nova/nova/quota.py:389}}
Aug 12 17:21:30.898186 np0000007076 devstack@n-api.service[84335]: DEBUG nova.quota [None req-dfc1fc6d-aa5b-4892-8cda-ede93e12f7a6 tempest-VolumesAssistedSnapshotsTest-13767680 tempest-VolumesAssistedSnapshotsTest-13767680-project-member] Getting quotas for user 4f473c64f85145f8a9411fa1f723197c and project ba15613be7384733a7b7212f6204beaf. Resources: {'key_pairs'} {{(pid=84335) _get_quotas /opt/stack/nova/nova/quota.py:379}}
Aug 12 17:21:30.919906 np0000007076 devstack@n-api.service[84335]: INFO nova.api.openstack.requestlog [None req-dfc1fc6d-aa5b-4892-8cda-ede93e12f7a6 tempest-VolumesAssistedSnapshotsTest-13767680 tempest-VolumesAssistedSnapshotsTest-13767680-project-member] 10.4.3.155 "POST /compute/v2.1/os-keypairs" status: 200 len: 384 microversion: 2.1 time: 0.332105
Aug 12 17:21:30.920402 np0000007076 devstack@n-api.service[84335]: [pid: 84335|app: 0|req: 25/62] 10.4.3.155 () {68 vars in 1277 bytes} [Wed Aug 12 17:21:30 2026] POST /compute/v2.1/os-keypairs => generated 384 bytes in 333 msecs (HTTP/1.1 200) 9 headers in 357 bytes (1 switches on core 0)
Aug 12 17:21:30.923302 np0000007076 devstack@n-api.service[84335]: DEBUG nova.api.openstack.wsgi [None req-aa08524c-93b2-466a-8812-886da2c65bed tempest-ServerStableDeviceRescueTest-345076807 tempest-ServerStableDeviceRescueTest-345076807-project-member] Calling method '>' {{(pid=84335) _process_stack /opt/stack/nova/nova/api/openstack/wsgi.py:551}}
Aug 12 17:21:30.925199 np0000007076 devstack@n-api.service[84335]: DEBUG nova.compute.api [None req-aa08524c-93b2-466a-8812-886da2c65bed tempest-ServerStableDeviceRescueTest-345076807 tempest-ServerStableDeviceRescueTest-345076807-project-member] [instance: 17aac316-98bc-4260-b268-171bec5cc022] Fetching instance by UUID {{(pid=84335) get /opt/stack/nova/nova/compute/api.py:3068}}
Aug 12 17:21:30.931555 np0000007076 devstack@n-api.service[84335]: DEBUG oslo_concurrency.lockutils [None req-aa08524c-93b2-466a-8812-886da2c65bed tempest-ServerStableDeviceRescueTest-345076807 tempest-ServerStableDeviceRescueTest-345076807-project-member] Acquiring lock "9d4eb7cc-5f17-4147-8039-b4a099207c94" by "nova.context.set_target_cell..get_or_set_cached_cell_and_set_connections" {{(pid=84335) inner /opt/stack/data/venv/lib/python3.12/site-packages/oslo_concurrency/lockutils.py:512}}
Aug 12 17:21:30.932068 np0000007076 devstack@n-api.service[84335]: DEBUG oslo_concurrency.lockutils [None req-aa08524c-93b2-466a-8812-886da2c65bed tempest-ServerStableDeviceRescueTest-345076807 tempest-ServerStableDeviceRescueTest-345076807-project-member] Lock "9d4eb7cc-5f17-4147-8039-b4a099207c94" acquired by "nova.context.set_target_cell..get_or_set_cached_cell_and_set_connections" :: waited 0.001s {{(pid=84335) inner /opt/stack/data/venv/lib/python3.12/site-packages/oslo_concurrency/lockutils.py:525}}
Aug 12 17:21:30.932369 np0000007076 devstack@n-api.service[84335]: DEBUG oslo_concurrency.lockutils [None req-aa08524c-93b2-466a-8812-886da2c65bed tempest-ServerStableDeviceRescueTest-345076807 tempest-ServerStableDeviceRescueTest-345076807-project-member] Lock "9d4eb7cc-5f17-4147-8039-b4a099207c94" "released" by "nova.context.set_target_cell..get_or_set_cached_cell_and_set_connections" :: held 0.000s {{(pid=84335) inner /opt/stack/data/venv/lib/python3.12/site-packages/oslo_concurrency/lockutils.py:544}}
Aug 12 17:21:30.933064 np0000007076 devstack@n-api.service[84335]: DEBUG oslo_concurrency.lockutils [None req-aa08524c-93b2-466a-8812-886da2c65bed tempest-ServerStableDeviceRescueTest-345076807 tempest-ServerStableDeviceRescueTest-345076807-project-member] Acquiring lock "9d4eb7cc-5f17-4147-8039-b4a099207c94" by "nova.context.set_target_cell..get_or_set_cached_cell_and_set_connections" {{(pid=84335) inner /opt/stack/data/venv/lib/python3.12/site-packages/oslo_concurrency/lockutils.py:512}}
Aug 12 17:21:30.933469 np0000007076 devstack@n-api.service[84335]: DEBUG oslo_concurrency.lockutils [None req-aa08524c-93b2-466a-8812-886da2c65bed tempest-ServerStableDeviceRescueTest-345076807 tempest-ServerStableDeviceRescueTest-345076807-project-member] Lock "9d4eb7cc-5f17-4147-8039-b4a099207c94" acquired by "nova.context.set_target_cell..get_or_set_cached_cell_and_set_connections" :: waited 0.001s {{(pid=84335) inner /opt/stack/data/venv/lib/python3.12/site-packages/oslo_concurrency/lockutils.py:525}}
Aug 12 17:21:30.933876 np0000007076 devstack@n-api.service[84335]: DEBUG oslo_concurrency.lockutils [None req-aa08524c-93b2-466a-8812-886da2c65bed tempest-ServerStableDeviceRescueTest-345076807 tempest-ServerStableDeviceRescueTest-345076807-project-member] Lock "9d4eb7cc-5f17-4147-8039-b4a099207c94" "released" by "nova.context.set_target_cell..get_or_set_cached_cell_and_set_connections" :: held 0.000s {{(pid=84335) inner /opt/stack/data/venv/lib/python3.12/site-packages/oslo_concurrency/lockutils.py:544}}
Aug 12 17:21:30.959279 np0000007076 devstack@n-api.service[84335]: WARNING neutronclient.v2_0.client [None req-aa08524c-93b2-466a-8812-886da2c65bed tempest-ServerStableDeviceRescueTest-345076807 tempest-ServerStableDeviceRescueTest-345076807-project-member] The python binding code in neutronclient is deprecated in favor of OpenstackSDK, please use that as this will be removed in a future release.
Aug 12 17:21:31.238969 np0000007076 devstack@n-api.service[84336]: DEBUG nova.policy [None req-55c4f3b0-eaa5-4d3f-b699-607b34a91cf4 tempest-DeleteServersTestJSON-782309388 tempest-DeleteServersTestJSON-782309388-project-member] Policy check for os_compute_api:os-extended-server-attributes failed with credentials {'is_admin': False, 'user_id': '3a5d840da5294eb7b754bd629efefab1', 'user_domain_id': 'default', 'system_scope': None, 'domain_id': None, 'project_id': '089658caf5fe4a35b3dfc71aec13e5df', 'project_domain_id': 'default', 'roles': ['member', 'reader'], 'is_admin_project': True, 'service_user_id': None, 'service_user_domain_id': None, 'service_project_id': None, 'service_project_domain_id': None, 'service_roles': []} {{(pid=84336) authorize /opt/stack/nova/nova/policy.py:202}}
Aug 12 17:21:31.249698 np0000007076 devstack@n-api.service[84336]: INFO nova.api.openstack.requestlog [None req-55c4f3b0-eaa5-4d3f-b699-607b34a91cf4 tempest-DeleteServersTestJSON-782309388 tempest-DeleteServersTestJSON-782309388-project-member] 10.4.3.155 "GET /compute/v2.1/servers/2bd27f78-e07a-4d1e-b41c-c1666a380651" status: 200 len: 1312 microversion: 2.1 time: 0.602180
Aug 12 17:21:31.250368 np0000007076 devstack@n-api.service[84336]: [pid: 84336|app: 0|req: 21/63] 10.4.3.155 () {66 vars in 1354 bytes} [Wed Aug 12 17:21:30 2026] GET /compute/v2.1/servers/2bd27f78-e07a-4d1e-b41c-c1666a380651 => generated 1312 bytes in 603 msecs (HTTP/1.1 200) 9 headers in 358 bytes (1 switches on core 0)
Aug 12 17:21:31.469328 np0000007076 devstack@n-api.service[84334]: DEBUG nova.virt.hardware [None req-623146fc-1105-41fe-8579-17a3101c5999 tempest-AttachSCSIVolumeTestJSON-1736094048 tempest-AttachSCSIVolumeTestJSON-1736094048-project-member] Flavor limits 0:0:0 {{(pid=84334) get_cpu_topology_constraints /opt/stack/nova/nova/virt/hardware.py:516}}
Aug 12 17:21:31.469491 np0000007076 devstack@n-api.service[84334]: DEBUG nova.virt.hardware [None req-623146fc-1105-41fe-8579-17a3101c5999 tempest-AttachSCSIVolumeTestJSON-1736094048 tempest-AttachSCSIVolumeTestJSON-1736094048-project-member] Image limits 0:0:0 {{(pid=84334) get_cpu_topology_constraints /opt/stack/nova/nova/virt/hardware.py:520}}
Aug 12 17:21:31.470989 np0000007076 devstack@n-api.service[84334]: DEBUG nova.virt.hardware [None req-623146fc-1105-41fe-8579-17a3101c5999 tempest-AttachSCSIVolumeTestJSON-1736094048 tempest-AttachSCSIVolumeTestJSON-1736094048-project-member] Flavor pref 0:0:0 {{(pid=84334) get_cpu_topology_constraints /opt/stack/nova/nova/virt/hardware.py:556}}
Aug 12 17:21:31.471174 np0000007076 devstack@n-api.service[84334]: DEBUG nova.virt.hardware [None req-623146fc-1105-41fe-8579-17a3101c5999 tempest-AttachSCSIVolumeTestJSON-1736094048 tempest-AttachSCSIVolumeTestJSON-1736094048-project-member] Image pref 0:0:0 {{(pid=84334) get_cpu_topology_constraints /opt/stack/nova/nova/virt/hardware.py:560}}
Aug 12 17:21:31.471331 np0000007076 devstack@n-api.service[84334]: DEBUG nova.virt.hardware [None req-623146fc-1105-41fe-8579-17a3101c5999 tempest-AttachSCSIVolumeTestJSON-1736094048 tempest-AttachSCSIVolumeTestJSON-1736094048-project-member] Chose sockets=0, cores=0, threads=0; limits were sockets=65536, cores=65536, threads=65536 {{(pid=84334) get_cpu_topology_constraints /opt/stack/nova/nova/virt/hardware.py:598}}
Aug 12 17:21:31.477217 np0000007076 devstack@n-api.service[84334]: DEBUG oslo_concurrency.lockutils [None req-623146fc-1105-41fe-8579-17a3101c5999 tempest-AttachSCSIVolumeTestJSON-1736094048 tempest-AttachSCSIVolumeTestJSON-1736094048-project-member] Acquiring lock "00000000-0000-0000-0000-000000000000" by "nova.context.set_target_cell..get_or_set_cached_cell_and_set_connections" {{(pid=84334) inner /opt/stack/data/venv/lib/python3.12/site-packages/oslo_concurrency/lockutils.py:512}}
Aug 12 17:21:31.477365 np0000007076 devstack@n-api.service[84334]: DEBUG oslo_concurrency.lockutils [None req-623146fc-1105-41fe-8579-17a3101c5999 tempest-AttachSCSIVolumeTestJSON-1736094048 tempest-AttachSCSIVolumeTestJSON-1736094048-project-member] Lock "00000000-0000-0000-0000-000000000000" acquired by "nova.context.set_target_cell..get_or_set_cached_cell_and_set_connections" :: waited 0.000s {{(pid=84334) inner /opt/stack/data/venv/lib/python3.12/site-packages/oslo_concurrency/lockutils.py:525}}
Aug 12 17:21:31.477468 np0000007076 devstack@n-api.service[84334]: DEBUG oslo_concurrency.lockutils [None req-623146fc-1105-41fe-8579-17a3101c5999 tempest-AttachSCSIVolumeTestJSON-1736094048 tempest-AttachSCSIVolumeTestJSON-1736094048-project-member] Lock "00000000-0000-0000-0000-000000000000" "released" by "nova.context.set_target_cell..get_or_set_cached_cell_and_set_connections" :: held 0.000s {{(pid=84334) inner /opt/stack/data/venv/lib/python3.12/site-packages/oslo_concurrency/lockutils.py:544}}
Aug 12 17:21:31.478032 np0000007076 devstack@n-api.service[84334]: DEBUG oslo_concurrency.lockutils [None req-623146fc-1105-41fe-8579-17a3101c5999 tempest-AttachSCSIVolumeTestJSON-1736094048 tempest-AttachSCSIVolumeTestJSON-1736094048-project-member] Acquiring lock "9d4eb7cc-5f17-4147-8039-b4a099207c94" by "nova.context.set_target_cell..get_or_set_cached_cell_and_set_connections" {{(pid=84334) inner /opt/stack/data/venv/lib/python3.12/site-packages/oslo_concurrency/lockutils.py:512}}
Aug 12 17:21:31.478167 np0000007076 devstack@n-api.service[84334]: DEBUG oslo_concurrency.lockutils [None req-623146fc-1105-41fe-8579-17a3101c5999 tempest-AttachSCSIVolumeTestJSON-1736094048 tempest-AttachSCSIVolumeTestJSON-1736094048-project-member] Lock "9d4eb7cc-5f17-4147-8039-b4a099207c94" acquired by "nova.context.set_target_cell..get_or_set_cached_cell_and_set_connections" :: waited 0.000s {{(pid=84334) inner /opt/stack/data/venv/lib/python3.12/site-packages/oslo_concurrency/lockutils.py:525}}
Aug 12 17:21:31.478321 np0000007076 devstack@n-api.service[84334]: DEBUG oslo_concurrency.lockutils [None req-623146fc-1105-41fe-8579-17a3101c5999 tempest-AttachSCSIVolumeTestJSON-1736094048 tempest-AttachSCSIVolumeTestJSON-1736094048-project-member] Lock "9d4eb7cc-5f17-4147-8039-b4a099207c94" "released" by "nova.context.set_target_cell..get_or_set_cached_cell_and_set_connections" :: held 0.000s {{(pid=84334) inner /opt/stack/data/venv/lib/python3.12/site-packages/oslo_concurrency/lockutils.py:544}}
Aug 12 17:21:31.485622 np0000007076 devstack@n-api.service[84336]: DEBUG nova.api.openstack.wsgi [req-a8f07b34-439b-4d2e-82f5-47b95d9abe6a req-da650113-8728-4625-81eb-47af36235711 service nova] Action: 'create', calling method: >, body: {"events": [{"server_uuid": "cc17986a-f149-4823-93f6-bb7ae6376c67", "name": "network-vif-plugged", "status": "completed", "tag": "accbc53d-d261-4954-842b-953c46450c12"}]} {{(pid=84336) _process_stack /opt/stack/nova/nova/api/openstack/wsgi.py:549}}
Aug 12 17:21:31.493749 np0000007076 devstack@n-api.service[84336]: DEBUG oslo_concurrency.lockutils [req-a8f07b34-439b-4d2e-82f5-47b95d9abe6a req-da650113-8728-4625-81eb-47af36235711 service nova] Acquiring lock "9d4eb7cc-5f17-4147-8039-b4a099207c94" by "nova.context.set_target_cell..get_or_set_cached_cell_and_set_connections" {{(pid=84336) inner /opt/stack/data/venv/lib/python3.12/site-packages/oslo_concurrency/lockutils.py:512}}
Aug 12 17:21:31.494098 np0000007076 devstack@n-api.service[84336]: DEBUG oslo_concurrency.lockutils [req-a8f07b34-439b-4d2e-82f5-47b95d9abe6a req-da650113-8728-4625-81eb-47af36235711 service nova] Lock "9d4eb7cc-5f17-4147-8039-b4a099207c94" acquired by "nova.context.set_target_cell..get_or_set_cached_cell_and_set_connections" :: waited 0.000s {{(pid=84336) inner /opt/stack/data/venv/lib/python3.12/site-packages/oslo_concurrency/lockutils.py:525}}
Aug 12 17:21:31.494184 np0000007076 devstack@n-api.service[84336]: DEBUG oslo_concurrency.lockutils [req-a8f07b34-439b-4d2e-82f5-47b95d9abe6a req-da650113-8728-4625-81eb-47af36235711 service nova] Lock "9d4eb7cc-5f17-4147-8039-b4a099207c94" "released" by "nova.context.set_target_cell..get_or_set_cached_cell_and_set_connections" :: held 0.000s {{(pid=84336) inner /opt/stack/data/venv/lib/python3.12/site-packages/oslo_concurrency/lockutils.py:544}}
Aug 12 17:21:31.499667 np0000007076 devstack@n-api.service[84334]: DEBUG nova.quota [None req-623146fc-1105-41fe-8579-17a3101c5999 tempest-AttachSCSIVolumeTestJSON-1736094048 tempest-AttachSCSIVolumeTestJSON-1736094048-project-member] Getting quotas for project d426940ebdbe4a01a60ceab3a4ec28dd. Resources: {'ram', 'instances', 'cores'} {{(pid=84334) _get_quotas /opt/stack/nova/nova/quota.py:389}}
Aug 12 17:21:31.501349 np0000007076 devstack@n-api.service[84336]: INFO nova.api.openstack.compute.server_external_events [req-a8f07b34-439b-4d2e-82f5-47b95d9abe6a req-da650113-8728-4625-81eb-47af36235711 service nova] Creating event network-vif-plugged:accbc53d-d261-4954-842b-953c46450c12 for instance cc17986a-f149-4823-93f6-bb7ae6376c67 on np0000007076
Aug 12 17:21:31.501765 np0000007076 devstack@n-api.service[84334]: DEBUG nova.quota [None req-623146fc-1105-41fe-8579-17a3101c5999 tempest-AttachSCSIVolumeTestJSON-1736094048 tempest-AttachSCSIVolumeTestJSON-1736094048-project-member] Getting quotas for user b80101a0047f4988b2a44b7c3029c739 and project d426940ebdbe4a01a60ceab3a4ec28dd. Resources: {'ram', 'instances', 'cores'} {{(pid=84334) _get_quotas /opt/stack/nova/nova/quota.py:379}}
Aug 12 17:21:31.501807 np0000007076 devstack@n-api.service[84336]: DEBUG nova.compute.rpcapi [req-a8f07b34-439b-4d2e-82f5-47b95d9abe6a req-da650113-8728-4625-81eb-47af36235711 service nova] RPC: Sending the message to topic: compute-alt {{(pid=84336) prepare_for_alt_rpcserver /opt/stack/nova/nova/compute/rpcapi.py:595}}
Aug 12 17:21:31.507992 np0000007076 devstack@n-api.service[84336]: INFO nova.api.openstack.requestlog [req-a8f07b34-439b-4d2e-82f5-47b95d9abe6a req-da650113-8728-4625-81eb-47af36235711 service nova] 10.4.3.155 "POST /compute/v2.1/os-server-external-events" status: 200 len: 183 microversion: 2.1 time: 0.030410
Aug 12 17:21:31.508267 np0000007076 devstack@n-api.service[84336]: [pid: 84336|app: 0|req: 22/64] 10.4.3.155 () {72 vars in 1432 bytes} [Wed Aug 12 17:21:31 2026] POST /compute/v2.1/os-server-external-events => generated 183 bytes in 31 msecs (HTTP/1.1 200) 9 headers in 357 bytes (1 switches on core 0)
Aug 12 17:21:31.513226 np0000007076 devstack@n-api.service[84334]: DEBUG nova.compute.api [None req-623146fc-1105-41fe-8579-17a3101c5999 tempest-AttachSCSIVolumeTestJSON-1736094048 tempest-AttachSCSIVolumeTestJSON-1736094048-project-member] Going to run 1 instances... {{(pid=84334) _provision_instances /opt/stack/nova/nova/compute/api.py:1480}}
Aug 12 17:21:31.515164 np0000007076 devstack@n-api.service[84334]: DEBUG nova.compute.api [None req-623146fc-1105-41fe-8579-17a3101c5999 tempest-AttachSCSIVolumeTestJSON-1736094048 tempest-AttachSCSIVolumeTestJSON-1736094048-project-member] [instance: afeb5c3a-3305-422c-9f9b-2313dddea1a6] block_device_mapping [BlockDeviceMapping(attachment_id=,boot_index=0,connection_info=None,created_at=,delete_on_termination=True,deleted=,deleted_at=,destination_type='local',device_name=None,device_type='disk',disk_bus=None,encrypted=False,encryption_format=None,encryption_options=None,encryption_secret_uuid=None,guest_format=None,id=,image_id='bf24d9c9-f8c3-413a-9b2e-90bc39b1b4e3',instance=,instance_uuid=,no_device=False,snapshot_id=None,source_type='image',tag=None,updated_at=,uuid=,volume_id=None,volume_size=None,volume_type=None)] {{(pid=84334) _bdm_validate_set_size_and_instance /opt/stack/nova/nova/compute/api.py:1942}}
Aug 12 17:21:31.561884 np0000007076 devstack@n-api.service[84335]: DEBUG nova.policy [None req-aa08524c-93b2-466a-8812-886da2c65bed tempest-ServerStableDeviceRescueTest-345076807 tempest-ServerStableDeviceRescueTest-345076807-project-member] Policy check for os_compute_api:os-extended-server-attributes failed with credentials {'is_admin': False, 'user_id': 'cc948b7d7cfa4892b6cf4c4d3fb212f1', 'user_domain_id': 'default', 'system_scope': None, 'domain_id': None, 'project_id': '8c1742be97a5449985876bc081f7d975', 'project_domain_id': 'default', 'roles': ['member', 'reader'], 'is_admin_project': True, 'service_user_id': None, 'service_user_domain_id': None, 'service_project_id': None, 'service_project_domain_id': None, 'service_roles': []} {{(pid=84335) authorize /opt/stack/nova/nova/policy.py:202}}
Aug 12 17:21:31.571361 np0000007076 devstack@n-api.service[84335]: INFO nova.api.openstack.requestlog [None req-aa08524c-93b2-466a-8812-886da2c65bed tempest-ServerStableDeviceRescueTest-345076807 tempest-ServerStableDeviceRescueTest-345076807-project-member] 10.4.3.155 "GET /compute/v2.1/servers/17aac316-98bc-4260-b268-171bec5cc022" status: 200 len: 1369 microversion: 2.1 time: 0.650287
Aug 12 17:21:31.571659 np0000007076 devstack@n-api.service[84335]: [pid: 84335|app: 0|req: 26/65] 10.4.3.155 () {66 vars in 1354 bytes} [Wed Aug 12 17:21:30 2026] GET /compute/v2.1/servers/17aac316-98bc-4260-b268-171bec5cc022 => generated 1369 bytes in 651 msecs (HTTP/1.1 200) 9 headers in 358 bytes (1 switches on core 0)
Aug 12 17:21:31.597616 np0000007076 devstack@n-api.service[84334]: INFO nova.api.openstack.requestlog [None req-623146fc-1105-41fe-8579-17a3101c5999 tempest-AttachSCSIVolumeTestJSON-1736094048 tempest-AttachSCSIVolumeTestJSON-1736094048-project-member] 10.4.3.155 "POST /compute/v2.1/servers" status: 202 len: 406 microversion: 2.1 time: 2.438066
Aug 12 17:21:31.598472 np0000007076 devstack@n-api.service[84334]: [pid: 84334|app: 0|req: 18/66] 10.4.3.155 () {68 vars in 1265 bytes} [Wed Aug 12 17:21:29 2026] POST /compute/v2.1/servers => generated 406 bytes in 2439 msecs (HTTP/1.1 202) 10 headers in 451 bytes (1 switches on core 0)
Aug 12 17:21:31.610609 np0000007076 devstack@n-api.service[84336]: DEBUG nova.api.openstack.wsgi [None req-3111e79b-8de7-4584-98d7-d49ab6b83f7d tempest-AttachSCSIVolumeTestJSON-1736094048 tempest-AttachSCSIVolumeTestJSON-1736094048-project-member] Calling method '>' {{(pid=84336) _process_stack /opt/stack/nova/nova/api/openstack/wsgi.py:551}}
Aug 12 17:21:31.611801 np0000007076 devstack@n-api.service[84335]: DEBUG nova.api.openstack.wsgi [None req-2d5eef94-ff00-4c1a-a931-839d9a0e32b9 tempest-TaggedAttachmentsTest-857329138 tempest-TaggedAttachmentsTest-857329138-project-member] Calling method '>' {{(pid=84335) _process_stack /opt/stack/nova/nova/api/openstack/wsgi.py:551}}
Aug 12 17:21:31.612466 np0000007076 devstack@n-api.service[84336]: DEBUG nova.compute.api [None req-3111e79b-8de7-4584-98d7-d49ab6b83f7d tempest-AttachSCSIVolumeTestJSON-1736094048 tempest-AttachSCSIVolumeTestJSON-1736094048-project-member] [instance: afeb5c3a-3305-422c-9f9b-2313dddea1a6] Fetching instance by UUID {{(pid=84336) get /opt/stack/nova/nova/compute/api.py:3068}}
Aug 12 17:21:31.614190 np0000007076 devstack@n-api.service[84335]: DEBUG nova.compute.api [None req-2d5eef94-ff00-4c1a-a931-839d9a0e32b9 tempest-TaggedAttachmentsTest-857329138 tempest-TaggedAttachmentsTest-857329138-project-member] [instance: ba919148-6b39-42c6-9851-7d9b4efa7c2f] Fetching instance by UUID {{(pid=84335) get /opt/stack/nova/nova/compute/api.py:3068}}
Aug 12 17:21:31.622375 np0000007076 devstack@n-api.service[84335]: DEBUG oslo_concurrency.lockutils [None req-2d5eef94-ff00-4c1a-a931-839d9a0e32b9 tempest-TaggedAttachmentsTest-857329138 tempest-TaggedAttachmentsTest-857329138-project-member] Acquiring lock "9d4eb7cc-5f17-4147-8039-b4a099207c94" by "nova.context.set_target_cell..get_or_set_cached_cell_and_set_connections" {{(pid=84335) inner /opt/stack/data/venv/lib/python3.12/site-packages/oslo_concurrency/lockutils.py:512}}
Aug 12 17:21:31.622735 np0000007076 devstack@n-api.service[84335]: DEBUG oslo_concurrency.lockutils [None req-2d5eef94-ff00-4c1a-a931-839d9a0e32b9 tempest-TaggedAttachmentsTest-857329138 tempest-TaggedAttachmentsTest-857329138-project-member] Lock "9d4eb7cc-5f17-4147-8039-b4a099207c94" acquired by "nova.context.set_target_cell..get_or_set_cached_cell_and_set_connections" :: waited 0.000s {{(pid=84335) inner /opt/stack/data/venv/lib/python3.12/site-packages/oslo_concurrency/lockutils.py:525}}
Aug 12 17:21:31.623054 np0000007076 devstack@n-api.service[84335]: DEBUG oslo_concurrency.lockutils [None req-2d5eef94-ff00-4c1a-a931-839d9a0e32b9 tempest-TaggedAttachmentsTest-857329138 tempest-TaggedAttachmentsTest-857329138-project-member] Lock "9d4eb7cc-5f17-4147-8039-b4a099207c94" "released" by "nova.context.set_target_cell..get_or_set_cached_cell_and_set_connections" :: held 0.000s {{(pid=84335) inner /opt/stack/data/venv/lib/python3.12/site-packages/oslo_concurrency/lockutils.py:544}}
Aug 12 17:21:31.623633 np0000007076 devstack@n-api.service[84335]: DEBUG oslo_concurrency.lockutils [None req-2d5eef94-ff00-4c1a-a931-839d9a0e32b9 tempest-TaggedAttachmentsTest-857329138 tempest-TaggedAttachmentsTest-857329138-project-member] Acquiring lock "9d4eb7cc-5f17-4147-8039-b4a099207c94" by "nova.context.set_target_cell..get_or_set_cached_cell_and_set_connections" {{(pid=84335) inner /opt/stack/data/venv/lib/python3.12/site-packages/oslo_concurrency/lockutils.py:512}}
Aug 12 17:21:31.624032 np0000007076 devstack@n-api.service[84335]: DEBUG oslo_concurrency.lockutils [None req-2d5eef94-ff00-4c1a-a931-839d9a0e32b9 tempest-TaggedAttachmentsTest-857329138 tempest-TaggedAttachmentsTest-857329138-project-member] Lock "9d4eb7cc-5f17-4147-8039-b4a099207c94" acquired by "nova.context.set_target_cell..get_or_set_cached_cell_and_set_connections" :: waited 0.000s {{(pid=84335) inner /opt/stack/data/venv/lib/python3.12/site-packages/oslo_concurrency/lockutils.py:525}}
Aug 12 17:21:31.624386 np0000007076 devstack@n-api.service[84335]: DEBUG oslo_concurrency.lockutils [None req-2d5eef94-ff00-4c1a-a931-839d9a0e32b9 tempest-TaggedAttachmentsTest-857329138 tempest-TaggedAttachmentsTest-857329138-project-member] Lock "9d4eb7cc-5f17-4147-8039-b4a099207c94" "released" by "nova.context.set_target_cell..get_or_set_cached_cell_and_set_connections" :: held 0.000s {{(pid=84335) inner /opt/stack/data/venv/lib/python3.12/site-packages/oslo_concurrency/lockutils.py:544}}
Aug 12 17:21:31.629105 np0000007076 devstack@n-api.service[84336]: WARNING neutronclient.v2_0.client [None req-3111e79b-8de7-4584-98d7-d49ab6b83f7d tempest-AttachSCSIVolumeTestJSON-1736094048 tempest-AttachSCSIVolumeTestJSON-1736094048-project-member] The python binding code in neutronclient is deprecated in favor of OpenstackSDK, please use that as this will be removed in a future release.
Aug 12 17:21:31.649167 np0000007076 devstack@n-api.service[84335]: WARNING neutronclient.v2_0.client [None req-2d5eef94-ff00-4c1a-a931-839d9a0e32b9 tempest-TaggedAttachmentsTest-857329138 tempest-TaggedAttachmentsTest-857329138-project-member] The python binding code in neutronclient is deprecated in favor of OpenstackSDK, please use that as this will be removed in a future release.
Aug 12 17:21:31.663819 np0000007076 devstack@n-api.service[84334]: DEBUG nova.api.openstack.wsgi [None req-bb499f18-248e-4439-a75e-9849c1d7b251 tempest-ServerActionsTestOtherA-1627641506 tempest-ServerActionsTestOtherA-1627641506-project-member] Calling method '>' {{(pid=84334) _process_stack /opt/stack/nova/nova/api/openstack/wsgi.py:551}}
Aug 12 17:21:31.665483 np0000007076 devstack@n-api.service[84334]: DEBUG nova.compute.api [None req-bb499f18-248e-4439-a75e-9849c1d7b251 tempest-ServerActionsTestOtherA-1627641506 tempest-ServerActionsTestOtherA-1627641506-project-member] [instance: cc17986a-f149-4823-93f6-bb7ae6376c67] Fetching instance by UUID {{(pid=84334) get /opt/stack/nova/nova/compute/api.py:3068}}
Aug 12 17:21:31.673277 np0000007076 devstack@n-api.service[84334]: DEBUG oslo_concurrency.lockutils [None req-bb499f18-248e-4439-a75e-9849c1d7b251 tempest-ServerActionsTestOtherA-1627641506 tempest-ServerActionsTestOtherA-1627641506-project-member] Acquiring lock "9d4eb7cc-5f17-4147-8039-b4a099207c94" by "nova.context.set_target_cell..get_or_set_cached_cell_and_set_connections" {{(pid=84334) inner /opt/stack/data/venv/lib/python3.12/site-packages/oslo_concurrency/lockutils.py:512}}
Aug 12 17:21:31.674973 np0000007076 devstack@n-api.service[84334]: DEBUG oslo_concurrency.lockutils [None req-bb499f18-248e-4439-a75e-9849c1d7b251 tempest-ServerActionsTestOtherA-1627641506 tempest-ServerActionsTestOtherA-1627641506-project-member] Lock "9d4eb7cc-5f17-4147-8039-b4a099207c94" acquired by "nova.context.set_target_cell..get_or_set_cached_cell_and_set_connections" :: waited 0.000s {{(pid=84334) inner /opt/stack/data/venv/lib/python3.12/site-packages/oslo_concurrency/lockutils.py:525}}
Aug 12 17:21:31.676705 np0000007076 devstack@n-api.service[84334]: DEBUG oslo_concurrency.lockutils [None req-bb499f18-248e-4439-a75e-9849c1d7b251 tempest-ServerActionsTestOtherA-1627641506 tempest-ServerActionsTestOtherA-1627641506-project-member] Lock "9d4eb7cc-5f17-4147-8039-b4a099207c94" "released" by "nova.context.set_target_cell..get_or_set_cached_cell_and_set_connections" :: held 0.002s {{(pid=84334) inner /opt/stack/data/venv/lib/python3.12/site-packages/oslo_concurrency/lockutils.py:544}}
Aug 12 17:21:31.677123 np0000007076 devstack@n-api.service[84334]: DEBUG oslo_concurrency.lockutils [None req-bb499f18-248e-4439-a75e-9849c1d7b251 tempest-ServerActionsTestOtherA-1627641506 tempest-ServerActionsTestOtherA-1627641506-project-member] Acquiring lock "9d4eb7cc-5f17-4147-8039-b4a099207c94" by "nova.context.set_target_cell..get_or_set_cached_cell_and_set_connections" {{(pid=84334) inner /opt/stack/data/venv/lib/python3.12/site-packages/oslo_concurrency/lockutils.py:512}}
Aug 12 17:21:31.677559 np0000007076 devstack@n-api.service[84334]: DEBUG oslo_concurrency.lockutils [None req-bb499f18-248e-4439-a75e-9849c1d7b251 tempest-ServerActionsTestOtherA-1627641506 tempest-ServerActionsTestOtherA-1627641506-project-member] Lock "9d4eb7cc-5f17-4147-8039-b4a099207c94" acquired by "nova.context.set_target_cell..get_or_set_cached_cell_and_set_connections" :: waited 0.001s {{(pid=84334) inner /opt/stack/data/venv/lib/python3.12/site-packages/oslo_concurrency/lockutils.py:525}}
Aug 12 17:21:31.677982 np0000007076 devstack@n-api.service[84334]: DEBUG oslo_concurrency.lockutils [None req-bb499f18-248e-4439-a75e-9849c1d7b251 tempest-ServerActionsTestOtherA-1627641506 tempest-ServerActionsTestOtherA-1627641506-project-member] Lock "9d4eb7cc-5f17-4147-8039-b4a099207c94" "released" by "nova.context.set_target_cell..get_or_set_cached_cell_and_set_connections" :: held 0.000s {{(pid=84334) inner /opt/stack/data/venv/lib/python3.12/site-packages/oslo_concurrency/lockutils.py:544}}
Aug 12 17:21:31.708175 np0000007076 devstack@n-api.service[84334]: WARNING neutronclient.v2_0.client [None req-bb499f18-248e-4439-a75e-9849c1d7b251 tempest-ServerActionsTestOtherA-1627641506 tempest-ServerActionsTestOtherA-1627641506-project-member] The python binding code in neutronclient is deprecated in favor of OpenstackSDK, please use that as this will be removed in a future release.
Aug 12 17:21:32.079399 np0000007076 devstack@n-api.service[84336]: DEBUG nova.policy [None req-3111e79b-8de7-4584-98d7-d49ab6b83f7d tempest-AttachSCSIVolumeTestJSON-1736094048 tempest-AttachSCSIVolumeTestJSON-1736094048-project-member] Policy check for os_compute_api:os-extended-server-attributes failed with credentials {'is_admin': False, 'user_id': 'b80101a0047f4988b2a44b7c3029c739', 'user_domain_id': 'default', 'system_scope': None, 'domain_id': None, 'project_id': 'd426940ebdbe4a01a60ceab3a4ec28dd', 'project_domain_id': 'default', 'roles': ['member', 'reader'], 'is_admin_project': True, 'service_user_id': None, 'service_user_domain_id': None, 'service_project_id': None, 'service_project_domain_id': None, 'service_roles': []} {{(pid=84336) authorize /opt/stack/nova/nova/policy.py:202}}
Aug 12 17:21:32.095569 np0000007076 devstack@n-api.service[84336]: INFO nova.api.openstack.requestlog [None req-3111e79b-8de7-4584-98d7-d49ab6b83f7d tempest-AttachSCSIVolumeTestJSON-1736094048 tempest-AttachSCSIVolumeTestJSON-1736094048-project-member] 10.4.3.155 "GET /compute/v2.1/servers/afeb5c3a-3305-422c-9f9b-2313dddea1a6" status: 200 len: 1243 microversion: 2.1 time: 0.486452
Aug 12 17:21:32.095569 np0000007076 devstack@n-api.service[84336]: [pid: 84336|app: 0|req: 23/67] 10.4.3.155 () {66 vars in 1354 bytes} [Wed Aug 12 17:21:31 2026] GET /compute/v2.1/servers/afeb5c3a-3305-422c-9f9b-2313dddea1a6 => generated 1243 bytes in 487 msecs (HTTP/1.1 200) 9 headers in 358 bytes (1 switches on core 0)
Aug 12 17:21:32.102041 np0000007076 devstack@n-api.service[84336]: DEBUG nova.api.openstack.wsgi [req-1b6b659e-87db-426f-ab32-afe3d304776b req-f56aa8a6-7745-49c9-8a91-0d51ae678ccd service nova] Action: 'create', calling method: >, body: {"events": [{"name": "network-changed", "server_uuid": "ba919148-6b39-42c6-9851-7d9b4efa7c2f", "tag": "6cb5bb0a-b532-4574-ba5f-c7203c3cdf2f"}]} {{(pid=84336) _process_stack /opt/stack/nova/nova/api/openstack/wsgi.py:549}}
Aug 12 17:21:32.109455 np0000007076 devstack@n-api.service[84336]: DEBUG oslo_concurrency.lockutils [req-1b6b659e-87db-426f-ab32-afe3d304776b req-f56aa8a6-7745-49c9-8a91-0d51ae678ccd service nova] Acquiring lock "9d4eb7cc-5f17-4147-8039-b4a099207c94" by "nova.context.set_target_cell..get_or_set_cached_cell_and_set_connections" {{(pid=84336) inner /opt/stack/data/venv/lib/python3.12/site-packages/oslo_concurrency/lockutils.py:512}}
Aug 12 17:21:32.109720 np0000007076 devstack@n-api.service[84336]: DEBUG oslo_concurrency.lockutils [req-1b6b659e-87db-426f-ab32-afe3d304776b req-f56aa8a6-7745-49c9-8a91-0d51ae678ccd service nova] Lock "9d4eb7cc-5f17-4147-8039-b4a099207c94" acquired by "nova.context.set_target_cell..get_or_set_cached_cell_and_set_connections" :: waited 0.000s {{(pid=84336) inner /opt/stack/data/venv/lib/python3.12/site-packages/oslo_concurrency/lockutils.py:525}}
Aug 12 17:21:32.110075 np0000007076 devstack@n-api.service[84336]: DEBUG oslo_concurrency.lockutils [req-1b6b659e-87db-426f-ab32-afe3d304776b req-f56aa8a6-7745-49c9-8a91-0d51ae678ccd service nova] Lock "9d4eb7cc-5f17-4147-8039-b4a099207c94" "released" by "nova.context.set_target_cell..get_or_set_cached_cell_and_set_connections" :: held 0.000s {{(pid=84336) inner /opt/stack/data/venv/lib/python3.12/site-packages/oslo_concurrency/lockutils.py:544}}
Aug 12 17:21:32.121544 np0000007076 devstack@n-api.service[84336]: INFO nova.api.openstack.compute.server_external_events [req-1b6b659e-87db-426f-ab32-afe3d304776b req-f56aa8a6-7745-49c9-8a91-0d51ae678ccd service nova] Creating event network-changed:6cb5bb0a-b532-4574-ba5f-c7203c3cdf2f for instance ba919148-6b39-42c6-9851-7d9b4efa7c2f on np0000007076
Aug 12 17:21:32.122080 np0000007076 devstack@n-api.service[84336]: DEBUG nova.compute.rpcapi [req-1b6b659e-87db-426f-ab32-afe3d304776b req-f56aa8a6-7745-49c9-8a91-0d51ae678ccd service nova] RPC: Sending the message to topic: compute-alt {{(pid=84336) prepare_for_alt_rpcserver /opt/stack/nova/nova/compute/rpcapi.py:595}}
Aug 12 17:21:32.129267 np0000007076 devstack@n-api.service[84336]: INFO nova.api.openstack.requestlog [req-1b6b659e-87db-426f-ab32-afe3d304776b req-f56aa8a6-7745-49c9-8a91-0d51ae678ccd service nova] 10.4.3.155 "POST /compute/v2.1/os-server-external-events" status: 200 len: 179 microversion: 2.1 time: 0.031297
Aug 12 17:21:32.129916 np0000007076 devstack@n-api.service[84336]: [pid: 84336|app: 0|req: 24/68] 10.4.3.155 () {72 vars in 1432 bytes} [Wed Aug 12 17:21:32 2026] POST /compute/v2.1/os-server-external-events => generated 179 bytes in 34 msecs (HTTP/1.1 200) 9 headers in 357 bytes (1 switches on core 0)
Aug 12 17:21:32.239642 np0000007076 devstack@n-api.service[84335]: DEBUG nova.policy [None req-2d5eef94-ff00-4c1a-a931-839d9a0e32b9 tempest-TaggedAttachmentsTest-857329138 tempest-TaggedAttachmentsTest-857329138-project-member] Policy check for os_compute_api:os-extended-server-attributes failed with credentials {'is_admin': False, 'user_id': '7701c59013de4f519203de66cb3fc884', 'user_domain_id': 'default', 'system_scope': None, 'domain_id': None, 'project_id': '760bd8c474e140a3922fdf059fae05b7', 'project_domain_id': 'default', 'roles': ['member', 'reader'], 'is_admin_project': True, 'service_user_id': None, 'service_user_domain_id': None, 'service_project_id': None, 'service_project_domain_id': None, 'service_roles': []} {{(pid=84335) authorize /opt/stack/nova/nova/policy.py:202}}
Aug 12 17:21:32.244279 np0000007076 devstack@n-api.service[84335]: DEBUG nova.policy [None req-2d5eef94-ff00-4c1a-a931-839d9a0e32b9 tempest-TaggedAttachmentsTest-857329138 tempest-TaggedAttachmentsTest-857329138-project-member] Policy check for os_compute_api:servers:show:host_status failed with credentials {'is_admin': False, 'user_id': '7701c59013de4f519203de66cb3fc884', 'user_domain_id': 'default', 'system_scope': None, 'domain_id': None, 'project_id': '760bd8c474e140a3922fdf059fae05b7', 'project_domain_id': 'default', 'roles': ['member', 'reader'], 'is_admin_project': True, 'service_user_id': None, 'service_user_domain_id': None, 'service_project_id': None, 'service_project_domain_id': None, 'service_roles': []} {{(pid=84335) authorize /opt/stack/nova/nova/policy.py:202}}
Aug 12 17:21:32.244847 np0000007076 devstack@n-api.service[84335]: DEBUG nova.policy [None req-2d5eef94-ff00-4c1a-a931-839d9a0e32b9 tempest-TaggedAttachmentsTest-857329138 tempest-TaggedAttachmentsTest-857329138-project-member] Policy check for os_compute_api:servers:show:host_status:unknown-only failed with credentials {'is_admin': False, 'user_id': '7701c59013de4f519203de66cb3fc884', 'user_domain_id': 'default', 'system_scope': None, 'domain_id': None, 'project_id': '760bd8c474e140a3922fdf059fae05b7', 'project_domain_id': 'default', 'roles': ['member', 'reader'], 'is_admin_project': True, 'service_user_id': None, 'service_user_domain_id': None, 'service_project_id': None, 'service_project_domain_id': None, 'service_roles': []} {{(pid=84335) authorize /opt/stack/nova/nova/policy.py:202}}
Aug 12 17:21:32.248530 np0000007076 devstack@n-api.service[84335]: INFO nova.api.openstack.requestlog [None req-2d5eef94-ff00-4c1a-a931-839d9a0e32b9 tempest-TaggedAttachmentsTest-857329138 tempest-TaggedAttachmentsTest-857329138-project-member] 10.4.3.155 "GET /compute/v2.1/servers/ba919148-6b39-42c6-9851-7d9b4efa7c2f" status: 200 len: 1447 microversion: 2.49 time: 0.639595
Aug 12 17:21:32.248830 np0000007076 devstack@n-api.service[84335]: [pid: 84335|app: 0|req: 27/69] 10.4.3.155 () {68 vars in 1395 bytes} [Wed Aug 12 17:21:31 2026] GET /compute/v2.1/servers/ba919148-6b39-42c6-9851-7d9b4efa7c2f => generated 1447 bytes in 640 msecs (HTTP/1.1 200) 9 headers in 360 bytes (1 switches on core 0)
Aug 12 17:21:32.275082 np0000007076 devstack@n-api.service[84336]: DEBUG nova.api.openstack.wsgi [None req-5bac1bbe-7c06-4130-a56b-5f6870629173 tempest-DeleteServersTestJSON-782309388 tempest-DeleteServersTestJSON-782309388-project-member] Calling method '>' {{(pid=84336) _process_stack /opt/stack/nova/nova/api/openstack/wsgi.py:551}}
Aug 12 17:21:32.276549 np0000007076 devstack@n-api.service[84336]: DEBUG nova.compute.api [None req-5bac1bbe-7c06-4130-a56b-5f6870629173 tempest-DeleteServersTestJSON-782309388 tempest-DeleteServersTestJSON-782309388-project-member] [instance: 2bd27f78-e07a-4d1e-b41c-c1666a380651] Fetching instance by UUID {{(pid=84336) get /opt/stack/nova/nova/compute/api.py:3068}}
Aug 12 17:21:32.301980 np0000007076 devstack@n-api.service[84336]: DEBUG oslo_concurrency.lockutils [None req-5bac1bbe-7c06-4130-a56b-5f6870629173 tempest-DeleteServersTestJSON-782309388 tempest-DeleteServersTestJSON-782309388-project-member] Acquiring lock "9d4eb7cc-5f17-4147-8039-b4a099207c94" by "nova.context.set_target_cell..get_or_set_cached_cell_and_set_connections" {{(pid=84336) inner /opt/stack/data/venv/lib/python3.12/site-packages/oslo_concurrency/lockutils.py:512}}
Aug 12 17:21:32.302215 np0000007076 devstack@n-api.service[84336]: DEBUG oslo_concurrency.lockutils [None req-5bac1bbe-7c06-4130-a56b-5f6870629173 tempest-DeleteServersTestJSON-782309388 tempest-DeleteServersTestJSON-782309388-project-member] Lock "9d4eb7cc-5f17-4147-8039-b4a099207c94" acquired by "nova.context.set_target_cell..get_or_set_cached_cell_and_set_connections" :: waited 0.000s {{(pid=84336) inner /opt/stack/data/venv/lib/python3.12/site-packages/oslo_concurrency/lockutils.py:525}}
Aug 12 17:21:32.302412 np0000007076 devstack@n-api.service[84336]: DEBUG oslo_concurrency.lockutils [None req-5bac1bbe-7c06-4130-a56b-5f6870629173 tempest-DeleteServersTestJSON-782309388 tempest-DeleteServersTestJSON-782309388-project-member] Lock "9d4eb7cc-5f17-4147-8039-b4a099207c94" "released" by "nova.context.set_target_cell..get_or_set_cached_cell_and_set_connections" :: held 0.000s {{(pid=84336) inner /opt/stack/data/venv/lib/python3.12/site-packages/oslo_concurrency/lockutils.py:544}}
Aug 12 17:21:32.305049 np0000007076 devstack@n-api.service[84336]: DEBUG oslo_concurrency.lockutils [None req-5bac1bbe-7c06-4130-a56b-5f6870629173 tempest-DeleteServersTestJSON-782309388 tempest-DeleteServersTestJSON-782309388-project-member] Acquiring lock "9d4eb7cc-5f17-4147-8039-b4a099207c94" by "nova.context.set_target_cell..get_or_set_cached_cell_and_set_connections" {{(pid=84336) inner /opt/stack/data/venv/lib/python3.12/site-packages/oslo_concurrency/lockutils.py:512}}
Aug 12 17:21:32.305049 np0000007076 devstack@n-api.service[84336]: DEBUG oslo_concurrency.lockutils [None req-5bac1bbe-7c06-4130-a56b-5f6870629173 tempest-DeleteServersTestJSON-782309388 tempest-DeleteServersTestJSON-782309388-project-member] Lock "9d4eb7cc-5f17-4147-8039-b4a099207c94" acquired by "nova.context.set_target_cell..get_or_set_cached_cell_and_set_connections" :: waited 0.000s {{(pid=84336) inner /opt/stack/data/venv/lib/python3.12/site-packages/oslo_concurrency/lockutils.py:525}}
Aug 12 17:21:32.305049 np0000007076 devstack@n-api.service[84336]: DEBUG oslo_concurrency.lockutils [None req-5bac1bbe-7c06-4130-a56b-5f6870629173 tempest-DeleteServersTestJSON-782309388 tempest-DeleteServersTestJSON-782309388-project-member] Lock "9d4eb7cc-5f17-4147-8039-b4a099207c94" "released" by "nova.context.set_target_cell..get_or_set_cached_cell_and_set_connections" :: held 0.000s {{(pid=84336) inner /opt/stack/data/venv/lib/python3.12/site-packages/oslo_concurrency/lockutils.py:544}}
Aug 12 17:21:32.342434 np0000007076 devstack@n-api.service[84336]: WARNING neutronclient.v2_0.client [None req-5bac1bbe-7c06-4130-a56b-5f6870629173 tempest-DeleteServersTestJSON-782309388 tempest-DeleteServersTestJSON-782309388-project-member] The python binding code in neutronclient is deprecated in favor of OpenstackSDK, please use that as this will be removed in a future release.
Aug 12 17:21:32.404984 np0000007076 devstack@n-api.service[84335]: DEBUG nova.api.openstack.wsgi [req-fb3ec74d-e588-4100-b037-06d5f8837d0e req-f851da12-894c-4b1f-a768-11a2b9d5b216 service nova] Action: 'create', calling method: >, body: {"events": [{"server_uuid": "2bd27f78-e07a-4d1e-b41c-c1666a380651", "name": "network-vif-plugged", "status": "completed", "tag": "05ce48a4-f107-46e3-a48c-c1ea730a28b0"}, {"server_uuid": "17aac316-98bc-4260-b268-171bec5cc022", "name": "network-vif-plugged", "status": "completed", "tag": "3c67fb4a-aec7-4c76-99dc-4dfddf535fd0"}, {"server_uuid": "17aac316-98bc-4260-b268-171bec5cc022", "name": "network-vif-plugged", "status": "completed", "tag": "3c67fb4a-aec7-4c76-99dc-4dfddf535fd0"}]} {{(pid=84335) _process_stack /opt/stack/nova/nova/api/openstack/wsgi.py:549}}
Aug 12 17:21:32.411429 np0000007076 devstack@n-api.service[84335]: DEBUG oslo_concurrency.lockutils [req-fb3ec74d-e588-4100-b037-06d5f8837d0e req-f851da12-894c-4b1f-a768-11a2b9d5b216 service nova] Acquiring lock "9d4eb7cc-5f17-4147-8039-b4a099207c94" by "nova.context.set_target_cell..get_or_set_cached_cell_and_set_connections" {{(pid=84335) inner /opt/stack/data/venv/lib/python3.12/site-packages/oslo_concurrency/lockutils.py:512}}
Aug 12 17:21:32.411695 np0000007076 devstack@n-api.service[84335]: DEBUG oslo_concurrency.lockutils [req-fb3ec74d-e588-4100-b037-06d5f8837d0e req-f851da12-894c-4b1f-a768-11a2b9d5b216 service nova] Lock "9d4eb7cc-5f17-4147-8039-b4a099207c94" acquired by "nova.context.set_target_cell..get_or_set_cached_cell_and_set_connections" :: waited 0.001s {{(pid=84335) inner /opt/stack/data/venv/lib/python3.12/site-packages/oslo_concurrency/lockutils.py:525}}
Aug 12 17:21:32.411878 np0000007076 devstack@n-api.service[84335]: DEBUG oslo_concurrency.lockutils [req-fb3ec74d-e588-4100-b037-06d5f8837d0e req-f851da12-894c-4b1f-a768-11a2b9d5b216 service nova] Lock "9d4eb7cc-5f17-4147-8039-b4a099207c94" "released" by "nova.context.set_target_cell..get_or_set_cached_cell_and_set_connections" :: held 0.000s {{(pid=84335) inner /opt/stack/data/venv/lib/python3.12/site-packages/oslo_concurrency/lockutils.py:544}}
Aug 12 17:21:32.422112 np0000007076 devstack@n-api.service[84335]: INFO nova.api.openstack.compute.server_external_events [req-fb3ec74d-e588-4100-b037-06d5f8837d0e req-f851da12-894c-4b1f-a768-11a2b9d5b216 service nova] Creating event network-vif-plugged:05ce48a4-f107-46e3-a48c-c1ea730a28b0 for instance 2bd27f78-e07a-4d1e-b41c-c1666a380651 on np0000007076
Aug 12 17:21:32.422368 np0000007076 devstack@n-api.service[84335]: INFO nova.api.openstack.compute.server_external_events [req-fb3ec74d-e588-4100-b037-06d5f8837d0e req-f851da12-894c-4b1f-a768-11a2b9d5b216 service nova] Creating event network-vif-plugged:3c67fb4a-aec7-4c76-99dc-4dfddf535fd0 for instance 17aac316-98bc-4260-b268-171bec5cc022 on np0000007076
