Aug 12 17:18:14.700555 np0000007076 devstack@neutron-api.service[87630]: DEBUG ovsdbapp.backend.ovs_idl [None req-c06d56e8-4342-408b-900a-f4e8897451d0 None None] Created schema index Port_Group.name {{(pid=87630) autocreate_indices /opt/stack/data/venv/lib/python3.12/site-packages/ovsdbapp/backend/ovs_idl/__init__.py:106}}
Aug 12 17:18:14.700660 np0000007076 devstack@neutron-api.service[87630]: DEBUG ovsdbapp.backend.ovs_idl [None req-c06d56e8-4342-408b-900a-f4e8897451d0 None None] Created schema index Logical_Switch_Port.name {{(pid=87630) autocreate_indices /opt/stack/data/venv/lib/python3.12/site-packages/ovsdbapp/backend/ovs_idl/__init__.py:106}}
Aug 12 17:18:14.703156 np0000007076 devstack@neutron-api.service[87630]: INFO ovsdbapp.backend.ovs_idl.vlog [None req-c06d56e8-4342-408b-900a-f4e8897451d0 None None] ssl:10.4.3.155:6641: connecting...
Aug 12 17:18:14.707455 np0000007076 devstack@neutron-api.service[87630]: INFO ovsdbapp.backend.ovs_idl.vlog [None req-c06d56e8-4342-408b-900a-f4e8897451d0 None None] ssl:10.4.3.155:6641: connected
Aug 12 17:18:14.719121 np0000007076 devstack@neutron-api.service[87631]: DEBUG neutron.common.ovn.hash_ring_manager [None req-c138a0cc-0a5e-4854-8bb3-03b14fecd3d4 None None] Allow caching, nodes 3>=3 {{(pid=87631) _wait_startup_before_caching /opt/stack/neutron/neutron/common/ovn/hash_ring_manager.py:71}}
Aug 12 17:18:14.723008 np0000007076 devstack@neutron-api.service[87631]: DEBUG neutron.common.ovn.hash_ring_manager [None req-c138a0cc-0a5e-4854-8bb3-03b14fecd3d4 None None] Hash Ring loaded. 3 active nodes. 0 offline nodes {{(pid=87631) _load_hash_ring /opt/stack/neutron/neutron/common/ovn/hash_ring_manager.py:110}}
Aug 12 17:18:14.723168 np0000007076 devstack@neutron-api.service[87631]: DEBUG neutron.plugins.ml2.drivers.ovn.mech_driver.ovsdb.ovsdb_monitor [None req-c138a0cc-0a5e-4854-8bb3-03b14fecd3d4 None None] Hash Ring: Node 3a128d63bc3e5530ae2b8411226ab394 (host: np0000007076) handling event "create" for row 47fd3533-2b64-4ead-be49-b24302f60201 (table: Chassis) {{(pid=87631) notify /opt/stack/neutron/neutron/plugins/ml2/drivers/ovn/mech_driver/ovsdb/ovsdb_monitor.py:1099}}
Aug 12 17:18:14.723877 np0000007076 devstack@neutron-api.service[87631]: DEBUG ovsdbapp.backend.ovs_idl.event [None req-c138a0cc-0a5e-4854-8bb3-03b14fecd3d4 None None] Matched CREATE: ChassisBandwidthConfigEvent(events=('create', 'update'), table='Chassis', conditions=None, old_conditions=None), priority=20 to row=Chassis(uuid=47fd3533-2b64-4ead-be49-b24302f60201, encaps=[82c6b9a1-50aa-4e07-b5a5-3247ee4c576b], external_ids={}, hostname='np0000007076', name='2b20779e-00ff-42af-b6ff-0021448ac8f4', nb_cfg=0, other_config={'ct-commit-nat-v2': 'true', 'ct-commit-to-zone': 'true', 'ct-next-zone': 'true', 'ct-no-masked-label': 'true', 'ct-state-save': 'true', 'datapath-type': 'system', 'fdb-timestamp': 'true', 'iface-types': 'afxdp,afxdp-nonpmd,bareudp,erspan,geneve,gre,gtpu,internal,ip6erspan,ip6gre,lisp,patch,srv6,stt,system,tap,vxlan', 'is-interconn': 'false', 'ls-dpg-column': 'true', 'mac-binding-timestamp': 'true', 'ovn-bridge-mappings': 'public:br-ex', 'ovn-chassis-mac-mappings': '', 'ovn-cms-options': 'enable-chassis-as-gw', 'ovn-ct-lb-related': 'true', 'ovn-enable-lflow-cache': 'true', 'ovn-limit-lflow-cache': '', 'ovn-memlimit-lflow-cache-kb': '', 'ovn-monitor-all': 'false', 'ovn-trim-limit-lflow-cache': '', 'ovn-trim-timeout-ms': '', 'ovn-trim-wmark-perc-lflow-cache': '', 'port-up-notif': 'true'}, transport_zones=[], vtep_logical_switches=[]) old= {{(pid=87631) matches /opt/stack/data/venv/lib/python3.12/site-packages/ovsdbapp/backend/ovs_idl/event.py:55}}
Aug 12 17:18:14.724458 np0000007076 devstack@neutron-api.service[87631]: DEBUG ovsdbapp.backend.ovs_idl.event [None req-c138a0cc-0a5e-4854-8bb3-03b14fecd3d4 None None] Matched CREATE: ChassisAgentWriteEvent(events=('create', 'update'), table='Chassis_Private', conditions=None, old_conditions=None), priority=20 to row=Chassis_Private(uuid=826e82af-583a-4998-a5de-d2a6325f173f, chassis=47fd3533-2b64-4ead-be49-b24302f60201, external_ids={'neutron:ovn-bridge': 'br-int', 'neutron:ovn-neutron-agent-id': 'eb65945d-5385-5552-81c1-447059940c70', 'neutron:ovn-neutron-agent-sb-cfg': '0'}, name='2b20779e-00ff-42af-b6ff-0021448ac8f4', nb_cfg=0, nb_cfg_timestamp=0) old= {{(pid=87631) matches /opt/stack/data/venv/lib/python3.12/site-packages/ovsdbapp/backend/ovs_idl/event.py:55}}
Aug 12 17:18:14.724826 np0000007076 devstack@neutron-api.service[87631]: DEBUG ovsdbapp.backend.ovs_idl.event [None req-c138a0cc-0a5e-4854-8bb3-03b14fecd3d4 None None] Matched CREATE: ChassisOVNAgentWriteEvent(events=('create', 'update'), table='Chassis_Private', conditions=None, old_conditions=None), priority=20 to row=Chassis_Private(uuid=826e82af-583a-4998-a5de-d2a6325f173f, chassis=47fd3533-2b64-4ead-be49-b24302f60201, external_ids={'neutron:ovn-bridge': 'br-int', 'neutron:ovn-neutron-agent-id': 'eb65945d-5385-5552-81c1-447059940c70', 'neutron:ovn-neutron-agent-sb-cfg': '0'}, name='2b20779e-00ff-42af-b6ff-0021448ac8f4', nb_cfg=0, nb_cfg_timestamp=0) old= {{(pid=87631) matches /opt/stack/data/venv/lib/python3.12/site-packages/ovsdbapp/backend/ovs_idl/event.py:55}}
Aug 12 17:18:14.725064 np0000007076 devstack@neutron-api.service[87631]: DEBUG neutron.plugins.ml2.drivers.ovn.mech_driver.ovsdb.ovsdb_monitor [None req-c138a0cc-0a5e-4854-8bb3-03b14fecd3d4 None None] Hash Ring: Node 3a128d63bc3e5530ae2b8411226ab394 (host: np0000007076) handling event "create" for row 826e82af-583a-4998-a5de-d2a6325f173f (table: Chassis_Private) {{(pid=87631) notify /opt/stack/neutron/neutron/plugins/ml2/drivers/ovn/mech_driver/ovsdb/ovsdb_monitor.py:1099}}
Aug 12 17:18:14.726245 np0000007076 devstack@neutron-api.service[87631]: INFO neutron.plugins.ml2.drivers.ovn.mech_driver.mech_driver [None req-c138a0cc-0a5e-4854-8bb3-03b14fecd3d4 None None] WorkerService process has finished the post initialization
Aug 12 17:18:14.727042 np0000007076 devstack@neutron-api.service[87631]: INFO neutron.plugins.ml2.drivers.ovn.mech_driver.ovsdb.extensions.qos [-] Starting OVNClientQosExtension
Aug 12 17:18:14.727308 np0000007076 devstack@neutron-api.service[87631]: DEBUG oslo_concurrency.processutils [None req-c138a0cc-0a5e-4854-8bb3-03b14fecd3d4 None None] Running cmd (subprocess): ovsdb-client transact ssl:10.4.3.155:6641 --timeout 180 -p /opt/stack/data/CA/int-ca/private/devstack-cert.key -c /opt/stack/data/CA/int-ca/devstack-cert.crt -C /opt/stack/data/CA/int-ca/ca-chain.pem ["OVN_Northbound", {"op": "wait", "timeout": 0, "table": "Port_Group", "where": [["name", "==", "pvlan_pg_drop"]], "until": "==", "rows": []}, {"op": "insert", "table": "ACL", "row": {"action": "drop", "direction": "to-lport", "match": "outport == @pvlan_pg_drop && ip", "priority": 1010}, "uuid-name": "pvlandroptoport"}, {"op": "insert", "table": "ACL", "row": {"action": "drop", "direction": "from-lport", "match": "inport == @pvlan_pg_drop && ip", "priority": 1010}, "uuid-name": "pvlandropfromport"}, {"op": "insert", "table": "Port_Group", "row": {"name": "pvlan_pg_drop", "acls": ["set", [["named-uuid", "pvlandroptoport"], ["named-uuid", "pvlandropfromport"]]]}}] {{(pid=87631) execute /opt/stack/data/venv/lib/python3.12/site-packages/oslo_concurrency/processutils.py:440}}
Aug 12 17:18:14.727469 np0000007076 devstack@neutron-api.service[87631]: INFO neutron.plugins.ml2.drivers.ovn.mech_driver.ovsdb.extensions.placement [-] Starting OVNClientPlacementExtension
Aug 12 17:18:14.736779 np0000007076 devstack@neutron-api.service[87630]: DEBUG neutron.common.ovn.hash_ring_manager [None req-c06d56e8-4342-408b-900a-f4e8897451d0 None None] Allow caching, nodes 3>=3 {{(pid=87630) _wait_startup_before_caching /opt/stack/neutron/neutron/common/ovn/hash_ring_manager.py:71}}
Aug 12 17:18:14.744812 np0000007076 devstack@neutron-api.service[87630]: DEBUG neutron.common.ovn.hash_ring_manager [None req-c06d56e8-4342-408b-900a-f4e8897451d0 None None] Hash Ring loaded. 3 active nodes. 0 offline nodes {{(pid=87630) _load_hash_ring /opt/stack/neutron/neutron/common/ovn/hash_ring_manager.py:110}}
Aug 12 17:18:14.745102 np0000007076 devstack@neutron-api.service[87630]: DEBUG neutron.plugins.ml2.drivers.ovn.mech_driver.ovsdb.ovsdb_monitor [None req-c06d56e8-4342-408b-900a-f4e8897451d0 None None] Hash Ring: Node 8183ae244b27549aa352f79ef0d9eb6d (host: np0000007076) handling event "create" for row 022e36cb-d3c7-4f86-9563-4d44d29c8e67 (table: ACL) {{(pid=87630) notify /opt/stack/neutron/neutron/plugins/ml2/drivers/ovn/mech_driver/ovsdb/ovsdb_monitor.py:1099}}
Aug 12 17:18:14.745420 np0000007076 devstack@neutron-api.service[87630]: DEBUG neutron.plugins.ml2.drivers.ovn.mech_driver.ovsdb.ovsdb_monitor [None req-c06d56e8-4342-408b-900a-f4e8897451d0 None None] Hash Ring: Node 8183ae244b27549aa352f79ef0d9eb6d (host: np0000007076) handling event "create" for row 171fc5d8-9566-4912-bb9f-c98490e7f88d (table: ACL) {{(pid=87630) notify /opt/stack/neutron/neutron/plugins/ml2/drivers/ovn/mech_driver/ovsdb/ovsdb_monitor.py:1099}}
Aug 12 17:18:14.745711 np0000007076 devstack@neutron-api.service[87630]: DEBUG neutron.plugins.ml2.drivers.ovn.mech_driver.ovsdb.ovsdb_monitor [None req-c06d56e8-4342-408b-900a-f4e8897451d0 None None] Hash Ring: Node 8183ae244b27549aa352f79ef0d9eb6d (host: np0000007076) handling event "create" for row a3f4320e-d0ae-4e5b-917d-9903c7e0a93e (table: ACL) {{(pid=87630) notify /opt/stack/neutron/neutron/plugins/ml2/drivers/ovn/mech_driver/ovsdb/ovsdb_monitor.py:1099}}
Aug 12 17:18:14.745995 np0000007076 devstack@neutron-api.service[87630]: DEBUG neutron.plugins.ml2.drivers.ovn.mech_driver.ovsdb.ovsdb_monitor [None req-c06d56e8-4342-408b-900a-f4e8897451d0 None None] Hash Ring: Node 8183ae244b27549aa352f79ef0d9eb6d (host: np0000007076) handling event "create" for row 08a8b06a-e50f-40fc-965d-7cc55116fb88 (table: Connection) {{(pid=87630) notify /opt/stack/neutron/neutron/plugins/ml2/drivers/ovn/mech_driver/ovsdb/ovsdb_monitor.py:1099}}
Aug 12 17:18:14.746255 np0000007076 devstack@neutron-api.service[87630]: DEBUG neutron.plugins.ml2.drivers.ovn.mech_driver.ovsdb.ovsdb_monitor [None req-c06d56e8-4342-408b-900a-f4e8897451d0 None None] Hash Ring: Node 8183ae244b27549aa352f79ef0d9eb6d (host: np0000007076) handling event "create" for row 3b4657d1-0d7a-40d8-9fc6-68af33b29f2a (table: NB_Global) {{(pid=87630) notify /opt/stack/neutron/neutron/plugins/ml2/drivers/ovn/mech_driver/ovsdb/ovsdb_monitor.py:1099}}
Aug 12 17:18:14.746561 np0000007076 devstack@neutron-api.service[87630]: DEBUG neutron.plugins.ml2.drivers.ovn.mech_driver.ovsdb.ovsdb_monitor [None req-c06d56e8-4342-408b-900a-f4e8897451d0 None None] Hash Ring: Node 8183ae244b27549aa352f79ef0d9eb6d (host: np0000007076) handling event "create" for row 82ec2b55-d2b1-4284-ae8d-595ee6b0c3c7 (table: SSL) {{(pid=87630) notify /opt/stack/neutron/neutron/plugins/ml2/drivers/ovn/mech_driver/ovsdb/ovsdb_monitor.py:1099}}
Aug 12 17:18:14.748216 np0000007076 devstack@neutron-api.service[87630]: INFO neutron.plugins.ml2.drivers.ovn.mech_driver.ovsdb.impl_idl_ovn [None req-c06d56e8-4342-408b-900a-f4e8897451d0 None None] Getting OvsdbSbOvnIdl for WorkerService with retry
Aug 12 17:18:14.756560 np0000007076 devstack@neutron-api.service[87631]: DEBUG oslo_concurrency.processutils [None req-c138a0cc-0a5e-4854-8bb3-03b14fecd3d4 None None] CMD "ovsdb-client transact ssl:10.4.3.155:6641 --timeout 180 -p /opt/stack/data/CA/int-ca/private/devstack-cert.key -c /opt/stack/data/CA/int-ca/devstack-cert.crt -C /opt/stack/data/CA/int-ca/ca-chain.pem ["OVN_Northbound", {"op": "wait", "timeout": 0, "table": "Port_Group", "where": [["name", "==", "pvlan_pg_drop"]], "until": "==", "rows": []}, {"op": "insert", "table": "ACL", "row": {"action": "drop", "direction": "to-lport", "match": "outport == @pvlan_pg_drop && ip", "priority": 1010}, "uuid-name": "pvlandroptoport"}, {"op": "insert", "table": "ACL", "row": {"action": "drop", "direction": "from-lport", "match": "inport == @pvlan_pg_drop && ip", "priority": 1010}, "uuid-name": "pvlandropfromport"}, {"op": "insert", "table": "Port_Group", "row": {"name": "pvlan_pg_drop", "acls": ["set", [["named-uuid", "pvlandroptoport"], ["named-uuid", "pvlandropfromport"]]]}}]" returned: 0 in 0.029s {{(pid=87631) execute /opt/stack/data/venv/lib/python3.12/site-packages/oslo_concurrency/processutils.py:468}}
Aug 12 17:18:14.758845 np0000007076 devstack@neutron-api.service[87631]: WSGI app 0 (mountpoint='') ready in 6 seconds on interpreter 0x7d2bf24a4668 pid: 87631 (default app)
Aug 12 17:18:14.783314 np0000007076 devstack@neutron-api.service[87630]: DEBUG ovsdbapp.backend.ovs_idl [None req-c06d56e8-4342-408b-900a-f4e8897451d0 None None] Created lookup_table index Chassis.name {{(pid=87630) autocreate_indices /opt/stack/data/venv/lib/python3.12/site-packages/ovsdbapp/backend/ovs_idl/__init__.py:87}}
Aug 12 17:18:14.783570 np0000007076 devstack@neutron-api.service[87630]: DEBUG ovsdbapp.backend.ovs_idl [None req-c06d56e8-4342-408b-900a-f4e8897451d0 None None] Created lookup_table index Port_Binding.logical_port {{(pid=87630) autocreate_indices /opt/stack/data/venv/lib/python3.12/site-packages/ovsdbapp/backend/ovs_idl/__init__.py:87}}
Aug 12 17:18:14.783801 np0000007076 devstack@neutron-api.service[87630]: DEBUG ovsdbapp.backend.ovs_idl [None req-c06d56e8-4342-408b-900a-f4e8897451d0 None None] Created schema index Chassis_Private.name {{(pid=87630) autocreate_indices /opt/stack/data/venv/lib/python3.12/site-packages/ovsdbapp/backend/ovs_idl/__init__.py:106}}
Aug 12 17:18:14.783977 np0000007076 devstack@neutron-api.service[87630]: DEBUG ovsdbapp.backend.ovs_idl [None req-c06d56e8-4342-408b-900a-f4e8897451d0 None None] Created schema index Datapath_Binding.tunnel_key {{(pid=87630) autocreate_indices /opt/stack/data/venv/lib/python3.12/site-packages/ovsdbapp/backend/ovs_idl/__init__.py:106}}
Aug 12 17:18:14.787353 np0000007076 devstack@neutron-api.service[87630]: INFO ovsdbapp.backend.ovs_idl.vlog [None req-c06d56e8-4342-408b-900a-f4e8897451d0 None None] ssl:10.4.3.155:6642: connecting...
Aug 12 17:18:14.793058 np0000007076 devstack@neutron-api.service[87630]: INFO ovsdbapp.backend.ovs_idl.vlog [None req-c06d56e8-4342-408b-900a-f4e8897451d0 None None] ssl:10.4.3.155:6642: connected
Aug 12 17:18:14.828679 np0000007076 devstack@neutron-api.service[87630]: DEBUG neutron.common.ovn.hash_ring_manager [None req-c06d56e8-4342-408b-900a-f4e8897451d0 None None] Allow caching, nodes 3>=3 {{(pid=87630) _wait_startup_before_caching /opt/stack/neutron/neutron/common/ovn/hash_ring_manager.py:71}}
Aug 12 17:18:14.836098 np0000007076 devstack@neutron-api.service[87630]: DEBUG neutron.common.ovn.hash_ring_manager [None req-c06d56e8-4342-408b-900a-f4e8897451d0 None None] Hash Ring loaded. 3 active nodes. 0 offline nodes {{(pid=87630) _load_hash_ring /opt/stack/neutron/neutron/common/ovn/hash_ring_manager.py:110}}
Aug 12 17:18:14.837001 np0000007076 devstack@neutron-api.service[87630]: DEBUG ovsdbapp.backend.ovs_idl.event [None req-c06d56e8-4342-408b-900a-f4e8897451d0 None None] Matched CREATE: ChassisAgentWriteEvent(events=('create', 'update'), table='Chassis_Private', conditions=None, old_conditions=None), priority=20 to row=Chassis_Private(uuid=826e82af-583a-4998-a5de-d2a6325f173f, chassis=47fd3533-2b64-4ead-be49-b24302f60201, external_ids={'neutron:ovn-bridge': 'br-int', 'neutron:ovn-neutron-agent-id': 'eb65945d-5385-5552-81c1-447059940c70', 'neutron:ovn-neutron-agent-sb-cfg': '0'}, name='2b20779e-00ff-42af-b6ff-0021448ac8f4', nb_cfg=0, nb_cfg_timestamp=0) old= {{(pid=87630) matches /opt/stack/data/venv/lib/python3.12/site-packages/ovsdbapp/backend/ovs_idl/event.py:55}}
Aug 12 17:18:14.837641 np0000007076 devstack@neutron-api.service[87630]: DEBUG ovsdbapp.backend.ovs_idl.event [None req-c06d56e8-4342-408b-900a-f4e8897451d0 None None] Matched CREATE: ChassisOVNAgentWriteEvent(events=('create', 'update'), table='Chassis_Private', conditions=None, old_conditions=None), priority=20 to row=Chassis_Private(uuid=826e82af-583a-4998-a5de-d2a6325f173f, chassis=47fd3533-2b64-4ead-be49-b24302f60201, external_ids={'neutron:ovn-bridge': 'br-int', 'neutron:ovn-neutron-agent-id': 'eb65945d-5385-5552-81c1-447059940c70', 'neutron:ovn-neutron-agent-sb-cfg': '0'}, name='2b20779e-00ff-42af-b6ff-0021448ac8f4', nb_cfg=0, nb_cfg_timestamp=0) old= {{(pid=87630) matches /opt/stack/data/venv/lib/python3.12/site-packages/ovsdbapp/backend/ovs_idl/event.py:55}}
Aug 12 17:18:14.840061 np0000007076 devstack@neutron-api.service[87630]: INFO neutron.plugins.ml2.drivers.ovn.mech_driver.mech_driver [None req-c06d56e8-4342-408b-900a-f4e8897451d0 None None] WorkerService process has finished the post initialization
Aug 12 17:18:14.840772 np0000007076 devstack@neutron-api.service[87630]: DEBUG oslo_concurrency.processutils [None req-c06d56e8-4342-408b-900a-f4e8897451d0 None None] Running cmd (subprocess): ovsdb-client transact ssl:10.4.3.155:6641 --timeout 180 -p /opt/stack/data/CA/int-ca/private/devstack-cert.key -c /opt/stack/data/CA/int-ca/devstack-cert.crt -C /opt/stack/data/CA/int-ca/ca-chain.pem ["OVN_Northbound", {"op": "wait", "timeout": 0, "table": "Port_Group", "where": [["name", "==", "pvlan_pg_drop"]], "until": "==", "rows": []}, {"op": "insert", "table": "ACL", "row": {"action": "drop", "direction": "to-lport", "match": "outport == @pvlan_pg_drop && ip", "priority": 1010}, "uuid-name": "pvlandroptoport"}, {"op": "insert", "table": "ACL", "row": {"action": "drop", "direction": "from-lport", "match": "inport == @pvlan_pg_drop && ip", "priority": 1010}, "uuid-name": "pvlandropfromport"}, {"op": "insert", "table": "Port_Group", "row": {"name": "pvlan_pg_drop", "acls": ["set", [["named-uuid", "pvlandroptoport"], ["named-uuid", "pvlandropfromport"]]]}}] {{(pid=87630) execute /opt/stack/data/venv/lib/python3.12/site-packages/oslo_concurrency/processutils.py:440}}
Aug 12 17:18:14.866687 np0000007076 devstack@neutron-api.service[87630]: DEBUG oslo_concurrency.processutils [None req-c06d56e8-4342-408b-900a-f4e8897451d0 None None] CMD "ovsdb-client transact ssl:10.4.3.155:6641 --timeout 180 -p /opt/stack/data/CA/int-ca/private/devstack-cert.key -c /opt/stack/data/CA/int-ca/devstack-cert.crt -C /opt/stack/data/CA/int-ca/ca-chain.pem ["OVN_Northbound", {"op": "wait", "timeout": 0, "table": "Port_Group", "where": [["name", "==", "pvlan_pg_drop"]], "until": "==", "rows": []}, {"op": "insert", "table": "ACL", "row": {"action": "drop", "direction": "to-lport", "match": "outport == @pvlan_pg_drop && ip", "priority": 1010}, "uuid-name": "pvlandroptoport"}, {"op": "insert", "table": "ACL", "row": {"action": "drop", "direction": "from-lport", "match": "inport == @pvlan_pg_drop && ip", "priority": 1010}, "uuid-name": "pvlandropfromport"}, {"op": "insert", "table": "Port_Group", "row": {"name": "pvlan_pg_drop", "acls": ["set", [["named-uuid", "pvlandroptoport"], ["named-uuid", "pvlandropfromport"]]]}}]" returned: 0 in 0.026s {{(pid=87630) execute /opt/stack/data/venv/lib/python3.12/site-packages/oslo_concurrency/processutils.py:468}}
Aug 12 17:18:14.868780 np0000007076 devstack@neutron-api.service[87630]: WSGI app 0 (mountpoint='') ready in 6 seconds on interpreter 0x7d2bf24a4668 pid: 87630 (default app)
Aug 12 17:18:15.376104 np0000007076 devstack@neutron-api.service[87630]: DEBUG neutron.plugins.ml2.drivers.ovn.mech_driver.ovsdb.ovsdb_monitor [-] Hash Ring: Node 8183ae244b27549aa352f79ef0d9eb6d (host: np0000007076) handling event "update" for row 08a8b06a-e50f-40fc-965d-7cc55116fb88 (table: Connection) {{(pid=87630) notify /opt/stack/neutron/neutron/plugins/ml2/drivers/ovn/mech_driver/ovsdb/ovsdb_monitor.py:1099}}
Aug 12 17:18:15.377950 np0000007076 devstack@neutron-api.service[87632]: DEBUG neutron.common.ovn.hash_ring_manager [-] Allow caching, nodes 3>=3 {{(pid=87632) _wait_startup_before_caching /opt/stack/neutron/neutron/common/ovn/hash_ring_manager.py:71}}
Aug 12 17:18:15.378439 np0000007076 devstack@neutron-api.service[87632]: DEBUG neutron.plugins.ml2.drivers.ovn.mech_driver.ovsdb.ovsdb_monitor [-] Hash Ring: Node 9ffd86e11295578b8a9546688ace2310 (host: np0000007076) handling event "update" for row 08a8b06a-e50f-40fc-965d-7cc55116fb88 (table: Connection) {{(pid=87632) notify /opt/stack/neutron/neutron/plugins/ml2/drivers/ovn/mech_driver/ovsdb/ovsdb_monitor.py:1099}}
Aug 12 17:18:17.873839 np0000007076 devstack@neutron-api.service[87630]: DEBUG neutron.plugins.ml2.drivers.ovn.mech_driver.ovsdb.ovsdb_monitor [-] Hash Ring: Node 8183ae244b27549aa352f79ef0d9eb6d (host: np0000007076) handling event "update" for row 08a8b06a-e50f-40fc-965d-7cc55116fb88 (table: Connection) {{(pid=87630) notify /opt/stack/neutron/neutron/plugins/ml2/drivers/ovn/mech_driver/ovsdb/ovsdb_monitor.py:1099}}
Aug 12 17:18:17.875165 np0000007076 devstack@neutron-api.service[87632]: DEBUG neutron.plugins.ml2.drivers.ovn.mech_driver.ovsdb.ovsdb_monitor [-] Hash Ring: Node 9ffd86e11295578b8a9546688ace2310 (host: np0000007076) handling event "update" for row 08a8b06a-e50f-40fc-965d-7cc55116fb88 (table: Connection) {{(pid=87632) notify /opt/stack/neutron/neutron/plugins/ml2/drivers/ovn/mech_driver/ovsdb/ovsdb_monitor.py:1099}}
Aug 12 17:18:18.587839 np0000007076 devstack@neutron-api.service[87632]: DEBUG neutron.api.wsgi [None req-9c3fc496-20e2-445a-95f3-5edd321de6cd admin admin] Missing Content-Type {{(pid=87632) get_content_type /opt/stack/neutron/neutron/api/wsgi.py:80}}
Aug 12 17:18:18.588328 np0000007076 devstack@neutron-api.service[87632]: DEBUG neutron.api.wsgi [None req-9c3fc496-20e2-445a-95f3-5edd321de6cd admin admin] https://10.4.3.155/networking/v2.0/extensions returned with HTTP 200 {{(pid=87632) __call__ /opt/stack/neutron/neutron/api/wsgi.py:540}}
Aug 12 17:18:18.588721 np0000007076 devstack@neutron-api.service[87632]: [pid: 87632|app: 0|req: 2/2] 10.4.3.155 () {64 vars in 1292 bytes} [Wed Aug 12 17:18:18 2026] GET /networking/v2.0/extensions => generated 16171 bytes in 535 msecs (HTTP/1.1 200) 4 headers in 159 bytes (1 switches on core 0)
Aug 12 17:18:18.938420 np0000007076 devstack@neutron-api.service[87631]: DEBUG neutron.api.v2.base [None req-71973b13-9be0-480f-9918-d1365caca853 admin admin] Request body: {'subnetpool': {'default_prefixlen': 26, 'shared': True, 'is_default': True, 'name': 'shared-default-subnetpool-v4', 'prefixes': ['10.1.0.0/20']}} {{(pid=87631) prepare_request_body /opt/stack/neutron/neutron/api/v2/base.py:727}}
Aug 12 17:18:19.142985 np0000007076 devstack@neutron-api.service[87631]: DEBUG neutron.policy [None req-71973b13-9be0-480f-9918-d1365caca853 admin admin] Loaded default policies from ['neutron'] under neutron.policies entry points {{(pid=87631) register_rules /opt/stack/neutron/neutron/policy.py:65}}
Aug 12 17:18:19.278272 np0000007076 devstack@neutron-api.service[87631]: DEBUG neutron_lib.callbacks.manager [None req-71973b13-9be0-480f-9918-d1365caca853 admin admin] Publish callbacks ['neutron.objects.securitygroup.RbacNeutronDbObjectMixin.validate_rbac_policy_change-2662563645146', 'neutron.objects.address_group.RbacNeutronDbObjectMixin.validate_rbac_policy_change-2662563667944', 'neutron.objects.network.RbacNeutronDbObjectMixin.validate_rbac_policy_change-2662564410429', 'neutron.objects.qos.policy.RbacNeutronDbObjectMixin.validate_rbac_policy_change-2662564426226', 'neutron.objects.subnetpool.RbacNeutronDbObjectMixin.validate_rbac_policy_change-2662564369269', 'neutron.objects.address_scope.RbacNeutronDbObjectMixin.validate_rbac_policy_change-2662564420687', 'neutron.plugins.ml2.plugin.External_net_db_mixin._process_ext_policy_create-993509', 'neutron.plugins.ml2.plugin.NeutronDbPluginV2.validate_network_rbac_policy_change-1002745'] for rbac-policy (None), before_create {{(pid=87631) _notify_loop /opt/stack/data/venv/lib/python3.12/site-packages/neutron_lib/callbacks/manager.py:184}}
Aug 12 17:18:19.314746 np0000007076 devstack@neutron-api.service[87631]: DEBUG neutron_lib.callbacks.manager [None req-71973b13-9be0-480f-9918-d1365caca853 admin admin] Publish callbacks [] for subnetpool (None), before_response {{(pid=87631) _notify_loop /opt/stack/data/venv/lib/python3.12/site-packages/neutron_lib/callbacks/manager.py:184}}
Aug 12 17:18:19.315215 np0000007076 devstack@neutron-api.service[87631]: [pid: 87631|app: 0|req: 1/3] 10.4.3.155 () {68 vars in 1336 bytes} [Wed Aug 12 17:18:18 2026] POST /networking/v2.0/subnetpools => generated 533 bytes in 465 msecs (HTTP/1.1 201) 4 headers in 162 bytes (1 switches on core 0)
Aug 12 17:18:19.611173 np0000007076 devstack@neutron-api.service[87630]: DEBUG neutron.api.v2.base [None req-1df9ecb3-e648-41ac-8a29-8d5a60920e9b admin admin] Request body: {'subnetpool': {'default_prefixlen': 64, 'shared': True, 'is_default': True, 'name': 'shared-default-subnetpool-v6', 'prefixes': ['fd70:c39d:9f06::/56']}} {{(pid=87630) prepare_request_body /opt/stack/neutron/neutron/api/v2/base.py:727}}
Aug 12 17:18:19.787710 np0000007076 devstack@neutron-api.service[87630]: DEBUG neutron.policy [None req-1df9ecb3-e648-41ac-8a29-8d5a60920e9b admin admin] Loaded default policies from ['neutron'] under neutron.policies entry points {{(pid=87630) register_rules /opt/stack/neutron/neutron/policy.py:65}}
Aug 12 17:18:19.911305 np0000007076 devstack@neutron-api.service[87630]: DEBUG neutron_lib.callbacks.manager [None req-1df9ecb3-e648-41ac-8a29-8d5a60920e9b admin admin] Publish callbacks ['neutron.objects.securitygroup.RbacNeutronDbObjectMixin.validate_rbac_policy_change-2662563788956', 'neutron.objects.address_group.RbacNeutronDbObjectMixin.validate_rbac_policy_change-2662563667349', 'neutron.objects.network.RbacNeutronDbObjectMixin.validate_rbac_policy_change-2662564405341', 'neutron.objects.qos.policy.RbacNeutronDbObjectMixin.validate_rbac_policy_change-2662564412693', 'neutron.objects.subnetpool.RbacNeutronDbObjectMixin.validate_rbac_policy_change-2662564420097', 'neutron.objects.address_scope.RbacNeutronDbObjectMixin.validate_rbac_policy_change-2662564389660', 'neutron.plugins.ml2.plugin.External_net_db_mixin._process_ext_policy_create-117313', 'neutron.plugins.ml2.plugin.NeutronDbPluginV2.validate_network_rbac_policy_change-123545'] for rbac-policy (None), before_create {{(pid=87630) _notify_loop /opt/stack/data/venv/lib/python3.12/site-packages/neutron_lib/callbacks/manager.py:184}}
Aug 12 17:18:19.946706 np0000007076 devstack@neutron-api.service[87630]: DEBUG neutron_lib.callbacks.manager [None req-1df9ecb3-e648-41ac-8a29-8d5a60920e9b admin admin] Publish callbacks [] for subnetpool (None), before_response {{(pid=87630) _notify_loop /opt/stack/data/venv/lib/python3.12/site-packages/neutron_lib/callbacks/manager.py:184}}
Aug 12 17:18:19.947414 np0000007076 devstack@neutron-api.service[87630]: [pid: 87630|app: 0|req: 1/4] 10.4.3.155 () {68 vars in 1336 bytes} [Wed Aug 12 17:18:19 2026] POST /networking/v2.0/subnetpools => generated 543 bytes in 424 msecs (HTTP/1.1 201) 4 headers in 162 bytes (1 switches on core 0)
Aug 12 17:18:20.162105 np0000007076 devstack@neutron-api.service[87632]: DEBUG neutron.api.v2.base [None req-261c4d30-8ec9-4a8a-aaa8-81a469c94fcf admin admin] Request body: {'network': {'name': 'private', 'admin_state_up': True}} {{(pid=87632) prepare_request_body /opt/stack/neutron/neutron/api/v2/base.py:727}}
Aug 12 17:18:20.188264 np0000007076 devstack@neutron-api.service[87632]: DEBUG neutron.pecan_wsgi.hooks.quota_enforcement [None req-261c4d30-8ec9-4a8a-aaa8-81a469c94fcf admin admin] Made reservation on behalf of 29e8bf2b7397481eba4570fc0bc56de4 for: {'network': 1} {{(pid=87632) before /opt/stack/neutron/neutron/pecan_wsgi/hooks/quota_enforcement.py:66}}
Aug 12 17:18:20.342544 np0000007076 devstack@neutron-api.service[87632]: DEBUG neutron.policy [None req-261c4d30-8ec9-4a8a-aaa8-81a469c94fcf admin admin] Loaded default policies from ['neutron'] under neutron.policies entry points {{(pid=87632) register_rules /opt/stack/neutron/neutron/policy.py:65}}
Aug 12 17:18:20.437210 np0000007076 devstack@neutron-api.service[87632]: DEBUG neutron_lib.callbacks.manager [None req-261c4d30-8ec9-4a8a-aaa8-81a469c94fcf admin admin] Publish callbacks ['neutron.plugins.ml2.plugin.SecurityGroupDbMixin._ensure_default_security_group_handler-994242'] for network (None), before_create {{(pid=87632) _notify_loop /opt/stack/data/venv/lib/python3.12/site-packages/neutron_lib/callbacks/manager.py:184}}
Aug 12 17:18:20.455834 np0000007076 devstack@neutron-api.service[87632]: DEBUG neutron_lib.callbacks.manager [None req-261c4d30-8ec9-4a8a-aaa8-81a469c94fcf admin admin] Publish callbacks [] for security_group (None), before_create {{(pid=87632) _notify_loop /opt/stack/data/venv/lib/python3.12/site-packages/neutron_lib/callbacks/manager.py:184}}
Aug 12 17:18:20.553106 np0000007076 devstack@neutron-api.service[87632]: DEBUG neutron_lib.callbacks.manager [None req-261c4d30-8ec9-4a8a-aaa8-81a469c94fcf admin admin] Publish callbacks ['neutron.plugins.ml2.drivers.ovn.mech_driver.mech_driver.OVNMechanismDriver._create_security_group_precommit-222659'] for security_group (101c2c10-f9d9-4014-adfa-a5a6bb0bd92a), precommit_create {{(pid=87632) _notify_loop /opt/stack/data/venv/lib/python3.12/site-packages/neutron_lib/callbacks/manager.py:184}}
Aug 12 17:18:20.553298 np0000007076 devstack@neutron-api.service[87632]: DEBUG neutron.db.ovn_revision_numbers_db [None req-261c4d30-8ec9-4a8a-aaa8-81a469c94fcf admin admin] create_initial_revision uuid=101c2c10-f9d9-4014-adfa-a5a6bb0bd92a, type=security_groups, rev=-1 {{(pid=87632) create_initial_revision /opt/stack/neutron/neutron/db/ovn_revision_numbers_db.py:98}}
Aug 12 17:18:20.555886 np0000007076 devstack@neutron-api.service[87632]: DEBUG neutron.db.ovn_revision_numbers_db [None req-261c4d30-8ec9-4a8a-aaa8-81a469c94fcf admin admin] create_initial_revision uuid=3622a2dc-a0cd-4f6a-aeb5-fbf90f9a0670, type=security_group_rules, rev=-1 {{(pid=87632) create_initial_revision /opt/stack/neutron/neutron/db/ovn_revision_numbers_db.py:98}}
Aug 12 17:18:20.557211 np0000007076 devstack@neutron-api.service[87632]: DEBUG neutron.db.ovn_revision_numbers_db [None req-261c4d30-8ec9-4a8a-aaa8-81a469c94fcf admin admin] create_initial_revision uuid=6cd1feea-3c20-4ad4-a84f-458b772ab1ae, type=security_group_rules, rev=-1 {{(pid=87632) create_initial_revision /opt/stack/neutron/neutron/db/ovn_revision_numbers_db.py:98}}
Aug 12 17:18:20.558509 np0000007076 devstack@neutron-api.service[87632]: DEBUG neutron.db.ovn_revision_numbers_db [None req-261c4d30-8ec9-4a8a-aaa8-81a469c94fcf admin admin] create_initial_revision uuid=db046245-9e4b-4a43-85cf-f27ad7af1de6, type=security_group_rules, rev=-1 {{(pid=87632) create_initial_revision /opt/stack/neutron/neutron/db/ovn_revision_numbers_db.py:98}}
Aug 12 17:18:20.560115 np0000007076 devstack@neutron-api.service[87632]: DEBUG neutron.db.ovn_revision_numbers_db [None req-261c4d30-8ec9-4a8a-aaa8-81a469c94fcf admin admin] create_initial_revision uuid=f05b5f81-6997-4296-a4ca-f6c4f7cf025c, type=security_group_rules, rev=-1 {{(pid=87632) create_initial_revision /opt/stack/neutron/neutron/db/ovn_revision_numbers_db.py:98}}
Aug 12 17:18:20.566266 np0000007076 devstack@neutron-api.service[87632]: DEBUG neutron_lib.callbacks.manager [None req-261c4d30-8ec9-4a8a-aaa8-81a469c94fcf admin admin] Publish callbacks ['neutron.plugins.ml2.drivers.ovn.mech_driver.mech_driver.OVNMechanismDriver._create_security_group-222669', 'neutron.plugins.ml2.ovo_rpc._ObjectChangeHandler.handle_event-1513614'] for security_group (101c2c10-f9d9-4014-adfa-a5a6bb0bd92a), after_create {{(pid=87632) _notify_loop /opt/stack/data/venv/lib/python3.12/site-packages/neutron_lib/callbacks/manager.py:184}}
Aug 12 17:18:20.567693 np0000007076 devstack@neutron-api.service[87632]: DEBUG ovsdbapp.backend.ovs_idl.transaction [-] Running txn n=1 command(idx=0): PgAddCommand(_result=None, name=pg_101c2c10_f9d9_4014_adfa_a5a6bb0bd92a, may_exist=False, columns={'acls': [], 'external_ids': {'neutron:security_group_id': '101c2c10-f9d9-4014-adfa-a5a6bb0bd92a'}}) {{(pid=87632) do_commit /opt/stack/data/venv/lib/python3.12/site-packages/ovsdbapp/backend/ovs_idl/transaction.py:89}}
Aug 12 17:18:20.568409 np0000007076 devstack@neutron-api.service[87632]: DEBUG ovsdbapp.backend.ovs_idl.transaction [-] Running txn n=1 command(idx=1): PgAclAddCommand(_result=None, entity=pg_101c2c10_f9d9_4014_adfa_a5a6bb0bd92a, direction=to-lport, priority=1002, match=outport == @pg_101c2c10_f9d9_4014_adfa_a5a6bb0bd92a && ip4 && ip4.src == $pg_101c2c10_f9d9_4014_adfa_a5a6bb0bd92a_ip4, action=allow-related, log=False, may_exist=True, severity=[], name=[], meter=[], external_ids={'neutron:security_group_rule_id': '3622a2dc-a0cd-4f6a-aeb5-fbf90f9a0670'}) {{(pid=87632) do_commit /opt/stack/data/venv/lib/python3.12/site-packages/ovsdbapp/backend/ovs_idl/transaction.py:89}}
Aug 12 17:18:20.568823 np0000007076 devstack@neutron-api.service[87632]: DEBUG ovsdbapp.backend.ovs_idl.transaction [-] Running txn n=1 command(idx=2): PgAclAddCommand(_result=None, entity=pg_101c2c10_f9d9_4014_adfa_a5a6bb0bd92a, direction=from-lport, priority=1002, match=inport == @pg_101c2c10_f9d9_4014_adfa_a5a6bb0bd92a && ip4, action=allow-related, log=False, may_exist=True, severity=[], name=[], meter=[], external_ids={'neutron:security_group_rule_id': '6cd1feea-3c20-4ad4-a84f-458b772ab1ae'}) {{(pid=87632) do_commit /opt/stack/data/venv/lib/python3.12/site-packages/ovsdbapp/backend/ovs_idl/transaction.py:89}}
Aug 12 17:18:20.569090 np0000007076 devstack@neutron-api.service[87632]: DEBUG ovsdbapp.backend.ovs_idl.transaction [-] Running txn n=1 command(idx=3): PgAclAddCommand(_result=None, entity=pg_101c2c10_f9d9_4014_adfa_a5a6bb0bd92a, direction=from-lport, priority=1002, match=inport == @pg_101c2c10_f9d9_4014_adfa_a5a6bb0bd92a && ip6, action=allow-related, log=False, may_exist=True, severity=[], name=[], meter=[], external_ids={'neutron:security_group_rule_id': 'db046245-9e4b-4a43-85cf-f27ad7af1de6'}) {{(pid=87632) do_commit /opt/stack/data/venv/lib/python3.12/site-packages/ovsdbapp/backend/ovs_idl/transaction.py:89}}
Aug 12 17:18:20.569323 np0000007076 devstack@neutron-api.service[87632]: DEBUG ovsdbapp.backend.ovs_idl.transaction [-] Running txn n=1 command(idx=4): PgAclAddCommand(_result=None, entity=pg_101c2c10_f9d9_4014_adfa_a5a6bb0bd92a, direction=to-lport, priority=1002, match=outport == @pg_101c2c10_f9d9_4014_adfa_a5a6bb0bd92a && ip6 && ip6.src == $pg_101c2c10_f9d9_4014_adfa_a5a6bb0bd92a_ip6, action=allow-related, log=False, may_exist=True, severity=[], name=[], meter=[], external_ids={'neutron:security_group_rule_id': 'f05b5f81-6997-4296-a4ca-f6c4f7cf025c'}) {{(pid=87632) do_commit /opt/stack/data/venv/lib/python3.12/site-packages/ovsdbapp/backend/ovs_idl/transaction.py:89}}
Aug 12 17:18:20.577931 np0000007076 devstack@neutron-api.service[87632]: DEBUG neutron.plugins.ml2.drivers.ovn.mech_driver.ovsdb.ovsdb_monitor [-] Hash Ring: Node 9ffd86e11295578b8a9546688ace2310 (host: np0000007076) handling event "create" for row 27eb9b1d-253b-4d32-886a-a8085648adf6 (table: ACL) {{(pid=87632) notify /opt/stack/neutron/neutron/plugins/ml2/drivers/ovn/mech_driver/ovsdb/ovsdb_monitor.py:1099}}
Aug 12 17:18:20.578188 np0000007076 devstack@neutron-api.service[87632]: DEBUG neutron.plugins.ml2.drivers.ovn.mech_driver.ovsdb.ovsdb_monitor [-] Hash Ring: Node 9ffd86e11295578b8a9546688ace2310 (host: np0000007076) handling event "create" for row 3929f3c0-feca-49a6-b8bc-c12ef7507439 (table: ACL) {{(pid=87632) notify /opt/stack/neutron/neutron/plugins/ml2/drivers/ovn/mech_driver/ovsdb/ovsdb_monitor.py:1099}}
Aug 12 17:18:20.578390 np0000007076 devstack@neutron-api.service[87632]: DEBUG neutron.plugins.ml2.drivers.ovn.mech_driver.ovsdb.ovsdb_monitor [-] Hash Ring: Node 9ffd86e11295578b8a9546688ace2310 (host: np0000007076) handling event "create" for row 8c4ae5f3-f32a-47f7-aa6a-3d8575c93240 (table: ACL) {{(pid=87632) notify /opt/stack/neutron/neutron/plugins/ml2/drivers/ovn/mech_driver/ovsdb/ovsdb_monitor.py:1099}}
Aug 12 17:18:20.578478 np0000007076 devstack@neutron-api.service[87630]: DEBUG neutron.plugins.ml2.drivers.ovn.mech_driver.ovsdb.ovsdb_monitor [-] Hash Ring: Node 8183ae244b27549aa352f79ef0d9eb6d (host: np0000007076) handling event "create" for row 27eb9b1d-253b-4d32-886a-a8085648adf6 (table: ACL) {{(pid=87630) notify /opt/stack/neutron/neutron/plugins/ml2/drivers/ovn/mech_driver/ovsdb/ovsdb_monitor.py:1099}}
Aug 12 17:18:20.578694 np0000007076 devstack@neutron-api.service[87632]: DEBUG neutron.plugins.ml2.drivers.ovn.mech_driver.ovsdb.ovsdb_monitor [-] Hash Ring: Node 9ffd86e11295578b8a9546688ace2310 (host: np0000007076) handling event "create" for row c4eaafaa-ff90-4d6c-b0a7-3b153459376c (table: ACL) {{(pid=87632) notify /opt/stack/neutron/neutron/plugins/ml2/drivers/ovn/mech_driver/ovsdb/ovsdb_monitor.py:1099}}
Aug 12 17:18:20.578763 np0000007076 devstack@neutron-api.service[87630]: DEBUG neutron.plugins.ml2.drivers.ovn.mech_driver.ovsdb.ovsdb_monitor [-] Hash Ring: Node 8183ae244b27549aa352f79ef0d9eb6d (host: np0000007076) handling event "create" for row 8c4ae5f3-f32a-47f7-aa6a-3d8575c93240 (table: ACL) {{(pid=87630) notify /opt/stack/neutron/neutron/plugins/ml2/drivers/ovn/mech_driver/ovsdb/ovsdb_monitor.py:1099}}
Aug 12 17:18:20.578893 np0000007076 devstack@neutron-api.service[87632]: DEBUG neutron.plugins.ml2.drivers.ovn.mech_driver.ovsdb.ovsdb_monitor [-] Hash Ring: Node 9ffd86e11295578b8a9546688ace2310 (host: np0000007076) handling event "create" for row e0c76f50-7ddc-492d-ae85-c1914bc91587 (table: Port_Group) {{(pid=87632) notify /opt/stack/neutron/neutron/plugins/ml2/drivers/ovn/mech_driver/ovsdb/ovsdb_monitor.py:1099}}
Aug 12 17:18:20.578957 np0000007076 devstack@neutron-api.service[87630]: DEBUG neutron.plugins.ml2.drivers.ovn.mech_driver.ovsdb.ovsdb_monitor [-] Hash Ring: Node 8183ae244b27549aa352f79ef0d9eb6d (host: np0000007076) handling event "create" for row c4eaafaa-ff90-4d6c-b0a7-3b153459376c (table: ACL) {{(pid=87630) notify /opt/stack/neutron/neutron/plugins/ml2/drivers/ovn/mech_driver/ovsdb/ovsdb_monitor.py:1099}}
Aug 12 17:18:20.579118 np0000007076 devstack@neutron-api.service[87630]: DEBUG neutron.plugins.ml2.drivers.ovn.mech_driver.ovsdb.ovsdb_monitor [-] Hash Ring: Node 8183ae244b27549aa352f79ef0d9eb6d (host: np0000007076) handling event "create" for row e0c76f50-7ddc-492d-ae85-c1914bc91587 (table: Port_Group) {{(pid=87630) notify /opt/stack/neutron/neutron/plugins/ml2/drivers/ovn/mech_driver/ovsdb/ovsdb_monitor.py:1099}}
Aug 12 17:18:20.607908 np0000007076 devstack@neutron-api.service[87632]: INFO neutron.db.ovn_revision_numbers_db [None req-261c4d30-8ec9-4a8a-aaa8-81a469c94fcf admin admin] Successfully bumped revision number for resource 101c2c10-f9d9-4014-adfa-a5a6bb0bd92a (type: security_groups) to 1
Aug 12 17:18:20.630980 np0000007076 devstack@neutron-api.service[87632]: INFO neutron.db.ovn_revision_numbers_db [None req-261c4d30-8ec9-4a8a-aaa8-81a469c94fcf admin admin] Successfully bumped revision number for resource 3622a2dc-a0cd-4f6a-aeb5-fbf90f9a0670 (type: security_group_rules) to 0
Aug 12 17:18:20.641988 np0000007076 devstack@neutron-api.service[87632]: INFO neutron.db.ovn_revision_numbers_db [None req-261c4d30-8ec9-4a8a-aaa8-81a469c94fcf admin admin] Successfully bumped revision number for resource 6cd1feea-3c20-4ad4-a84f-458b772ab1ae (type: security_group_rules) to 0
Aug 12 17:18:20.653851 np0000007076 devstack@neutron-api.service[87632]: INFO neutron.db.ovn_revision_numbers_db [None req-261c4d30-8ec9-4a8a-aaa8-81a469c94fcf admin admin] Successfully bumped revision number for resource db046245-9e4b-4a43-85cf-f27ad7af1de6 (type: security_group_rules) to 0
Aug 12 17:18:20.665161 np0000007076 devstack@neutron-api.service[87632]: INFO neutron.db.ovn_revision_numbers_db [None req-261c4d30-8ec9-4a8a-aaa8-81a469c94fcf admin admin] Successfully bumped revision number for resource f05b5f81-6997-4296-a4ca-f6c4f7cf025c (type: security_group_rules) to 0
Aug 12 17:18:20.685071 np0000007076 devstack@neutron-api.service[87632]: DEBUG neutron.api.rpc.handlers.resources_rpc [None req-261c4d30-8ec9-4a8a-aaa8-81a469c94fcf admin admin] Pushing event updated for resources: {'SecurityGroup': ['ID=101c2c10-f9d9-4014-adfa-a5a6bb0bd92a,revision_number=1']} {{(pid=87632) push /opt/stack/neutron/neutron/api/rpc/handlers/resources_rpc.py:237}}
Aug 12 17:18:20.691492 np0000007076 devstack@neutron-api.service[87632]: DEBUG ovsdbapp.backend.ovs_idl.transaction [-] Running txn n=1 command(idx=0): CheckLivenessCommand(_result=None) {{(pid=87632) do_commit /opt/stack/data/venv/lib/python3.12/site-packages/ovsdbapp/backend/ovs_idl/transaction.py:89}}
Aug 12 17:18:20.693219 np0000007076 devstack@neutron-api.service[87632]: DEBUG neutron.plugins.ml2.drivers.ovn.mech_driver.ovsdb.ovsdb_monitor [-] Hash Ring: Node 9ffd86e11295578b8a9546688ace2310 (host: np0000007076) handling event "update" for row 3b4657d1-0d7a-40d8-9fc6-68af33b29f2a (table: NB_Global) {{(pid=87632) notify /opt/stack/neutron/neutron/plugins/ml2/drivers/ovn/mech_driver/ovsdb/ovsdb_monitor.py:1099}}
Aug 12 17:18:20.694464 np0000007076 devstack@neutron-api.service[87631]: DEBUG neutron.plugins.ml2.drivers.ovn.mech_driver.ovsdb.ovsdb_monitor [-] Hash Ring: Node 3a128d63bc3e5530ae2b8411226ab394 (host: np0000007076) handling event "update" for row 3b4657d1-0d7a-40d8-9fc6-68af33b29f2a (table: NB_Global) {{(pid=87631) notify /opt/stack/neutron/neutron/plugins/ml2/drivers/ovn/mech_driver/ovsdb/ovsdb_monitor.py:1099}}
Aug 12 17:18:20.695256 np0000007076 devstack@neutron-api.service[87630]: DEBUG neutron.plugins.ml2.drivers.ovn.mech_driver.ovsdb.ovsdb_monitor [-] Hash Ring: Node 8183ae244b27549aa352f79ef0d9eb6d (host: np0000007076) handling event "update" for row 3b4657d1-0d7a-40d8-9fc6-68af33b29f2a (table: NB_Global) {{(pid=87630) notify /opt/stack/neutron/neutron/plugins/ml2/drivers/ovn/mech_driver/ovsdb/ovsdb_monitor.py:1099}}
Aug 12 17:18:20.695536 np0000007076 devstack@neutron-api.service[87631]: DEBUG neutron.plugins.ml2.drivers.ovn.mech_driver.ovsdb.ovsdb_monitor [-] Hash Ring: Node 3a128d63bc3e5530ae2b8411226ab394 (host: np0000007076) handling event "update" for row 3b4657d1-0d7a-40d8-9fc6-68af33b29f2a (table: NB_Global) {{(pid=87631) notify /opt/stack/neutron/neutron/plugins/ml2/drivers/ovn/mech_driver/ovsdb/ovsdb_monitor.py:1099}}
Aug 12 17:18:20.696188 np0000007076 devstack@neutron-api.service[87631]: DEBUG neutron.plugins.ml2.drivers.ovn.mech_driver.ovsdb.ovsdb_monitor [-] Hash Ring: Node 3a128d63bc3e5530ae2b8411226ab394 (host: np0000007076) handling event "update" for row 3b4657d1-0d7a-40d8-9fc6-68af33b29f2a (table: NB_Global) {{(pid=87631) notify /opt/stack/neutron/neutron/plugins/ml2/drivers/ovn/mech_driver/ovsdb/ovsdb_monitor.py:1099}}
Aug 12 17:18:20.696493 np0000007076 devstack@neutron-api.service[87632]: DEBUG neutron.api.rpc.callbacks.version_manager [None req-261c4d30-8ec9-4a8a-aaa8-81a469c94fcf admin admin] Tracked resource versions report:
Aug 12 17:18:20.696493 np0000007076 devstack@neutron-api.service[87632]: pushed versions:
Aug 12 17:18:20.696493 np0000007076 devstack@neutron-api.service[87632]: { 'AddressGroup': {'1.2'},
Aug 12 17:18:20.696493 np0000007076 devstack@neutron-api.service[87632]: 'Agent': {'1.1'},
Aug 12 17:18:20.696493 np0000007076 devstack@neutron-api.service[87632]: 'ConntrackHelper': {'1.0'},
Aug 12 17:18:20.696493 np0000007076 devstack@neutron-api.service[87632]: 'LocalIPAssociation': {'1.0'},
Aug 12 17:18:20.696493 np0000007076 devstack@neutron-api.service[87632]: 'Log': {'1.0'},
Aug 12 17:18:20.696493 np0000007076 devstack@neutron-api.service[87632]: 'NDPProxy': {'1.0'},
Aug 12 17:18:20.696493 np0000007076 devstack@neutron-api.service[87632]: 'Network': {'1.3'},
Aug 12 17:18:20.696493 np0000007076 devstack@neutron-api.service[87632]: 'Port': {'1.11'},
Aug 12 17:18:20.696493 np0000007076 devstack@neutron-api.service[87632]: 'PortForwarding': {'1.3'},
Aug 12 17:18:20.696493 np0000007076 devstack@neutron-api.service[87632]: 'QosPolicy': {'1.10'},
Aug 12 17:18:20.696493 np0000007076 devstack@neutron-api.service[87632]: 'SecurityGroup': {'1.6'},
Aug 12 17:18:20.696493 np0000007076 devstack@neutron-api.service[87632]: 'SecurityGroupRule': {'1.3'},
Aug 12 17:18:20.696493 np0000007076 devstack@neutron-api.service[87632]: 'SubPort': {'1.0'},
Aug 12 17:18:20.696493 np0000007076 devstack@neutron-api.service[87632]: 'Subnet': {'1.2'},
Aug 12 17:18:20.696493 np0000007076 devstack@neutron-api.service[87632]: 'Trunk': {'1.1'}}
Aug 12 17:18:20.696493 np0000007076 devstack@neutron-api.service[87632]: consumer versions:
Aug 12 17:18:20.696493 np0000007076 devstack@neutron-api.service[87632]: {}
Aug 12 17:18:20.696493 np0000007076 devstack@neutron-api.service[87632]: {{(pid=87632) report /opt/stack/neutron/neutron/api/rpc/callbacks/version_manager.py:183}}
Aug 12 17:18:20.697156 np0000007076 devstack@neutron-api.service[87630]: DEBUG neutron.plugins.ml2.drivers.ovn.mech_driver.ovsdb.ovsdb_monitor [-] Hash Ring: Node 8183ae244b27549aa352f79ef0d9eb6d (host: np0000007076) handling event "update" for row 3b4657d1-0d7a-40d8-9fc6-68af33b29f2a (table: NB_Global) {{(pid=87630) notify /opt/stack/neutron/neutron/plugins/ml2/drivers/ovn/mech_driver/ovsdb/ovsdb_monitor.py:1099}}
Aug 12 17:18:20.699190 np0000007076 devstack@neutron-api.service[87630]: DEBUG neutron.plugins.ml2.drivers.ovn.mech_driver.ovsdb.ovsdb_monitor [-] Hash Ring: Node 8183ae244b27549aa352f79ef0d9eb6d (host: np0000007076) handling event "update" for row 3b4657d1-0d7a-40d8-9fc6-68af33b29f2a (table: NB_Global) {{(pid=87630) notify /opt/stack/neutron/neutron/plugins/ml2/drivers/ovn/mech_driver/ovsdb/ovsdb_monitor.py:1099}}
Aug 12 17:18:20.700041 np0000007076 devstack@neutron-api.service[87631]: DEBUG ovsdbapp.backend.ovs_idl.event [-] Matched UPDATE: ChassisAgentWriteEvent(events=('create', 'update'), table='Chassis_Private', conditions=None, old_conditions=None), priority=20 to row=Chassis_Private(uuid=826e82af-583a-4998-a5de-d2a6325f173f, chassis=47fd3533-2b64-4ead-be49-b24302f60201, external_ids={'neutron:ovn-bridge': 'br-int', 'neutron:ovn-neutron-agent-id': 'eb65945d-5385-5552-81c1-447059940c70', 'neutron:ovn-neutron-agent-sb-cfg': '0'}, name='2b20779e-00ff-42af-b6ff-0021448ac8f4', nb_cfg=1, nb_cfg_timestamp=1786555100696) old=Chassis_Private(uuid=826e82af-583a-4998-a5de-d2a6325f173f, nb_cfg=0, nb_cfg_timestamp=0) {{(pid=87631) matches /opt/stack/data/venv/lib/python3.12/site-packages/ovsdbapp/backend/ovs_idl/event.py:55}}
Aug 12 17:18:20.701014 np0000007076 devstack@neutron-api.service[87631]: DEBUG neutron.plugins.ml2.drivers.ovn.mech_driver.ovsdb.ovsdb_monitor [-] Hash Ring: Node 3a128d63bc3e5530ae2b8411226ab394 (host: np0000007076) handling event "update" for row 826e82af-583a-4998-a5de-d2a6325f173f (table: Chassis_Private) {{(pid=87631) notify /opt/stack/neutron/neutron/plugins/ml2/drivers/ovn/mech_driver/ovsdb/ovsdb_monitor.py:1099}}
Aug 12 17:18:20.701863 np0000007076 devstack@neutron-api.service[87631]: DEBUG neutron.plugins.ml2.drivers.ovn.mech_driver.ovsdb.ovsdb_monitor [-] Hash Ring: Node 3a128d63bc3e5530ae2b8411226ab394 (host: np0000007076) handling event "update" for row 3b4657d1-0d7a-40d8-9fc6-68af33b29f2a (table: NB_Global) {{(pid=87631) notify /opt/stack/neutron/neutron/plugins/ml2/drivers/ovn/mech_driver/ovsdb/ovsdb_monitor.py:1099}}
Aug 12 17:18:20.702050 np0000007076 devstack@neutron-api.service[87630]: DEBUG ovsdbapp.backend.ovs_idl.event [-] Matched UPDATE: ChassisAgentWriteEvent(events=('create', 'update'), table='Chassis_Private', conditions=None, old_conditions=None), priority=20 to row=Chassis_Private(uuid=826e82af-583a-4998-a5de-d2a6325f173f, chassis=47fd3533-2b64-4ead-be49-b24302f60201, external_ids={'neutron:ovn-bridge': 'br-int', 'neutron:ovn-neutron-agent-id': 'eb65945d-5385-5552-81c1-447059940c70', 'neutron:ovn-neutron-agent-sb-cfg': '0'}, name='2b20779e-00ff-42af-b6ff-0021448ac8f4', nb_cfg=1, nb_cfg_timestamp=1786555100696) old=Chassis_Private(uuid=826e82af-583a-4998-a5de-d2a6325f173f, nb_cfg=0, nb_cfg_timestamp=0) {{(pid=87630) matches /opt/stack/data/venv/lib/python3.12/site-packages/ovsdbapp/backend/ovs_idl/event.py:55}}
Aug 12 17:18:20.703055 np0000007076 devstack@neutron-api.service[87632]: DEBUG neutron.plugins.ml2.drivers.ovn.mech_driver.ovsdb.ovsdb_monitor [-] Hash Ring: Node 9ffd86e11295578b8a9546688ace2310 (host: np0000007076) handling event "update" for row 3b4657d1-0d7a-40d8-9fc6-68af33b29f2a (table: NB_Global) {{(pid=87632) notify /opt/stack/neutron/neutron/plugins/ml2/drivers/ovn/mech_driver/ovsdb/ovsdb_monitor.py:1099}}
Aug 12 17:18:20.705151 np0000007076 devstack@neutron-api.service[87630]: DEBUG neutron.plugins.ml2.drivers.ovn.mech_driver.ovsdb.ovsdb_monitor [-] Hash Ring: Node 8183ae244b27549aa352f79ef0d9eb6d (host: np0000007076) handling event "update" for row 3b4657d1-0d7a-40d8-9fc6-68af33b29f2a (table: NB_Global) {{(pid=87630) notify /opt/stack/neutron/neutron/plugins/ml2/drivers/ovn/mech_driver/ovsdb/ovsdb_monitor.py:1099}}
Aug 12 17:18:20.705225 np0000007076 devstack@neutron-api.service[87631]: DEBUG ovsdbapp.backend.ovs_idl.event [-] Matched UPDATE: ChassisOVNAgentWriteEvent(events=('create', 'update'), table='Chassis_Private', conditions=None, old_conditions=None), priority=20 to row=Chassis_Private(uuid=826e82af-583a-4998-a5de-d2a6325f173f, chassis=47fd3533-2b64-4ead-be49-b24302f60201, external_ids={'neutron:ovn-bridge': 'br-int', 'neutron:ovn-neutron-agent-id': 'eb65945d-5385-5552-81c1-447059940c70', 'neutron:ovn-neutron-agent-sb-cfg': '1'}, name='2b20779e-00ff-42af-b6ff-0021448ac8f4', nb_cfg=1, nb_cfg_timestamp=1786555100696) old=Chassis_Private(uuid=826e82af-583a-4998-a5de-d2a6325f173f, external_ids={'neutron:ovn-bridge': 'br-int', 'neutron:ovn-neutron-agent-id': 'eb65945d-5385-5552-81c1-447059940c70', 'neutron:ovn-neutron-agent-sb-cfg': '0'}) {{(pid=87631) matches /opt/stack/data/venv/lib/python3.12/site-packages/ovsdbapp/backend/ovs_idl/event.py:55}}
