Aug 12 17:18:23.307576 np0000007076 devstack@neutron-api.service[87632]: DEBUG ovsdbapp.backend.ovs_idl.transaction [-] Running txn n=1 command(idx=0): CheckRevisionNumberCommand(_result=None, name=54136ccc-9bd5-41f5-bb61-99a3e23d5ece, resource={'id': '54136ccc-9bd5-41f5-bb61-99a3e23d5ece', 'name': '', 'network_id': '67c5e220-d069-440d-9393-f7027a650beb', 'project_id': '29e8bf2b7397481eba4570fc0bc56de4', 'mac_address': 'fa:16:3e:9b:1e:76', 'admin_state_up': True, 'status': 'DOWN', 'device_id': 'ovnmeta-67c5e220-d069-440d-9393-f7027a650beb', 'device_owner': 'network:distributed', 'standard_attr_id': 14, 'fixed_ips': [{'subnet_id': '2ce9ed17-f1a3-4b8e-9f06-8299b6909d43', 'ip_address': '10.1.0.2'}, {'subnet_id': 'b2ce183a-7d72-47c8-8334-7634c13c1b2a', 'ip_address': 'fd70:c39d:9f06:0:f816:3eff:fe9b:1e76'}], 'allowed_address_pairs': [], 'extra_dhcp_opts': [], 'security_groups': [], 'description': '', 'binding:vnic_type': 'normal', 'binding:profile': {}, 'binding:host_id': '', 'binding:vif_type': 'unbound', 'binding:vif_details': {}, 'port_security_enabled': False, 'tags': [], 'created_at': '2026-08-12T17:18:20Z', 'updated_at': '2026-08-12T17:18:23Z', 'revision_number': 3, 'tenant_id': '29e8bf2b7397481eba4570fc0bc56de4', 'network': {'id': '67c5e220-d069-440d-9393-f7027a650beb', 'name': 'private', 'tenant_id': '29e8bf2b7397481eba4570fc0bc56de4', 'project_id': '29e8bf2b7397481eba4570fc0bc56de4', 'admin_state_up': True, 'mtu': 1372, 'status': 'ACTIVE', 'subnets': ['2ce9ed17-f1a3-4b8e-9f06-8299b6909d43', 'b2ce183a-7d72-47c8-8334-7634c13c1b2a'], 'standard_attr_id': 12, 'shared': False, 'availability_zone_hints': [], 'availability_zones': [], 'ipv4_address_scope': None, 'ipv6_address_scope': None, 'router:external': False, 'qinq': False, 'vlan_transparent': False, 'description': '', 'port_security_enabled': True, 'tags': [], 'created_at': '2026-08-12T17:18:20Z', 'updated_at': '2026-08-12T17:18:22Z', 'revision_number': 3, 'provider:network_type': 'geneve', 'provider:physical_network': None, 'provider:segmentation_id': 2999}}, resource_type=ports, if_exists=True) {{(pid=87632) do_commit /opt/stack/data/venv/lib/python3.12/site-packages/ovsdbapp/backend/ovs_idl/transaction.py:89}}
Aug 12 17:18:23.307939 np0000007076 devstack@neutron-api.service[87632]: DEBUG ovsdbapp.backend.ovs_idl.transaction [-] Running txn n=1 command(idx=1): SetLSwitchPortCommand(_result=None, lport=54136ccc-9bd5-41f5-bb61-99a3e23d5ece, external_ids_update=None, columns={'external_ids': {'neutron:port_name': '', 'neutron:device_id': 'ovnmeta-67c5e220-d069-440d-9393-f7027a650beb', 'neutron:project_id': '29e8bf2b7397481eba4570fc0bc56de4', 'neutron:cidrs': '10.1.0.2/26 fd70:c39d:9f06:0:f816:3eff:fe9b:1e76/64', 'neutron:device_owner': 'network:distributed', 'neutron:subnet_pool_addr_scope4': '', 'neutron:subnet_pool_addr_scope6': '', 'neutron:network_name': 'neutron-67c5e220-d069-440d-9393-f7027a650beb', 'neutron:security_group_ids': '', 'neutron:revision_number': '3', 'neutron:vnic_type': 'normal', 'neutron:port_capabilities': '', 'neutron:mtu': '1372'}, 'parent_name': [], 'options': {}, 'enabled': True, 'port_security': [], 'dhcpv4_options': [], 'dhcpv6_options': [], 'type': 'localport', 'addresses': ['fa:16:3e:9b:1e:76 10.1.0.2 fd70:c39d:9f06:0:f816:3eff:fe9b:1e76'], 'ha_chassis_group': [], 'tag_request': []}, if_exists=False) {{(pid=87632) do_commit /opt/stack/data/venv/lib/python3.12/site-packages/ovsdbapp/backend/ovs_idl/transaction.py:89}}
Aug 12 17:18:23.308481 np0000007076 devstack@neutron-api.service[87632]: DEBUG ovsdbapp.backend.ovs_idl.transaction [-] Running txn n=1 command(idx=2): PgDelPortCommand(_result=None, port_group=neutron_pg_drop, lsp=['54136ccc-9bd5-41f5-bb61-99a3e23d5ece'], if_exists=False) {{(pid=87632) do_commit /opt/stack/data/venv/lib/python3.12/site-packages/ovsdbapp/backend/ovs_idl/transaction.py:89}}
Aug 12 17:18:23.310886 np0000007076 devstack@neutron-api.service[87632]: DEBUG neutron.plugins.ml2.drivers.ovn.mech_driver.ovsdb.ovsdb_monitor [-] Hash Ring: Node 9ffd86e11295578b8a9546688ace2310 (host: np0000007076) handling event "update" for row 8c807792-5298-42a4-badf-a491e014e1ad (table: Logical_Switch_Port) {{(pid=87632) notify /opt/stack/neutron/neutron/plugins/ml2/drivers/ovn/mech_driver/ovsdb/ovsdb_monitor.py:1099}}
Aug 12 17:18:23.311519 np0000007076 devstack@neutron-api.service[87631]: DEBUG neutron.plugins.ml2.drivers.ovn.mech_driver.ovsdb.ovsdb_monitor [-] Hash Ring: Node 3a128d63bc3e5530ae2b8411226ab394 (host: np0000007076) handling event "update" for row 8c807792-5298-42a4-badf-a491e014e1ad (table: Logical_Switch_Port) {{(pid=87631) notify /opt/stack/neutron/neutron/plugins/ml2/drivers/ovn/mech_driver/ovsdb/ovsdb_monitor.py:1099}}
Aug 12 17:18:23.314029 np0000007076 devstack@neutron-api.service[87632]: DEBUG neutron.plugins.ml2.drivers.ovn.mech_driver.ovsdb.ovsdb_monitor [-] Hash Ring: Node 9ffd86e11295578b8a9546688ace2310 (host: np0000007076) handling event "update" for row 687ac4c5-638b-49a0-9f6c-369231132d64 (table: Port_Binding) {{(pid=87632) notify /opt/stack/neutron/neutron/plugins/ml2/drivers/ovn/mech_driver/ovsdb/ovsdb_monitor.py:1099}}
Aug 12 17:18:23.315479 np0000007076 devstack@neutron-api.service[87630]: DEBUG neutron.plugins.ml2.drivers.ovn.mech_driver.ovsdb.ovsdb_monitor [-] Hash Ring: Node 8183ae244b27549aa352f79ef0d9eb6d (host: np0000007076) handling event "update" for row 687ac4c5-638b-49a0-9f6c-369231132d64 (table: Port_Binding) {{(pid=87630) notify /opt/stack/neutron/neutron/plugins/ml2/drivers/ovn/mech_driver/ovsdb/ovsdb_monitor.py:1099}}
Aug 12 17:18:23.337924 np0000007076 devstack@neutron-api.service[87632]: INFO neutron.db.ovn_revision_numbers_db [None req-44e2e9ef-f742-4e58-ae67-d1574a97e11a admin admin] Successfully bumped revision number for resource 54136ccc-9bd5-41f5-bb61-99a3e23d5ece (type: ports) to 3
Aug 12 17:18:23.346966 np0000007076 devstack@neutron-api.service[87632]: DEBUG neutron_lib.callbacks.manager [None req-44e2e9ef-f742-4e58-ae67-d1574a97e11a admin admin] Publish callbacks ['neutron.plugins.ml2.ovo_rpc._ObjectChangeHandler.handle_event-1513631'] for subnet (b2ce183a-7d72-47c8-8334-7634c13c1b2a), after_create {{(pid=87632) _notify_loop /opt/stack/data/venv/lib/python3.12/site-packages/neutron_lib/callbacks/manager.py:184}}
Aug 12 17:18:23.360533 np0000007076 devstack@neutron-api.service[87632]: DEBUG neutron.api.rpc.handlers.resources_rpc [None req-44e2e9ef-f742-4e58-ae67-d1574a97e11a admin admin] Pushing event updated for resources: {'Subnet': ['ID=b2ce183a-7d72-47c8-8334-7634c13c1b2a,revision_number=0']} {{(pid=87632) push /opt/stack/neutron/neutron/api/rpc/handlers/resources_rpc.py:237}}
Aug 12 17:18:23.379355 np0000007076 devstack@neutron-api.service[87632]: INFO neutron.db.ovn_revision_numbers_db [None req-44e2e9ef-f742-4e58-ae67-d1574a97e11a admin admin] Successfully bumped revision number for resource b2ce183a-7d72-47c8-8334-7634c13c1b2a (type: subnets) to 0
Aug 12 17:18:23.380408 np0000007076 devstack@neutron-api.service[87632]: DEBUG neutron.pecan_wsgi.hooks.policy_enforcement [None req-44e2e9ef-f742-4e58-ae67-d1574a97e11a admin admin] Attributes excluded by policy engine: ['standard_attr_id', 'shared', 'network'] {{(pid=87632) _exclude_attributes_by_policy /opt/stack/neutron/neutron/pecan_wsgi/hooks/policy_enforcement.py:259}}
Aug 12 17:18:23.380745 np0000007076 devstack@neutron-api.service[87632]: DEBUG neutron_lib.callbacks.manager [None req-44e2e9ef-f742-4e58-ae67-d1574a97e11a admin admin] Publish callbacks [] for subnet (None), before_response {{(pid=87632) _notify_loop /opt/stack/data/venv/lib/python3.12/site-packages/neutron_lib/callbacks/manager.py:184}}
Aug 12 17:18:23.389429 np0000007076 devstack@neutron-api.service[87632]: [pid: 87632|app: 0|req: 5/11] 10.4.3.155 () {68 vars in 1324 bytes} [Wed Aug 12 17:18:22 2026] POST /networking/v2.0/subnets => generated 730 bytes in 559 msecs (HTTP/1.1 201) 4 headers in 162 bytes (1 switches on core 0)
Aug 12 17:18:23.638081 np0000007076 devstack@neutron-api.service[87631]: DEBUG neutron.api.wsgi [None req-c640f7d7-f5e6-4103-847f-c5797c9e71ea admin admin] Missing Content-Type {{(pid=87631) get_content_type /opt/stack/neutron/neutron/api/wsgi.py:80}}
Aug 12 17:18:23.638538 np0000007076 devstack@neutron-api.service[87631]: DEBUG neutron.api.wsgi [None req-c640f7d7-f5e6-4103-847f-c5797c9e71ea admin admin] https://10.4.3.155/networking/v2.0/extensions returned with HTTP 200 {{(pid=87631) __call__ /opt/stack/neutron/neutron/api/wsgi.py:540}}
Aug 12 17:18:23.638923 np0000007076 devstack@neutron-api.service[87631]: [pid: 87631|app: 0|req: 4/12] 10.4.3.155 () {64 vars in 1292 bytes} [Wed Aug 12 17:18:23 2026] GET /networking/v2.0/extensions => generated 16171 bytes in 4 msecs (HTTP/1.1 200) 4 headers in 159 bytes (1 switches on core 0)
Aug 12 17:18:23.888497 np0000007076 devstack@neutron-api.service[87630]: DEBUG neutron.api.wsgi [None req-b5bf8383-53dd-4d03-a141-4435ad3975da admin admin] Missing Content-Type {{(pid=87630) get_content_type /opt/stack/neutron/neutron/api/wsgi.py:80}}
Aug 12 17:18:23.888886 np0000007076 devstack@neutron-api.service[87630]: DEBUG neutron.api.wsgi [None req-b5bf8383-53dd-4d03-a141-4435ad3975da admin admin] https://10.4.3.155/networking/v2.0/extensions returned with HTTP 200 {{(pid=87630) __call__ /opt/stack/neutron/neutron/api/wsgi.py:540}}
Aug 12 17:18:23.889187 np0000007076 devstack@neutron-api.service[87630]: [pid: 87630|app: 0|req: 4/13] 10.4.3.155 () {64 vars in 1292 bytes} [Wed Aug 12 17:18:23 2026] GET /networking/v2.0/extensions => generated 16171 bytes in 3 msecs (HTTP/1.1 200) 4 headers in 159 bytes (1 switches on core 0)
Aug 12 17:18:24.162482 np0000007076 devstack@neutron-api.service[87632]: DEBUG neutron.api.v2.base [None req-85358909-1f88-4afc-9bbb-13c9e4ba2b31 admin admin] Request body: {'router': {'name': 'router1', 'admin_state_up': True}} {{(pid=87632) prepare_request_body /opt/stack/neutron/neutron/api/v2/base.py:727}}
Aug 12 17:18:24.177443 np0000007076 devstack@neutron-api.service[87632]: DEBUG neutron_lib.callbacks.manager [None req-85358909-1f88-4afc-9bbb-13c9e4ba2b31 admin admin] Publish callbacks ['neutron.services.ovn_l3.service_providers.driver_controller.DriverController._check_router_request-506073'] for router (e488d531-86f8-49a1-95d0-174853ff4f2a), before_create {{(pid=87632) _notify_loop /opt/stack/data/venv/lib/python3.12/site-packages/neutron_lib/callbacks/manager.py:184}}
Aug 12 17:18:24.178367 np0000007076 devstack@neutron-api.service[87632]: DEBUG neutron_lib.callbacks.manager [None req-85358909-1f88-4afc-9bbb-13c9e4ba2b31 admin admin] Publish callbacks ['neutron.services.ovn_l3.service_providers.ovn.OVN_L3_HA_db_mixin._precommit_router_create-497510', 'neutron.services.ovn_l3.plugin.RouterAvailabilityZoneMixin._process_az_request-1523617', 'neutron.services.ovn_l3.plugin.ExtraGatewaysDbOnlyMixin._process_bfd_ecmp_create-515401', 'neutron.services.ovn_l3.service_providers.ovn.OvnDriver._process_router_create_precommit-497322', 'neutron.services.ovn_l3.service_providers.driver_controller.DriverController._set_router_provider-506063'] for router (e488d531-86f8-49a1-95d0-174853ff4f2a), precommit_create {{(pid=87632) _notify_loop /opt/stack/data/venv/lib/python3.12/site-packages/neutron_lib/callbacks/manager.py:184}}
Aug 12 17:18:24.190597 np0000007076 devstack@neutron-api.service[87632]: DEBUG neutron.db.ovn_revision_numbers_db [None req-85358909-1f88-4afc-9bbb-13c9e4ba2b31 admin admin] create_initial_revision uuid=e488d531-86f8-49a1-95d0-174853ff4f2a, type=routers, rev=-1 {{(pid=87632) create_initial_revision /opt/stack/neutron/neutron/db/ovn_revision_numbers_db.py:98}}
Aug 12 17:18:24.267206 np0000007076 devstack@neutron-api.service[87632]: DEBUG neutron_lib.callbacks.manager [None req-85358909-1f88-4afc-9bbb-13c9e4ba2b31 admin admin] Publish callbacks [] for router_controller (e488d531-86f8-49a1-95d0-174853ff4f2a), precommit_add_association {{(pid=87632) _notify_loop /opt/stack/data/venv/lib/python3.12/site-packages/neutron_lib/callbacks/manager.py:184}}
Aug 12 17:18:24.272026 np0000007076 devstack@neutron-api.service[87632]: DEBUG neutron_lib.callbacks.manager [None req-85358909-1f88-4afc-9bbb-13c9e4ba2b31 admin admin] Publish callbacks ['neutron.services.ovn_l3.service_providers.ovn.OvnDriver._process_router_create-497498'] for router (e488d531-86f8-49a1-95d0-174853ff4f2a), after_create {{(pid=87632) _notify_loop /opt/stack/data/venv/lib/python3.12/site-packages/neutron_lib/callbacks/manager.py:184}}
Aug 12 17:18:24.272174 np0000007076 devstack@neutron-api.service[87632]: INFO neutron.plugins.ml2.drivers.ovn.mech_driver.ovsdb.extensions.qos [None req-85358909-1f88-4afc-9bbb-13c9e4ba2b31 admin admin] Starting OVNClientQosExtension
Aug 12 17:18:24.272437 np0000007076 devstack@neutron-api.service[87632]: DEBUG neutron.plugins.ml2.drivers.ovn.mech_driver.ovsdb.extensions.qos [None req-85358909-1f88-4afc-9bbb-13c9e4ba2b31 admin admin] Router e488d531-86f8-49a1-95d0-174853ff4f2a does not have ID or gateway assigned {{(pid=87632) update_router /opt/stack/neutron/neutron/plugins/ml2/drivers/ovn/mech_driver/ovsdb/extensions/qos.py:527}}
Aug 12 17:18:24.272830 np0000007076 devstack@neutron-api.service[87632]: DEBUG ovsdbapp.backend.ovs_idl.transaction [-] Running txn n=1 command(idx=0): LrAddCommand(_result=None, router=neutron-e488d531-86f8-49a1-95d0-174853ff4f2a, may_exist=True, columns={'external_ids': {'neutron:router_name': 'router1', 'neutron:revision_number': '1', 'neutron:availability_zone_hints': ''}, 'enabled': True, 'options': {'always_learn_from_arp_request': 'false', 'dynamic_neigh_routers': 'true', 'mac_binding_age_threshold': '300'}}) {{(pid=87632) do_commit /opt/stack/data/venv/lib/python3.12/site-packages/ovsdbapp/backend/ovs_idl/transaction.py:89}}
Aug 12 17:18:24.275380 np0000007076 devstack@neutron-api.service[87632]: DEBUG neutron.plugins.ml2.drivers.ovn.mech_driver.ovsdb.ovsdb_monitor [-] Hash Ring: Node 9ffd86e11295578b8a9546688ace2310 (host: np0000007076) handling event "create" for row 963e7d2b-e993-4b4d-b4fb-40191a23e3a7 (table: Logical_Router) {{(pid=87632) notify /opt/stack/neutron/neutron/plugins/ml2/drivers/ovn/mech_driver/ovsdb/ovsdb_monitor.py:1099}}
Aug 12 17:18:24.279998 np0000007076 devstack@neutron-api.service[87631]: DEBUG neutron.plugins.ml2.drivers.ovn.mech_driver.ovsdb.ovsdb_monitor [-] Hash Ring: Node 3a128d63bc3e5530ae2b8411226ab394 (host: np0000007076) handling event "create" for row ec8f638d-56b9-4e1c-837f-58a5a53f8684 (table: Datapath_Binding) {{(pid=87631) notify /opt/stack/neutron/neutron/plugins/ml2/drivers/ovn/mech_driver/ovsdb/ovsdb_monitor.py:1099}}
Aug 12 17:18:24.294944 np0000007076 devstack@neutron-api.service[87632]: DEBUG neutron.plugins.ml2.drivers.ovn.mech_driver.ovsdb.ovsdb_monitor [-] Hash Ring: Node 9ffd86e11295578b8a9546688ace2310 (host: np0000007076) handling event "create" for row ec8f638d-56b9-4e1c-837f-58a5a53f8684 (table: Datapath_Binding) {{(pid=87632) notify /opt/stack/neutron/neutron/plugins/ml2/drivers/ovn/mech_driver/ovsdb/ovsdb_monitor.py:1099}}
Aug 12 17:18:24.360620 np0000007076 devstack@neutron-api.service[87632]: INFO neutron.db.ovn_revision_numbers_db [None req-85358909-1f88-4afc-9bbb-13c9e4ba2b31 admin admin] Successfully bumped revision number for resource e488d531-86f8-49a1-95d0-174853ff4f2a (type: routers) to 1
Aug 12 17:18:24.369736 np0000007076 devstack@neutron-api.service[87632]: DEBUG neutron_lib.callbacks.manager [None req-85358909-1f88-4afc-9bbb-13c9e4ba2b31 admin admin] Publish callbacks [] for router (None), before_response {{(pid=87632) _notify_loop /opt/stack/data/venv/lib/python3.12/site-packages/neutron_lib/callbacks/manager.py:184}}
Aug 12 17:18:24.370197 np0000007076 devstack@neutron-api.service[87632]: [pid: 87632|app: 0|req: 6/14] 10.4.3.155 () {68 vars in 1323 bytes} [Wed Aug 12 17:18:24 2026] POST /networking/v2.0/routers => generated 599 bytes in 211 msecs (HTTP/1.1 201) 4 headers in 162 bytes (1 switches on core 0)
Aug 12 17:18:24.606562 np0000007076 devstack@neutron-api.service[87631]: DEBUG neutron.api.wsgi [None req-5749fa26-ae79-4297-a163-fe548d6611f9 admin admin] Missing Content-Type {{(pid=87631) get_content_type /opt/stack/neutron/neutron/api/wsgi.py:80}}
Aug 12 17:18:24.606943 np0000007076 devstack@neutron-api.service[87631]: DEBUG neutron.api.wsgi [None req-5749fa26-ae79-4297-a163-fe548d6611f9 admin admin] https://10.4.3.155/networking/v2.0/extensions returned with HTTP 200 {{(pid=87631) __call__ /opt/stack/neutron/neutron/api/wsgi.py:540}}
Aug 12 17:18:24.607245 np0000007076 devstack@neutron-api.service[87631]: [pid: 87631|app: 0|req: 5/15] 10.4.3.155 () {64 vars in 1292 bytes} [Wed Aug 12 17:18:24 2026] GET /networking/v2.0/extensions => generated 16171 bytes in 3 msecs (HTTP/1.1 200) 4 headers in 159 bytes (1 switches on core 0)
Aug 12 17:18:24.877152 np0000007076 devstack@neutron-api.service[87630]: DEBUG neutron.api.v2.base [None req-d3fe061b-93b0-4152-9a94-d26d0db6d72c admin admin] Request body: {'network': {'router:external': True, 'provider:physical_network': 'public', 'is_default': True, 'name': 'public', 'admin_state_up': True, 'provider:network_type': 'flat'}} {{(pid=87630) prepare_request_body /opt/stack/neutron/neutron/api/v2/base.py:727}}
Aug 12 17:18:24.891699 np0000007076 devstack@neutron-api.service[87630]: DEBUG neutron.pecan_wsgi.hooks.quota_enforcement [None req-d3fe061b-93b0-4152-9a94-d26d0db6d72c admin admin] Made reservation on behalf of 29e8bf2b7397481eba4570fc0bc56de4 for: {'network': 1} {{(pid=87630) before /opt/stack/neutron/neutron/pecan_wsgi/hooks/quota_enforcement.py:66}}
Aug 12 17:18:24.895166 np0000007076 devstack@neutron-api.service[87630]: DEBUG neutron_lib.callbacks.manager [None req-d3fe061b-93b0-4152-9a94-d26d0db6d72c admin admin] Publish callbacks ['neutron.plugins.ml2.plugin.SecurityGroupDbMixin._ensure_default_security_group_handler-23581'] for network (None), before_create {{(pid=87630) _notify_loop /opt/stack/data/venv/lib/python3.12/site-packages/neutron_lib/callbacks/manager.py:184}}
Aug 12 17:18:24.934085 np0000007076 devstack@neutron-api.service[87630]: DEBUG neutron.plugins.ml2.drivers.type_flat [None req-d3fe061b-93b0-4152-9a94-d26d0db6d72c admin admin] Reserving flat network on physical network public {{(pid=87630) reserve_provider_segment /opt/stack/neutron/neutron/plugins/ml2/drivers/type_flat.py:100}}
Aug 12 17:18:24.945850 np0000007076 devstack@neutron-api.service[87630]: DEBUG neutron_lib.callbacks.manager [None req-d3fe061b-93b0-4152-9a94-d26d0db6d72c admin admin] Publish callbacks ['neutron.services.segments.db._add_segment_host_mapping_for_segment-8601724138436', 'neutron.plugins.ml2.plugin.Ml2Plugin._handle_segment_change-296173'] for segment (986c1f9d-dd64-4b2c-adaa-1a0422841336), precommit_create {{(pid=87630) _notify_loop /opt/stack/data/venv/lib/python3.12/site-packages/neutron_lib/callbacks/manager.py:184}}
Aug 12 17:18:24.946117 np0000007076 devstack@neutron-api.service[87630]: DEBUG neutron_lib.callbacks.manager [None req-d3fe061b-93b0-4152-9a94-d26d0db6d72c admin admin] Unsubscribe: segment precommit_create {{(pid=87630) unsubscribe /opt/stack/data/venv/lib/python3.12/site-packages/neutron_lib/callbacks/manager.py:90}}
Aug 12 17:18:24.946326 np0000007076 devstack@neutron-api.service[87630]: INFO neutron.db.segments_db [None req-d3fe061b-93b0-4152-9a94-d26d0db6d72c admin admin] Added segment 986c1f9d-dd64-4b2c-adaa-1a0422841336 of type flat for network 0d41f0ba-7479-45fe-8122-4e0e9dc32c1d
Aug 12 17:18:24.990210 np0000007076 devstack@neutron-api.service[87630]: DEBUG neutron_lib.callbacks.manager [None req-d3fe061b-93b0-4152-9a94-d26d0db6d72c admin admin] Publish callbacks ['neutron.services.auto_allocate.db._ensure_external_network_default_value_callback-8601722141346'] for network (0d41f0ba-7479-45fe-8122-4e0e9dc32c1d), precommit_create {{(pid=87630) _notify_loop /opt/stack/data/venv/lib/python3.12/site-packages/neutron_lib/callbacks/manager.py:184}}
Aug 12 17:18:25.014139 np0000007076 devstack@neutron-api.service[87630]: DEBUG neutron.plugins.ml2.drivers.ovn.mech_driver.mech_driver [None req-d3fe061b-93b0-4152-9a94-d26d0db6d72c admin admin] Validating network segment with type flat, segmentation ID None, physical network public {{(pid=87630) _validate_network_segments /opt/stack/neutron/neutron/plugins/ml2/drivers/ovn/mech_driver/mech_driver.py:624}}
Aug 12 17:18:25.014300 np0000007076 devstack@neutron-api.service[87630]: DEBUG neutron.db.ovn_revision_numbers_db [None req-d3fe061b-93b0-4152-9a94-d26d0db6d72c admin admin] create_initial_revision uuid=0d41f0ba-7479-45fe-8122-4e0e9dc32c1d, type=networks, rev=-1 {{(pid=87630) create_initial_revision /opt/stack/neutron/neutron/db/ovn_revision_numbers_db.py:98}}
Aug 12 17:18:25.035683 np0000007076 devstack@neutron-api.service[87630]: DEBUG neutron_lib.callbacks.manager [None req-d3fe061b-93b0-4152-9a94-d26d0db6d72c admin admin] Publish callbacks ['neutron.plugins.ml2.ovo_rpc._ObjectChangeHandler.handle_event-2283997'] for network (0d41f0ba-7479-45fe-8122-4e0e9dc32c1d), after_create {{(pid=87630) _notify_loop /opt/stack/data/venv/lib/python3.12/site-packages/neutron_lib/callbacks/manager.py:184}}
Aug 12 17:18:25.094111 np0000007076 devstack@neutron-api.service[87630]: DEBUG neutron.api.rpc.handlers.resources_rpc [None req-d3fe061b-93b0-4152-9a94-d26d0db6d72c admin admin] Pushing event updated for resources: {'Network': ['ID=0d41f0ba-7479-45fe-8122-4e0e9dc32c1d,revision_number=1']} {{(pid=87630) push /opt/stack/neutron/neutron/api/rpc/handlers/resources_rpc.py:237}}
Aug 12 17:18:25.100324 np0000007076 devstack@neutron-api.service[87630]: DEBUG neutron.api.rpc.callbacks.version_manager [None req-d3fe061b-93b0-4152-9a94-d26d0db6d72c admin admin] Tracked resource versions report:
Aug 12 17:18:25.100324 np0000007076 devstack@neutron-api.service[87630]: pushed versions:
Aug 12 17:18:25.100324 np0000007076 devstack@neutron-api.service[87630]: { 'AddressGroup': {'1.2'},
Aug 12 17:18:25.100324 np0000007076 devstack@neutron-api.service[87630]: 'Agent': {'1.1'},
Aug 12 17:18:25.100324 np0000007076 devstack@neutron-api.service[87630]: 'ConntrackHelper': {'1.0'},
Aug 12 17:18:25.100324 np0000007076 devstack@neutron-api.service[87630]: 'LocalIPAssociation': {'1.0'},
Aug 12 17:18:25.100324 np0000007076 devstack@neutron-api.service[87630]: 'Log': {'1.0'},
Aug 12 17:18:25.100324 np0000007076 devstack@neutron-api.service[87630]: 'NDPProxy': {'1.0'},
Aug 12 17:18:25.100324 np0000007076 devstack@neutron-api.service[87630]: 'Network': {'1.3'},
Aug 12 17:18:25.100324 np0000007076 devstack@neutron-api.service[87630]: 'Port': {'1.11'},
Aug 12 17:18:25.100324 np0000007076 devstack@neutron-api.service[87630]: 'PortForwarding': {'1.3'},
Aug 12 17:18:25.100324 np0000007076 devstack@neutron-api.service[87630]: 'QosPolicy': {'1.10'},
Aug 12 17:18:25.100324 np0000007076 devstack@neutron-api.service[87630]: 'SecurityGroup': {'1.6'},
Aug 12 17:18:25.100324 np0000007076 devstack@neutron-api.service[87630]: 'SecurityGroupRule': {'1.3'},
Aug 12 17:18:25.100324 np0000007076 devstack@neutron-api.service[87630]: 'SubPort': {'1.0'},
Aug 12 17:18:25.100324 np0000007076 devstack@neutron-api.service[87630]: 'Subnet': {'1.2'},
Aug 12 17:18:25.100324 np0000007076 devstack@neutron-api.service[87630]: 'Trunk': {'1.1'}}
Aug 12 17:18:25.100324 np0000007076 devstack@neutron-api.service[87630]: consumer versions:
Aug 12 17:18:25.100324 np0000007076 devstack@neutron-api.service[87630]: { OVN Controller Gateway agent@np0000007076: {},
Aug 12 17:18:25.100324 np0000007076 devstack@neutron-api.service[87630]: OVN Neutron agent@np0000007076: {}}
Aug 12 17:18:25.100324 np0000007076 devstack@neutron-api.service[87630]: {{(pid=87630) report /opt/stack/neutron/neutron/api/rpc/callbacks/version_manager.py:183}}
Aug 12 17:18:25.111454 np0000007076 devstack@neutron-api.service[87630]: INFO neutron.plugins.ml2.drivers.ovn.mech_driver.ovsdb.extensions.qos [None req-d3fe061b-93b0-4152-9a94-d26d0db6d72c admin admin] Starting OVNClientQosExtension
Aug 12 17:18:25.111577 np0000007076 devstack@neutron-api.service[87630]: INFO neutron.plugins.ml2.drivers.ovn.mech_driver.ovsdb.extensions.placement [None req-d3fe061b-93b0-4152-9a94-d26d0db6d72c admin admin] Starting OVNClientPlacementExtension
Aug 12 17:18:25.120380 np0000007076 devstack@neutron-api.service[87630]: DEBUG ovsdbapp.backend.ovs_idl.transaction [-] Running txn n=1 command(idx=0): AddNetworkCommand(_result=None, network_uuid=0d41f0ba-7479-45fe-8122-4e0e9dc32c1d, may_exist=True, columns={'external_ids': {'neutron:network_name': 'public', 'neutron:mtu': '1430', 'neutron:revision_number': '1', 'neutron:availability_zone_hints': '', 'neutron:provnet-network-type': 'flat', 'neutron:provnet-physical-network': 'public'}, 'other_config': {'mcast_snoop': 'false', 'mcast_flood_unregistered': 'false', 'vlan-passthru': 'false', 'fdb_age_threshold': '300', 'broadcast-arps-to-all-routers': 'true'}}) {{(pid=87630) do_commit /opt/stack/data/venv/lib/python3.12/site-packages/ovsdbapp/backend/ovs_idl/transaction.py:89}}
Aug 12 17:18:25.120786 np0000007076 devstack@neutron-api.service[87630]: DEBUG neutron.common.ovn.utils [-] OVS persist_uuid supported=True {{(pid=87630) ovs_persist_uuid_supported /opt/stack/neutron/neutron/common/ovn/utils.py:1565}}
Aug 12 17:18:25.121130 np0000007076 devstack@neutron-api.service[87630]: DEBUG ovsdbapp.backend.ovs_idl.transaction [-] Running txn n=1 command(idx=1): AddLSwitchPortCommand(_result=None, lport=provnet-986c1f9d-dd64-4b2c-adaa-1a0422841336, lswitch=neutron-0d41f0ba-7479-45fe-8122-4e0e9dc32c1d, may_exist=True, network_uuid=0d41f0ba-7479-45fe-8122-4e0e9dc32c1d, columns={'addresses': ['unknown'], 'external_ids': {'neutron:provnet-physical-network': 'public'}, 'type': 'localnet', 'tag_request': [], 'options': {'network_name': 'public', 'mcast_flood_reports': 'true', 'mcast_flood': 'false', 'localnet_learn_fdb': 'false'}}) {{(pid=87630) do_commit /opt/stack/data/venv/lib/python3.12/site-packages/ovsdbapp/backend/ovs_idl/transaction.py:89}}
Aug 12 17:18:25.132375 np0000007076 devstack@neutron-api.service[87632]: DEBUG neutron.plugins.ml2.drivers.ovn.mech_driver.ovsdb.ovsdb_monitor [-] Hash Ring: Node 9ffd86e11295578b8a9546688ace2310 (host: np0000007076) handling event "create" for row 0d41f0ba-7479-45fe-8122-4e0e9dc32c1d (table: Logical_Switch) {{(pid=87632) notify /opt/stack/neutron/neutron/plugins/ml2/drivers/ovn/mech_driver/ovsdb/ovsdb_monitor.py:1099}}
Aug 12 17:18:25.132621 np0000007076 devstack@neutron-api.service[87632]: DEBUG neutron.plugins.ml2.drivers.ovn.mech_driver.ovsdb.ovsdb_monitor [-] Hash Ring: Node 9ffd86e11295578b8a9546688ace2310 (host: np0000007076) handling event "create" for row da4d2569-2814-45fe-aafa-d789da86c83a (table: Logical_Switch_Port) {{(pid=87632) notify /opt/stack/neutron/neutron/plugins/ml2/drivers/ovn/mech_driver/ovsdb/ovsdb_monitor.py:1099}}
Aug 12 17:18:25.132746 np0000007076 devstack@neutron-api.service[87630]: DEBUG neutron.plugins.ml2.drivers.ovn.mech_driver.ovsdb.ovsdb_monitor [-] Hash Ring: Node 8183ae244b27549aa352f79ef0d9eb6d (host: np0000007076) handling event "create" for row 0d41f0ba-7479-45fe-8122-4e0e9dc32c1d (table: Logical_Switch) {{(pid=87630) notify /opt/stack/neutron/neutron/plugins/ml2/drivers/ovn/mech_driver/ovsdb/ovsdb_monitor.py:1099}}
Aug 12 17:18:25.132874 np0000007076 devstack@neutron-api.service[87631]: DEBUG neutron.plugins.ml2.drivers.ovn.mech_driver.ovsdb.ovsdb_monitor [-] Hash Ring: Node 3a128d63bc3e5530ae2b8411226ab394 (host: np0000007076) handling event "create" for row da4d2569-2814-45fe-aafa-d789da86c83a (table: Logical_Switch_Port) {{(pid=87631) notify /opt/stack/neutron/neutron/plugins/ml2/drivers/ovn/mech_driver/ovsdb/ovsdb_monitor.py:1099}}
Aug 12 17:18:25.133351 np0000007076 devstack@neutron-api.service[87630]: DEBUG neutron.plugins.ml2.drivers.ovn.mech_driver.ovsdb.ovsdb_monitor [-] Hash Ring: Node 8183ae244b27549aa352f79ef0d9eb6d (host: np0000007076) handling event "create" for row da4d2569-2814-45fe-aafa-d789da86c83a (table: Logical_Switch_Port) {{(pid=87630) notify /opt/stack/neutron/neutron/plugins/ml2/drivers/ovn/mech_driver/ovsdb/ovsdb_monitor.py:1099}}
Aug 12 17:18:25.133455 np0000007076 devstack@neutron-api.service[87632]: DEBUG neutron.plugins.ml2.drivers.ovn.mech_driver.ovsdb.ovsdb_monitor [-] Hash Ring: Node 9ffd86e11295578b8a9546688ace2310 (host: np0000007076) handling event "update" for row da4d2569-2814-45fe-aafa-d789da86c83a (table: Logical_Switch_Port) {{(pid=87632) notify /opt/stack/neutron/neutron/plugins/ml2/drivers/ovn/mech_driver/ovsdb/ovsdb_monitor.py:1099}}
Aug 12 17:18:25.133660 np0000007076 devstack@neutron-api.service[87631]: DEBUG neutron.plugins.ml2.drivers.ovn.mech_driver.ovsdb.ovsdb_monitor [-] Hash Ring: Node 3a128d63bc3e5530ae2b8411226ab394 (host: np0000007076) handling event "update" for row da4d2569-2814-45fe-aafa-d789da86c83a (table: Logical_Switch_Port) {{(pid=87631) notify /opt/stack/neutron/neutron/plugins/ml2/drivers/ovn/mech_driver/ovsdb/ovsdb_monitor.py:1099}}
Aug 12 17:18:25.134879 np0000007076 devstack@neutron-api.service[87630]: DEBUG neutron.plugins.ml2.drivers.ovn.mech_driver.ovsdb.ovsdb_monitor [-] Hash Ring: Node 8183ae244b27549aa352f79ef0d9eb6d (host: np0000007076) handling event "update" for row da4d2569-2814-45fe-aafa-d789da86c83a (table: Logical_Switch_Port) {{(pid=87630) notify /opt/stack/neutron/neutron/plugins/ml2/drivers/ovn/mech_driver/ovsdb/ovsdb_monitor.py:1099}}
Aug 12 17:18:25.139707 np0000007076 devstack@neutron-api.service[87632]: DEBUG neutron.plugins.ml2.drivers.ovn.mech_driver.ovsdb.ovsdb_monitor [-] Hash Ring: Node 9ffd86e11295578b8a9546688ace2310 (host: np0000007076) handling event "create" for row 95601c60-b4c1-4a98-98f6-fe93dd48de7a (table: Datapath_Binding) {{(pid=87632) notify /opt/stack/neutron/neutron/plugins/ml2/drivers/ovn/mech_driver/ovsdb/ovsdb_monitor.py:1099}}
Aug 12 17:18:25.139707 np0000007076 devstack@neutron-api.service[87632]: DEBUG neutron.plugins.ml2.drivers.ovn.mech_driver.ovsdb.ovsdb_monitor [-] Hash Ring: Node 9ffd86e11295578b8a9546688ace2310 (host: np0000007076) handling event "create" for row 1ff256b2-0aaf-4851-b85b-b4bbba114017 (table: Port_Binding) {{(pid=87632) notify /opt/stack/neutron/neutron/plugins/ml2/drivers/ovn/mech_driver/ovsdb/ovsdb_monitor.py:1099}}
Aug 12 17:18:25.139836 np0000007076 devstack@neutron-api.service[87631]: DEBUG neutron.plugins.ml2.drivers.ovn.mech_driver.ovsdb.ovsdb_monitor [-] Hash Ring: Node 3a128d63bc3e5530ae2b8411226ab394 (host: np0000007076) handling event "create" for row 95601c60-b4c1-4a98-98f6-fe93dd48de7a (table: Datapath_Binding) {{(pid=87631) notify /opt/stack/neutron/neutron/plugins/ml2/drivers/ovn/mech_driver/ovsdb/ovsdb_monitor.py:1099}}
Aug 12 17:18:25.149301 np0000007076 devstack@neutron-api.service[87630]: DEBUG neutron.plugins.ml2.drivers.ovn.mech_driver.ovsdb.ovsdb_monitor [-] Hash Ring: Node 8183ae244b27549aa352f79ef0d9eb6d (host: np0000007076) handling event "create" for row 1ff256b2-0aaf-4851-b85b-b4bbba114017 (table: Port_Binding) {{(pid=87630) notify /opt/stack/neutron/neutron/plugins/ml2/drivers/ovn/mech_driver/ovsdb/ovsdb_monitor.py:1099}}
Aug 12 17:18:25.167469 np0000007076 devstack@neutron-api.service[87630]: INFO neutron.db.ovn_revision_numbers_db [None req-d3fe061b-93b0-4152-9a94-d26d0db6d72c admin admin] Successfully bumped revision number for resource 0d41f0ba-7479-45fe-8122-4e0e9dc32c1d (type: networks) to 1
Aug 12 17:18:25.221130 np0000007076 devstack@neutron-api.service[87630]: DEBUG neutron_lib.callbacks.manager [None req-d3fe061b-93b0-4152-9a94-d26d0db6d72c admin admin] Publish callbacks ['neutron.plugins.ml2.plugin.SecurityGroupDbMixin._ensure_default_security_group_handler-23581'] for port (None), before_create {{(pid=87630) _notify_loop /opt/stack/data/venv/lib/python3.12/site-packages/neutron_lib/callbacks/manager.py:184}}
Aug 12 17:18:25.512233 np0000007076 devstack@neutron-api.service[87630]: DEBUG neutron_lib.callbacks.manager [None req-d3fe061b-93b0-4152-9a94-d26d0db6d72c admin admin] Publish callbacks ['neutron.plugins.ml2.drivers.ovn.mech_driver.mech_driver.OVNMechanismDriver._validate_allowed_address_pairs-204216'] for allowed_address_pair (539fbd62-2fc0-4704-9ed1-2036c4bce68b), before_create {{(pid=87630) _notify_loop /opt/stack/data/venv/lib/python3.12/site-packages/neutron_lib/callbacks/manager.py:184}}
Aug 12 17:18:25.512770 np0000007076 devstack@neutron-api.service[87630]: DEBUG neutron_lib.callbacks.manager [None req-d3fe061b-93b0-4152-9a94-d26d0db6d72c admin admin] Publish callbacks [] for port (539fbd62-2fc0-4704-9ed1-2036c4bce68b), precommit_create {{(pid=87630) _notify_loop /opt/stack/data/venv/lib/python3.12/site-packages/neutron_lib/callbacks/manager.py:184}}
Aug 12 17:18:25.512946 np0000007076 devstack@neutron-api.service[87630]: DEBUG neutron.plugins.ml2.drivers.ovn.mech_driver.mech_driver [None req-d3fe061b-93b0-4152-9a94-d26d0db6d72c admin admin] No provisioning block for port 539fbd62-2fc0-4704-9ed1-2036c4bce68b since it does not have a host {{(pid=87630) _is_port_provisioning_required /opt/stack/neutron/neutron/plugins/ml2/drivers/ovn/mech_driver/mech_driver.py:877}}
Aug 12 17:18:25.513070 np0000007076 devstack@neutron-api.service[87630]: DEBUG neutron.db.ovn_revision_numbers_db [None req-d3fe061b-93b0-4152-9a94-d26d0db6d72c admin admin] create_initial_revision uuid=539fbd62-2fc0-4704-9ed1-2036c4bce68b, type=ports, rev=-1 {{(pid=87630) create_initial_revision /opt/stack/neutron/neutron/db/ovn_revision_numbers_db.py:98}}
Aug 12 17:18:25.561501 np0000007076 devstack@neutron-api.service[87630]: DEBUG neutron_lib.callbacks.manager [None req-d3fe061b-93b0-4152-9a94-d26d0db6d72c admin admin] Publish callbacks ['neutron.plugins.ml2.ovo_rpc._ObjectChangeHandler.handle_event-2283564'] for port (539fbd62-2fc0-4704-9ed1-2036c4bce68b), after_create {{(pid=87630) _notify_loop /opt/stack/data/venv/lib/python3.12/site-packages/neutron_lib/callbacks/manager.py:184}}
Aug 12 17:18:25.617646 np0000007076 devstack@neutron-api.service[87630]: DEBUG neutron.api.rpc.handlers.resources_rpc [None req-d3fe061b-93b0-4152-9a94-d26d0db6d72c admin admin] Pushing event updated for resources: {'Port': ['ID=539fbd62-2fc0-4704-9ed1-2036c4bce68b,revision_number=1']} {{(pid=87630) push /opt/stack/neutron/neutron/api/rpc/handlers/resources_rpc.py:237}}
Aug 12 17:18:25.646377 np0000007076 devstack@neutron-api.service[87630]: DEBUG neutron.plugins.ml2.drivers.ovn.mech_driver.ovsdb.commands [None req-d3fe061b-93b0-4152-9a94-d26d0db6d72c admin admin] Converting tag [] to a tag_request {{(pid=87630) _tag_column_to_tag_request /opt/stack/neutron/neutron/plugins/ml2/drivers/ovn/mech_driver/ovsdb/commands.py:227}}
Aug 12 17:18:25.647136 np0000007076 devstack@neutron-api.service[87630]: DEBUG ovsdbapp.backend.ovs_idl.transaction [-] Running txn n=1 command(idx=0): AddLSwitchPortCommand(_result=None, lport=539fbd62-2fc0-4704-9ed1-2036c4bce68b, lswitch=neutron-0d41f0ba-7479-45fe-8122-4e0e9dc32c1d, may_exist=True, network_uuid=0d41f0ba-7479-45fe-8122-4e0e9dc32c1d, columns={'addresses': ['fa:16:3e:f5:18:33'], 'external_ids': {'neutron:port_name': '', 'neutron:device_id': 'ovnmeta-0d41f0ba-7479-45fe-8122-4e0e9dc32c1d', 'neutron:project_id': '29e8bf2b7397481eba4570fc0bc56de4', 'neutron:cidrs': '', 'neutron:device_owner': 'network:distributed', 'neutron:subnet_pool_addr_scope4': '', 'neutron:subnet_pool_addr_scope6': '', 'neutron:network_name': 'neutron-0d41f0ba-7479-45fe-8122-4e0e9dc32c1d', 'neutron:security_group_ids': '', 'neutron:revision_number': '1', 'neutron:vnic_type': 'normal', 'neutron:port_capabilities': '', 'neutron:mtu': '1430'}, 'parent_name': [], 'enabled': True, 'options': {}, 'type': 'localport', 'port_security': [], 'dhcpv4_options': [], 'dhcpv6_options': [], 'tag_request': []}) {{(pid=87630) do_commit /opt/stack/data/venv/lib/python3.12/site-packages/ovsdbapp/backend/ovs_idl/transaction.py:89}}
Aug 12 17:18:25.647671 np0000007076 devstack@neutron-api.service[87630]: DEBUG ovsdbapp.backend.ovs_idl.transaction [-] Running txn n=1 command(idx=1): QoSDelCommand(_result=None, switch=neutron-0d41f0ba-7479-45fe-8122-4e0e9dc32c1d, conditions=[('direction', '=', 'to-lport'), ('priority', '=', 2002), ('match', '=', 'outport == "539fbd62-2fc0-4704-9ed1-2036c4bce68b"')], if_exists=True) {{(pid=87630) do_commit /opt/stack/data/venv/lib/python3.12/site-packages/ovsdbapp/backend/ovs_idl/transaction.py:89}}
Aug 12 17:18:25.647854 np0000007076 devstack@neutron-api.service[87630]: DEBUG ovsdbapp.backend.ovs_idl.transaction [-] Running txn n=1 command(idx=2): QoSDelCommand(_result=None, switch=neutron-0d41f0ba-7479-45fe-8122-4e0e9dc32c1d, conditions=[('direction', '=', 'from-lport'), ('priority', '=', 2002), ('match', '=', 'inport == "539fbd62-2fc0-4704-9ed1-2036c4bce68b"')], if_exists=True) {{(pid=87630) do_commit /opt/stack/data/venv/lib/python3.12/site-packages/ovsdbapp/backend/ovs_idl/transaction.py:89}}
Aug 12 17:18:25.648032 np0000007076 devstack@neutron-api.service[87630]: DEBUG ovsdbapp.backend.ovs_idl.transaction [-] Running txn n=1 command(idx=3): UpdateLSwitchPortQosOptionsCommand(_result=None, lport=AddLSwitchPortCommand(_result=bfce52e3-69ba-454c-ae8d-610dc29228a4, lport=539fbd62-2fc0-4704-9ed1-2036c4bce68b, lswitch=neutron-0d41f0ba-7479-45fe-8122-4e0e9dc32c1d, may_exist=True, network_uuid=0d41f0ba-7479-45fe-8122-4e0e9dc32c1d, columns={'addresses': ['fa:16:3e:f5:18:33'], 'external_ids': {'neutron:port_name': '', 'neutron:device_id': 'ovnmeta-0d41f0ba-7479-45fe-8122-4e0e9dc32c1d', 'neutron:project_id': '29e8bf2b7397481eba4570fc0bc56de4', 'neutron:cidrs': '', 'neutron:device_owner': 'network:distributed', 'neutron:subnet_pool_addr_scope4': '', 'neutron:subnet_pool_addr_scope6': '', 'neutron:network_name': 'neutron-0d41f0ba-7479-45fe-8122-4e0e9dc32c1d', 'neutron:security_group_ids': '', 'neutron:revision_number': '1', 'neutron:vnic_type': 'normal', 'neutron:port_capabilities': '', 'neutron:mtu': '1430'}, 'parent_name': [], 'enabled': True, 'options': {}, 'type': 'localport', 'port_security': [], 'tag_request': []}), if_exists=True, qos={'qos_max_rate': None, 'qos_burst': None, 'qos_min_rate': None}) {{(pid=87630) do_commit /opt/stack/data/venv/lib/python3.12/site-packages/ovsdbapp/backend/ovs_idl/transaction.py:89}}
Aug 12 17:18:25.651610 np0000007076 devstack@neutron-api.service[87632]: DEBUG neutron.plugins.ml2.drivers.ovn.mech_driver.ovsdb.ovsdb_monitor [-] Hash Ring: Node 9ffd86e11295578b8a9546688ace2310 (host: np0000007076) handling event "update" for row 0d41f0ba-7479-45fe-8122-4e0e9dc32c1d (table: Logical_Switch) {{(pid=87632) notify /opt/stack/neutron/neutron/plugins/ml2/drivers/ovn/mech_driver/ovsdb/ovsdb_monitor.py:1099}}
Aug 12 17:18:25.652070 np0000007076 devstack@neutron-api.service[87632]: DEBUG neutron.plugins.ml2.drivers.ovn.mech_driver.ovsdb.ovsdb_monitor [-] Hash Ring: Node 9ffd86e11295578b8a9546688ace2310 (host: np0000007076) handling event "create" for row 2923db5e-d73c-46ab-9c71-a977aa8fad77 (table: Logical_Switch_Port) {{(pid=87632) notify /opt/stack/neutron/neutron/plugins/ml2/drivers/ovn/mech_driver/ovsdb/ovsdb_monitor.py:1099}}
Aug 12 17:18:25.652182 np0000007076 devstack@neutron-api.service[87630]: DEBUG neutron.plugins.ml2.drivers.ovn.mech_driver.ovsdb.ovsdb_monitor [-] Hash Ring: Node 8183ae244b27549aa352f79ef0d9eb6d (host: np0000007076) handling event "update" for row 0d41f0ba-7479-45fe-8122-4e0e9dc32c1d (table: Logical_Switch) {{(pid=87630) notify /opt/stack/neutron/neutron/plugins/ml2/drivers/ovn/mech_driver/ovsdb/ovsdb_monitor.py:1099}}
Aug 12 17:18:25.652575 np0000007076 devstack@neutron-api.service[87632]: DEBUG ovsdbapp.backend.ovs_idl.event [-] Matched CREATE: LogicalSwitchPortCreateEvent(events=('create',), table='Logical_Switch_Port', conditions=[], old_conditions=None), priority=20 to row=Logical_Switch_Port(uuid=2923db5e-d73c-46ab-9c71-a977aa8fad77, addresses=['fa:16:3e:f5:18:33'], dhcpv4_options=[], dhcpv6_options=[], dynamic_addresses=[], enabled=True, external_ids={'neutron:cidrs': '', 'neutron:device_id': 'ovnmeta-0d41f0ba-7479-45fe-8122-4e0e9dc32c1d', 'neutron:device_owner': 'network:distributed', 'neutron:mtu': '1430', 'neutron:network_name': 'neutron-0d41f0ba-7479-45fe-8122-4e0e9dc32c1d', 'neutron:port_capabilities': '', 'neutron:port_name': '', 'neutron:project_id': '29e8bf2b7397481eba4570fc0bc56de4', 'neutron:revision_number': '1', 'neutron:security_group_ids': '', 'neutron:subnet_pool_addr_scope4': '', 'neutron:subnet_pool_addr_scope6': '', 'neutron:vnic_type': 'normal'}, ha_chassis_group=[], mirror_rules=[], name='539fbd62-2fc0-4704-9ed1-2036c4bce68b', options={}, parent_name=[], port_security=[], tag=[], tag_request=[], type='localport', up=[]) old= {{(pid=87632) matches /opt/stack/data/venv/lib/python3.12/site-packages/ovsdbapp/backend/ovs_idl/event.py:55}}
Aug 12 17:18:25.653691 np0000007076 devstack@neutron-api.service[87632]: INFO neutron.plugins.ml2.drivers.ovn.mech_driver.mech_driver [None req-56a417ae-fa57-4163-8150-56d78837752c None None] OVN reports status down for port: 539fbd62-2fc0-4704-9ed1-2036c4bce68b
Aug 12 17:18:25.656647 np0000007076 devstack@neutron-api.service[87631]: DEBUG neutron.plugins.ml2.drivers.ovn.mech_driver.ovsdb.ovsdb_monitor [-] Hash Ring: Node 3a128d63bc3e5530ae2b8411226ab394 (host: np0000007076) handling event "create" for row 8445c235-d347-426d-a962-d5dd6736eaf2 (table: Port_Binding) {{(pid=87631) notify /opt/stack/neutron/neutron/plugins/ml2/drivers/ovn/mech_driver/ovsdb/ovsdb_monitor.py:1099}}
Aug 12 17:18:25.656766 np0000007076 devstack@neutron-api.service[87632]: DEBUG neutron.plugins.ml2.drivers.ovn.mech_driver.ovsdb.ovsdb_monitor [-] Hash Ring: Node 9ffd86e11295578b8a9546688ace2310 (host: np0000007076) handling event "update" for row 2923db5e-d73c-46ab-9c71-a977aa8fad77 (table: Logical_Switch_Port) {{(pid=87632) notify /opt/stack/neutron/neutron/plugins/ml2/drivers/ovn/mech_driver/ovsdb/ovsdb_monitor.py:1099}}
Aug 12 17:18:25.660726 np0000007076 devstack@neutron-api.service[87632]: DEBUG neutron.plugins.ml2.drivers.ovn.mech_driver.ovsdb.ovsdb_monitor [-] Hash Ring: Node 9ffd86e11295578b8a9546688ace2310 (host: np0000007076) handling event "create" for row 8445c235-d347-426d-a962-d5dd6736eaf2 (table: Port_Binding) {{(pid=87632) notify /opt/stack/neutron/neutron/plugins/ml2/drivers/ovn/mech_driver/ovsdb/ovsdb_monitor.py:1099}}
Aug 12 17:18:25.682555 np0000007076 devstack@neutron-api.service[87632]: DEBUG neutron.db.provisioning_blocks [None req-56a417ae-fa57-4163-8150-56d78837752c None None] Transition to ACTIVE for port object 539fbd62-2fc0-4704-9ed1-2036c4bce68b will not be triggered until provisioned by entity L2. {{(pid=87632) add_provisioning_component /opt/stack/neutron/neutron/db/provisioning_blocks.py:74}}
Aug 12 17:18:25.704062 np0000007076 devstack@neutron-api.service[87630]: INFO neutron.db.ovn_revision_numbers_db [None req-d3fe061b-93b0-4152-9a94-d26d0db6d72c admin admin] Successfully bumped revision number for resource 539fbd62-2fc0-4704-9ed1-2036c4bce68b (type: ports) to 1
Aug 12 17:18:25.705698 np0000007076 devstack@neutron-api.service[87632]: DEBUG neutron.plugins.ml2.plugin [None req-56a417ae-fa57-4163-8150-56d78837752c None None] Current status of the port 539fbd62-2fc0-4704-9ed1-2036c4bce68b is: DOWN; New status is: DOWN {{(pid=87632) _update_individual_port_db_status /opt/stack/neutron/neutron/plugins/ml2/plugin.py:2473}}
Aug 12 17:18:25.706795 np0000007076 devstack@neutron-api.service[87632]: DEBUG ovsdbapp.backend.ovs_idl.transaction [-] Running txn n=1 command(idx=0): DbRemoveCommand(_result=None, table=Logical_Switch_Port, record=539fbd62-2fc0-4704-9ed1-2036c4bce68b, column=external_ids, values=('neutron:host_id',), keyvalues={}, if_exists=True) {{(pid=87632) do_commit /opt/stack/data/venv/lib/python3.12/site-packages/ovsdbapp/backend/ovs_idl/transaction.py:89}}
Aug 12 17:18:25.715216 np0000007076 devstack@neutron-api.service[87630]: DEBUG neutron.pecan_wsgi.hooks.policy_enforcement [None req-d3fe061b-93b0-4152-9a94-d26d0db6d72c admin admin] Attributes excluded by policy engine: ['standard_attr_id'] {{(pid=87630) _exclude_attributes_by_policy /opt/stack/neutron/neutron/pecan_wsgi/hooks/policy_enforcement.py:259}}
Aug 12 17:18:25.715539 np0000007076 devstack@neutron-api.service[87630]: DEBUG neutron_lib.callbacks.manager [None req-d3fe061b-93b0-4152-9a94-d26d0db6d72c admin admin] Publish callbacks [] for network (None), before_response {{(pid=87630) _notify_loop /opt/stack/data/venv/lib/python3.12/site-packages/neutron_lib/callbacks/manager.py:184}}
Aug 12 17:18:25.724219 np0000007076 devstack@neutron-api.service[87630]: [pid: 87630|app: 0|req: 5/16] 10.4.3.155 () {68 vars in 1327 bytes} [Wed Aug 12 17:18:24 2026] POST /networking/v2.0/networks => generated 679 bytes in 850 msecs (HTTP/1.1 201) 4 headers in 162 bytes (1 switches on core 0)
Aug 12 17:18:25.950180 np0000007076 devstack@neutron-api.service[87632]: DEBUG neutron.pecan_wsgi.hooks.policy_enforcement [None req-a0de7861-202c-4294-9eed-7aa86e3dcbbc admin admin] Attributes excluded by policy engine: ['standard_attr_id', 'shared'] {{(pid=87632) _exclude_attributes_by_policy /opt/stack/neutron/neutron/pecan_wsgi/hooks/policy_enforcement.py:259}}
Aug 12 17:18:25.951225 np0000007076 devstack@neutron-api.service[87632]: [pid: 87632|app: 0|req: 7/17] 10.4.3.155 () {64 vars in 1381 bytes} [Wed Aug 12 17:18:25 2026] GET /networking/v2.0/subnets/2ce9ed17-f1a3-4b8e-9f06-8299b6909d43 => generated 666 bytes in 19 msecs (HTTP/1.1 200) 4 headers in 157 bytes (1 switches on core 0)
Aug 12 17:18:25.961417 np0000007076 devstack@neutron-api.service[87631]: DEBUG neutron.api.wsgi [None req-8e400472-7a05-441a-b9a7-da69addccd95 admin admin] Missing Content-Type {{(pid=87631) get_content_type /opt/stack/neutron/neutron/api/wsgi.py:80}}
Aug 12 17:18:26.224806 np0000007076 devstack@neutron-api.service[87631]: [pid: 87631|app: 0|req: 6/18] 10.4.3.155 () {64 vars in 1381 bytes} [Wed Aug 12 17:18:25 2026] GET /networking/v2.0/routers/e488d531-86f8-49a1-95d0-174853ff4f2a => generated 599 bytes in 265 msecs (HTTP/1.1 200) 4 headers in 157 bytes (1 switches on core 0)
Aug 12 17:18:26.362154 np0000007076 devstack@neutron-api.service[87630]: DEBUG neutron_lib.callbacks.manager [None req-9ea88702-37f4-48c4-97be-1dbb12fc1ee5 admin admin] Publish callbacks ['neutron.plugins.ml2.plugin.SecurityGroupDbMixin._ensure_default_security_group_handler-23581'] for port (None), before_create {{(pid=87630) _notify_loop /opt/stack/data/venv/lib/python3.12/site-packages/neutron_lib/callbacks/manager.py:184}}
Aug 12 17:18:26.461369 np0000007076 devstack@neutron-api.service[87630]: DEBUG neutron.db.db_base_plugin_common [None req-9ea88702-37f4-48c4-97be-1dbb12fc1ee5 admin admin] Allocated IP 10.1.0.1 (67c5e220-d069-440d-9393-f7027a650beb/2ce9ed17-f1a3-4b8e-9f06-8299b6909d43/7564f42b-73a2-4fc2-8834-b79ddf28d7fb) {{(pid=87630) _store_ip_allocation /opt/stack/neutron/neutron/db/db_base_plugin_common.py:131}}
Aug 12 17:18:26.519911 np0000007076 devstack@neutron-api.service[87630]: DEBUG neutron_lib.callbacks.manager [None req-9ea88702-37f4-48c4-97be-1dbb12fc1ee5 admin admin] Publish callbacks ['neutron.plugins.ml2.drivers.ovn.mech_driver.mech_driver.OVNMechanismDriver._validate_allowed_address_pairs-204216'] for allowed_address_pair (7564f42b-73a2-4fc2-8834-b79ddf28d7fb), before_create {{(pid=87630) _notify_loop /opt/stack/data/venv/lib/python3.12/site-packages/neutron_lib/callbacks/manager.py:184}}
Aug 12 17:18:26.520455 np0000007076 devstack@neutron-api.service[87630]: DEBUG neutron_lib.callbacks.manager [None req-9ea88702-37f4-48c4-97be-1dbb12fc1ee5 admin admin] Publish callbacks [] for port (7564f42b-73a2-4fc2-8834-b79ddf28d7fb), precommit_create {{(pid=87630) _notify_loop /opt/stack/data/venv/lib/python3.12/site-packages/neutron_lib/callbacks/manager.py:184}}
Aug 12 17:18:26.520696 np0000007076 devstack@neutron-api.service[87630]: DEBUG neutron.plugins.ml2.drivers.ovn.mech_driver.mech_driver [None req-9ea88702-37f4-48c4-97be-1dbb12fc1ee5 admin admin] No provisioning block for port 7564f42b-73a2-4fc2-8834-b79ddf28d7fb since it does not have a host {{(pid=87630) _is_port_provisioning_required /opt/stack/neutron/neutron/plugins/ml2/drivers/ovn/mech_driver/mech_driver.py:877}}
Aug 12 17:18:26.520812 np0000007076 devstack@neutron-api.service[87630]: DEBUG neutron.db.ovn_revision_numbers_db [None req-9ea88702-37f4-48c4-97be-1dbb12fc1ee5 admin admin] create_initial_revision uuid=7564f42b-73a2-4fc2-8834-b79ddf28d7fb, type=ports, rev=-1 {{(pid=87630) create_initial_revision /opt/stack/neutron/neutron/db/ovn_revision_numbers_db.py:98}}
Aug 12 17:18:26.582480 np0000007076 devstack@neutron-api.service[87630]: DEBUG neutron.db.ovn_revision_numbers_db [None req-9ea88702-37f4-48c4-97be-1dbb12fc1ee5 admin admin] create_initial_revision uuid=7564f42b-73a2-4fc2-8834-b79ddf28d7fb, type=router_ports, rev=-1 {{(pid=87630) create_initial_revision /opt/stack/neutron/neutron/db/ovn_revision_numbers_db.py:98}}
Aug 12 17:18:26.607176 np0000007076 devstack@neutron-api.service[87630]: DEBUG neutron_lib.callbacks.manager [None req-9ea88702-37f4-48c4-97be-1dbb12fc1ee5 admin admin] Publish callbacks ['neutron.plugins.ml2.ovo_rpc._ObjectChangeHandler.handle_event-2283564'] for port (7564f42b-73a2-4fc2-8834-b79ddf28d7fb), after_create {{(pid=87630) _notify_loop /opt/stack/data/venv/lib/python3.12/site-packages/neutron_lib/callbacks/manager.py:184}}
Aug 12 17:18:26.630396 np0000007076 devstack@neutron-api.service[87630]: DEBUG neutron.api.rpc.handlers.resources_rpc [None req-9ea88702-37f4-48c4-97be-1dbb12fc1ee5 admin admin] Pushing event updated for resources: {'Port': ['ID=7564f42b-73a2-4fc2-8834-b79ddf28d7fb,revision_number=1']} {{(pid=87630) push /opt/stack/neutron/neutron/api/rpc/handlers/resources_rpc.py:237}}
