Jun 26 02:02:04.916992 np0000003680 nova-scheduler[93297]: DEBUG cotyledon.oslo_config_glue [-] oslo_messaging_notifications.topics = ['notifications'] {{(pid=93297) log_opt_values /opt/stack/data/venv/lib/python3.12/site-packages/oslo_config/cfg.py:3253}}
Jun 26 02:02:04.916992 np0000003680 nova-scheduler[93297]: DEBUG cotyledon.oslo_config_glue [-] oslo_messaging_notifications.transport_url = **** {{(pid=93297) log_opt_values /opt/stack/data/venv/lib/python3.12/site-packages/oslo_config/cfg.py:3253}}
Jun 26 02:02:04.916992 np0000003680 nova-scheduler[93297]: DEBUG cotyledon.oslo_config_glue [-] oslo_limit.auth_section = None {{(pid=93297) log_opt_values /opt/stack/data/venv/lib/python3.12/site-packages/oslo_config/cfg.py:3253}}
Jun 26 02:02:04.916992 np0000003680 nova-scheduler[93297]: DEBUG cotyledon.oslo_config_glue [-] oslo_limit.auth_type = None {{(pid=93297) log_opt_values /opt/stack/data/venv/lib/python3.12/site-packages/oslo_config/cfg.py:3253}}
Jun 26 02:02:04.916992 np0000003680 nova-scheduler[93297]: DEBUG cotyledon.oslo_config_glue [-] oslo_limit.cafile = None {{(pid=93297) log_opt_values /opt/stack/data/venv/lib/python3.12/site-packages/oslo_config/cfg.py:3253}}
Jun 26 02:02:04.917319 np0000003680 nova-scheduler[93297]: DEBUG cotyledon.oslo_config_glue [-] oslo_limit.certfile = None {{(pid=93297) log_opt_values /opt/stack/data/venv/lib/python3.12/site-packages/oslo_config/cfg.py:3253}}
Jun 26 02:02:04.917319 np0000003680 nova-scheduler[93297]: DEBUG cotyledon.oslo_config_glue [-] oslo_limit.collect_timing = False {{(pid=93297) log_opt_values /opt/stack/data/venv/lib/python3.12/site-packages/oslo_config/cfg.py:3253}}
Jun 26 02:02:04.917319 np0000003680 nova-scheduler[93297]: DEBUG cotyledon.oslo_config_glue [-] oslo_limit.connect_retries = None {{(pid=93297) log_opt_values /opt/stack/data/venv/lib/python3.12/site-packages/oslo_config/cfg.py:3253}}
Jun 26 02:02:04.917319 np0000003680 nova-scheduler[93297]: DEBUG cotyledon.oslo_config_glue [-] oslo_limit.connect_retry_delay = None {{(pid=93297) log_opt_values /opt/stack/data/venv/lib/python3.12/site-packages/oslo_config/cfg.py:3253}}
Jun 26 02:02:04.917319 np0000003680 nova-scheduler[93297]: DEBUG cotyledon.oslo_config_glue [-] oslo_limit.endpoint_id = None {{(pid=93297) log_opt_values /opt/stack/data/venv/lib/python3.12/site-packages/oslo_config/cfg.py:3253}}
Jun 26 02:02:04.917319 np0000003680 nova-scheduler[93297]: DEBUG cotyledon.oslo_config_glue [-] oslo_limit.endpoint_interface = public {{(pid=93297) log_opt_values /opt/stack/data/venv/lib/python3.12/site-packages/oslo_config/cfg.py:3253}}
Jun 26 02:02:04.917319 np0000003680 nova-scheduler[93297]: DEBUG cotyledon.oslo_config_glue [-] oslo_limit.endpoint_override = None {{(pid=93297) log_opt_values /opt/stack/data/venv/lib/python3.12/site-packages/oslo_config/cfg.py:3253}}
Jun 26 02:02:04.917319 np0000003680 nova-scheduler[93297]: DEBUG cotyledon.oslo_config_glue [-] oslo_limit.endpoint_region_name = None {{(pid=93297) log_opt_values /opt/stack/data/venv/lib/python3.12/site-packages/oslo_config/cfg.py:3253}}
Jun 26 02:02:04.917319 np0000003680 nova-scheduler[93297]: DEBUG cotyledon.oslo_config_glue [-] oslo_limit.endpoint_service_name = None {{(pid=93297) log_opt_values /opt/stack/data/venv/lib/python3.12/site-packages/oslo_config/cfg.py:3253}}
Jun 26 02:02:04.917613 np0000003680 nova-scheduler[93297]: DEBUG cotyledon.oslo_config_glue [-] oslo_limit.endpoint_service_type = None {{(pid=93297) log_opt_values /opt/stack/data/venv/lib/python3.12/site-packages/oslo_config/cfg.py:3253}}
Jun 26 02:02:04.917613 np0000003680 nova-scheduler[93297]: DEBUG cotyledon.oslo_config_glue [-] oslo_limit.insecure = False {{(pid=93297) log_opt_values /opt/stack/data/venv/lib/python3.12/site-packages/oslo_config/cfg.py:3253}}
Jun 26 02:02:04.917613 np0000003680 nova-scheduler[93297]: DEBUG cotyledon.oslo_config_glue [-] oslo_limit.keyfile = None {{(pid=93297) log_opt_values /opt/stack/data/venv/lib/python3.12/site-packages/oslo_config/cfg.py:3253}}
Jun 26 02:02:04.917613 np0000003680 nova-scheduler[93297]: DEBUG cotyledon.oslo_config_glue [-] oslo_limit.max_version = None {{(pid=93297) log_opt_values /opt/stack/data/venv/lib/python3.12/site-packages/oslo_config/cfg.py:3253}}
Jun 26 02:02:04.917613 np0000003680 nova-scheduler[93297]: DEBUG cotyledon.oslo_config_glue [-] oslo_limit.min_version = None {{(pid=93297) log_opt_values /opt/stack/data/venv/lib/python3.12/site-packages/oslo_config/cfg.py:3253}}
Jun 26 02:02:04.917613 np0000003680 nova-scheduler[93297]: DEBUG cotyledon.oslo_config_glue [-] oslo_limit.region_name = None {{(pid=93297) log_opt_values /opt/stack/data/venv/lib/python3.12/site-packages/oslo_config/cfg.py:3253}}
Jun 26 02:02:04.917613 np0000003680 nova-scheduler[93297]: DEBUG cotyledon.oslo_config_glue [-] oslo_limit.retriable_status_codes = None {{(pid=93297) log_opt_values /opt/stack/data/venv/lib/python3.12/site-packages/oslo_config/cfg.py:3253}}
Jun 26 02:02:04.917613 np0000003680 nova-scheduler[93297]: DEBUG cotyledon.oslo_config_glue [-] oslo_limit.service_name = None {{(pid=93297) log_opt_values /opt/stack/data/venv/lib/python3.12/site-packages/oslo_config/cfg.py:3253}}
Jun 26 02:02:04.917613 np0000003680 nova-scheduler[93297]: DEBUG cotyledon.oslo_config_glue [-] oslo_limit.service_type = None {{(pid=93297) log_opt_values /opt/stack/data/venv/lib/python3.12/site-packages/oslo_config/cfg.py:3253}}
Jun 26 02:02:04.917913 np0000003680 nova-scheduler[93297]: DEBUG cotyledon.oslo_config_glue [-] oslo_limit.split_loggers = False {{(pid=93297) log_opt_values /opt/stack/data/venv/lib/python3.12/site-packages/oslo_config/cfg.py:3253}}
Jun 26 02:02:04.917913 np0000003680 nova-scheduler[93297]: DEBUG cotyledon.oslo_config_glue [-] oslo_limit.status_code_retries = None {{(pid=93297) log_opt_values /opt/stack/data/venv/lib/python3.12/site-packages/oslo_config/cfg.py:3253}}
Jun 26 02:02:04.917913 np0000003680 nova-scheduler[93297]: DEBUG cotyledon.oslo_config_glue [-] oslo_limit.status_code_retry_delay = None {{(pid=93297) log_opt_values /opt/stack/data/venv/lib/python3.12/site-packages/oslo_config/cfg.py:3253}}
Jun 26 02:02:04.917913 np0000003680 nova-scheduler[93297]: DEBUG cotyledon.oslo_config_glue [-] oslo_limit.timeout = None {{(pid=93297) log_opt_values /opt/stack/data/venv/lib/python3.12/site-packages/oslo_config/cfg.py:3253}}
Jun 26 02:02:04.917913 np0000003680 nova-scheduler[93297]: DEBUG cotyledon.oslo_config_glue [-] oslo_limit.valid_interfaces = None {{(pid=93297) log_opt_values /opt/stack/data/venv/lib/python3.12/site-packages/oslo_config/cfg.py:3253}}
Jun 26 02:02:04.917913 np0000003680 nova-scheduler[93297]: DEBUG cotyledon.oslo_config_glue [-] oslo_limit.version = None {{(pid=93297) log_opt_values /opt/stack/data/venv/lib/python3.12/site-packages/oslo_config/cfg.py:3253}}
Jun 26 02:02:04.917913 np0000003680 nova-scheduler[93297]: DEBUG cotyledon.oslo_config_glue [-] oslo_reports.file_event_handler = None {{(pid=93297) log_opt_values /opt/stack/data/venv/lib/python3.12/site-packages/oslo_config/cfg.py:3253}}
Jun 26 02:02:04.917913 np0000003680 nova-scheduler[93297]: DEBUG cotyledon.oslo_config_glue [-] oslo_reports.file_event_handler_interval = 1 {{(pid=93297) log_opt_values /opt/stack/data/venv/lib/python3.12/site-packages/oslo_config/cfg.py:3253}}
Jun 26 02:02:04.917913 np0000003680 nova-scheduler[93297]: DEBUG cotyledon.oslo_config_glue [-] oslo_reports.log_dir = None {{(pid=93297) log_opt_values /opt/stack/data/venv/lib/python3.12/site-packages/oslo_config/cfg.py:3253}}
Jun 26 02:02:04.918382 np0000003680 nova-scheduler[93297]: DEBUG cotyledon.oslo_config_glue [-] ******************************************************************************** {{(pid=93297) log_opt_values /opt/stack/data/venv/lib/python3.12/site-packages/oslo_config/cfg.py:3260}}
Jun 26 02:02:04.918382 np0000003680 nova-scheduler[93297]: DEBUG cotyledon._service_worker [-] Run service ServiceWrapper(2) [93297] {{(pid=93297) wait_forever /opt/stack/data/venv/lib/python3.12/site-packages/cotyledon/_service_worker.py:218}}
Jun 26 02:02:04.918468 np0000003680 nova-scheduler[93290]: DEBUG nova.service [None req-3ad99eab-48c2-42a6-9aef-bd1ee6c1eae1 None None] Creating RPC server for service: nova-scheduler on topic: scheduler {{(pid=93290) start /opt/stack/nova/nova/service.py:196}}
Jun 26 02:02:04.918529 np0000003680 nova-scheduler[93297]: INFO nova.service [-] Starting scheduler node (version 33.1.0)
Jun 26 02:02:04.918529 np0000003680 nova-scheduler[93297]: INFO dbcounter [None req-1ab9957d-5f91-4d5d-9170-18d9c1e71064 None None] Registered counter for database nova_cell0
Jun 26 02:02:04.925974 np0000003680 nova-scheduler[93292]: DEBUG oslo_db.sqlalchemy.engines [None req-86acac89-598a-4a69-920f-5e677913a5b3 None None] MySQL server mode set to STRICT_TRANS_TABLES,STRICT_ALL_TABLES,NO_ZERO_IN_DATE,NO_ZERO_DATE,ERROR_FOR_DIVISION_BY_ZERO,TRADITIONAL,NO_ENGINE_SUBSTITUTION {{(pid=93292) _check_effective_sql_mode /opt/stack/data/venv/lib/python3.12/site-packages/oslo_db/sqlalchemy/engines.py:325}}
Jun 26 02:02:04.940478 np0000003680 nova-scheduler[93290]: DEBUG nova.service [None req-3ad99eab-48c2-42a6-9aef-bd1ee6c1eae1 None None] Join ServiceGroup membership for this service scheduler {{(pid=93290) start /opt/stack/nova/nova/service.py:222}}
Jun 26 02:02:04.940681 np0000003680 nova-scheduler[93290]: DEBUG nova.servicegroup.drivers.db [None req-3ad99eab-48c2-42a6-9aef-bd1ee6c1eae1 None None] DB_Driver: join new ServiceGroup member np0000003680 to the scheduler group, service = {{(pid=93290) join /opt/stack/nova/nova/servicegroup/drivers/db.py:44}}
Jun 26 02:02:04.941629 np0000003680 nova-scheduler[93297]: DEBUG oslo_db.sqlalchemy.engines [None req-1ab9957d-5f91-4d5d-9170-18d9c1e71064 None None] MySQL server mode set to STRICT_TRANS_TABLES,STRICT_ALL_TABLES,NO_ZERO_IN_DATE,NO_ZERO_DATE,ERROR_FOR_DIVISION_BY_ZERO,TRADITIONAL,NO_ENGINE_SUBSTITUTION {{(pid=93297) _check_effective_sql_mode /opt/stack/data/venv/lib/python3.12/site-packages/oslo_db/sqlalchemy/engines.py:325}}
Jun 26 02:02:04.943303 np0000003680 nova-scheduler[93292]: DEBUG dbcounter [-] [93292] Writer thread running {{(pid=93292) stat_writer /opt/stack/data/venv/lib/python3.12/site-packages/dbcounter.py:102}}
Jun 26 02:02:04.947086 np0000003680 nova-scheduler[93292]: DEBUG nova.service [None req-86acac89-598a-4a69-920f-5e677913a5b3 None None] Creating RPC server for service: nova-scheduler on topic: scheduler {{(pid=93292) start /opt/stack/nova/nova/service.py:196}}
Jun 26 02:02:04.951754 np0000003680 nova-scheduler[93297]: DEBUG dbcounter [-] [93297] Writer thread running {{(pid=93297) stat_writer /opt/stack/data/venv/lib/python3.12/site-packages/dbcounter.py:102}}
Jun 26 02:02:04.954873 np0000003680 nova-scheduler[93297]: DEBUG nova.service [None req-1ab9957d-5f91-4d5d-9170-18d9c1e71064 None None] Creating RPC server for service: nova-scheduler on topic: scheduler {{(pid=93297) start /opt/stack/nova/nova/service.py:196}}
Jun 26 02:02:04.968215 np0000003680 nova-scheduler[93292]: DEBUG nova.service [None req-86acac89-598a-4a69-920f-5e677913a5b3 None None] Join ServiceGroup membership for this service scheduler {{(pid=93292) start /opt/stack/nova/nova/service.py:222}}
Jun 26 02:02:04.968393 np0000003680 nova-scheduler[93292]: DEBUG nova.servicegroup.drivers.db [None req-86acac89-598a-4a69-920f-5e677913a5b3 None None] DB_Driver: join new ServiceGroup member np0000003680 to the scheduler group, service = {{(pid=93292) join /opt/stack/nova/nova/servicegroup/drivers/db.py:44}}
Jun 26 02:02:04.973529 np0000003680 nova-scheduler[93297]: DEBUG nova.service [None req-1ab9957d-5f91-4d5d-9170-18d9c1e71064 None None] Join ServiceGroup membership for this service scheduler {{(pid=93297) start /opt/stack/nova/nova/service.py:222}}
Jun 26 02:02:04.973744 np0000003680 nova-scheduler[93297]: DEBUG nova.servicegroup.drivers.db [None req-1ab9957d-5f91-4d5d-9170-18d9c1e71064 None None] DB_Driver: join new ServiceGroup member np0000003680 to the scheduler group, service = {{(pid=93297) join /opt/stack/nova/nova/servicegroup/drivers/db.py:44}}
Jun 26 02:02:09.953546 np0000003680 nova-scheduler[93290]: DEBUG oslo.service.backend._threading.loopingcall [-] Fixed interval looping call 'nova.servicegroup.drivers.db.DbDriver._report_state' sleeping for 119.99 seconds {{(pid=93290) _run_loop /opt/stack/data/venv/lib/python3.12/site-packages/oslo_service/backend/_threading/loopingcall.py:125}}
Jun 26 02:02:09.979150 np0000003680 nova-scheduler[93292]: DEBUG oslo.service.backend._threading.loopingcall [-] Fixed interval looping call 'nova.servicegroup.drivers.db.DbDriver._report_state' sleeping for 119.99 seconds {{(pid=93292) _run_loop /opt/stack/data/venv/lib/python3.12/site-packages/oslo_service/backend/_threading/loopingcall.py:125}}
Jun 26 02:02:09.984467 np0000003680 nova-scheduler[93297]: DEBUG oslo.service.backend._threading.loopingcall [-] Fixed interval looping call 'nova.servicegroup.drivers.db.DbDriver._report_state' sleeping for 119.99 seconds {{(pid=93297) _run_loop /opt/stack/data/venv/lib/python3.12/site-packages/oslo_service/backend/_threading/loopingcall.py:125}}
Jun 26 02:02:13.531068 np0000003680 nova-scheduler[92090]: DEBUG dbcounter [-] [92090] Writing DB stats nova_api:SELECT=3 {{(pid=92090) stat_writer /opt/stack/data/venv/lib/python3.12/site-packages/dbcounter.py:115}}
Jun 26 02:02:13.664779 np0000003680 nova-scheduler[92090]: DEBUG dbcounter [-] [92090] Writing DB stats nova_cell1:SELECT=1 {{(pid=92090) stat_writer /opt/stack/data/venv/lib/python3.12/site-packages/dbcounter.py:115}}
Jun 26 02:02:13.668343 np0000003680 nova-scheduler[92090]: DEBUG dbcounter [-] [92090] Writing DB stats nova_cell0:SELECT=1 {{(pid=92090) stat_writer /opt/stack/data/venv/lib/python3.12/site-packages/dbcounter.py:115}}
Jun 26 02:02:19.950287 np0000003680 nova-scheduler[93290]: DEBUG dbcounter [-] [93290] Writing DB stats nova_cell0:SELECT=4,nova_cell0:INSERT=1,nova_cell0:UPDATE=1 {{(pid=93290) stat_writer /opt/stack/data/venv/lib/python3.12/site-packages/dbcounter.py:115}}
Jun 26 02:02:19.976929 np0000003680 nova-scheduler[93292]: DEBUG dbcounter [-] [93292] Writing DB stats nova_cell0:SELECT=3 {{(pid=93292) stat_writer /opt/stack/data/venv/lib/python3.12/site-packages/dbcounter.py:115}}
Jun 26 02:02:19.983926 np0000003680 nova-scheduler[93297]: DEBUG dbcounter [-] [93297] Writing DB stats nova_cell0:SELECT=3 {{(pid=93297) stat_writer /opt/stack/data/venv/lib/python3.12/site-packages/dbcounter.py:115}}
Jun 26 02:02:21.976657 np0000003680 nova-scheduler[93297]: DEBUG oslo.service.backend._threading.loopingcall [None req-6d63a888-1486-41e1-b8e5-2ed2de5e2fea None None] Dynamic interval looping call 'nova.service.Service.periodic_tasks' sleeping for 60.00 seconds {{(pid=93297) _run_loop /opt/stack/data/venv/lib/python3.12/site-packages/oslo_service/backend/_threading/loopingcall.py:125}}
Jun 26 02:02:57.971407 np0000003680 nova-scheduler[93292]: DEBUG oslo.service.backend._threading.loopingcall [None req-6ed66aed-2506-410b-ac15-3967c1018869 None None] Dynamic interval looping call 'nova.service.Service.periodic_tasks' sleeping for 60.00 seconds {{(pid=93292) _run_loop /opt/stack/data/venv/lib/python3.12/site-packages/oslo_service/backend/_threading/loopingcall.py:125}}
Jun 26 02:03:04.942660 np0000003680 nova-scheduler[93290]: DEBUG oslo.service.backend._threading.loopingcall [None req-3121ffdc-b260-43a1-b037-a7a2b90f9b12 None None] Dynamic interval looping call 'nova.service.Service.periodic_tasks' sleeping for 60.00 seconds {{(pid=93290) _run_loop /opt/stack/data/venv/lib/python3.12/site-packages/oslo_service/backend/_threading/loopingcall.py:125}}
Jun 26 02:03:21.977194 np0000003680 nova-scheduler[93297]: DEBUG oslo.service.backend._threading.loopingcall [None req-6d63a888-1486-41e1-b8e5-2ed2de5e2fea None None] Dynamic interval looping call 'nova.service.Service.periodic_tasks' sleeping for 60.00 seconds {{(pid=93297) _run_loop /opt/stack/data/venv/lib/python3.12/site-packages/oslo_service/backend/_threading/loopingcall.py:125}}
Jun 26 02:03:57.972317 np0000003680 nova-scheduler[93292]: DEBUG oslo.service.backend._threading.loopingcall [None req-6ed66aed-2506-410b-ac15-3967c1018869 None None] Dynamic interval looping call 'nova.service.Service.periodic_tasks' sleeping for 60.00 seconds {{(pid=93292) _run_loop /opt/stack/data/venv/lib/python3.12/site-packages/oslo_service/backend/_threading/loopingcall.py:125}}
Jun 26 02:04:04.943188 np0000003680 nova-scheduler[93290]: DEBUG oslo.service.backend._threading.loopingcall [None req-3121ffdc-b260-43a1-b037-a7a2b90f9b12 None None] Dynamic interval looping call 'nova.service.Service.periodic_tasks' sleeping for 60.00 seconds {{(pid=93290) _run_loop /opt/stack/data/venv/lib/python3.12/site-packages/oslo_service/backend/_threading/loopingcall.py:125}}
Jun 26 02:04:09.952388 np0000003680 nova-scheduler[93290]: DEBUG oslo.service.backend._threading.loopingcall [-] Fixed interval looping call 'nova.servicegroup.drivers.db.DbDriver._report_state' sleeping for 119.99 seconds {{(pid=93290) _run_loop /opt/stack/data/venv/lib/python3.12/site-packages/oslo_service/backend/_threading/loopingcall.py:125}}
Jun 26 02:04:09.972996 np0000003680 nova-scheduler[93292]: DEBUG oslo.service.backend._threading.loopingcall [-] Fixed interval looping call 'nova.servicegroup.drivers.db.DbDriver._report_state' sleeping for 120.00 seconds {{(pid=93292) _run_loop /opt/stack/data/venv/lib/python3.12/site-packages/oslo_service/backend/_threading/loopingcall.py:125}}
Jun 26 02:04:09.977637 np0000003680 nova-scheduler[93297]: DEBUG oslo.service.backend._threading.loopingcall [-] Fixed interval looping call 'nova.servicegroup.drivers.db.DbDriver._report_state' sleeping for 120.00 seconds {{(pid=93297) _run_loop /opt/stack/data/venv/lib/python3.12/site-packages/oslo_service/backend/_threading/loopingcall.py:125}}
Jun 26 02:04:19.947277 np0000003680 nova-scheduler[93290]: DEBUG dbcounter [-] [93290] Writing DB stats nova_cell0:SELECT=1,nova_cell0:UPDATE=1 {{(pid=93290) stat_writer /opt/stack/data/venv/lib/python3.12/site-packages/dbcounter.py:115}}
Jun 26 02:04:19.971232 np0000003680 nova-scheduler[93292]: DEBUG dbcounter [-] [93292] Writing DB stats nova_cell0:SELECT=1 {{(pid=93292) stat_writer /opt/stack/data/venv/lib/python3.12/site-packages/dbcounter.py:115}}
Jun 26 02:04:19.976189 np0000003680 nova-scheduler[93297]: DEBUG dbcounter [-] [93297] Writing DB stats nova_cell0:SELECT=1 {{(pid=93297) stat_writer /opt/stack/data/venv/lib/python3.12/site-packages/dbcounter.py:115}}
Jun 26 02:04:21.977685 np0000003680 nova-scheduler[93297]: DEBUG oslo.service.backend._threading.loopingcall [None req-6d63a888-1486-41e1-b8e5-2ed2de5e2fea None None] Dynamic interval looping call 'nova.service.Service.periodic_tasks' sleeping for 60.00 seconds {{(pid=93297) _run_loop /opt/stack/data/venv/lib/python3.12/site-packages/oslo_service/backend/_threading/loopingcall.py:125}}
Jun 26 02:04:55.638979 np0000003680 nova-scheduler[93290]: DEBUG nova.scheduler.manager [None req-1c45aae9-12e8-4054-a4f1-45ebcf671bd9 tempest-ServerBootFromVolumeStableRescueTest-1993132251 tempest-ServerBootFromVolumeStableRescueTest-1993132251-project-member] Starting to schedule for instances: ['445b3b96-ce2d-4261-9698-645b7c4d3857'] {{(pid=93290) select_destinations /opt/stack/nova/nova/scheduler/manager.py:210}}
Jun 26 02:04:55.639502 np0000003680 nova-scheduler[93290]: DEBUG nova.scheduler.request_filter [None req-1c45aae9-12e8-4054-a4f1-45ebcf671bd9 tempest-ServerBootFromVolumeStableRescueTest-1993132251 tempest-ServerBootFromVolumeStableRescueTest-1993132251-project-member] compute_status_filter request filter added forbidden trait COMPUTE_STATUS_DISABLED {{(pid=93290) compute_status_filter /opt/stack/nova/nova/scheduler/request_filter.py:253}}
Jun 26 02:04:55.639914 np0000003680 nova-scheduler[93290]: DEBUG nova.scheduler.request_filter [None req-1c45aae9-12e8-4054-a4f1-45ebcf671bd9 tempest-ServerBootFromVolumeStableRescueTest-1993132251 tempest-ServerBootFromVolumeStableRescueTest-1993132251-project-member] Request filter 'compute_status_filter' took 0.0 seconds {{(pid=93290) wrapper /opt/stack/nova/nova/scheduler/request_filter.py:46}}
Jun 26 02:04:55.639914 np0000003680 nova-scheduler[93290]: DEBUG nova.scheduler.request_filter [None req-1c45aae9-12e8-4054-a4f1-45ebcf671bd9 tempest-ServerBootFromVolumeStableRescueTest-1993132251 tempest-ServerBootFromVolumeStableRescueTest-1993132251-project-member] Request filter 'accelerators_filter' took 0.0 seconds {{(pid=93290) wrapper /opt/stack/nova/nova/scheduler/request_filter.py:46}}
Jun 26 02:04:55.640211 np0000003680 nova-scheduler[93290]: DEBUG nova.scheduler.request_filter [None req-1c45aae9-12e8-4054-a4f1-45ebcf671bd9 tempest-ServerBootFromVolumeStableRescueTest-1993132251 tempest-ServerBootFromVolumeStableRescueTest-1993132251-project-member] Request filter 'packed_virtqueue_filter' took 0.0 seconds {{(pid=93290) wrapper /opt/stack/nova/nova/scheduler/request_filter.py:46}}
Jun 26 02:04:55.640270 np0000003680 nova-scheduler[93290]: DEBUG nova.scheduler.request_filter [None req-1c45aae9-12e8-4054-a4f1-45ebcf671bd9 tempest-ServerBootFromVolumeStableRescueTest-1993132251 tempest-ServerBootFromVolumeStableRescueTest-1993132251-project-member] Request filter 'remote_managed_ports_filter' took 0.0 seconds {{(pid=93290) wrapper /opt/stack/nova/nova/scheduler/request_filter.py:46}}
Jun 26 02:04:55.640400 np0000003680 nova-scheduler[93290]: DEBUG nova.scheduler.request_filter [None req-1c45aae9-12e8-4054-a4f1-45ebcf671bd9 tempest-ServerBootFromVolumeStableRescueTest-1993132251 tempest-ServerBootFromVolumeStableRescueTest-1993132251-project-member] ephemeral_encryption_filter skipped {{(pid=93290) ephemeral_encryption_filter /opt/stack/nova/nova/scheduler/request_filter.py:426}}
Jun 26 02:04:55.640615 np0000003680 nova-scheduler[93290]: DEBUG nova.scheduler.request_filter [None req-1c45aae9-12e8-4054-a4f1-45ebcf671bd9 tempest-ServerBootFromVolumeStableRescueTest-1993132251 tempest-ServerBootFromVolumeStableRescueTest-1993132251-project-member] virtio_sound_filter skipped {{(pid=93290) virtio_sound_filter /opt/stack/nova/nova/scheduler/request_filter.py:460}}
Jun 26 02:04:55.640764 np0000003680 nova-scheduler[93290]: DEBUG nova.scheduler.request_filter [None req-1c45aae9-12e8-4054-a4f1-45ebcf671bd9 tempest-ServerBootFromVolumeStableRescueTest-1993132251 tempest-ServerBootFromVolumeStableRescueTest-1993132251-project-member] tpm_secret_security_filter skipped {{(pid=93290) tpm_secret_security_filter /opt/stack/nova/nova/scheduler/request_filter.py:477}}
Jun 26 02:04:56.348899 np0000003680 nova-scheduler[93290]: INFO nova.utils [None req-1c45aae9-12e8-4054-a4f1-45ebcf671bd9 tempest-ServerBootFromVolumeStableRescueTest-1993132251 tempest-ServerBootFromVolumeStableRescueTest-1993132251-project-member] The cell worker thread pool ForkProcess-1.cell_worker is initialized
Jun 26 02:04:56.348899 np0000003680 nova-scheduler[93290]: DEBUG oslo_concurrency.lockutils [None req-1c45aae9-12e8-4054-a4f1-45ebcf671bd9 tempest-ServerBootFromVolumeStableRescueTest-1993132251 tempest-ServerBootFromVolumeStableRescueTest-1993132251-project-member] Acquiring lock "53f8bde7-12f2-414d-9b8b-e728a50169e1" by "nova.context.set_target_cell..get_or_set_cached_cell_and_set_connections" {{(pid=93290) inner /opt/stack/data/venv/lib/python3.12/site-packages/oslo_concurrency/lockutils.py:511}}
Jun 26 02:04:56.349570 np0000003680 nova-scheduler[93290]: DEBUG oslo_concurrency.lockutils [None req-1c45aae9-12e8-4054-a4f1-45ebcf671bd9 tempest-ServerBootFromVolumeStableRescueTest-1993132251 tempest-ServerBootFromVolumeStableRescueTest-1993132251-project-member] Lock "53f8bde7-12f2-414d-9b8b-e728a50169e1" acquired by "nova.context.set_target_cell..get_or_set_cached_cell_and_set_connections" :: waited 0.000s {{(pid=93290) inner /opt/stack/data/venv/lib/python3.12/site-packages/oslo_concurrency/lockutils.py:524}}
Jun 26 02:04:56.350976 np0000003680 nova-scheduler[93290]: DEBUG oslo_concurrency.lockutils [None req-1c45aae9-12e8-4054-a4f1-45ebcf671bd9 tempest-ServerBootFromVolumeStableRescueTest-1993132251 tempest-ServerBootFromVolumeStableRescueTest-1993132251-project-member] Lock "53f8bde7-12f2-414d-9b8b-e728a50169e1" "released" by "nova.context.set_target_cell..get_or_set_cached_cell_and_set_connections" :: held 0.002s {{(pid=93290) inner /opt/stack/data/venv/lib/python3.12/site-packages/oslo_concurrency/lockutils.py:543}}
Jun 26 02:04:56.353219 np0000003680 nova-scheduler[93290]: INFO dbcounter [None req-1c45aae9-12e8-4054-a4f1-45ebcf671bd9 tempest-ServerBootFromVolumeStableRescueTest-1993132251 tempest-ServerBootFromVolumeStableRescueTest-1993132251-project-member] Registered counter for database nova_cell1
Jun 26 02:04:56.391803 np0000003680 nova-scheduler[93290]: DEBUG oslo_db.sqlalchemy.engines [None req-1c45aae9-12e8-4054-a4f1-45ebcf671bd9 tempest-ServerBootFromVolumeStableRescueTest-1993132251 tempest-ServerBootFromVolumeStableRescueTest-1993132251-project-member] MySQL server mode set to STRICT_TRANS_TABLES,STRICT_ALL_TABLES,NO_ZERO_IN_DATE,NO_ZERO_DATE,ERROR_FOR_DIVISION_BY_ZERO,TRADITIONAL,NO_ENGINE_SUBSTITUTION {{(pid=93290) _check_effective_sql_mode /opt/stack/data/venv/lib/python3.12/site-packages/oslo_db/sqlalchemy/engines.py:325}}
Jun 26 02:04:56.397676 np0000003680 nova-scheduler[93290]: DEBUG dbcounter [-] [93290] Writer thread running {{(pid=93290) stat_writer /opt/stack/data/venv/lib/python3.12/site-packages/dbcounter.py:102}}
Jun 26 02:04:56.417375 np0000003680 nova-scheduler[93290]: DEBUG oslo_db.sqlalchemy.engines [None req-1c45aae9-12e8-4054-a4f1-45ebcf671bd9 tempest-ServerBootFromVolumeStableRescueTest-1993132251 tempest-ServerBootFromVolumeStableRescueTest-1993132251-project-member] Parent process 92090 forked (93290) with an open database connection, which is being discarded and recreated. {{(pid=93290) checkout /opt/stack/data/venv/lib/python3.12/site-packages/oslo_db/sqlalchemy/engines.py:402}}
Jun 26 02:04:56.465123 np0000003680 nova-scheduler[93290]: DEBUG dbcounter [-] [93290] Writer thread running {{(pid=93290) stat_writer /opt/stack/data/venv/lib/python3.12/site-packages/dbcounter.py:102}}
Jun 26 02:04:56.468690 np0000003680 nova-scheduler[93290]: DEBUG oslo_concurrency.lockutils [None req-1c45aae9-12e8-4054-a4f1-45ebcf671bd9 tempest-ServerBootFromVolumeStableRescueTest-1993132251 tempest-ServerBootFromVolumeStableRescueTest-1993132251-project-member] Acquiring lock "53f8bde7-12f2-414d-9b8b-e728a50169e1" by "nova.context.set_target_cell..get_or_set_cached_cell_and_set_connections" {{(pid=93290) inner /opt/stack/data/venv/lib/python3.12/site-packages/oslo_concurrency/lockutils.py:511}}
Jun 26 02:04:56.468690 np0000003680 nova-scheduler[93290]: DEBUG oslo_concurrency.lockutils [None req-1c45aae9-12e8-4054-a4f1-45ebcf671bd9 tempest-ServerBootFromVolumeStableRescueTest-1993132251 tempest-ServerBootFromVolumeStableRescueTest-1993132251-project-member] Lock "53f8bde7-12f2-414d-9b8b-e728a50169e1" acquired by "nova.context.set_target_cell..get_or_set_cached_cell_and_set_connections" :: waited 0.000s {{(pid=93290) inner /opt/stack/data/venv/lib/python3.12/site-packages/oslo_concurrency/lockutils.py:524}}
Jun 26 02:04:56.468941 np0000003680 nova-scheduler[93290]: DEBUG oslo_concurrency.lockutils [None req-1c45aae9-12e8-4054-a4f1-45ebcf671bd9 tempest-ServerBootFromVolumeStableRescueTest-1993132251 tempest-ServerBootFromVolumeStableRescueTest-1993132251-project-member] Lock "53f8bde7-12f2-414d-9b8b-e728a50169e1" "released" by "nova.context.set_target_cell..get_or_set_cached_cell_and_set_connections" :: held 0.000s {{(pid=93290) inner /opt/stack/data/venv/lib/python3.12/site-packages/oslo_concurrency/lockutils.py:543}}
Jun 26 02:04:56.474676 np0000003680 nova-scheduler[93290]: DEBUG oslo_concurrency.lockutils [None req-1c45aae9-12e8-4054-a4f1-45ebcf671bd9 tempest-ServerBootFromVolumeStableRescueTest-1993132251 tempest-ServerBootFromVolumeStableRescueTest-1993132251-project-member] Acquiring lock "('np0000003680', 'np0000003680')" by "nova.scheduler.host_manager.HostState.update.._locked_update" {{(pid=93290) inner /opt/stack/data/venv/lib/python3.12/site-packages/oslo_concurrency/lockutils.py:511}}
Jun 26 02:04:56.474876 np0000003680 nova-scheduler[93290]: DEBUG oslo_concurrency.lockutils [None req-1c45aae9-12e8-4054-a4f1-45ebcf671bd9 tempest-ServerBootFromVolumeStableRescueTest-1993132251 tempest-ServerBootFromVolumeStableRescueTest-1993132251-project-member] Lock "('np0000003680', 'np0000003680')" acquired by "nova.scheduler.host_manager.HostState.update.._locked_update" :: waited 0.000s {{(pid=93290) inner /opt/stack/data/venv/lib/python3.12/site-packages/oslo_concurrency/lockutils.py:524}}
Jun 26 02:04:56.476333 np0000003680 nova-scheduler[93290]: DEBUG nova.scheduler.host_manager [None req-1c45aae9-12e8-4054-a4f1-45ebcf671bd9 tempest-ServerBootFromVolumeStableRescueTest-1993132251 tempest-ServerBootFromVolumeStableRescueTest-1993132251-project-member] Update host state from compute node: ComputeNode(cpu_allocation_ratio=4.0,cpu_info='{"arch": "x86_64", "model": "EPYC-Milan", "vendor": "AMD", "topology": {"cells": 1, "sockets": 16, "cores": 1, "threads": 1}, "maxphysaddr": {"mode": "emulate", "bits": 40}, "features": ["fxsr", "cx16", "apic", "sse4.1", "vaes", "umip", "xsaves", "pni", "3dnowprefetch", "msr", "tsc-deadline", "vme", "svme-addr-chk", "lahf_lm", "sse", "hypervisor", "lm", "clwb", "flushbyasid", "mtrr", "ssse3", "xsaveerptr", "pse36", "x2apic", "vgif", "rdseed", "sse4.2", "spec-ctrl", "bmi2", "fma", "fsgsbase", "xgetbv1", "adx", "gds-no", "pause-filter", "avx", "abm", "clflushopt", "pku", "ibpb", "arch-capabilities", "vmcb-clean", "tsc_adjust", "amd-ssbd", "rdctl-no", "sha-ni", "arat", "lbrv", "de", "skip-l1dfl-vmentry", "fpu", "pclmuldq", "fxsr_opt", "aes", "popcnt", "npt", "smap", "lfence-always-serializing", "no-nested-data-bp", "pfthreshold", "pschange-mc-no", "stibp-always-on", "svm", "rdrand", "vpclmulqdq", "cmp_legacy", "clzero", "misalignsse", "pse", "invpcid", "mca", "rdtscp", "nrip-save", "ibrs", "sse4a", "mmxext", "virt-ssbd", "mds-no", "mmx", "nx", "amd-psfd", "pcid", "topoext", "fsrm", "sep", "wbnoinvd", "pat", "xsaveopt", "xsave", "sse2", "amd-stibp", "mce", "f16c", "bmi1", "cr8legacy", "erms", "cmov", "avx2", "osvw", "pdpe1gb", "syscall", "pae", "perfctr_core", "tsc", "xsavec", "null-sel-clr-base", "smep", "ssbd", "rdpid", "stibp", "tsc-scale", "cx8", "pge", "clflush", "movbe", "v-vmsave-vmload"]}',created_at=2026-06-26T02:02:32Z,current_workload=0,deleted=False,deleted_at=None,disk_allocation_ratio=1.0,disk_available_least=73,free_disk_gb=95,free_ram_mb=62765,host='np0000003680',host_ip=10.4.3.20,hypervisor_hostname='np0000003680',hypervisor_type='QEMU',hypervisor_version=8002002,id=1,local_gb=95,local_gb_used=0,mapped=1,memory_mb=63277,memory_mb_used=512,metrics='[]',numa_topology='{"nova_object.name": "NUMATopology", "nova_object.namespace": "nova", "nova_object.version": "1.2", "nova_object.data": {"cells": [{"nova_object.name": "NUMACell", "nova_object.namespace": "nova", "nova_object.version": "1.5", "nova_object.data": {"id": 0, "cpuset": [0, 1, 2, 3, 4, 5, 6, 7, 8, 9, 10, 11, 12, 13, 14, 15], "pcpuset": [0, 1, 2, 3, 4, 5, 6, 7, 8, 9, 10, 11, 12, 13, 14, 15], "memory": 63277, "cpu_usage": 0, "memory_usage": 0, "pinned_cpus": [], "siblings": [[6], [12], [2], [15], [5], [11], [8], [14], [4], [1], [7], [10], [0], [13], [3], [9]], "mempages": [{"nova_object.name": "NUMAPagesTopology", "nova_object.namespace": "nova", "nova_object.version": "1.1", "nova_object.data": {"size_kb": 4, "total": 16177929, "used": 0, "reserved": 0}, "nova_object.changes": ["total", "size_kb", "reserved", "used"]}, {"nova_object.name": "NUMAPagesTopology", "nova_object.namespace": "nova", "nova_object.version": "1.1", "nova_object.data": {"size_kb": 2048, "total": 41, "used": 0, "reserved": 0}, "nova_object.changes": ["total", "size_kb", "reserved", "used"]}, {"nova_object.name": "NUMAPagesTopology", "nova_object.namespace": "nova", "nova_object.version": "1.1", "nova_object.data": {"size_kb": 1048576, "total": 0, "used": 0, "reserved": 0}, "nova_object.changes": ["total", "size_kb", "reserved", "used"]}], "network_metadata": {"nova_object.name": "NetworkMetadata", "nova_object.namespace": "nova", "nova_object.version": "1.0", "nova_object.data": {"physnets": [], "tunneled": false}, "nova_object.changes": ["physnets", "tunneled"]}, "socket": null}, "nova_object.changes": ["socket", "network_metadata", "pcpuset", "memory_usage", "id", "siblings", "cpuset", "cpu_usage", "memory", "mempages", "pinned_cpus"]}]}, "nova_object.changes": ["cells"]}',pci_device_pools=PciDevicePoolList,ram_allocation_ratio=1.0,running_vms=0,service_id=2,stats={failed_builds='0',uptime=' 02:04:16 up 14 min, 2 users, load average: 1.05, 1.30, 0.79
Jun 26 02:04:56.476333 np0000003680 nova-scheduler[93290]: '},supported_hv_specs=[HVSpec,HVSpec,HVSpec,HVSpec,HVSpec,HVSpec,HVSpec,HVSpec,HVSpec,HVSpec,HVSpec,HVSpec,HVSpec,HVSpec,HVSpec,HVSpec,HVSpec,HVSpec,HVSpec,HVSpec,HVSpec,HVSpec,HVSpec,HVSpec,HVSpec],updated_at=2026-06-26T02:04:18Z,uuid=b671b75c-c4f3-4c4d-9f79-568827f13071,vcpus=16,vcpus_used=0) {{(pid=93290) _locked_update /opt/stack/nova/nova/scheduler/host_manager.py:168}}
Jun 26 02:04:56.477294 np0000003680 nova-scheduler[93290]: DEBUG nova.scheduler.host_manager [None req-1c45aae9-12e8-4054-a4f1-45ebcf671bd9 tempest-ServerBootFromVolumeStableRescueTest-1993132251 tempest-ServerBootFromVolumeStableRescueTest-1993132251-project-member] Update host state with aggregates: [] {{(pid=93290) _locked_update /opt/stack/nova/nova/scheduler/host_manager.py:171}}
Jun 26 02:04:56.477436 np0000003680 nova-scheduler[93290]: DEBUG nova.scheduler.host_manager [None req-1c45aae9-12e8-4054-a4f1-45ebcf671bd9 tempest-ServerBootFromVolumeStableRescueTest-1993132251 tempest-ServerBootFromVolumeStableRescueTest-1993132251-project-member] Update host state with service dict: {'id': 2, 'uuid': '6f04355a-66c4-4c0c-8224-07113a5793b0', 'host': 'np0000003680', 'binary': 'nova-compute', 'topic': 'compute', 'report_count': 2, 'disabled': False, 'disabled_reason': None, 'last_seen_up': datetime.datetime(2026, 6, 26, 2, 4, 41, tzinfo=datetime.timezone.utc), 'forced_down': False, 'version': 72, 'created_at': datetime.datetime(2026, 6, 26, 2, 2, 30, tzinfo=datetime.timezone.utc), 'updated_at': datetime.datetime(2026, 6, 26, 2, 4, 41, tzinfo=datetime.timezone.utc), 'deleted_at': None, 'deleted': False} {{(pid=93290) _locked_update /opt/stack/nova/nova/scheduler/host_manager.py:174}}
Jun 26 02:04:56.477589 np0000003680 nova-scheduler[93290]: DEBUG nova.scheduler.host_manager [None req-1c45aae9-12e8-4054-a4f1-45ebcf671bd9 tempest-ServerBootFromVolumeStableRescueTest-1993132251 tempest-ServerBootFromVolumeStableRescueTest-1993132251-project-member] Update host state with instances: [] {{(pid=93290) _locked_update /opt/stack/nova/nova/scheduler/host_manager.py:177}}
Jun 26 02:04:56.477726 np0000003680 nova-scheduler[93290]: DEBUG oslo_concurrency.lockutils [None req-1c45aae9-12e8-4054-a4f1-45ebcf671bd9 tempest-ServerBootFromVolumeStableRescueTest-1993132251 tempest-ServerBootFromVolumeStableRescueTest-1993132251-project-member] Lock "('np0000003680', 'np0000003680')" "released" by "nova.scheduler.host_manager.HostState.update.._locked_update" :: held 0.003s {{(pid=93290) inner /opt/stack/data/venv/lib/python3.12/site-packages/oslo_concurrency/lockutils.py:543}}
Jun 26 02:04:56.478580 np0000003680 nova-scheduler[93290]: DEBUG nova.filters [None req-1c45aae9-12e8-4054-a4f1-45ebcf671bd9 tempest-ServerBootFromVolumeStableRescueTest-1993132251 tempest-ServerBootFromVolumeStableRescueTest-1993132251-project-member] Starting with 1 host(s) {{(pid=93290) get_filtered_objects /opt/stack/nova/nova/filters.py:70}}
Jun 26 02:04:56.478789 np0000003680 nova-scheduler[93290]: DEBUG nova.filters [None req-1c45aae9-12e8-4054-a4f1-45ebcf671bd9 tempest-ServerBootFromVolumeStableRescueTest-1993132251 tempest-ServerBootFromVolumeStableRescueTest-1993132251-project-member] Filter ComputeFilter returned 1 host(s) {{(pid=93290) get_filtered_objects /opt/stack/nova/nova/filters.py:102}}
Jun 26 02:04:56.478918 np0000003680 nova-scheduler[93290]: DEBUG nova.filters [None req-1c45aae9-12e8-4054-a4f1-45ebcf671bd9 tempest-ServerBootFromVolumeStableRescueTest-1993132251 tempest-ServerBootFromVolumeStableRescueTest-1993132251-project-member] Filter ComputeCapabilitiesFilter returned 1 host(s) {{(pid=93290) get_filtered_objects /opt/stack/nova/nova/filters.py:102}}
Jun 26 02:04:56.479151 np0000003680 nova-scheduler[93290]: DEBUG nova.filters [None req-1c45aae9-12e8-4054-a4f1-45ebcf671bd9 tempest-ServerBootFromVolumeStableRescueTest-1993132251 tempest-ServerBootFromVolumeStableRescueTest-1993132251-project-member] Filter ImagePropertiesFilter returned 1 host(s) {{(pid=93290) get_filtered_objects /opt/stack/nova/nova/filters.py:102}}
Jun 26 02:04:56.479314 np0000003680 nova-scheduler[93290]: DEBUG nova.filters [None req-1c45aae9-12e8-4054-a4f1-45ebcf671bd9 tempest-ServerBootFromVolumeStableRescueTest-1993132251 tempest-ServerBootFromVolumeStableRescueTest-1993132251-project-member] Filter ServerGroupAntiAffinityFilter returned 1 host(s) {{(pid=93290) get_filtered_objects /opt/stack/nova/nova/filters.py:102}}
Jun 26 02:04:56.479450 np0000003680 nova-scheduler[93290]: DEBUG nova.filters [None req-1c45aae9-12e8-4054-a4f1-45ebcf671bd9 tempest-ServerBootFromVolumeStableRescueTest-1993132251 tempest-ServerBootFromVolumeStableRescueTest-1993132251-project-member] Filter ServerGroupAffinityFilter returned 1 host(s) {{(pid=93290) get_filtered_objects /opt/stack/nova/nova/filters.py:102}}
Jun 26 02:04:56.479603 np0000003680 nova-scheduler[93290]: DEBUG nova.filters [None req-1c45aae9-12e8-4054-a4f1-45ebcf671bd9 tempest-ServerBootFromVolumeStableRescueTest-1993132251 tempest-ServerBootFromVolumeStableRescueTest-1993132251-project-member] Filter SameHostFilter returned 1 host(s) {{(pid=93290) get_filtered_objects /opt/stack/nova/nova/filters.py:102}}
Jun 26 02:04:56.479711 np0000003680 nova-scheduler[93290]: DEBUG nova.filters [None req-1c45aae9-12e8-4054-a4f1-45ebcf671bd9 tempest-ServerBootFromVolumeStableRescueTest-1993132251 tempest-ServerBootFromVolumeStableRescueTest-1993132251-project-member] Filter DifferentHostFilter returned 1 host(s) {{(pid=93290) get_filtered_objects /opt/stack/nova/nova/filters.py:102}}
Jun 26 02:04:56.479846 np0000003680 nova-scheduler[93290]: DEBUG nova.scheduler.manager [None req-1c45aae9-12e8-4054-a4f1-45ebcf671bd9 tempest-ServerBootFromVolumeStableRescueTest-1993132251 tempest-ServerBootFromVolumeStableRescueTest-1993132251-project-member] Filtered [(np0000003680, np0000003680) ram: 62765MB disk: 74752MB io_ops: 0 instances: 0, allocation_candidates: 1] {{(pid=93290) _get_sorted_hosts /opt/stack/nova/nova/scheduler/manager.py:743}}
Jun 26 02:04:56.480028 np0000003680 nova-scheduler[93290]: DEBUG nova.scheduler.manager [None req-1c45aae9-12e8-4054-a4f1-45ebcf671bd9 tempest-ServerBootFromVolumeStableRescueTest-1993132251 tempest-ServerBootFromVolumeStableRescueTest-1993132251-project-member] Weighed [WeighedHost [host: (np0000003680, np0000003680) ram: 62765MB disk: 74752MB io_ops: 0 instances: 0, allocation_candidates: 1, weight: 0.0]] {{(pid=93290) _get_sorted_hosts /opt/stack/nova/nova/scheduler/manager.py:765}}
Jun 26 02:04:56.480288 np0000003680 nova-scheduler[93290]: DEBUG nova.scheduler.utils [None req-1c45aae9-12e8-4054-a4f1-45ebcf671bd9 tempest-ServerBootFromVolumeStableRescueTest-1993132251 tempest-ServerBootFromVolumeStableRescueTest-1993132251-project-member] Attempting to claim resources in the placement API for instance 445b3b96-ce2d-4261-9698-645b7c4d3857 {{(pid=93290) claim_resources /opt/stack/nova/nova/scheduler/utils.py:1345}}
Jun 26 02:04:56.637079 np0000003680 nova-scheduler[93290]: DEBUG nova.scheduler.manager [None req-1c45aae9-12e8-4054-a4f1-45ebcf671bd9 tempest-ServerBootFromVolumeStableRescueTest-1993132251 tempest-ServerBootFromVolumeStableRescueTest-1993132251-project-member] [instance: 445b3b96-ce2d-4261-9698-645b7c4d3857] Selected host: (np0000003680, np0000003680) ram: 62765MB disk: 74752MB io_ops: 0 instances: 0, allocation_candidates: 1 {{(pid=93290) _consume_selected_host /opt/stack/nova/nova/scheduler/manager.py:625}}
Jun 26 02:04:56.637554 np0000003680 nova-scheduler[93290]: DEBUG oslo_concurrency.lockutils [None req-1c45aae9-12e8-4054-a4f1-45ebcf671bd9 tempest-ServerBootFromVolumeStableRescueTest-1993132251 tempest-ServerBootFromVolumeStableRescueTest-1993132251-project-member] Acquiring lock "('np0000003680', 'np0000003680')" by "nova.scheduler.host_manager.HostState.consume_from_request.._locked" {{(pid=93290) inner /opt/stack/data/venv/lib/python3.12/site-packages/oslo_concurrency/lockutils.py:511}}
Jun 26 02:04:56.637779 np0000003680 nova-scheduler[93290]: DEBUG oslo_concurrency.lockutils [None req-1c45aae9-12e8-4054-a4f1-45ebcf671bd9 tempest-ServerBootFromVolumeStableRescueTest-1993132251 tempest-ServerBootFromVolumeStableRescueTest-1993132251-project-member] Lock "('np0000003680', 'np0000003680')" acquired by "nova.scheduler.host_manager.HostState.consume_from_request.._locked" :: waited 0.000s {{(pid=93290) inner /opt/stack/data/venv/lib/python3.12/site-packages/oslo_concurrency/lockutils.py:524}}
Jun 26 02:04:56.638024 np0000003680 nova-scheduler[93290]: DEBUG oslo_concurrency.lockutils [None req-1c45aae9-12e8-4054-a4f1-45ebcf671bd9 tempest-ServerBootFromVolumeStableRescueTest-1993132251 tempest-ServerBootFromVolumeStableRescueTest-1993132251-project-member] Lock "('np0000003680', 'np0000003680')" "released" by "nova.scheduler.host_manager.HostState.consume_from_request.._locked" :: held 0.000s {{(pid=93290) inner /opt/stack/data/venv/lib/python3.12/site-packages/oslo_concurrency/lockutils.py:543}}
Jun 26 02:04:57.973280 np0000003680 nova-scheduler[93292]: DEBUG oslo.service.backend._threading.loopingcall [None req-6ed66aed-2506-410b-ac15-3967c1018869 None None] Dynamic interval looping call 'nova.service.Service.periodic_tasks' sleeping for 60.00 seconds {{(pid=93292) _run_loop /opt/stack/data/venv/lib/python3.12/site-packages/oslo_service/backend/_threading/loopingcall.py:125}}
Jun 26 02:05:04.105133 np0000003680 nova-scheduler[93292]: DEBUG nova.scheduler.manager [None req-57d1aed8-1051-4565-9dfb-b50443d2ae8f tempest-TaggedAttachmentsTest-1233686375 tempest-TaggedAttachmentsTest-1233686375-project-member] Starting to schedule for instances: ['cb769e8e-cae5-40ff-9be4-d44c5b92fe75'] {{(pid=93292) select_destinations /opt/stack/nova/nova/scheduler/manager.py:210}}
Jun 26 02:05:04.105133 np0000003680 nova-scheduler[93292]: DEBUG nova.scheduler.request_filter [None req-57d1aed8-1051-4565-9dfb-b50443d2ae8f tempest-TaggedAttachmentsTest-1233686375 tempest-TaggedAttachmentsTest-1233686375-project-member] compute_status_filter request filter added forbidden trait COMPUTE_STATUS_DISABLED {{(pid=93292) compute_status_filter /opt/stack/nova/nova/scheduler/request_filter.py:253}}
Jun 26 02:05:04.105133 np0000003680 nova-scheduler[93292]: DEBUG nova.scheduler.request_filter [None req-57d1aed8-1051-4565-9dfb-b50443d2ae8f tempest-TaggedAttachmentsTest-1233686375 tempest-TaggedAttachmentsTest-1233686375-project-member] Request filter 'compute_status_filter' took 0.0 seconds {{(pid=93292) wrapper /opt/stack/nova/nova/scheduler/request_filter.py:46}}
Jun 26 02:05:04.105133 np0000003680 nova-scheduler[93292]: DEBUG nova.scheduler.request_filter [None req-57d1aed8-1051-4565-9dfb-b50443d2ae8f tempest-TaggedAttachmentsTest-1233686375 tempest-TaggedAttachmentsTest-1233686375-project-member] Request filter 'accelerators_filter' took 0.0 seconds {{(pid=93292) wrapper /opt/stack/nova/nova/scheduler/request_filter.py:46}}
Jun 26 02:05:04.105845 np0000003680 nova-scheduler[93292]: DEBUG nova.scheduler.request_filter [None req-57d1aed8-1051-4565-9dfb-b50443d2ae8f tempest-TaggedAttachmentsTest-1233686375 tempest-TaggedAttachmentsTest-1233686375-project-member] Request filter 'packed_virtqueue_filter' took 0.0 seconds {{(pid=93292) wrapper /opt/stack/nova/nova/scheduler/request_filter.py:46}}
Jun 26 02:05:04.105845 np0000003680 nova-scheduler[93292]: DEBUG nova.scheduler.request_filter [None req-57d1aed8-1051-4565-9dfb-b50443d2ae8f tempest-TaggedAttachmentsTest-1233686375 tempest-TaggedAttachmentsTest-1233686375-project-member] Request filter 'remote_managed_ports_filter' took 0.0 seconds {{(pid=93292) wrapper /opt/stack/nova/nova/scheduler/request_filter.py:46}}
Jun 26 02:05:04.105845 np0000003680 nova-scheduler[93292]: DEBUG nova.scheduler.request_filter [None req-57d1aed8-1051-4565-9dfb-b50443d2ae8f tempest-TaggedAttachmentsTest-1233686375 tempest-TaggedAttachmentsTest-1233686375-project-member] ephemeral_encryption_filter skipped {{(pid=93292) ephemeral_encryption_filter /opt/stack/nova/nova/scheduler/request_filter.py:426}}
Jun 26 02:05:04.105845 np0000003680 nova-scheduler[93292]: DEBUG nova.scheduler.request_filter [None req-57d1aed8-1051-4565-9dfb-b50443d2ae8f tempest-TaggedAttachmentsTest-1233686375 tempest-TaggedAttachmentsTest-1233686375-project-member] virtio_sound_filter skipped {{(pid=93292) virtio_sound_filter /opt/stack/nova/nova/scheduler/request_filter.py:460}}
Jun 26 02:05:04.105845 np0000003680 nova-scheduler[93292]: DEBUG nova.scheduler.request_filter [None req-57d1aed8-1051-4565-9dfb-b50443d2ae8f tempest-TaggedAttachmentsTest-1233686375 tempest-TaggedAttachmentsTest-1233686375-project-member] tpm_secret_security_filter skipped {{(pid=93292) tpm_secret_security_filter /opt/stack/nova/nova/scheduler/request_filter.py:477}}
Jun 26 02:05:04.160671 np0000003680 nova-scheduler[93297]: DEBUG nova.scheduler.manager [None req-0ebc9ec3-7776-469c-8cb0-c8b2a356c531 tempest-AttachSCSIVolumeTestJSON-467621397 tempest-AttachSCSIVolumeTestJSON-467621397-project-member] Starting to schedule for instances: ['41d3ad3f-60a7-4cc8-9a57-dec149a84b34'] {{(pid=93297) select_destinations /opt/stack/nova/nova/scheduler/manager.py:210}}
Jun 26 02:05:04.161124 np0000003680 nova-scheduler[93297]: DEBUG nova.scheduler.request_filter [None req-0ebc9ec3-7776-469c-8cb0-c8b2a356c531 tempest-AttachSCSIVolumeTestJSON-467621397 tempest-AttachSCSIVolumeTestJSON-467621397-project-member] compute_status_filter request filter added forbidden trait COMPUTE_STATUS_DISABLED {{(pid=93297) compute_status_filter /opt/stack/nova/nova/scheduler/request_filter.py:253}}
Jun 26 02:05:04.161469 np0000003680 nova-scheduler[93297]: DEBUG nova.scheduler.request_filter [None req-0ebc9ec3-7776-469c-8cb0-c8b2a356c531 tempest-AttachSCSIVolumeTestJSON-467621397 tempest-AttachSCSIVolumeTestJSON-467621397-project-member] Request filter 'compute_status_filter' took 0.0 seconds {{(pid=93297) wrapper /opt/stack/nova/nova/scheduler/request_filter.py:46}}
Jun 26 02:05:04.161719 np0000003680 nova-scheduler[93297]: DEBUG nova.scheduler.request_filter [None req-0ebc9ec3-7776-469c-8cb0-c8b2a356c531 tempest-AttachSCSIVolumeTestJSON-467621397 tempest-AttachSCSIVolumeTestJSON-467621397-project-member] Request filter 'accelerators_filter' took 0.0 seconds {{(pid=93297) wrapper /opt/stack/nova/nova/scheduler/request_filter.py:46}}
Jun 26 02:05:04.161933 np0000003680 nova-scheduler[93297]: DEBUG nova.scheduler.request_filter [None req-0ebc9ec3-7776-469c-8cb0-c8b2a356c531 tempest-AttachSCSIVolumeTestJSON-467621397 tempest-AttachSCSIVolumeTestJSON-467621397-project-member] Request filter 'packed_virtqueue_filter' took 0.0 seconds {{(pid=93297) wrapper /opt/stack/nova/nova/scheduler/request_filter.py:46}}
Jun 26 02:05:04.162217 np0000003680 nova-scheduler[93297]: DEBUG nova.scheduler.request_filter [None req-0ebc9ec3-7776-469c-8cb0-c8b2a356c531 tempest-AttachSCSIVolumeTestJSON-467621397 tempest-AttachSCSIVolumeTestJSON-467621397-project-member] Request filter 'remote_managed_ports_filter' took 0.0 seconds {{(pid=93297) wrapper /opt/stack/nova/nova/scheduler/request_filter.py:46}}
Jun 26 02:05:04.162352 np0000003680 nova-scheduler[93297]: DEBUG nova.scheduler.request_filter [None req-0ebc9ec3-7776-469c-8cb0-c8b2a356c531 tempest-AttachSCSIVolumeTestJSON-467621397 tempest-AttachSCSIVolumeTestJSON-467621397-project-member] ephemeral_encryption_filter skipped {{(pid=93297) ephemeral_encryption_filter /opt/stack/nova/nova/scheduler/request_filter.py:426}}
Jun 26 02:05:04.162471 np0000003680 nova-scheduler[93297]: DEBUG nova.scheduler.request_filter [None req-0ebc9ec3-7776-469c-8cb0-c8b2a356c531 tempest-AttachSCSIVolumeTestJSON-467621397 tempest-AttachSCSIVolumeTestJSON-467621397-project-member] virtio_sound_filter skipped {{(pid=93297) virtio_sound_filter /opt/stack/nova/nova/scheduler/request_filter.py:460}}
Jun 26 02:05:04.162578 np0000003680 nova-scheduler[93297]: DEBUG nova.scheduler.request_filter [None req-0ebc9ec3-7776-469c-8cb0-c8b2a356c531 tempest-AttachSCSIVolumeTestJSON-467621397 tempest-AttachSCSIVolumeTestJSON-467621397-project-member] tpm_secret_security_filter skipped {{(pid=93297) tpm_secret_security_filter /opt/stack/nova/nova/scheduler/request_filter.py:477}}
Jun 26 02:05:04.203380 np0000003680 nova-scheduler[93292]: INFO nova.utils [None req-57d1aed8-1051-4565-9dfb-b50443d2ae8f tempest-TaggedAttachmentsTest-1233686375 tempest-TaggedAttachmentsTest-1233686375-project-member] The cell worker thread pool ForkProcess-2.cell_worker is initialized
Jun 26 02:05:04.203860 np0000003680 nova-scheduler[93292]: DEBUG oslo_concurrency.lockutils [None req-57d1aed8-1051-4565-9dfb-b50443d2ae8f tempest-TaggedAttachmentsTest-1233686375 tempest-TaggedAttachmentsTest-1233686375-project-member] Acquiring lock "53f8bde7-12f2-414d-9b8b-e728a50169e1" by "nova.context.set_target_cell..get_or_set_cached_cell_and_set_connections" {{(pid=93292) inner /opt/stack/data/venv/lib/python3.12/site-packages/oslo_concurrency/lockutils.py:511}}
