Jun 26 02:01:40.099793 np0000003680 devstack@neutron-api.service[87485]: DEBUG neutron.common.ovn.hash_ring_manager [None req-f6e5c323-ba60-40bb-9083-7f3e44851fa3 None None] Hash Ring loaded. 3 active nodes. 0 offline nodes {{(pid=87485) _load_hash_ring /opt/stack/neutron/neutron/common/ovn/hash_ring_manager.py:110}}
Jun 26 02:01:40.099864 np0000003680 devstack@neutron-api.service[87484]: DEBUG neutron.plugins.ml2.drivers.ovn.mech_driver.ovsdb.ovsdb_monitor [None req-1e24f1f4-6f3b-42c6-a24e-47f6e0384f53 None None] Hash Ring: Node ace69f492a035ec9ba0e90391253073d (host: np0000003680) handling event "create" for row f950fde5-717d-4963-82c5-8a0d9447c4c1 (table: Port_Group) {{(pid=87484) notify /opt/stack/neutron/neutron/plugins/ml2/drivers/ovn/mech_driver/ovsdb/ovsdb_monitor.py:1015}}
Jun 26 02:01:40.099973 np0000003680 devstack@neutron-api.service[87485]: DEBUG neutron.plugins.ml2.drivers.ovn.mech_driver.ovsdb.ovsdb_monitor [None req-f6e5c323-ba60-40bb-9083-7f3e44851fa3 None None] ChassisAgentWriteEvent : Matched Chassis_Private, create, None None {{(pid=87485) matches /opt/stack/neutron/neutron/plugins/ml2/drivers/ovn/mech_driver/ovsdb/ovsdb_monitor.py:64}}
Jun 26 02:01:40.100373 np0000003680 devstack@neutron-api.service[87485]: DEBUG neutron.plugins.ml2.drivers.ovn.mech_driver.ovsdb.ovsdb_monitor [None req-f6e5c323-ba60-40bb-9083-7f3e44851fa3 None None] ChassisOVNAgentWriteEvent : Matched Chassis_Private, create, None None {{(pid=87485) matches /opt/stack/neutron/neutron/plugins/ml2/drivers/ovn/mech_driver/ovsdb/ovsdb_monitor.py:64}}
Jun 26 02:01:40.100794 np0000003680 devstack@neutron-api.service[87484]: INFO neutron.plugins.ml2.drivers.ovn.mech_driver.ovsdb.impl_idl_ovn [None req-1e24f1f4-6f3b-42c6-a24e-47f6e0384f53 None None] Getting OvsdbSbOvnIdl for WorkerService with retry
Jun 26 02:01:40.102017 np0000003680 devstack@neutron-api.service[87485]: INFO neutron.plugins.ml2.drivers.ovn.mech_driver.mech_driver [None req-f6e5c323-ba60-40bb-9083-7f3e44851fa3 None None] WorkerService process has finished the post initialization
Jun 26 02:01:40.102332 np0000003680 devstack@neutron-api.service[87485]: DEBUG oslo_concurrency.processutils [None req-f6e5c323-ba60-40bb-9083-7f3e44851fa3 None None] Running cmd (subprocess): ovsdb-client transact ssl:10.4.3.20:6641 --timeout 180 -p /opt/stack/data/CA/int-ca/private/devstack-cert.key -c /opt/stack/data/CA/int-ca/devstack-cert.crt -C /opt/stack/data/CA/int-ca/ca-chain.pem ["OVN_Northbound", {"op": "wait", "timeout": 0, "table": "Port_Group", "where": [["name", "==", "pvlan_pg_drop"]], "until": "==", "rows": []}, {"op": "insert", "table": "ACL", "row": {"action": "drop", "direction": "to-lport", "match": "outport == @pvlan_pg_drop && ip", "priority": 1010}, "uuid-name": "pvlandroptoport"}, {"op": "insert", "table": "ACL", "row": {"action": "drop", "direction": "from-lport", "match": "inport == @pvlan_pg_drop && ip", "priority": 1010}, "uuid-name": "pvlandropfromport"}, {"op": "insert", "table": "Port_Group", "row": {"name": "pvlan_pg_drop", "acls": ["set", [["named-uuid", "pvlandroptoport"], ["named-uuid", "pvlandropfromport"]]]}}] {{(pid=87485) execute /opt/stack/data/venv/lib/python3.12/site-packages/oslo_concurrency/processutils.py:440}}
Jun 26 02:01:40.125793 np0000003680 devstack@neutron-api.service[87485]: DEBUG oslo_concurrency.processutils [None req-f6e5c323-ba60-40bb-9083-7f3e44851fa3 None None] CMD "ovsdb-client transact ssl:10.4.3.20:6641 --timeout 180 -p /opt/stack/data/CA/int-ca/private/devstack-cert.key -c /opt/stack/data/CA/int-ca/devstack-cert.crt -C /opt/stack/data/CA/int-ca/ca-chain.pem ["OVN_Northbound", {"op": "wait", "timeout": 0, "table": "Port_Group", "where": [["name", "==", "pvlan_pg_drop"]], "until": "==", "rows": []}, {"op": "insert", "table": "ACL", "row": {"action": "drop", "direction": "to-lport", "match": "outport == @pvlan_pg_drop && ip", "priority": 1010}, "uuid-name": "pvlandroptoport"}, {"op": "insert", "table": "ACL", "row": {"action": "drop", "direction": "from-lport", "match": "inport == @pvlan_pg_drop && ip", "priority": 1010}, "uuid-name": "pvlandropfromport"}, {"op": "insert", "table": "Port_Group", "row": {"name": "pvlan_pg_drop", "acls": ["set", [["named-uuid", "pvlandroptoport"], ["named-uuid", "pvlandropfromport"]]]}}]" returned: 0 in 0.023s {{(pid=87485) execute /opt/stack/data/venv/lib/python3.12/site-packages/oslo_concurrency/processutils.py:468}}
Jun 26 02:01:40.127597 np0000003680 devstack@neutron-api.service[87485]: WSGI app 0 (mountpoint='') ready in 7 seconds on interpreter 0x75bffa2a3668 pid: 87485 (default app)
Jun 26 02:01:40.130313 np0000003680 devstack@neutron-api.service[87484]: DEBUG ovsdbapp.backend.ovs_idl [None req-1e24f1f4-6f3b-42c6-a24e-47f6e0384f53 None None] Created lookup_table index Chassis.name {{(pid=87484) autocreate_indices /opt/stack/data/venv/lib/python3.12/site-packages/ovsdbapp/backend/ovs_idl/__init__.py:87}}
Jun 26 02:01:40.130460 np0000003680 devstack@neutron-api.service[87484]: DEBUG ovsdbapp.backend.ovs_idl [None req-1e24f1f4-6f3b-42c6-a24e-47f6e0384f53 None None] Created lookup_table index Port_Binding.logical_port {{(pid=87484) autocreate_indices /opt/stack/data/venv/lib/python3.12/site-packages/ovsdbapp/backend/ovs_idl/__init__.py:87}}
Jun 26 02:01:40.130526 np0000003680 devstack@neutron-api.service[87484]: DEBUG ovsdbapp.backend.ovs_idl [None req-1e24f1f4-6f3b-42c6-a24e-47f6e0384f53 None None] Created schema index Chassis_Private.name {{(pid=87484) autocreate_indices /opt/stack/data/venv/lib/python3.12/site-packages/ovsdbapp/backend/ovs_idl/__init__.py:106}}
Jun 26 02:01:40.130602 np0000003680 devstack@neutron-api.service[87484]: DEBUG ovsdbapp.backend.ovs_idl [None req-1e24f1f4-6f3b-42c6-a24e-47f6e0384f53 None None] Created schema index Datapath_Binding.tunnel_key {{(pid=87484) autocreate_indices /opt/stack/data/venv/lib/python3.12/site-packages/ovsdbapp/backend/ovs_idl/__init__.py:106}}
Jun 26 02:01:40.133151 np0000003680 devstack@neutron-api.service[87484]: INFO ovsdbapp.backend.ovs_idl.vlog [None req-1e24f1f4-6f3b-42c6-a24e-47f6e0384f53 None None] ssl:10.4.3.20:6642: connecting...
Jun 26 02:01:40.137546 np0000003680 devstack@neutron-api.service[87484]: INFO ovsdbapp.backend.ovs_idl.vlog [None req-1e24f1f4-6f3b-42c6-a24e-47f6e0384f53 None None] ssl:10.4.3.20:6642: connected
Jun 26 02:01:40.159450 np0000003680 devstack@neutron-api.service[87484]: DEBUG neutron.common.ovn.hash_ring_manager [None req-1e24f1f4-6f3b-42c6-a24e-47f6e0384f53 None None] Allow caching, nodes 3>=3 {{(pid=87484) _wait_startup_before_caching /opt/stack/neutron/neutron/common/ovn/hash_ring_manager.py:71}}
Jun 26 02:01:40.163505 np0000003680 devstack@neutron-api.service[87484]: DEBUG neutron.common.ovn.hash_ring_manager [None req-1e24f1f4-6f3b-42c6-a24e-47f6e0384f53 None None] Hash Ring loaded. 3 active nodes. 0 offline nodes {{(pid=87484) _load_hash_ring /opt/stack/neutron/neutron/common/ovn/hash_ring_manager.py:110}}
Jun 26 02:01:40.163662 np0000003680 devstack@neutron-api.service[87484]: DEBUG neutron.plugins.ml2.drivers.ovn.mech_driver.ovsdb.ovsdb_monitor [None req-1e24f1f4-6f3b-42c6-a24e-47f6e0384f53 None None] Hash Ring: Node ace69f492a035ec9ba0e90391253073d (host: np0000003680) handling event "create" for row dfbd3ffa-18d1-4e53-abc5-66d1d108f1b0 (table: Chassis) {{(pid=87484) notify /opt/stack/neutron/neutron/plugins/ml2/drivers/ovn/mech_driver/ovsdb/ovsdb_monitor.py:1015}}
Jun 26 02:01:40.164498 np0000003680 devstack@neutron-api.service[87484]: DEBUG ovsdbapp.backend.ovs_idl.event [None req-1e24f1f4-6f3b-42c6-a24e-47f6e0384f53 None None] Matched CREATE: ChassisBandwidthConfigEvent(events=('create', 'update'), table='Chassis', conditions=None, old_conditions=None), priority=20 to row=Chassis(uuid=dfbd3ffa-18d1-4e53-abc5-66d1d108f1b0, encaps=[cec844b1-dd91-4e3c-80c5-46a6432a7d51], external_ids={}, hostname='np0000003680', name='59bfc6e2-a4e1-4ba9-a227-d767815b1f30', nb_cfg=0, other_config={'ct-commit-nat-v2': 'true', 'ct-commit-to-zone': 'true', 'ct-next-zone': 'true', 'ct-no-masked-label': 'true', 'ct-state-save': 'true', 'datapath-type': 'system', 'fdb-timestamp': 'true', 'iface-types': 'afxdp,afxdp-nonpmd,bareudp,erspan,geneve,gre,gtpu,internal,ip6erspan,ip6gre,lisp,patch,srv6,stt,system,tap,vxlan', 'is-interconn': 'false', 'ls-dpg-column': 'true', 'mac-binding-timestamp': 'true', 'ovn-bridge-mappings': 'public:br-ex', 'ovn-chassis-mac-mappings': '', 'ovn-cms-options': 'enable-chassis-as-gw', 'ovn-ct-lb-related': 'true', 'ovn-enable-lflow-cache': 'true', 'ovn-limit-lflow-cache': '', 'ovn-memlimit-lflow-cache-kb': '', 'ovn-monitor-all': 'false', 'ovn-trim-limit-lflow-cache': '', 'ovn-trim-timeout-ms': '', 'ovn-trim-wmark-perc-lflow-cache': '', 'port-up-notif': 'true'}, transport_zones=[], vtep_logical_switches=[]) old= {{(pid=87484) matches /opt/stack/data/venv/lib/python3.12/site-packages/ovsdbapp/backend/ovs_idl/event.py:55}}
Jun 26 02:01:40.164985 np0000003680 devstack@neutron-api.service[87484]: DEBUG neutron.plugins.ml2.drivers.ovn.mech_driver.ovsdb.ovsdb_monitor [None req-1e24f1f4-6f3b-42c6-a24e-47f6e0384f53 None None] ChassisAgentWriteEvent : Matched Chassis_Private, create, None None {{(pid=87484) matches /opt/stack/neutron/neutron/plugins/ml2/drivers/ovn/mech_driver/ovsdb/ovsdb_monitor.py:64}}
Jun 26 02:01:40.166418 np0000003680 devstack@neutron-api.service[87484]: DEBUG neutron.plugins.ml2.drivers.ovn.mech_driver.ovsdb.ovsdb_monitor [None req-1e24f1f4-6f3b-42c6-a24e-47f6e0384f53 None None] ChassisOVNAgentWriteEvent : Matched Chassis_Private, create, None None {{(pid=87484) matches /opt/stack/neutron/neutron/plugins/ml2/drivers/ovn/mech_driver/ovsdb/ovsdb_monitor.py:64}}
Jun 26 02:01:40.166418 np0000003680 devstack@neutron-api.service[87484]: DEBUG neutron.plugins.ml2.drivers.ovn.mech_driver.ovsdb.ovsdb_monitor [None req-1e24f1f4-6f3b-42c6-a24e-47f6e0384f53 None None] Hash Ring: Node ace69f492a035ec9ba0e90391253073d (host: np0000003680) handling event "create" for row 2b2bef58-c340-43de-a363-b23f41395813 (table: Chassis_Private) {{(pid=87484) notify /opt/stack/neutron/neutron/plugins/ml2/drivers/ovn/mech_driver/ovsdb/ovsdb_monitor.py:1015}}
Jun 26 02:01:40.166418 np0000003680 devstack@neutron-api.service[87484]: DEBUG neutron.plugins.ml2.drivers.ovn.mech_driver.ovsdb.ovsdb_monitor [None req-1e24f1f4-6f3b-42c6-a24e-47f6e0384f53 None None] Hash Ring: Node ace69f492a035ec9ba0e90391253073d (host: np0000003680) handling event "create" for row cec844b1-dd91-4e3c-80c5-46a6432a7d51 (table: Encap) {{(pid=87484) notify /opt/stack/neutron/neutron/plugins/ml2/drivers/ovn/mech_driver/ovsdb/ovsdb_monitor.py:1015}}
Jun 26 02:01:40.166759 np0000003680 devstack@neutron-api.service[87484]: INFO neutron.plugins.ml2.drivers.ovn.mech_driver.mech_driver [None req-1e24f1f4-6f3b-42c6-a24e-47f6e0384f53 None None] WorkerService process has finished the post initialization
Jun 26 02:01:40.167095 np0000003680 devstack@neutron-api.service[87484]: DEBUG oslo_concurrency.processutils [None req-1e24f1f4-6f3b-42c6-a24e-47f6e0384f53 None None] Running cmd (subprocess): ovsdb-client transact ssl:10.4.3.20:6641 --timeout 180 -p /opt/stack/data/CA/int-ca/private/devstack-cert.key -c /opt/stack/data/CA/int-ca/devstack-cert.crt -C /opt/stack/data/CA/int-ca/ca-chain.pem ["OVN_Northbound", {"op": "wait", "timeout": 0, "table": "Port_Group", "where": [["name", "==", "pvlan_pg_drop"]], "until": "==", "rows": []}, {"op": "insert", "table": "ACL", "row": {"action": "drop", "direction": "to-lport", "match": "outport == @pvlan_pg_drop && ip", "priority": 1010}, "uuid-name": "pvlandroptoport"}, {"op": "insert", "table": "ACL", "row": {"action": "drop", "direction": "from-lport", "match": "inport == @pvlan_pg_drop && ip", "priority": 1010}, "uuid-name": "pvlandropfromport"}, {"op": "insert", "table": "Port_Group", "row": {"name": "pvlan_pg_drop", "acls": ["set", [["named-uuid", "pvlandroptoport"], ["named-uuid", "pvlandropfromport"]]]}}] {{(pid=87484) execute /opt/stack/data/venv/lib/python3.12/site-packages/oslo_concurrency/processutils.py:440}}
Jun 26 02:01:40.168334 np0000003680 devstack@neutron-api.service[87484]: INFO neutron.plugins.ml2.drivers.ovn.mech_driver.ovsdb.extensions.qos [-] Starting OVNClientQosExtension
Jun 26 02:01:40.168334 np0000003680 devstack@neutron-api.service[87484]: INFO neutron.plugins.ml2.drivers.ovn.mech_driver.ovsdb.extensions.placement [-] Starting OVNClientPlacementExtension
Jun 26 02:01:40.193519 np0000003680 devstack@neutron-api.service[87484]: DEBUG oslo_concurrency.processutils [None req-1e24f1f4-6f3b-42c6-a24e-47f6e0384f53 None None] CMD "ovsdb-client transact ssl:10.4.3.20:6641 --timeout 180 -p /opt/stack/data/CA/int-ca/private/devstack-cert.key -c /opt/stack/data/CA/int-ca/devstack-cert.crt -C /opt/stack/data/CA/int-ca/ca-chain.pem ["OVN_Northbound", {"op": "wait", "timeout": 0, "table": "Port_Group", "where": [["name", "==", "pvlan_pg_drop"]], "until": "==", "rows": []}, {"op": "insert", "table": "ACL", "row": {"action": "drop", "direction": "to-lport", "match": "outport == @pvlan_pg_drop && ip", "priority": 1010}, "uuid-name": "pvlandroptoport"}, {"op": "insert", "table": "ACL", "row": {"action": "drop", "direction": "from-lport", "match": "inport == @pvlan_pg_drop && ip", "priority": 1010}, "uuid-name": "pvlandropfromport"}, {"op": "insert", "table": "Port_Group", "row": {"name": "pvlan_pg_drop", "acls": ["set", [["named-uuid", "pvlandroptoport"], ["named-uuid", "pvlandropfromport"]]]}}]" returned: 0 in 0.026s {{(pid=87484) execute /opt/stack/data/venv/lib/python3.12/site-packages/oslo_concurrency/processutils.py:468}}
Jun 26 02:01:40.195431 np0000003680 devstack@neutron-api.service[87484]: WSGI app 0 (mountpoint='') ready in 7 seconds on interpreter 0x75bffa2a3668 pid: 87484 (default app)
Jun 26 02:01:40.740074 np0000003680 devstack@neutron-api.service[87484]: DEBUG neutron.plugins.ml2.drivers.ovn.mech_driver.ovsdb.ovsdb_monitor [-] Hash Ring: Node ace69f492a035ec9ba0e90391253073d (host: np0000003680) handling event "update" for row 99f1cff7-25fb-4047-a7fd-23a0d137abd3 (table: Connection) {{(pid=87484) notify /opt/stack/neutron/neutron/plugins/ml2/drivers/ovn/mech_driver/ovsdb/ovsdb_monitor.py:1015}}
Jun 26 02:01:40.744518 np0000003680 devstack@neutron-api.service[87486]: DEBUG neutron.common.ovn.hash_ring_manager [-] Allow caching, nodes 3>=3 {{(pid=87486) _wait_startup_before_caching /opt/stack/neutron/neutron/common/ovn/hash_ring_manager.py:71}}
Jun 26 02:01:40.744737 np0000003680 devstack@neutron-api.service[87486]: DEBUG neutron.plugins.ml2.drivers.ovn.mech_driver.ovsdb.ovsdb_monitor [-] Hash Ring: Node ca023de2726a50cf8db4d985ff2aaa41 (host: np0000003680) handling event "update" for row 99f1cff7-25fb-4047-a7fd-23a0d137abd3 (table: Connection) {{(pid=87486) notify /opt/stack/neutron/neutron/plugins/ml2/drivers/ovn/mech_driver/ovsdb/ovsdb_monitor.py:1015}}
Jun 26 02:01:43.240795 np0000003680 devstack@neutron-api.service[87486]: DEBUG neutron.plugins.ml2.drivers.ovn.mech_driver.ovsdb.ovsdb_monitor [-] Hash Ring: Node ca023de2726a50cf8db4d985ff2aaa41 (host: np0000003680) handling event "update" for row 99f1cff7-25fb-4047-a7fd-23a0d137abd3 (table: Connection) {{(pid=87486) notify /opt/stack/neutron/neutron/plugins/ml2/drivers/ovn/mech_driver/ovsdb/ovsdb_monitor.py:1015}}
Jun 26 02:01:43.241993 np0000003680 devstack@neutron-api.service[87484]: DEBUG neutron.plugins.ml2.drivers.ovn.mech_driver.ovsdb.ovsdb_monitor [-] Hash Ring: Node ace69f492a035ec9ba0e90391253073d (host: np0000003680) handling event "update" for row 99f1cff7-25fb-4047-a7fd-23a0d137abd3 (table: Connection) {{(pid=87484) notify /opt/stack/neutron/neutron/plugins/ml2/drivers/ovn/mech_driver/ovsdb/ovsdb_monitor.py:1015}}
Jun 26 02:01:44.026874 np0000003680 devstack@neutron-api.service[87486]: DEBUG neutron.api.wsgi [None req-f8446fb5-297b-4444-a887-018e0d0eb42c admin admin] Missing Content-Type {{(pid=87486) get_content_type /opt/stack/neutron/neutron/api/wsgi.py:80}}
Jun 26 02:01:44.027160 np0000003680 devstack@neutron-api.service[87486]: DEBUG neutron.api.wsgi [None req-f8446fb5-297b-4444-a887-018e0d0eb42c admin admin] https://10.4.3.20/networking/v2.0/extensions returned with HTTP 200 {{(pid=87486) __call__ /opt/stack/neutron/neutron/api/wsgi.py:540}}
Jun 26 02:01:44.027491 np0000003680 devstack@neutron-api.service[87486]: [pid: 87486|app: 0|req: 2/2] 10.4.3.20 () {64 vars in 1285 bytes} [Fri Jun 26 02:01:43 2026] GET /networking/v2.0/extensions => generated 16171 bytes in 553 msecs (HTTP/1.1 200) 4 headers in 159 bytes (1 switches on core 0)
Jun 26 02:01:44.365756 np0000003680 devstack@neutron-api.service[87485]: DEBUG neutron.api.v2.base [None req-9d1d2a74-08fb-44e9-a67e-a740eb5bf982 admin admin] Request body: {'subnetpool': {'shared': True, 'default_prefixlen': 26, 'name': 'shared-default-subnetpool-v4', 'is_default': True, 'prefixes': ['10.1.0.0/20']}} {{(pid=87485) prepare_request_body /opt/stack/neutron/neutron/api/v2/base.py:727}}
Jun 26 02:01:44.596086 np0000003680 devstack@neutron-api.service[87485]: DEBUG neutron.policy [None req-9d1d2a74-08fb-44e9-a67e-a740eb5bf982 admin admin] Loaded default policies from ['neutron'] under neutron.policies entry points {{(pid=87485) register_rules /opt/stack/neutron/neutron/policy.py:65}}
Jun 26 02:01:44.730034 np0000003680 devstack@neutron-api.service[87485]: DEBUG neutron_lib.callbacks.manager [None req-9d1d2a74-08fb-44e9-a67e-a740eb5bf982 admin admin] Publish callbacks ['neutron.objects.securitygroup.RbacNeutronDbObjectMixin.validate_rbac_policy_change-3043590118660', 'neutron.objects.address_group.RbacNeutronDbObjectMixin.validate_rbac_policy_change-3043590699564', 'neutron.objects.network.RbacNeutronDbObjectMixin.validate_rbac_policy_change-3043590681536', 'neutron.objects.qos.policy.RbacNeutronDbObjectMixin.validate_rbac_policy_change-3043590683903', 'neutron.objects.subnetpool.RbacNeutronDbObjectMixin.validate_rbac_policy_change-3043590727370', 'neutron.objects.address_scope.RbacNeutronDbObjectMixin.validate_rbac_policy_change-3043590714407', 'neutron.plugins.ml2.plugin.External_net_db_mixin._process_ext_policy_create-7455802', 'neutron.plugins.ml2.plugin.NeutronDbPluginV2.validate_network_rbac_policy_change-7358914'] for rbac-policy (None), before_create {{(pid=87485) _notify_loop /opt/stack/data/venv/lib/python3.12/site-packages/neutron_lib/callbacks/manager.py:184}}
Jun 26 02:01:44.781934 np0000003680 devstack@neutron-api.service[87485]: DEBUG neutron_lib.callbacks.manager [None req-9d1d2a74-08fb-44e9-a67e-a740eb5bf982 admin admin] Publish callbacks [] for subnetpool (None), before_response {{(pid=87485) _notify_loop /opt/stack/data/venv/lib/python3.12/site-packages/neutron_lib/callbacks/manager.py:184}}
Jun 26 02:01:44.782668 np0000003680 devstack@neutron-api.service[87485]: [pid: 87485|app: 0|req: 1/3] 10.4.3.20 () {68 vars in 1329 bytes} [Fri Jun 26 02:01:44 2026] POST /networking/v2.0/subnetpools => generated 533 bytes in 503 msecs (HTTP/1.1 201) 4 headers in 162 bytes (1 switches on core 0)
Jun 26 02:01:45.098394 np0000003680 devstack@neutron-api.service[87484]: DEBUG neutron.api.v2.base [None req-30a42f53-5e43-4f81-88ec-8b663e48a751 admin admin] Request body: {'subnetpool': {'shared': True, 'default_prefixlen': 64, 'name': 'shared-default-subnetpool-v6', 'is_default': True, 'prefixes': ['fd6c:e1ca:c723::/56']}} {{(pid=87484) prepare_request_body /opt/stack/neutron/neutron/api/v2/base.py:727}}
Jun 26 02:01:45.269114 np0000003680 devstack@neutron-api.service[87484]: DEBUG neutron.policy [None req-30a42f53-5e43-4f81-88ec-8b663e48a751 admin admin] Loaded default policies from ['neutron'] under neutron.policies entry points {{(pid=87484) register_rules /opt/stack/neutron/neutron/policy.py:65}}
Jun 26 02:01:45.394239 np0000003680 devstack@neutron-api.service[87484]: DEBUG neutron_lib.callbacks.manager [None req-30a42f53-5e43-4f81-88ec-8b663e48a751 admin admin] Publish callbacks ['neutron.objects.securitygroup.RbacNeutronDbObjectMixin.validate_rbac_policy_change-3043590593767', 'neutron.objects.address_group.RbacNeutronDbObjectMixin.validate_rbac_policy_change-3043590191714', 'neutron.objects.network.RbacNeutronDbObjectMixin.validate_rbac_policy_change-3043590579301', 'neutron.objects.qos.policy.RbacNeutronDbObjectMixin.validate_rbac_policy_change-3043590564504', 'neutron.objects.subnetpool.RbacNeutronDbObjectMixin.validate_rbac_policy_change-3043590551185', 'neutron.objects.address_scope.RbacNeutronDbObjectMixin.validate_rbac_policy_change-3043590547215', 'neutron.plugins.ml2.plugin.External_net_db_mixin._process_ext_policy_create-7589909', 'neutron.plugins.ml2.plugin.NeutronDbPluginV2.validate_network_rbac_policy_change-7587917'] for rbac-policy (None), before_create {{(pid=87484) _notify_loop /opt/stack/data/venv/lib/python3.12/site-packages/neutron_lib/callbacks/manager.py:184}}
Jun 26 02:01:45.431807 np0000003680 devstack@neutron-api.service[87484]: DEBUG neutron_lib.callbacks.manager [None req-30a42f53-5e43-4f81-88ec-8b663e48a751 admin admin] Publish callbacks [] for subnetpool (None), before_response {{(pid=87484) _notify_loop /opt/stack/data/venv/lib/python3.12/site-packages/neutron_lib/callbacks/manager.py:184}}
Jun 26 02:01:45.432386 np0000003680 devstack@neutron-api.service[87484]: [pid: 87484|app: 0|req: 1/4] 10.4.3.20 () {68 vars in 1329 bytes} [Fri Jun 26 02:01:44 2026] POST /networking/v2.0/subnetpools => generated 543 bytes in 437 msecs (HTTP/1.1 201) 4 headers in 162 bytes (1 switches on core 0)
Jun 26 02:01:45.658059 np0000003680 devstack@neutron-api.service[87486]: DEBUG neutron.api.v2.base [None req-7d0aeb46-5444-475c-9233-20fa615dbcb5 admin admin] Request body: {'network': {'admin_state_up': True, 'name': 'private'}} {{(pid=87486) prepare_request_body /opt/stack/neutron/neutron/api/v2/base.py:727}}
Jun 26 02:01:45.685949 np0000003680 devstack@neutron-api.service[87486]: DEBUG neutron.pecan_wsgi.hooks.quota_enforcement [None req-7d0aeb46-5444-475c-9233-20fa615dbcb5 admin admin] Made reservation on behalf of 7d1e7e278d024b76af38e4e978c0ec97 for: {'network': 1} {{(pid=87486) before /opt/stack/neutron/neutron/pecan_wsgi/hooks/quota_enforcement.py:66}}
Jun 26 02:01:45.847184 np0000003680 devstack@neutron-api.service[87486]: DEBUG neutron.policy [None req-7d0aeb46-5444-475c-9233-20fa615dbcb5 admin admin] Loaded default policies from ['neutron'] under neutron.policies entry points {{(pid=87486) register_rules /opt/stack/neutron/neutron/policy.py:65}}
Jun 26 02:01:45.931263 np0000003680 devstack@neutron-api.service[87486]: DEBUG neutron_lib.callbacks.manager [None req-7d0aeb46-5444-475c-9233-20fa615dbcb5 admin admin] Publish callbacks ['neutron.plugins.ml2.plugin.SecurityGroupDbMixin._ensure_default_security_group_handler-143981'] for network (None), before_create {{(pid=87486) _notify_loop /opt/stack/data/venv/lib/python3.12/site-packages/neutron_lib/callbacks/manager.py:184}}
Jun 26 02:01:45.949511 np0000003680 devstack@neutron-api.service[87486]: DEBUG neutron_lib.callbacks.manager [None req-7d0aeb46-5444-475c-9233-20fa615dbcb5 admin admin] Publish callbacks [] for security_group (None), before_create {{(pid=87486) _notify_loop /opt/stack/data/venv/lib/python3.12/site-packages/neutron_lib/callbacks/manager.py:184}}
Jun 26 02:01:46.037090 np0000003680 devstack@neutron-api.service[87486]: DEBUG neutron_lib.callbacks.manager [None req-7d0aeb46-5444-475c-9233-20fa615dbcb5 admin admin] Publish callbacks ['neutron.plugins.ml2.drivers.ovn.mech_driver.mech_driver.OVNMechanismDriver._create_security_group_precommit-1873027'] for security_group (89d9aad4-8fab-45cb-8d9b-66e7e057e802), precommit_create {{(pid=87486) _notify_loop /opt/stack/data/venv/lib/python3.12/site-packages/neutron_lib/callbacks/manager.py:184}}
Jun 26 02:01:46.037339 np0000003680 devstack@neutron-api.service[87486]: DEBUG neutron.db.ovn_revision_numbers_db [None req-7d0aeb46-5444-475c-9233-20fa615dbcb5 admin admin] create_initial_revision uuid=89d9aad4-8fab-45cb-8d9b-66e7e057e802, type=security_groups, rev=-1 {{(pid=87486) create_initial_revision /opt/stack/neutron/neutron/db/ovn_revision_numbers_db.py:98}}
Jun 26 02:01:46.039489 np0000003680 devstack@neutron-api.service[87486]: DEBUG neutron.db.ovn_revision_numbers_db [None req-7d0aeb46-5444-475c-9233-20fa615dbcb5 admin admin] create_initial_revision uuid=2fc9194d-b291-4c47-89ca-9bc9f3578d6c, type=security_group_rules, rev=-1 {{(pid=87486) create_initial_revision /opt/stack/neutron/neutron/db/ovn_revision_numbers_db.py:98}}
Jun 26 02:01:46.040414 np0000003680 devstack@neutron-api.service[87486]: DEBUG neutron.db.ovn_revision_numbers_db [None req-7d0aeb46-5444-475c-9233-20fa615dbcb5 admin admin] create_initial_revision uuid=37605d66-c140-443b-b1ca-e641f2601195, type=security_group_rules, rev=-1 {{(pid=87486) create_initial_revision /opt/stack/neutron/neutron/db/ovn_revision_numbers_db.py:98}}
Jun 26 02:01:46.041319 np0000003680 devstack@neutron-api.service[87486]: DEBUG neutron.db.ovn_revision_numbers_db [None req-7d0aeb46-5444-475c-9233-20fa615dbcb5 admin admin] create_initial_revision uuid=3db01a30-aca7-4149-8562-eb0c8a1fa883, type=security_group_rules, rev=-1 {{(pid=87486) create_initial_revision /opt/stack/neutron/neutron/db/ovn_revision_numbers_db.py:98}}
Jun 26 02:01:46.042168 np0000003680 devstack@neutron-api.service[87486]: DEBUG neutron.db.ovn_revision_numbers_db [None req-7d0aeb46-5444-475c-9233-20fa615dbcb5 admin admin] create_initial_revision uuid=ec794196-2cd8-4043-84d4-05bfe8a4c3d4, type=security_group_rules, rev=-1 {{(pid=87486) create_initial_revision /opt/stack/neutron/neutron/db/ovn_revision_numbers_db.py:98}}
Jun 26 02:01:46.046646 np0000003680 devstack@neutron-api.service[87486]: DEBUG neutron_lib.callbacks.manager [None req-7d0aeb46-5444-475c-9233-20fa615dbcb5 admin admin] Publish callbacks ['neutron.plugins.ml2.drivers.ovn.mech_driver.mech_driver.OVNMechanismDriver._create_security_group-1873037', 'neutron.plugins.ml2.ovo_rpc._ObjectChangeHandler.handle_event-1094130'] for security_group (89d9aad4-8fab-45cb-8d9b-66e7e057e802), after_create {{(pid=87486) _notify_loop /opt/stack/data/venv/lib/python3.12/site-packages/neutron_lib/callbacks/manager.py:184}}
Jun 26 02:01:46.047475 np0000003680 devstack@neutron-api.service[87486]: DEBUG ovsdbapp.backend.ovs_idl.transaction [-] Running txn n=1 command(idx=0): PgAddCommand(_result=None, name=pg_89d9aad4_8fab_45cb_8d9b_66e7e057e802, may_exist=False, columns={'acls': [], 'external_ids': {'neutron:security_group_id': '89d9aad4-8fab-45cb-8d9b-66e7e057e802'}}) {{(pid=87486) do_commit /opt/stack/data/venv/lib/python3.12/site-packages/ovsdbapp/backend/ovs_idl/transaction.py:89}}
Jun 26 02:01:46.048554 np0000003680 devstack@neutron-api.service[87486]: DEBUG ovsdbapp.backend.ovs_idl.transaction [-] Running txn n=1 command(idx=1): PgAclAddCommand(_result=None, entity=pg_89d9aad4_8fab_45cb_8d9b_66e7e057e802, direction=to-lport, priority=1002, match=outport == @pg_89d9aad4_8fab_45cb_8d9b_66e7e057e802 && ip6 && ip6.src == $pg_89d9aad4_8fab_45cb_8d9b_66e7e057e802_ip6, action=allow-related, log=False, may_exist=True, severity=[], name=[], meter=[], external_ids={'neutron:security_group_rule_id': '2fc9194d-b291-4c47-89ca-9bc9f3578d6c'}) {{(pid=87486) do_commit /opt/stack/data/venv/lib/python3.12/site-packages/ovsdbapp/backend/ovs_idl/transaction.py:89}}
Jun 26 02:01:46.048899 np0000003680 devstack@neutron-api.service[87486]: DEBUG ovsdbapp.backend.ovs_idl.transaction [-] Running txn n=1 command(idx=2): PgAclAddCommand(_result=None, entity=pg_89d9aad4_8fab_45cb_8d9b_66e7e057e802, direction=from-lport, priority=1002, match=inport == @pg_89d9aad4_8fab_45cb_8d9b_66e7e057e802 && ip4, action=allow-related, log=False, may_exist=True, severity=[], name=[], meter=[], external_ids={'neutron:security_group_rule_id': '37605d66-c140-443b-b1ca-e641f2601195'}) {{(pid=87486) do_commit /opt/stack/data/venv/lib/python3.12/site-packages/ovsdbapp/backend/ovs_idl/transaction.py:89}}
Jun 26 02:01:46.049130 np0000003680 devstack@neutron-api.service[87486]: DEBUG ovsdbapp.backend.ovs_idl.transaction [-] Running txn n=1 command(idx=3): PgAclAddCommand(_result=None, entity=pg_89d9aad4_8fab_45cb_8d9b_66e7e057e802, direction=to-lport, priority=1002, match=outport == @pg_89d9aad4_8fab_45cb_8d9b_66e7e057e802 && ip4 && ip4.src == $pg_89d9aad4_8fab_45cb_8d9b_66e7e057e802_ip4, action=allow-related, log=False, may_exist=True, severity=[], name=[], meter=[], external_ids={'neutron:security_group_rule_id': '3db01a30-aca7-4149-8562-eb0c8a1fa883'}) {{(pid=87486) do_commit /opt/stack/data/venv/lib/python3.12/site-packages/ovsdbapp/backend/ovs_idl/transaction.py:89}}
Jun 26 02:01:46.049317 np0000003680 devstack@neutron-api.service[87486]: DEBUG ovsdbapp.backend.ovs_idl.transaction [-] Running txn n=1 command(idx=4): PgAclAddCommand(_result=None, entity=pg_89d9aad4_8fab_45cb_8d9b_66e7e057e802, direction=from-lport, priority=1002, match=inport == @pg_89d9aad4_8fab_45cb_8d9b_66e7e057e802 && ip6, action=allow-related, log=False, may_exist=True, severity=[], name=[], meter=[], external_ids={'neutron:security_group_rule_id': 'ec794196-2cd8-4043-84d4-05bfe8a4c3d4'}) {{(pid=87486) do_commit /opt/stack/data/venv/lib/python3.12/site-packages/ovsdbapp/backend/ovs_idl/transaction.py:89}}
Jun 26 02:01:46.054571 np0000003680 devstack@neutron-api.service[87486]: DEBUG neutron.plugins.ml2.drivers.ovn.mech_driver.ovsdb.ovsdb_monitor [-] Hash Ring: Node ca023de2726a50cf8db4d985ff2aaa41 (host: np0000003680) handling event "create" for row 27d883da-0aa6-45e5-b53d-2eacba85e825 (table: ACL) {{(pid=87486) notify /opt/stack/neutron/neutron/plugins/ml2/drivers/ovn/mech_driver/ovsdb/ovsdb_monitor.py:1015}}
Jun 26 02:01:46.054865 np0000003680 devstack@neutron-api.service[87485]: DEBUG neutron.plugins.ml2.drivers.ovn.mech_driver.ovsdb.ovsdb_monitor [-] Hash Ring: Node 1bcc769f47d9542092e8fbd135590132 (host: np0000003680) handling event "create" for row a4fdfe0d-e67d-444c-917f-c41a04125424 (table: ACL) {{(pid=87485) notify /opt/stack/neutron/neutron/plugins/ml2/drivers/ovn/mech_driver/ovsdb/ovsdb_monitor.py:1015}}
Jun 26 02:01:46.055177 np0000003680 devstack@neutron-api.service[87486]: DEBUG neutron.plugins.ml2.drivers.ovn.mech_driver.ovsdb.ovsdb_monitor [-] Hash Ring: Node ca023de2726a50cf8db4d985ff2aaa41 (host: np0000003680) handling event "create" for row 5a7484a7-3a30-459a-9b76-8dba5acd1708 (table: ACL) {{(pid=87486) notify /opt/stack/neutron/neutron/plugins/ml2/drivers/ovn/mech_driver/ovsdb/ovsdb_monitor.py:1015}}
Jun 26 02:01:46.055819 np0000003680 devstack@neutron-api.service[87485]: DEBUG neutron.plugins.ml2.drivers.ovn.mech_driver.ovsdb.ovsdb_monitor [-] Hash Ring: Node 1bcc769f47d9542092e8fbd135590132 (host: np0000003680) handling event "create" for row 4b005f45-fe2d-4f55-b10d-4beba8e8fb5c (table: Port_Group) {{(pid=87485) notify /opt/stack/neutron/neutron/plugins/ml2/drivers/ovn/mech_driver/ovsdb/ovsdb_monitor.py:1015}}
Jun 26 02:01:46.056143 np0000003680 devstack@neutron-api.service[87486]: DEBUG neutron.plugins.ml2.drivers.ovn.mech_driver.ovsdb.ovsdb_monitor [-] Hash Ring: Node ca023de2726a50cf8db4d985ff2aaa41 (host: np0000003680) handling event "create" for row a4fdfe0d-e67d-444c-917f-c41a04125424 (table: ACL) {{(pid=87486) notify /opt/stack/neutron/neutron/plugins/ml2/drivers/ovn/mech_driver/ovsdb/ovsdb_monitor.py:1015}}
Jun 26 02:01:46.056143 np0000003680 devstack@neutron-api.service[87486]: DEBUG neutron.plugins.ml2.drivers.ovn.mech_driver.ovsdb.ovsdb_monitor [-] Hash Ring: Node ca023de2726a50cf8db4d985ff2aaa41 (host: np0000003680) handling event "create" for row de4ec6dd-39d9-4b7a-baf4-8f66beeb0ea1 (table: ACL) {{(pid=87486) notify /opt/stack/neutron/neutron/plugins/ml2/drivers/ovn/mech_driver/ovsdb/ovsdb_monitor.py:1015}}
Jun 26 02:01:46.056143 np0000003680 devstack@neutron-api.service[87486]: DEBUG neutron.plugins.ml2.drivers.ovn.mech_driver.ovsdb.ovsdb_monitor [-] Hash Ring: Node ca023de2726a50cf8db4d985ff2aaa41 (host: np0000003680) handling event "create" for row 4b005f45-fe2d-4f55-b10d-4beba8e8fb5c (table: Port_Group) {{(pid=87486) notify /opt/stack/neutron/neutron/plugins/ml2/drivers/ovn/mech_driver/ovsdb/ovsdb_monitor.py:1015}}
Jun 26 02:01:46.077898 np0000003680 devstack@neutron-api.service[87486]: INFO neutron.db.ovn_revision_numbers_db [None req-7d0aeb46-5444-475c-9233-20fa615dbcb5 admin admin] Successfully bumped revision number for resource 89d9aad4-8fab-45cb-8d9b-66e7e057e802 (type: security_groups) to 1
Jun 26 02:01:46.090383 np0000003680 devstack@neutron-api.service[87486]: INFO neutron.db.ovn_revision_numbers_db [None req-7d0aeb46-5444-475c-9233-20fa615dbcb5 admin admin] Successfully bumped revision number for resource 2fc9194d-b291-4c47-89ca-9bc9f3578d6c (type: security_group_rules) to 0
Jun 26 02:01:46.100280 np0000003680 devstack@neutron-api.service[87486]: INFO neutron.db.ovn_revision_numbers_db [None req-7d0aeb46-5444-475c-9233-20fa615dbcb5 admin admin] Successfully bumped revision number for resource 37605d66-c140-443b-b1ca-e641f2601195 (type: security_group_rules) to 0
Jun 26 02:01:46.109722 np0000003680 devstack@neutron-api.service[87486]: INFO neutron.db.ovn_revision_numbers_db [None req-7d0aeb46-5444-475c-9233-20fa615dbcb5 admin admin] Successfully bumped revision number for resource 3db01a30-aca7-4149-8562-eb0c8a1fa883 (type: security_group_rules) to 0
Jun 26 02:01:46.121450 np0000003680 devstack@neutron-api.service[87486]: INFO neutron.db.ovn_revision_numbers_db [None req-7d0aeb46-5444-475c-9233-20fa615dbcb5 admin admin] Successfully bumped revision number for resource ec794196-2cd8-4043-84d4-05bfe8a4c3d4 (type: security_group_rules) to 0
Jun 26 02:01:46.141128 np0000003680 devstack@neutron-api.service[87486]: DEBUG neutron.api.rpc.handlers.resources_rpc [None req-7d0aeb46-5444-475c-9233-20fa615dbcb5 admin admin] Pushing event updated for resources: {'SecurityGroup': ['ID=89d9aad4-8fab-45cb-8d9b-66e7e057e802,revision_number=1']} {{(pid=87486) push /opt/stack/neutron/neutron/api/rpc/handlers/resources_rpc.py:237}}
Jun 26 02:01:46.147209 np0000003680 devstack@neutron-api.service[87486]: DEBUG ovsdbapp.backend.ovs_idl.transaction [-] Running txn n=1 command(idx=0): CheckLivenessCommand(_result=None) {{(pid=87486) do_commit /opt/stack/data/venv/lib/python3.12/site-packages/ovsdbapp/backend/ovs_idl/transaction.py:89}}
Jun 26 02:01:46.148544 np0000003680 devstack@neutron-api.service[87486]: DEBUG neutron.plugins.ml2.drivers.ovn.mech_driver.ovsdb.ovsdb_monitor [-] Hash Ring: Node ca023de2726a50cf8db4d985ff2aaa41 (host: np0000003680) handling event "update" for row 40dfc129-7e55-4321-94c3-f326d87e2cdd (table: NB_Global) {{(pid=87486) notify /opt/stack/neutron/neutron/plugins/ml2/drivers/ovn/mech_driver/ovsdb/ovsdb_monitor.py:1015}}
Jun 26 02:01:46.151681 np0000003680 devstack@neutron-api.service[87486]: DEBUG neutron.api.rpc.callbacks.version_manager [None req-7d0aeb46-5444-475c-9233-20fa615dbcb5 admin admin] Tracked resource versions report:
Jun 26 02:01:46.151681 np0000003680 devstack@neutron-api.service[87486]: pushed versions:
Jun 26 02:01:46.151681 np0000003680 devstack@neutron-api.service[87486]: { 'AddressGroup': {'1.2'},
Jun 26 02:01:46.151681 np0000003680 devstack@neutron-api.service[87486]: 'Agent': {'1.1'},
Jun 26 02:01:46.151681 np0000003680 devstack@neutron-api.service[87486]: 'ConntrackHelper': {'1.0'},
Jun 26 02:01:46.151681 np0000003680 devstack@neutron-api.service[87486]: 'LocalIPAssociation': {'1.0'},
Jun 26 02:01:46.151681 np0000003680 devstack@neutron-api.service[87486]: 'Log': {'1.0'},
Jun 26 02:01:46.151681 np0000003680 devstack@neutron-api.service[87486]: 'NDPProxy': {'1.0'},
Jun 26 02:01:46.151681 np0000003680 devstack@neutron-api.service[87486]: 'Network': {'1.3'},
Jun 26 02:01:46.151681 np0000003680 devstack@neutron-api.service[87486]: 'Port': {'1.11'},
Jun 26 02:01:46.151681 np0000003680 devstack@neutron-api.service[87486]: 'PortForwarding': {'1.3'},
Jun 26 02:01:46.151681 np0000003680 devstack@neutron-api.service[87486]: 'QosPolicy': {'1.10'},
Jun 26 02:01:46.151681 np0000003680 devstack@neutron-api.service[87486]: 'SecurityGroup': {'1.6'},
Jun 26 02:01:46.151681 np0000003680 devstack@neutron-api.service[87486]: 'SecurityGroupRule': {'1.3'},
Jun 26 02:01:46.151681 np0000003680 devstack@neutron-api.service[87486]: 'SubPort': {'1.0'},
Jun 26 02:01:46.151681 np0000003680 devstack@neutron-api.service[87486]: 'Subnet': {'1.2'},
Jun 26 02:01:46.151681 np0000003680 devstack@neutron-api.service[87486]: 'Trunk': {'1.1'}}
Jun 26 02:01:46.151681 np0000003680 devstack@neutron-api.service[87486]: consumer versions:
Jun 26 02:01:46.151681 np0000003680 devstack@neutron-api.service[87486]: {}
Jun 26 02:01:46.151681 np0000003680 devstack@neutron-api.service[87486]: {{(pid=87486) report /opt/stack/neutron/neutron/api/rpc/callbacks/version_manager.py:183}}
Jun 26 02:01:46.155628 np0000003680 devstack@neutron-api.service[87485]: DEBUG neutron.plugins.ml2.drivers.ovn.mech_driver.ovsdb.ovsdb_monitor [-] ChassisAgentWriteEvent : Matched Chassis_Private, update, None None {{(pid=87485) matches /opt/stack/neutron/neutron/plugins/ml2/drivers/ovn/mech_driver/ovsdb/ovsdb_monitor.py:64}}
Jun 26 02:01:46.157531 np0000003680 devstack@neutron-api.service[87484]: DEBUG neutron.plugins.ml2.drivers.ovn.mech_driver.ovsdb.ovsdb_monitor [-] ChassisAgentWriteEvent : Matched Chassis_Private, update, None None {{(pid=87484) matches /opt/stack/neutron/neutron/plugins/ml2/drivers/ovn/mech_driver/ovsdb/ovsdb_monitor.py:64}}
Jun 26 02:01:46.157939 np0000003680 devstack@neutron-api.service[87484]: DEBUG neutron.plugins.ml2.drivers.ovn.mech_driver.ovsdb.ovsdb_monitor [-] Hash Ring: Node ace69f492a035ec9ba0e90391253073d (host: np0000003680) handling event "update" for row 2b2bef58-c340-43de-a363-b23f41395813 (table: Chassis_Private) {{(pid=87484) notify /opt/stack/neutron/neutron/plugins/ml2/drivers/ovn/mech_driver/ovsdb/ovsdb_monitor.py:1015}}
Jun 26 02:01:46.161068 np0000003680 devstack@neutron-api.service[87486]: DEBUG neutron.plugins.ml2.drivers.ovn.mech_driver.ovsdb.ovsdb_monitor [-] Hash Ring: Node ca023de2726a50cf8db4d985ff2aaa41 (host: np0000003680) handling event "update" for row 40dfc129-7e55-4321-94c3-f326d87e2cdd (table: NB_Global) {{(pid=87486) notify /opt/stack/neutron/neutron/plugins/ml2/drivers/ovn/mech_driver/ovsdb/ovsdb_monitor.py:1015}}
Jun 26 02:01:46.162523 np0000003680 devstack@neutron-api.service[87486]: DEBUG neutron.plugins.ml2.drivers.ovn.mech_driver.ovsdb.ovsdb_monitor [-] ChassisAgentWriteEvent : Matched Chassis_Private, update, None None {{(pid=87486) matches /opt/stack/neutron/neutron/plugins/ml2/drivers/ovn/mech_driver/ovsdb/ovsdb_monitor.py:64}}
Jun 26 02:01:46.163049 np0000003680 devstack@neutron-api.service[87485]: DEBUG neutron.plugins.ml2.drivers.ovn.mech_driver.ovsdb.ovsdb_monitor [-] ChassisOVNAgentWriteEvent : Matched Chassis_Private, update, None None {{(pid=87485) matches /opt/stack/neutron/neutron/plugins/ml2/drivers/ovn/mech_driver/ovsdb/ovsdb_monitor.py:64}}
Jun 26 02:01:46.167852 np0000003680 devstack@neutron-api.service[87484]: DEBUG neutron.plugins.ml2.drivers.ovn.mech_driver.ovsdb.ovsdb_monitor [-] ChassisOVNAgentWriteEvent : Matched Chassis_Private, update, None None {{(pid=87484) matches /opt/stack/neutron/neutron/plugins/ml2/drivers/ovn/mech_driver/ovsdb/ovsdb_monitor.py:64}}
Jun 26 02:01:46.168792 np0000003680 devstack@neutron-api.service[87486]: DEBUG neutron.plugins.ml2.drivers.ovn.mech_driver.ovsdb.ovsdb_monitor [-] Hash Ring: Node ca023de2726a50cf8db4d985ff2aaa41 (host: np0000003680) handling event "update" for row 40dfc129-7e55-4321-94c3-f326d87e2cdd (table: NB_Global) {{(pid=87486) notify /opt/stack/neutron/neutron/plugins/ml2/drivers/ovn/mech_driver/ovsdb/ovsdb_monitor.py:1015}}
Jun 26 02:01:46.168949 np0000003680 devstack@neutron-api.service[87484]: DEBUG neutron.plugins.ml2.drivers.ovn.mech_driver.ovsdb.ovsdb_monitor [-] Hash Ring: Node ace69f492a035ec9ba0e90391253073d (host: np0000003680) handling event "update" for row 2b2bef58-c340-43de-a363-b23f41395813 (table: Chassis_Private) {{(pid=87484) notify /opt/stack/neutron/neutron/plugins/ml2/drivers/ovn/mech_driver/ovsdb/ovsdb_monitor.py:1015}}
Jun 26 02:01:46.169967 np0000003680 devstack@neutron-api.service[87486]: DEBUG neutron.plugins.ml2.drivers.ovn.mech_driver.ovsdb.ovsdb_monitor [-] Hash Ring: Node ca023de2726a50cf8db4d985ff2aaa41 (host: np0000003680) handling event "update" for row 40dfc129-7e55-4321-94c3-f326d87e2cdd (table: NB_Global) {{(pid=87486) notify /opt/stack/neutron/neutron/plugins/ml2/drivers/ovn/mech_driver/ovsdb/ovsdb_monitor.py:1015}}
Jun 26 02:01:46.172958 np0000003680 devstack@neutron-api.service[87486]: DEBUG neutron.common.ovn.hash_ring_manager [-] Allow caching, nodes 3>=3 {{(pid=87486) _wait_startup_before_caching /opt/stack/neutron/neutron/common/ovn/hash_ring_manager.py:71}}
Jun 26 02:01:46.173342 np0000003680 devstack@neutron-api.service[87486]: DEBUG neutron.plugins.ml2.drivers.ovn.mech_driver.ovsdb.ovsdb_monitor [-] Hash Ring: Node ca023de2726a50cf8db4d985ff2aaa41 (host: np0000003680) handling event "update" for row 2b2bef58-c340-43de-a363-b23f41395813 (table: Chassis_Private) {{(pid=87486) notify /opt/stack/neutron/neutron/plugins/ml2/drivers/ovn/mech_driver/ovsdb/ovsdb_monitor.py:1015}}
Jun 26 02:01:46.174725 np0000003680 devstack@neutron-api.service[87486]: DEBUG neutron.plugins.ml2.drivers.ovn.mech_driver.ovsdb.ovsdb_monitor [-] ChassisOVNAgentWriteEvent : Matched Chassis_Private, update, None None {{(pid=87486) matches /opt/stack/neutron/neutron/plugins/ml2/drivers/ovn/mech_driver/ovsdb/ovsdb_monitor.py:64}}
Jun 26 02:01:46.174807 np0000003680 devstack@neutron-api.service[87486]: DEBUG neutron.plugins.ml2.drivers.ovn.mech_driver.ovsdb.ovsdb_monitor [-] Hash Ring: Node ca023de2726a50cf8db4d985ff2aaa41 (host: np0000003680) handling event "update" for row 2b2bef58-c340-43de-a363-b23f41395813 (table: Chassis_Private) {{(pid=87486) notify /opt/stack/neutron/neutron/plugins/ml2/drivers/ovn/mech_driver/ovsdb/ovsdb_monitor.py:1015}}
Jun 26 02:01:46.208302 np0000003680 devstack@neutron-api.service[87486]: DEBUG neutron.plugins.ml2.drivers.helpers [None req-7d0aeb46-5444-475c-9233-20fa615dbcb5 admin admin] geneve segment allocate from pool success with {'geneve_vni': 6045} {{(pid=87486) allocate_partially_specified_segment /opt/stack/neutron/neutron/plugins/ml2/drivers/helpers.py:142}}
Jun 26 02:01:46.217788 np0000003680 devstack@neutron-api.service[87486]: DEBUG neutron_lib.callbacks.manager [None req-7d0aeb46-5444-475c-9233-20fa615dbcb5 admin admin] Publish callbacks ['neutron.services.segments.db._add_segment_host_mapping_for_segment-8091705027334', 'neutron.plugins.ml2.plugin.Ml2Plugin._handle_segment_change-405801'] for segment (1ddea5a9-7be6-4cfc-8361-b843f4f08d8b), precommit_create {{(pid=87486) _notify_loop /opt/stack/data/venv/lib/python3.12/site-packages/neutron_lib/callbacks/manager.py:184}}
Jun 26 02:01:46.217972 np0000003680 devstack@neutron-api.service[87486]: INFO neutron.db.segments_db [None req-7d0aeb46-5444-475c-9233-20fa615dbcb5 admin admin] Added segment 1ddea5a9-7be6-4cfc-8361-b843f4f08d8b of type geneve for network eb45a375-b310-4308-8c07-5d8ccd133376
Jun 26 02:01:46.255626 np0000003680 devstack@neutron-api.service[87486]: DEBUG neutron_lib.callbacks.manager [None req-7d0aeb46-5444-475c-9233-20fa615dbcb5 admin admin] Publish callbacks ['neutron.services.auto_allocate.db._ensure_external_network_default_value_callback-8091703934876'] for network (eb45a375-b310-4308-8c07-5d8ccd133376), precommit_create {{(pid=87486) _notify_loop /opt/stack/data/venv/lib/python3.12/site-packages/neutron_lib/callbacks/manager.py:184}}
Jun 26 02:01:46.272428 np0000003680 devstack@neutron-api.service[87486]: DEBUG neutron.plugins.ml2.drivers.ovn.mech_driver.mech_driver [None req-7d0aeb46-5444-475c-9233-20fa615dbcb5 admin admin] Validating network segment with type geneve, segmentation ID 6045, physical network None {{(pid=87486) _validate_network_segments /opt/stack/neutron/neutron/plugins/ml2/drivers/ovn/mech_driver/mech_driver.py:646}}
Jun 26 02:01:46.272544 np0000003680 devstack@neutron-api.service[87486]: DEBUG neutron.db.ovn_revision_numbers_db [None req-7d0aeb46-5444-475c-9233-20fa615dbcb5 admin admin] create_initial_revision uuid=eb45a375-b310-4308-8c07-5d8ccd133376, type=networks, rev=-1 {{(pid=87486) create_initial_revision /opt/stack/neutron/neutron/db/ovn_revision_numbers_db.py:98}}
Jun 26 02:01:46.288308 np0000003680 devstack@neutron-api.service[87486]: DEBUG neutron_lib.callbacks.manager [None req-7d0aeb46-5444-475c-9233-20fa615dbcb5 admin admin] Publish callbacks ['neutron.plugins.ml2.ovo_rpc._ObjectChangeHandler.handle_event-1094135'] for network (eb45a375-b310-4308-8c07-5d8ccd133376), after_create {{(pid=87486) _notify_loop /opt/stack/data/venv/lib/python3.12/site-packages/neutron_lib/callbacks/manager.py:184}}
Jun 26 02:01:46.330947 np0000003680 devstack@neutron-api.service[87486]: DEBUG neutron.api.rpc.handlers.resources_rpc [None req-7d0aeb46-5444-475c-9233-20fa615dbcb5 admin admin] Pushing event updated for resources: {'Network': ['ID=eb45a375-b310-4308-8c07-5d8ccd133376,revision_number=1']} {{(pid=87486) push /opt/stack/neutron/neutron/api/rpc/handlers/resources_rpc.py:237}}
Jun 26 02:01:46.337943 np0000003680 devstack@neutron-api.service[87486]: DEBUG ovsdbapp.backend.ovs_idl.transaction [-] Running txn n=1 command(idx=0): AddNetworkCommand(_result=None, network_uuid=eb45a375-b310-4308-8c07-5d8ccd133376, may_exist=True, columns={'external_ids': {'neutron:network_name': 'private', 'neutron:mtu': '1372', 'neutron:revision_number': '1', 'neutron:availability_zone_hints': '', 'neutron:provnet-network-type': 'geneve'}, 'other_config': {'mcast_snoop': 'false', 'mcast_flood_unregistered': 'false', 'vlan-passthru': 'false'}}) {{(pid=87486) do_commit /opt/stack/data/venv/lib/python3.12/site-packages/ovsdbapp/backend/ovs_idl/transaction.py:89}}
Jun 26 02:01:46.338109 np0000003680 devstack@neutron-api.service[87486]: DEBUG neutron.common.ovn.utils [-] OVS persist_uuid supported=True {{(pid=87486) ovs_persist_uuid_supported /opt/stack/neutron/neutron/common/ovn/utils.py:1544}}
Jun 26 02:01:46.340912 np0000003680 devstack@neutron-api.service[87484]: DEBUG neutron.plugins.ml2.drivers.ovn.mech_driver.ovsdb.ovsdb_monitor [-] Hash Ring: Node ace69f492a035ec9ba0e90391253073d (host: np0000003680) handling event "create" for row eb45a375-b310-4308-8c07-5d8ccd133376 (table: Logical_Switch) {{(pid=87484) notify /opt/stack/neutron/neutron/plugins/ml2/drivers/ovn/mech_driver/ovsdb/ovsdb_monitor.py:1015}}
Jun 26 02:01:46.344047 np0000003680 devstack@neutron-api.service[87486]: DEBUG neutron.plugins.ml2.drivers.ovn.mech_driver.ovsdb.ovsdb_monitor [-] Hash Ring: Node ca023de2726a50cf8db4d985ff2aaa41 (host: np0000003680) handling event "create" for row eb45a375-b310-4308-8c07-5d8ccd133376 (table: Logical_Switch) {{(pid=87486) notify /opt/stack/neutron/neutron/plugins/ml2/drivers/ovn/mech_driver/ovsdb/ovsdb_monitor.py:1015}}
Jun 26 02:01:46.352999 np0000003680 devstack@neutron-api.service[87486]: DEBUG neutron.plugins.ml2.drivers.ovn.mech_driver.ovsdb.ovsdb_monitor [-] Hash Ring: Node ca023de2726a50cf8db4d985ff2aaa41 (host: np0000003680) handling event "create" for row 02b99280-814b-42ca-8b9a-e3a1ef438d86 (table: Datapath_Binding) {{(pid=87486) notify /opt/stack/neutron/neutron/plugins/ml2/drivers/ovn/mech_driver/ovsdb/ovsdb_monitor.py:1015}}
Jun 26 02:01:46.375586 np0000003680 devstack@neutron-api.service[87486]: INFO neutron.db.ovn_revision_numbers_db [None req-7d0aeb46-5444-475c-9233-20fa615dbcb5 admin admin] Successfully bumped revision number for resource eb45a375-b310-4308-8c07-5d8ccd133376 (type: networks) to 1
Jun 26 02:01:46.433425 np0000003680 devstack@neutron-api.service[87486]: DEBUG neutron_lib.callbacks.manager [None req-7d0aeb46-5444-475c-9233-20fa615dbcb5 admin admin] Publish callbacks ['neutron.plugins.ml2.plugin.SecurityGroupDbMixin._ensure_default_security_group_handler-143981'] for port (None), before_create {{(pid=87486) _notify_loop /opt/stack/data/venv/lib/python3.12/site-packages/neutron_lib/callbacks/manager.py:184}}
Jun 26 02:01:46.540626 np0000003680 devstack@neutron-api.service[87486]: DEBUG neutron_lib.callbacks.manager [None req-7d0aeb46-5444-475c-9233-20fa615dbcb5 admin admin] Publish callbacks ['neutron.plugins.ml2.drivers.ovn.mech_driver.mech_driver.OVNMechanismDriver._validate_allowed_address_pairs-1873147'] for allowed_address_pair (ed70e4a2-ba39-4a0e-a6a2-0fa272be24c7), before_create {{(pid=87486) _notify_loop /opt/stack/data/venv/lib/python3.12/site-packages/neutron_lib/callbacks/manager.py:184}}
Jun 26 02:01:46.541379 np0000003680 devstack@neutron-api.service[87486]: DEBUG neutron_lib.callbacks.manager [None req-7d0aeb46-5444-475c-9233-20fa615dbcb5 admin admin] Publish callbacks [] for port (ed70e4a2-ba39-4a0e-a6a2-0fa272be24c7), precommit_create {{(pid=87486) _notify_loop /opt/stack/data/venv/lib/python3.12/site-packages/neutron_lib/callbacks/manager.py:184}}
Jun 26 02:01:46.541626 np0000003680 devstack@neutron-api.service[87486]: DEBUG neutron.plugins.ml2.drivers.ovn.mech_driver.mech_driver [None req-7d0aeb46-5444-475c-9233-20fa615dbcb5 admin admin] No provisioning block for port ed70e4a2-ba39-4a0e-a6a2-0fa272be24c7 since it does not have a host {{(pid=87486) _is_port_provisioning_required /opt/stack/neutron/neutron/plugins/ml2/drivers/ovn/mech_driver/mech_driver.py:899}}
Jun 26 02:01:46.541776 np0000003680 devstack@neutron-api.service[87486]: DEBUG neutron.db.ovn_revision_numbers_db [None req-7d0aeb46-5444-475c-9233-20fa615dbcb5 admin admin] create_initial_revision uuid=ed70e4a2-ba39-4a0e-a6a2-0fa272be24c7, type=ports, rev=-1 {{(pid=87486) create_initial_revision /opt/stack/neutron/neutron/db/ovn_revision_numbers_db.py:98}}
