Aug 21 12:57:19.411178 np0000007895 devstack@c-api.service[97144]: DEBUG cinder.api.openstack.wsgi [None req-86d2d637-1ec9-46ea-915b-b4abc63f40ce tempest-VolumesTransfersTest-1114092891 tempest-VolumesTransfersTest-1114092891-project-admin] Empty body provided in request {{(pid=97144) get_body /opt/stack/cinder/cinder/api/openstack/wsgi.py:725}}
Aug 21 12:57:19.411413 np0000007895 devstack@c-api.service[97144]: DEBUG cinder.api.openstack.wsgi [None req-86d2d637-1ec9-46ea-915b-b4abc63f40ce tempest-VolumesTransfersTest-1114092891 tempest-VolumesTransfersTest-1114092891-project-admin] Calling method 'show' {{(pid=97144) _process_stack /opt/stack/cinder/cinder/api/openstack/wsgi.py:878}}
Aug 21 12:57:19.420864 np0000007895 devstack@c-api.service[97144]: INFO cinder.api.openstack.wsgi [None req-86d2d637-1ec9-46ea-915b-b4abc63f40ce tempest-VolumesTransfersTest-1114092891 tempest-VolumesTransfersTest-1114092891-project-admin] https://10.4.3.112/volume/v3/volumes/a3693572-b5e2-41fb-a35c-de7be57d7ea0 returned with HTTP 404
Aug 21 12:57:19.422330 np0000007895 devstack@c-api.service[97144]: [pid: 97144|app: 0|req: 92/281] 10.4.3.112 () {66 vars in 1348 bytes} [Fri Aug 21 12:57:19 2026] GET /volume/v3/volumes/a3693572-b5e2-41fb-a35c-de7be57d7ea0 => generated 109 bytes in 13 msecs (HTTP/1.1 404) 7 headers in 292 bytes (1 switches on core 0)
Aug 21 12:57:19.438066 np0000007895 devstack@c-api.service[97142]: DEBUG cinder.api.middleware.request_id [None req-7d0526c1-8ce9-4b5c-9626-1dd9da101fd5 None None] RequestId filter calling following filter/app {{(pid=97142) _context_setter /opt/stack/cinder/cinder/api/middleware/request_id.py:62}}
Aug 21 12:57:19.441147 np0000007895 devstack@c-api.service[97142]: INFO cinder.api.openstack.wsgi [None req-7d0526c1-8ce9-4b5c-9626-1dd9da101fd5 tempest-VolumesTransfersTest-1184268478 tempest-VolumesTransfersTest-1184268478-project-member] GET https://10.4.3.112/volume/v3/volumes/a3693572-b5e2-41fb-a35c-de7be57d7ea0
Aug 21 12:57:19.441489 np0000007895 devstack@c-api.service[97142]: DEBUG cinder.api.openstack.wsgi [None req-7d0526c1-8ce9-4b5c-9626-1dd9da101fd5 tempest-VolumesTransfersTest-1184268478 tempest-VolumesTransfersTest-1184268478-project-member] Empty body provided in request {{(pid=97142) get_body /opt/stack/cinder/cinder/api/openstack/wsgi.py:725}}
Aug 21 12:57:19.441762 np0000007895 devstack@c-api.service[97142]: DEBUG cinder.api.openstack.wsgi [None req-7d0526c1-8ce9-4b5c-9626-1dd9da101fd5 tempest-VolumesTransfersTest-1184268478 tempest-VolumesTransfersTest-1184268478-project-member] Calling method 'show' {{(pid=97142) _process_stack /opt/stack/cinder/cinder/api/openstack/wsgi.py:878}}
Aug 21 12:57:19.447993 np0000007895 devstack@c-api.service[97142]: INFO cinder.api.openstack.wsgi [None req-7d0526c1-8ce9-4b5c-9626-1dd9da101fd5 tempest-VolumesTransfersTest-1184268478 tempest-VolumesTransfersTest-1184268478-project-member] https://10.4.3.112/volume/v3/volumes/a3693572-b5e2-41fb-a35c-de7be57d7ea0 returned with HTTP 404
Aug 21 12:57:19.448648 np0000007895 devstack@c-api.service[97142]: [pid: 97142|app: 0|req: 96/282] 10.4.3.112 () {66 vars in 1348 bytes} [Fri Aug 21 12:57:19 2026] GET /volume/v3/volumes/a3693572-b5e2-41fb-a35c-de7be57d7ea0 => generated 109 bytes in 15 msecs (HTTP/1.1 404) 7 headers in 292 bytes (1 switches on core 0)
Aug 21 12:57:19.462161 np0000007895 devstack@c-api.service[97143]: DEBUG cinder.api.middleware.request_id [None req-e61fe977-8850-4f9e-adb3-9bede7d333f0 None None] RequestId filter calling following filter/app {{(pid=97143) _context_setter /opt/stack/cinder/cinder/api/middleware/request_id.py:62}}
Aug 21 12:57:19.464263 np0000007895 devstack@c-api.service[97143]: INFO cinder.api.openstack.wsgi [None req-e61fe977-8850-4f9e-adb3-9bede7d333f0 tempest-VolumesTransfersTest-1184268478 tempest-VolumesTransfersTest-1184268478-project-member] DELETE https://10.4.3.112/volume/v3/volumes/a3693572-b5e2-41fb-a35c-de7be57d7ea0
Aug 21 12:57:19.464474 np0000007895 devstack@c-api.service[97143]: DEBUG cinder.api.openstack.wsgi [None req-e61fe977-8850-4f9e-adb3-9bede7d333f0 tempest-VolumesTransfersTest-1184268478 tempest-VolumesTransfersTest-1184268478-project-member] Empty body provided in request {{(pid=97143) get_body /opt/stack/cinder/cinder/api/openstack/wsgi.py:725}}
Aug 21 12:57:19.464761 np0000007895 devstack@c-api.service[97143]: DEBUG cinder.api.openstack.wsgi [None req-e61fe977-8850-4f9e-adb3-9bede7d333f0 tempest-VolumesTransfersTest-1184268478 tempest-VolumesTransfersTest-1184268478-project-member] Calling method 'delete' {{(pid=97143) _process_stack /opt/stack/cinder/cinder/api/openstack/wsgi.py:878}}
Aug 21 12:57:19.464956 np0000007895 devstack@c-api.service[97143]: INFO cinder.api.v3.volumes [None req-e61fe977-8850-4f9e-adb3-9bede7d333f0 tempest-VolumesTransfersTest-1184268478 tempest-VolumesTransfersTest-1184268478-project-member] Delete volume with id: a3693572-b5e2-41fb-a35c-de7be57d7ea0
Aug 21 12:57:19.471804 np0000007895 devstack@c-api.service[97143]: INFO cinder.api.openstack.wsgi [None req-e61fe977-8850-4f9e-adb3-9bede7d333f0 tempest-VolumesTransfersTest-1184268478 tempest-VolumesTransfersTest-1184268478-project-member] https://10.4.3.112/volume/v3/volumes/a3693572-b5e2-41fb-a35c-de7be57d7ea0 returned with HTTP 404
Aug 21 12:57:19.472377 np0000007895 devstack@c-api.service[97143]: [pid: 97143|app: 0|req: 95/283] 10.4.3.112 () {66 vars in 1351 bytes} [Fri Aug 21 12:57:19 2026] DELETE /volume/v3/volumes/a3693572-b5e2-41fb-a35c-de7be57d7ea0 => generated 109 bytes in 11 msecs (HTTP/1.1 404) 7 headers in 292 bytes (1 switches on core 0)
Aug 21 12:57:19.486912 np0000007895 devstack@c-api.service[97144]: DEBUG cinder.api.middleware.request_id [None req-a19d2eeb-b0d4-4630-9567-913cfc472b21 None None] RequestId filter calling following filter/app {{(pid=97144) _context_setter /opt/stack/cinder/cinder/api/middleware/request_id.py:62}}
Aug 21 12:57:19.489138 np0000007895 devstack@c-api.service[97144]: INFO cinder.api.openstack.wsgi [None req-a19d2eeb-b0d4-4630-9567-913cfc472b21 tempest-VolumesTransfersTest-1184268478 tempest-VolumesTransfersTest-1184268478-project-member] POST https://10.4.3.112/volume/v3/volumes
Aug 21 12:57:19.489354 np0000007895 devstack@c-api.service[97144]: DEBUG cinder.api.openstack.wsgi [None req-a19d2eeb-b0d4-4630-9567-913cfc472b21 tempest-VolumesTransfersTest-1184268478 tempest-VolumesTransfersTest-1184268478-project-member] Action: 'create', calling method: create, body: {"volume": {"size": 1, "name": "tempest-VolumesTransfersTest-Volume-1548735195"}} {{(pid=97144) _process_stack /opt/stack/cinder/cinder/api/openstack/wsgi.py:876}}
Aug 21 12:57:19.493834 np0000007895 devstack@c-api.service[97144]: DEBUG cinder.api.v3.volumes [None req-a19d2eeb-b0d4-4630-9567-913cfc472b21 tempest-VolumesTransfersTest-1184268478 tempest-VolumesTransfersTest-1184268478-project-member] Create volume request body: {'volume': {'size': 1, 'name': 'tempest-VolumesTransfersTest-Volume-1548735195'}} {{(pid=97144) create /opt/stack/cinder/cinder/api/v3/volumes.py:368}}
Aug 21 12:57:19.493834 np0000007895 devstack@c-api.service[97144]: INFO cinder.api.v3.volumes [None req-a19d2eeb-b0d4-4630-9567-913cfc472b21 tempest-VolumesTransfersTest-1184268478 tempest-VolumesTransfersTest-1184268478-project-member] Create volume of 1 GB
Aug 21 12:57:19.501395 np0000007895 devstack@c-api.service[97144]: INFO cinder.volume.api [None req-a19d2eeb-b0d4-4630-9567-913cfc472b21 tempest-VolumesTransfersTest-1184268478 tempest-VolumesTransfersTest-1184268478-project-member] Availability Zones retrieved successfully.
Aug 21 12:57:19.513542 np0000007895 devstack@c-api.service[97144]: DEBUG cinder.volume.api [None req-a19d2eeb-b0d4-4630-9567-913cfc472b21 tempest-VolumesTransfersTest-1184268478 tempest-VolumesTransfersTest-1184268478-project-member] Flow 'volume_create_api' (5e664133-13fb-4d5b-8274-201024d16cf7) transitioned into state 'RUNNING' from state 'PENDING' {{(pid=97144) _flow_receiver /opt/stack/data/venv/lib/python3.12/site-packages/taskflow/listeners/logging.py:160}}
Aug 21 12:57:19.514165 np0000007895 devstack@c-api.service[97144]: DEBUG cinder.volume.api [None req-a19d2eeb-b0d4-4630-9567-913cfc472b21 tempest-VolumesTransfersTest-1184268478 tempest-VolumesTransfersTest-1184268478-project-member] Task 'cinder.volume.flows.api.create_volume.ExtractVolumeRequestTask;volume:create' (0304efb4-c490-4358-ad4c-64ff3d701187) transitioned into state 'RUNNING' from state 'PENDING' {{(pid=97144) _task_receiver /opt/stack/data/venv/lib/python3.12/site-packages/taskflow/listeners/logging.py:242}}
Aug 21 12:57:19.516835 np0000007895 devstack@c-api.service[97144]: DEBUG cinder.volume.flows.api.create_volume [None req-a19d2eeb-b0d4-4630-9567-913cfc472b21 tempest-VolumesTransfersTest-1184268478 tempest-VolumesTransfersTest-1184268478-project-member] Validating volume size '1' using validate_int {{(pid=97144) _extract_size /opt/stack/cinder/cinder/volume/flows/api/create_volume.py:226}}
Aug 21 12:57:19.555018 np0000007895 devstack@c-api.service[97144]: DEBUG cinder.volume.api [None req-a19d2eeb-b0d4-4630-9567-913cfc472b21 tempest-VolumesTransfersTest-1184268478 tempest-VolumesTransfersTest-1184268478-project-member] Task 'cinder.volume.flows.api.create_volume.ExtractVolumeRequestTask;volume:create' (0304efb4-c490-4358-ad4c-64ff3d701187) transitioned into state 'SUCCESS' from state 'RUNNING' with result '{'size': 1, 'snapshot_id': None, 'source_volid': None, 'volume_type': VolumeType(created_at=2026-08-21T12:53:52Z,deleted=False,deleted_at=None,description=None,extra_specs={volume_backend_name='storpool'},id=ea05a243-d156-406e-8345-99ab885b1a98,is_public=True,name='storpool',projects=[],qos_specs=,qos_specs_id=None,updated_at=None), 'volume_type_id': 'ea05a243-d156-406e-8345-99ab885b1a98', 'encryption_key_id': None, 'qos_specs': None, 'consistencygroup_id': None, 'cgsnapshot_id': None, 'group_id': None, 'replication_status': 'disabled', 'refresh_az': False, 'backup_id': None, 'multiattach': False, 'availability_zones': ['nova']}' {{(pid=97144) _task_receiver /opt/stack/data/venv/lib/python3.12/site-packages/taskflow/listeners/logging.py:218}}
Aug 21 12:57:19.555727 np0000007895 devstack@c-api.service[97144]: DEBUG cinder.volume.api [None req-a19d2eeb-b0d4-4630-9567-913cfc472b21 tempest-VolumesTransfersTest-1184268478 tempest-VolumesTransfersTest-1184268478-project-member] Task 'cinder.volume.flows.api.create_volume.QuotaReserveTask;volume:create' (155d5493-47d5-4126-acae-af3441742dd5) transitioned into state 'RUNNING' from state 'PENDING' {{(pid=97144) _task_receiver /opt/stack/data/venv/lib/python3.12/site-packages/taskflow/listeners/logging.py:242}}
Aug 21 12:57:19.628961 np0000007895 devstack@c-api.service[97144]: DEBUG cinder.quota [None req-a19d2eeb-b0d4-4630-9567-913cfc472b21 tempest-VolumesTransfersTest-1184268478 tempest-VolumesTransfersTest-1184268478-project-member] Created reservations ['037a6829-b073-4f12-aebe-49ed61debb0d', '7e36ca9e-5ea6-427b-955b-5b5e9d2d9e86', 'e11af43c-d8e8-44b8-8ff7-a7a03ec5a8a6', 'e57c8eda-9b6d-4c71-bbcc-bd4031352494'] {{(pid=97144) reserve /opt/stack/cinder/cinder/quota.py:752}}
Aug 21 12:57:19.629239 np0000007895 devstack@c-api.service[97144]: DEBUG cinder.volume.api [None req-a19d2eeb-b0d4-4630-9567-913cfc472b21 tempest-VolumesTransfersTest-1184268478 tempest-VolumesTransfersTest-1184268478-project-member] Task 'cinder.volume.flows.api.create_volume.QuotaReserveTask;volume:create' (155d5493-47d5-4126-acae-af3441742dd5) transitioned into state 'SUCCESS' from state 'RUNNING' with result '{'reservations': ['037a6829-b073-4f12-aebe-49ed61debb0d', '7e36ca9e-5ea6-427b-955b-5b5e9d2d9e86', 'e11af43c-d8e8-44b8-8ff7-a7a03ec5a8a6', 'e57c8eda-9b6d-4c71-bbcc-bd4031352494']}' {{(pid=97144) _task_receiver /opt/stack/data/venv/lib/python3.12/site-packages/taskflow/listeners/logging.py:218}}
Aug 21 12:57:19.630181 np0000007895 devstack@c-api.service[97144]: DEBUG cinder.volume.api [None req-a19d2eeb-b0d4-4630-9567-913cfc472b21 tempest-VolumesTransfersTest-1184268478 tempest-VolumesTransfersTest-1184268478-project-member] Task 'cinder.volume.flows.api.create_volume.EntryCreateTask;volume:create' (20bf5130-d0bc-45fe-8bef-18bfbae1b9a7) transitioned into state 'RUNNING' from state 'PENDING' {{(pid=97144) _task_receiver /opt/stack/data/venv/lib/python3.12/site-packages/taskflow/listeners/logging.py:242}}
Aug 21 12:57:19.658278 np0000007895 devstack@c-api.service[97144]: DEBUG cinder.volume.api [None req-a19d2eeb-b0d4-4630-9567-913cfc472b21 tempest-VolumesTransfersTest-1184268478 tempest-VolumesTransfersTest-1184268478-project-member] Task 'cinder.volume.flows.api.create_volume.EntryCreateTask;volume:create' (20bf5130-d0bc-45fe-8bef-18bfbae1b9a7) transitioned into state 'SUCCESS' from state 'RUNNING' with result '{'volume_id': 'de781ce0-5321-4729-9936-6701f28d6748', 'volume_properties': VolumeProperties(attach_status='detached',availability_zone='nova',cgsnapshot_id=None,consistencygroup_id=None,display_description=None,display_name='tempest-VolumesTransfersTest-Volume-1548735195',encryption_key_id=None,group_id=None,group_type_id=,metadata={},multiattach=False,project_id='ee60ffd9c71141be9e8a747137601951',qos_specs=None,replication_status=,reservations=['037a6829-b073-4f12-aebe-49ed61debb0d','7e36ca9e-5ea6-427b-955b-5b5e9d2d9e86','e11af43c-d8e8-44b8-8ff7-a7a03ec5a8a6','e57c8eda-9b6d-4c71-bbcc-bd4031352494'],size=1,snapshot_id=None,source_replicaid=,source_volid=None,status='creating',user_id='d02422fda4fa44f28b0a2041b08b7af3',volume_type_id=ea05a243-d156-406e-8345-99ab885b1a98), 'volume': Volume(_name_id=None,admin_metadata=,attach_status='detached',availability_zone='nova',bootable=False,cluster=,cluster_name=None,consistencygroup=,consistencygroup_id=None,created_at=2026-08-21T12:57:19Z,deleted=False,deleted_at=None,display_description=None,display_name='tempest-VolumesTransfersTest-Volume-1548735195',ec2_id=None,encryption_key_id=None,glance_metadata=,group=,group_id=None,host=None,id=de781ce0-5321-4729-9936-6701f28d6748,launched_at=None,metadata={},migration_status=None,multiattach=False,previous_status=None,project_id='ee60ffd9c71141be9e8a747137601951',provider_auth=None,provider_geometry=None,provider_id=None,provider_location=None,replication_driver_data=None,replication_extended_status=None,replication_status=None,scheduled_at=None,service_uuid=None,shared_targets=True,size=1,snapshot_id=None,snapshots=,source_volid=None,status='creating',terminated_at=None,updated_at=None,use_quota=True,user_id='d02422fda4fa44f28b0a2041b08b7af3',volume_attachment=VolumeAttachmentList,volume_type=VolumeType(ea05a243-d156-406e-8345-99ab885b1a98),volume_type_id=ea05a243-d156-406e-8345-99ab885b1a98)}' {{(pid=97144) _task_receiver /opt/stack/data/venv/lib/python3.12/site-packages/taskflow/listeners/logging.py:218}}
Aug 21 12:57:19.659571 np0000007895 devstack@c-api.service[97144]: DEBUG cinder.volume.api [None req-a19d2eeb-b0d4-4630-9567-913cfc472b21 tempest-VolumesTransfersTest-1184268478 tempest-VolumesTransfersTest-1184268478-project-member] Task 'cinder.volume.flows.api.create_volume.QuotaCommitTask;volume:create' (57ced9c7-d8a5-4386-a8ab-30136e6a1228) transitioned into state 'RUNNING' from state 'PENDING' {{(pid=97144) _task_receiver /opt/stack/data/venv/lib/python3.12/site-packages/taskflow/listeners/logging.py:242}}
Aug 21 12:57:19.685383 np0000007895 devstack@c-api.service[97144]: DEBUG cinder.volume.api [None req-a19d2eeb-b0d4-4630-9567-913cfc472b21 tempest-VolumesTransfersTest-1184268478 tempest-VolumesTransfersTest-1184268478-project-member] Task 'cinder.volume.flows.api.create_volume.QuotaCommitTask;volume:create' (57ced9c7-d8a5-4386-a8ab-30136e6a1228) transitioned into state 'SUCCESS' from state 'RUNNING' with result '{'volume_properties': VolumeProperties(attach_status='detached',availability_zone='nova',cgsnapshot_id=None,consistencygroup_id=None,display_description=None,display_name='tempest-VolumesTransfersTest-Volume-1548735195',encryption_key_id=None,group_id=None,group_type_id=,metadata={},multiattach=False,project_id='ee60ffd9c71141be9e8a747137601951',qos_specs=None,replication_status=,reservations=['037a6829-b073-4f12-aebe-49ed61debb0d','7e36ca9e-5ea6-427b-955b-5b5e9d2d9e86','e11af43c-d8e8-44b8-8ff7-a7a03ec5a8a6','e57c8eda-9b6d-4c71-bbcc-bd4031352494'],size=1,snapshot_id=None,source_replicaid=,source_volid=None,status='creating',user_id='d02422fda4fa44f28b0a2041b08b7af3',volume_type_id=ea05a243-d156-406e-8345-99ab885b1a98)}' {{(pid=97144) _task_receiver /opt/stack/data/venv/lib/python3.12/site-packages/taskflow/listeners/logging.py:218}}
Aug 21 12:57:19.686697 np0000007895 devstack@c-api.service[97144]: DEBUG cinder.volume.api [None req-a19d2eeb-b0d4-4630-9567-913cfc472b21 tempest-VolumesTransfersTest-1184268478 tempest-VolumesTransfersTest-1184268478-project-member] Task 'cinder.volume.flows.api.create_volume.VolumeCastTask;volume:create' (82ca307b-dd8f-43c3-8a1f-06e06d8aa6f8) transitioned into state 'RUNNING' from state 'PENDING' {{(pid=97144) _task_receiver /opt/stack/data/venv/lib/python3.12/site-packages/taskflow/listeners/logging.py:242}}
Aug 21 12:57:19.699042 np0000007895 devstack@c-api.service[97144]: DEBUG cinder.volume.api [None req-a19d2eeb-b0d4-4630-9567-913cfc472b21 tempest-VolumesTransfersTest-1184268478 tempest-VolumesTransfersTest-1184268478-project-member] Task 'cinder.volume.flows.api.create_volume.VolumeCastTask;volume:create' (82ca307b-dd8f-43c3-8a1f-06e06d8aa6f8) transitioned into state 'SUCCESS' from state 'RUNNING' with result 'None' {{(pid=97144) _task_receiver /opt/stack/data/venv/lib/python3.12/site-packages/taskflow/listeners/logging.py:218}}
Aug 21 12:57:19.699834 np0000007895 devstack@c-api.service[97144]: DEBUG cinder.volume.api [None req-a19d2eeb-b0d4-4630-9567-913cfc472b21 tempest-VolumesTransfersTest-1184268478 tempest-VolumesTransfersTest-1184268478-project-member] Flow 'volume_create_api' (5e664133-13fb-4d5b-8274-201024d16cf7) transitioned into state 'SUCCESS' from state 'RUNNING' {{(pid=97144) _flow_receiver /opt/stack/data/venv/lib/python3.12/site-packages/taskflow/listeners/logging.py:160}}
Aug 21 12:57:19.700230 np0000007895 devstack@c-api.service[97144]: INFO cinder.volume.api [None req-a19d2eeb-b0d4-4630-9567-913cfc472b21 tempest-VolumesTransfersTest-1184268478 tempest-VolumesTransfersTest-1184268478-project-member] Create volume request issued successfully.
Aug 21 12:57:19.700843 np0000007895 devstack@c-api.service[97144]: INFO cinder.api.openstack.wsgi [None req-a19d2eeb-b0d4-4630-9567-913cfc472b21 tempest-VolumesTransfersTest-1184268478 tempest-VolumesTransfersTest-1184268478-project-member] https://10.4.3.112/volume/v3/volumes returned with HTTP 202
Aug 21 12:57:19.704778 np0000007895 devstack@c-api.service[97144]: [pid: 97144|app: 0|req: 93/284] 10.4.3.112 () {68 vars in 1258 bytes} [Fri Aug 21 12:57:19 2026] POST /volume/v3/volumes => generated 751 bytes in 220 msecs (HTTP/1.1 202) 7 headers in 291 bytes (1 switches on core 0)
Aug 21 12:57:19.719405 np0000007895 devstack@c-api.service[97142]: DEBUG cinder.api.middleware.request_id [None req-0f7d5a06-2182-42cf-a94c-479c6938a705 None None] RequestId filter calling following filter/app {{(pid=97142) _context_setter /opt/stack/cinder/cinder/api/middleware/request_id.py:62}}
Aug 21 12:57:19.724249 np0000007895 devstack@c-api.service[97142]: INFO cinder.api.openstack.wsgi [None req-0f7d5a06-2182-42cf-a94c-479c6938a705 tempest-VolumesTransfersTest-1184268478 tempest-VolumesTransfersTest-1184268478-project-member] GET https://10.4.3.112/volume/v3/volumes/de781ce0-5321-4729-9936-6701f28d6748
Aug 21 12:57:19.724935 np0000007895 devstack@c-api.service[97142]: DEBUG cinder.api.openstack.wsgi [None req-0f7d5a06-2182-42cf-a94c-479c6938a705 tempest-VolumesTransfersTest-1184268478 tempest-VolumesTransfersTest-1184268478-project-member] Empty body provided in request {{(pid=97142) get_body /opt/stack/cinder/cinder/api/openstack/wsgi.py:725}}
Aug 21 12:57:19.724935 np0000007895 devstack@c-api.service[97142]: DEBUG cinder.api.openstack.wsgi [None req-0f7d5a06-2182-42cf-a94c-479c6938a705 tempest-VolumesTransfersTest-1184268478 tempest-VolumesTransfersTest-1184268478-project-member] Calling method 'show' {{(pid=97142) _process_stack /opt/stack/cinder/cinder/api/openstack/wsgi.py:878}}
Aug 21 12:57:19.737416 np0000007895 devstack@c-api.service[97142]: /opt/stack/data/venv/lib/python3.12/site-packages/oslo_context/context.py:102: DeprecationWarning: Policy enforcement is depending on the value of is_admin. This key is deprecated. Please update your policy file to use the standard policy values.
Aug 21 12:57:19.737416 np0000007895 devstack@c-api.service[97142]: warnings.warn(
Aug 21 12:57:19.745042 np0000007895 devstack@c-api.service[97142]: INFO cinder.volume.api [None req-0f7d5a06-2182-42cf-a94c-479c6938a705 tempest-VolumesTransfersTest-1184268478 tempest-VolumesTransfersTest-1184268478-project-member] Volume info retrieved successfully.
Aug 21 12:57:19.755217 np0000007895 devstack@c-api.service[97142]: INFO cinder.api.openstack.wsgi [None req-0f7d5a06-2182-42cf-a94c-479c6938a705 tempest-VolumesTransfersTest-1184268478 tempest-VolumesTransfersTest-1184268478-project-member] https://10.4.3.112/volume/v3/volumes/de781ce0-5321-4729-9936-6701f28d6748 returned with HTTP 200
Aug 21 12:57:19.755907 np0000007895 devstack@c-api.service[97142]: [pid: 97142|app: 0|req: 97/285] 10.4.3.112 () {66 vars in 1348 bytes} [Fri Aug 21 12:57:19 2026] GET /volume/v3/volumes/de781ce0-5321-4729-9936-6701f28d6748 => generated 819 bytes in 39 msecs (HTTP/1.1 200) 7 headers in 285 bytes (1 switches on core 0)
Aug 21 12:57:20.774953 np0000007895 devstack@c-api.service[97143]: DEBUG cinder.api.middleware.request_id [None req-b99ae2a1-37e4-4d5f-a988-57eb95c5b742 None None] RequestId filter calling following filter/app {{(pid=97143) _context_setter /opt/stack/cinder/cinder/api/middleware/request_id.py:62}}
Aug 21 12:57:20.781629 np0000007895 devstack@c-api.service[97143]: INFO cinder.api.openstack.wsgi [None req-b99ae2a1-37e4-4d5f-a988-57eb95c5b742 tempest-VolumesTransfersTest-1184268478 tempest-VolumesTransfersTest-1184268478-project-member] GET https://10.4.3.112/volume/v3/volumes/de781ce0-5321-4729-9936-6701f28d6748
Aug 21 12:57:20.782178 np0000007895 devstack@c-api.service[97143]: DEBUG cinder.api.openstack.wsgi [None req-b99ae2a1-37e4-4d5f-a988-57eb95c5b742 tempest-VolumesTransfersTest-1184268478 tempest-VolumesTransfersTest-1184268478-project-member] Empty body provided in request {{(pid=97143) get_body /opt/stack/cinder/cinder/api/openstack/wsgi.py:725}}
Aug 21 12:57:20.782957 np0000007895 devstack@c-api.service[97143]: DEBUG cinder.api.openstack.wsgi [None req-b99ae2a1-37e4-4d5f-a988-57eb95c5b742 tempest-VolumesTransfersTest-1184268478 tempest-VolumesTransfersTest-1184268478-project-member] Calling method 'show' {{(pid=97143) _process_stack /opt/stack/cinder/cinder/api/openstack/wsgi.py:878}}
Aug 21 12:57:20.793759 np0000007895 devstack@c-api.service[97143]: /opt/stack/data/venv/lib/python3.12/site-packages/oslo_context/context.py:102: DeprecationWarning: Policy enforcement is depending on the value of is_admin. This key is deprecated. Please update your policy file to use the standard policy values.
Aug 21 12:57:20.793759 np0000007895 devstack@c-api.service[97143]: warnings.warn(
Aug 21 12:57:20.798544 np0000007895 devstack@c-api.service[97143]: INFO cinder.volume.api [None req-b99ae2a1-37e4-4d5f-a988-57eb95c5b742 tempest-VolumesTransfersTest-1184268478 tempest-VolumesTransfersTest-1184268478-project-member] Volume info retrieved successfully.
Aug 21 12:57:20.805931 np0000007895 devstack@c-api.service[97143]: INFO cinder.api.openstack.wsgi [None req-b99ae2a1-37e4-4d5f-a988-57eb95c5b742 tempest-VolumesTransfersTest-1184268478 tempest-VolumesTransfersTest-1184268478-project-member] https://10.4.3.112/volume/v3/volumes/de781ce0-5321-4729-9936-6701f28d6748 returned with HTTP 200
Aug 21 12:57:20.805931 np0000007895 devstack@c-api.service[97143]: [pid: 97143|app: 0|req: 96/286] 10.4.3.112 () {66 vars in 1348 bytes} [Fri Aug 21 12:57:20 2026] GET /volume/v3/volumes/de781ce0-5321-4729-9936-6701f28d6748 => generated 844 bytes in 30 msecs (HTTP/1.1 200) 7 headers in 285 bytes (1 switches on core 0)
Aug 21 12:57:20.820585 np0000007895 devstack@c-api.service[97144]: DEBUG cinder.api.middleware.request_id [None req-b02788ee-1caf-43fa-a9c5-7725b433a459 None None] RequestId filter calling following filter/app {{(pid=97144) _context_setter /opt/stack/cinder/cinder/api/middleware/request_id.py:62}}
Aug 21 12:57:20.823359 np0000007895 devstack@c-api.service[97144]: INFO cinder.api.openstack.wsgi [None req-b02788ee-1caf-43fa-a9c5-7725b433a459 tempest-VolumesTransfersTest-1184268478 tempest-VolumesTransfersTest-1184268478-project-member] POST https://10.4.3.112/volume/v3/os-volume-transfer
Aug 21 12:57:20.823859 np0000007895 devstack@c-api.service[97144]: DEBUG cinder.api.openstack.wsgi [None req-b02788ee-1caf-43fa-a9c5-7725b433a459 tempest-VolumesTransfersTest-1184268478 tempest-VolumesTransfersTest-1184268478-project-member] Action: 'create', calling method: create, body: {"transfer": {"volume_id": "de781ce0-5321-4729-9936-6701f28d6748"}} {{(pid=97144) _process_stack /opt/stack/cinder/cinder/api/openstack/wsgi.py:876}}
Aug 21 12:57:20.830334 np0000007895 devstack@c-api.service[97144]: DEBUG cinder.api.contrib.volume_transfer [None req-b02788ee-1caf-43fa-a9c5-7725b433a459 tempest-VolumesTransfersTest-1184268478 tempest-VolumesTransfersTest-1184268478-project-member] Creating new volume transfer {'transfer': {'volume_id': 'de781ce0-5321-4729-9936-6701f28d6748'}} {{(pid=97144) create /opt/stack/cinder/cinder/api/contrib/volume_transfer.py:85}}
Aug 21 12:57:20.830583 np0000007895 devstack@c-api.service[97144]: INFO cinder.api.contrib.volume_transfer [None req-b02788ee-1caf-43fa-a9c5-7725b433a459 tempest-VolumesTransfersTest-1184268478 tempest-VolumesTransfersTest-1184268478-project-member] Creating transfer of volume de781ce0-5321-4729-9936-6701f28d6748
Aug 21 12:57:20.830757 np0000007895 devstack@c-api.service[97144]: INFO cinder.transfer.api [None req-b02788ee-1caf-43fa-a9c5-7725b433a459 tempest-VolumesTransfersTest-1184268478 tempest-VolumesTransfersTest-1184268478-project-member] Generating transfer record for volume de781ce0-5321-4729-9936-6701f28d6748
Aug 21 12:57:20.851101 np0000007895 devstack@c-api.service[97144]: /opt/stack/data/venv/lib/python3.12/site-packages/oslo_context/context.py:102: DeprecationWarning: Policy enforcement is depending on the value of is_admin. This key is deprecated. Please update your policy file to use the standard policy values.
Aug 21 12:57:20.851101 np0000007895 devstack@c-api.service[97144]: warnings.warn(
Aug 21 12:57:20.883291 np0000007895 devstack@c-api.service[97144]: INFO cinder.api.openstack.wsgi [None req-b02788ee-1caf-43fa-a9c5-7725b433a459 tempest-VolumesTransfersTest-1184268478 tempest-VolumesTransfersTest-1184268478-project-member] https://10.4.3.112/volume/v3/os-volume-transfer returned with HTTP 202
Aug 21 12:57:20.884460 np0000007895 devstack@c-api.service[97144]: [pid: 97144|app: 0|req: 94/287] 10.4.3.112 () {68 vars in 1291 bytes} [Fri Aug 21 12:57:20 2026] POST /volume/v3/os-volume-transfer => generated 441 bytes in 64 msecs (HTTP/1.1 202) 7 headers in 291 bytes (1 switches on core 0)
Aug 21 12:57:20.892684 np0000007895 devstack@c-api.service[97142]: DEBUG cinder.api.middleware.request_id [None req-07180e00-50db-40b9-998b-61469dfaabd7 None None] RequestId filter calling following filter/app {{(pid=97142) _context_setter /opt/stack/cinder/cinder/api/middleware/request_id.py:62}}
Aug 21 12:57:20.896875 np0000007895 devstack@c-api.service[97143]: DEBUG cinder.api.middleware.request_id [None req-45d754b4-be72-45b7-9560-cdd6f816aa72 None None] RequestId filter calling following filter/app {{(pid=97143) _context_setter /opt/stack/cinder/cinder/api/middleware/request_id.py:62}}
Aug 21 12:57:20.897055 np0000007895 devstack@c-api.service[97142]: INFO cinder.api.openstack.wsgi [None req-07180e00-50db-40b9-998b-61469dfaabd7 tempest-AttachSCSIVolumeTestJSON-326112865 tempest-AttachSCSIVolumeTestJSON-326112865-project-member] DELETE https://10.4.3.112/volume/v3/volumes/9077b6e3-7b2f-4357-9126-8e6b09c5151e
Aug 21 12:57:20.897055 np0000007895 devstack@c-api.service[97142]: DEBUG cinder.api.openstack.wsgi [None req-07180e00-50db-40b9-998b-61469dfaabd7 tempest-AttachSCSIVolumeTestJSON-326112865 tempest-AttachSCSIVolumeTestJSON-326112865-project-member] Empty body provided in request {{(pid=97142) get_body /opt/stack/cinder/cinder/api/openstack/wsgi.py:725}}
Aug 21 12:57:20.897055 np0000007895 devstack@c-api.service[97142]: DEBUG cinder.api.openstack.wsgi [None req-07180e00-50db-40b9-998b-61469dfaabd7 tempest-AttachSCSIVolumeTestJSON-326112865 tempest-AttachSCSIVolumeTestJSON-326112865-project-member] Calling method 'delete' {{(pid=97142) _process_stack /opt/stack/cinder/cinder/api/openstack/wsgi.py:878}}
Aug 21 12:57:20.897055 np0000007895 devstack@c-api.service[97142]: INFO cinder.api.v3.volumes [None req-07180e00-50db-40b9-998b-61469dfaabd7 tempest-AttachSCSIVolumeTestJSON-326112865 tempest-AttachSCSIVolumeTestJSON-326112865-project-member] Delete volume with id: 9077b6e3-7b2f-4357-9126-8e6b09c5151e
Aug 21 12:57:20.897998 np0000007895 devstack@c-api.service[97143]: INFO cinder.api.openstack.wsgi [None req-45d754b4-be72-45b7-9560-cdd6f816aa72 tempest-VolumesTransfersTest-1184268478 tempest-VolumesTransfersTest-1184268478-project-member] GET https://10.4.3.112/volume/v3/volumes/de781ce0-5321-4729-9936-6701f28d6748
Aug 21 12:57:20.897998 np0000007895 devstack@c-api.service[97143]: DEBUG cinder.api.openstack.wsgi [None req-45d754b4-be72-45b7-9560-cdd6f816aa72 tempest-VolumesTransfersTest-1184268478 tempest-VolumesTransfersTest-1184268478-project-member] Empty body provided in request {{(pid=97143) get_body /opt/stack/cinder/cinder/api/openstack/wsgi.py:725}}
Aug 21 12:57:20.897998 np0000007895 devstack@c-api.service[97143]: DEBUG cinder.api.openstack.wsgi [None req-45d754b4-be72-45b7-9560-cdd6f816aa72 tempest-VolumesTransfersTest-1184268478 tempest-VolumesTransfersTest-1184268478-project-member] Calling method 'show' {{(pid=97143) _process_stack /opt/stack/cinder/cinder/api/openstack/wsgi.py:878}}
Aug 21 12:57:20.908121 np0000007895 devstack@c-api.service[97143]: /opt/stack/data/venv/lib/python3.12/site-packages/oslo_context/context.py:102: DeprecationWarning: Policy enforcement is depending on the value of is_admin. This key is deprecated. Please update your policy file to use the standard policy values.
Aug 21 12:57:20.908121 np0000007895 devstack@c-api.service[97143]: warnings.warn(
Aug 21 12:57:20.909973 np0000007895 devstack@c-api.service[97142]: /opt/stack/data/venv/lib/python3.12/site-packages/oslo_context/context.py:102: DeprecationWarning: Policy enforcement is depending on the value of is_admin. This key is deprecated. Please update your policy file to use the standard policy values.
Aug 21 12:57:20.909973 np0000007895 devstack@c-api.service[97142]: warnings.warn(
Aug 21 12:57:20.911042 np0000007895 devstack@c-api.service[97142]: INFO cinder.volume.api [None req-07180e00-50db-40b9-998b-61469dfaabd7 tempest-AttachSCSIVolumeTestJSON-326112865 tempest-AttachSCSIVolumeTestJSON-326112865-project-member] Volume info retrieved successfully.
Aug 21 12:57:20.915953 np0000007895 devstack@c-api.service[97143]: INFO cinder.volume.api [None req-45d754b4-be72-45b7-9560-cdd6f816aa72 tempest-VolumesTransfersTest-1184268478 tempest-VolumesTransfersTest-1184268478-project-member] Volume info retrieved successfully.
Aug 21 12:57:20.924258 np0000007895 devstack@c-api.service[97143]: INFO cinder.api.openstack.wsgi [None req-45d754b4-be72-45b7-9560-cdd6f816aa72 tempest-VolumesTransfersTest-1184268478 tempest-VolumesTransfersTest-1184268478-project-member] https://10.4.3.112/volume/v3/volumes/de781ce0-5321-4729-9936-6701f28d6748 returned with HTTP 200
Aug 21 12:57:20.924842 np0000007895 devstack@c-api.service[97143]: [pid: 97143|app: 0|req: 97/288] 10.4.3.112 () {66 vars in 1348 bytes} [Fri Aug 21 12:57:20 2026] GET /volume/v3/volumes/de781ce0-5321-4729-9936-6701f28d6748 => generated 852 bytes in 30 msecs (HTTP/1.1 200) 7 headers in 285 bytes (1 switches on core 0)
Aug 21 12:57:20.947976 np0000007895 devstack@c-api.service[97142]: INFO cinder.volume.api [None req-07180e00-50db-40b9-998b-61469dfaabd7 tempest-AttachSCSIVolumeTestJSON-326112865 tempest-AttachSCSIVolumeTestJSON-326112865-project-member] Delete volume request issued successfully.
Aug 21 12:57:20.947976 np0000007895 devstack@c-api.service[97142]: INFO cinder.api.openstack.wsgi [None req-07180e00-50db-40b9-998b-61469dfaabd7 tempest-AttachSCSIVolumeTestJSON-326112865 tempest-AttachSCSIVolumeTestJSON-326112865-project-member] https://10.4.3.112/volume/v3/volumes/9077b6e3-7b2f-4357-9126-8e6b09c5151e returned with HTTP 202
Aug 21 12:57:20.947976 np0000007895 devstack@c-api.service[97142]: [pid: 97142|app: 0|req: 98/289] 10.4.3.112 () {66 vars in 1351 bytes} [Fri Aug 21 12:57:20 2026] DELETE /volume/v3/volumes/9077b6e3-7b2f-4357-9126-8e6b09c5151e => generated 0 bytes in 55 msecs (HTTP/1.1 202) 6 headers in 233 bytes (1 switches on core 0)
Aug 21 12:57:20.950975 np0000007895 devstack@c-api.service[97144]: DEBUG cinder.api.middleware.request_id [None req-52aad0ad-7d8f-418c-ae2a-748a4abee155 None None] RequestId filter calling following filter/app {{(pid=97144) _context_setter /opt/stack/cinder/cinder/api/middleware/request_id.py:62}}
Aug 21 12:57:20.955683 np0000007895 devstack@c-api.service[97144]: INFO cinder.api.openstack.wsgi [None req-52aad0ad-7d8f-418c-ae2a-748a4abee155 tempest-VolumesTransfersTest-1184268478 tempest-VolumesTransfersTest-1184268478-project-member] GET https://10.4.3.112/volume/v3/os-volume-transfer/detail
Aug 21 12:57:20.955818 np0000007895 devstack@c-api.service[97143]: DEBUG cinder.api.middleware.request_id [req-681b9a25-541b-406c-a6b7-0f130bfc488e req-8ed3d779-49e7-4fe5-931a-e77bb42cdf39 None None] RequestId filter calling following filter/app {{(pid=97143) _context_setter /opt/stack/cinder/cinder/api/middleware/request_id.py:62}}
Aug 21 12:57:20.955965 np0000007895 devstack@c-api.service[97144]: DEBUG cinder.api.openstack.wsgi [None req-52aad0ad-7d8f-418c-ae2a-748a4abee155 tempest-VolumesTransfersTest-1184268478 tempest-VolumesTransfersTest-1184268478-project-member] Empty body provided in request {{(pid=97144) get_body /opt/stack/cinder/cinder/api/openstack/wsgi.py:725}}
Aug 21 12:57:20.956059 np0000007895 devstack@c-api.service[97142]: DEBUG cinder.api.middleware.request_id [None req-0251866d-058a-443f-b961-ae721310dafa None None] RequestId filter calling following filter/app {{(pid=97142) _context_setter /opt/stack/cinder/cinder/api/middleware/request_id.py:62}}
Aug 21 12:57:20.956257 np0000007895 devstack@c-api.service[97144]: DEBUG cinder.api.openstack.wsgi [None req-52aad0ad-7d8f-418c-ae2a-748a4abee155 tempest-VolumesTransfersTest-1184268478 tempest-VolumesTransfersTest-1184268478-project-member] Calling method 'detail' {{(pid=97144) _process_stack /opt/stack/cinder/cinder/api/openstack/wsgi.py:878}}
Aug 21 12:57:20.956473 np0000007895 devstack@c-api.service[97144]: DEBUG cinder.api.contrib.volume_transfer [None req-52aad0ad-7d8f-418c-ae2a-748a4abee155 tempest-VolumesTransfersTest-1184268478 tempest-VolumesTransfersTest-1184268478-project-member] Listing volume transfers {{(pid=97144) _get_transfers /opt/stack/cinder/cinder/api/contrib/volume_transfer.py:63}}
Aug 21 12:57:20.959743 np0000007895 devstack@c-api.service[97142]: INFO cinder.api.openstack.wsgi [None req-0251866d-058a-443f-b961-ae721310dafa tempest-AttachSCSIVolumeTestJSON-326112865 tempest-AttachSCSIVolumeTestJSON-326112865-project-member] GET https://10.4.3.112/volume/v3/volumes/9077b6e3-7b2f-4357-9126-8e6b09c5151e
Aug 21 12:57:20.960233 np0000007895 devstack@c-api.service[97142]: DEBUG cinder.api.openstack.wsgi [None req-0251866d-058a-443f-b961-ae721310dafa tempest-AttachSCSIVolumeTestJSON-326112865 tempest-AttachSCSIVolumeTestJSON-326112865-project-member] Empty body provided in request {{(pid=97142) get_body /opt/stack/cinder/cinder/api/openstack/wsgi.py:725}}
Aug 21 12:57:20.960612 np0000007895 devstack@c-api.service[97142]: DEBUG cinder.api.openstack.wsgi [None req-0251866d-058a-443f-b961-ae721310dafa tempest-AttachSCSIVolumeTestJSON-326112865 tempest-AttachSCSIVolumeTestJSON-326112865-project-member] Calling method 'show' {{(pid=97142) _process_stack /opt/stack/cinder/cinder/api/openstack/wsgi.py:878}}
Aug 21 12:57:20.961789 np0000007895 devstack@c-api.service[97143]: INFO cinder.api.openstack.wsgi [req-681b9a25-541b-406c-a6b7-0f130bfc488e req-8ed3d779-49e7-4fe5-931a-e77bb42cdf39 tempest-ServerBootFromVolumeStableRescueTest-1064015570 tempest-ServerBootFromVolumeStableRescueTest-1064015570-project-member] GET https://10.4.3.112/volume/v3/volumes/1f7a4934-3257-4578-899a-3d3474c86df9
Aug 21 12:57:20.962128 np0000007895 devstack@c-api.service[97143]: DEBUG cinder.api.openstack.wsgi [req-681b9a25-541b-406c-a6b7-0f130bfc488e req-8ed3d779-49e7-4fe5-931a-e77bb42cdf39 tempest-ServerBootFromVolumeStableRescueTest-1064015570 tempest-ServerBootFromVolumeStableRescueTest-1064015570-project-member] Empty body provided in request {{(pid=97143) get_body /opt/stack/cinder/cinder/api/openstack/wsgi.py:725}}
Aug 21 12:57:20.962297 np0000007895 devstack@c-api.service[97143]: DEBUG cinder.api.openstack.wsgi [req-681b9a25-541b-406c-a6b7-0f130bfc488e req-8ed3d779-49e7-4fe5-931a-e77bb42cdf39 tempest-ServerBootFromVolumeStableRescueTest-1064015570 tempest-ServerBootFromVolumeStableRescueTest-1064015570-project-member] Calling method 'show' {{(pid=97143) _process_stack /opt/stack/cinder/cinder/api/openstack/wsgi.py:878}}
Aug 21 12:57:20.966370 np0000007895 devstack@c-api.service[97144]: INFO cinder.api.openstack.wsgi [None req-52aad0ad-7d8f-418c-ae2a-748a4abee155 tempest-VolumesTransfersTest-1184268478 tempest-VolumesTransfersTest-1184268478-project-member] https://10.4.3.112/volume/v3/os-volume-transfer/detail returned with HTTP 200
Aug 21 12:57:20.966991 np0000007895 devstack@c-api.service[97144]: [pid: 97144|app: 0|req: 95/290] 10.4.3.112 () {66 vars in 1291 bytes} [Fri Aug 21 12:57:20 2026] GET /volume/v3/os-volume-transfer/detail => generated 412 bytes in 17 msecs (HTTP/1.1 200) 7 headers in 285 bytes (1 switches on core 0)
Aug 21 12:57:20.973392 np0000007895 devstack@c-api.service[97142]: /opt/stack/data/venv/lib/python3.12/site-packages/oslo_context/context.py:102: DeprecationWarning: Policy enforcement is depending on the value of is_admin. This key is deprecated. Please update your policy file to use the standard policy values.
Aug 21 12:57:20.973392 np0000007895 devstack@c-api.service[97142]: warnings.warn(
Aug 21 12:57:20.978704 np0000007895 devstack@c-api.service[97143]: /opt/stack/data/venv/lib/python3.12/site-packages/oslo_context/context.py:102: DeprecationWarning: Policy enforcement is depending on the value of is_admin. This key is deprecated. Please update your policy file to use the standard policy values.
Aug 21 12:57:20.978704 np0000007895 devstack@c-api.service[97143]: warnings.warn(
Aug 21 12:57:20.979299 np0000007895 devstack@c-api.service[97144]: DEBUG cinder.api.middleware.request_id [None req-74381f55-2ac3-4981-aca0-eb76cdbeb1c4 None None] RequestId filter calling following filter/app {{(pid=97144) _context_setter /opt/stack/cinder/cinder/api/middleware/request_id.py:62}}
Aug 21 12:57:20.979752 np0000007895 devstack@c-api.service[97142]: INFO cinder.volume.api [None req-0251866d-058a-443f-b961-ae721310dafa tempest-AttachSCSIVolumeTestJSON-326112865 tempest-AttachSCSIVolumeTestJSON-326112865-project-member] Volume info retrieved successfully.
Aug 21 12:57:20.981469 np0000007895 devstack@c-api.service[97144]: INFO cinder.api.openstack.wsgi [None req-74381f55-2ac3-4981-aca0-eb76cdbeb1c4 tempest-VolumesTransfersTest-1184268478 tempest-VolumesTransfersTest-1184268478-project-member] DELETE https://10.4.3.112/volume/v3/os-volume-transfer/6e2a4cde-5072-4070-875c-0c7590bb5d1d
Aug 21 12:57:20.981738 np0000007895 devstack@c-api.service[97144]: DEBUG cinder.api.openstack.wsgi [None req-74381f55-2ac3-4981-aca0-eb76cdbeb1c4 tempest-VolumesTransfersTest-1184268478 tempest-VolumesTransfersTest-1184268478-project-member] Empty body provided in request {{(pid=97144) get_body /opt/stack/cinder/cinder/api/openstack/wsgi.py:725}}
Aug 21 12:57:20.981959 np0000007895 devstack@c-api.service[97144]: DEBUG cinder.api.openstack.wsgi [None req-74381f55-2ac3-4981-aca0-eb76cdbeb1c4 tempest-VolumesTransfersTest-1184268478 tempest-VolumesTransfersTest-1184268478-project-member] Calling method 'delete' {{(pid=97144) _process_stack /opt/stack/cinder/cinder/api/openstack/wsgi.py:878}}
Aug 21 12:57:20.982432 np0000007895 devstack@c-api.service[97144]: INFO cinder.api.contrib.volume_transfer [None req-74381f55-2ac3-4981-aca0-eb76cdbeb1c4 tempest-VolumesTransfersTest-1184268478 tempest-VolumesTransfersTest-1184268478-project-member] Delete transfer with id: 6e2a4cde-5072-4070-875c-0c7590bb5d1d
Aug 21 12:57:20.985148 np0000007895 devstack@c-api.service[97143]: INFO cinder.volume.api [req-681b9a25-541b-406c-a6b7-0f130bfc488e req-8ed3d779-49e7-4fe5-931a-e77bb42cdf39 tempest-ServerBootFromVolumeStableRescueTest-1064015570 tempest-ServerBootFromVolumeStableRescueTest-1064015570-project-member] Volume info retrieved successfully.
Aug 21 12:57:20.987687 np0000007895 devstack@c-api.service[97142]: INFO cinder.api.openstack.wsgi [None req-0251866d-058a-443f-b961-ae721310dafa tempest-AttachSCSIVolumeTestJSON-326112865 tempest-AttachSCSIVolumeTestJSON-326112865-project-member] https://10.4.3.112/volume/v3/volumes/9077b6e3-7b2f-4357-9126-8e6b09c5151e returned with HTTP 200
Aug 21 12:57:20.988307 np0000007895 devstack@c-api.service[97142]: [pid: 97142|app: 0|req: 99/291] 10.4.3.112 () {66 vars in 1348 bytes} [Fri Aug 21 12:57:20 2026] GET /volume/v3/volumes/9077b6e3-7b2f-4357-9126-8e6b09c5151e => generated 846 bytes in 33 msecs (HTTP/1.1 200) 7 headers in 285 bytes (1 switches on core 0)
Aug 21 12:57:20.994409 np0000007895 devstack@c-api.service[97143]: INFO cinder.api.openstack.wsgi [req-681b9a25-541b-406c-a6b7-0f130bfc488e req-8ed3d779-49e7-4fe5-931a-e77bb42cdf39 tempest-ServerBootFromVolumeStableRescueTest-1064015570 tempest-ServerBootFromVolumeStableRescueTest-1064015570-project-member] https://10.4.3.112/volume/v3/volumes/1f7a4934-3257-4578-899a-3d3474c86df9 returned with HTTP 200
Aug 21 12:57:20.994959 np0000007895 devstack@c-api.service[97143]: [pid: 97143|app: 0|req: 98/292] 10.4.3.112 () {68 vars in 1598 bytes} [Fri Aug 21 12:57:20 2026] GET /volume/v3/volumes/1f7a4934-3257-4578-899a-3d3474c86df9 => generated 1311 bytes in 40 msecs (HTTP/1.1 200) 7 headers in 286 bytes (1 switches on core 0)
Aug 21 12:57:20.998220 np0000007895 devstack@c-api.service[97144]: /opt/stack/data/venv/lib/python3.12/site-packages/oslo_context/context.py:102: DeprecationWarning: Policy enforcement is depending on the value of is_admin. This key is deprecated. Please update your policy file to use the standard policy values.
Aug 21 12:57:20.998220 np0000007895 devstack@c-api.service[97144]: warnings.warn(
Aug 21 12:57:21.007119 np0000007895 devstack@c-api.service[97142]: DEBUG cinder.api.middleware.request_id [None req-9802863e-df88-4d51-bbd1-463f3636ead2 None None] RequestId filter calling following filter/app {{(pid=97142) _context_setter /opt/stack/cinder/cinder/api/middleware/request_id.py:62}}
Aug 21 12:57:21.007982 np0000007895 devstack@c-api.service[97142]: INFO cinder.api.openstack.wsgi [None req-9802863e-df88-4d51-bbd1-463f3636ead2 None None] GET https://10.4.3.112/volume//
Aug 21 12:57:21.008329 np0000007895 devstack@c-api.service[97142]: DEBUG cinder.api.openstack.wsgi [None req-9802863e-df88-4d51-bbd1-463f3636ead2 None None] Empty body provided in request {{(pid=97142) get_body /opt/stack/cinder/cinder/api/openstack/wsgi.py:725}}
Aug 21 12:57:21.008616 np0000007895 devstack@c-api.service[97142]: DEBUG cinder.api.openstack.wsgi [None req-9802863e-df88-4d51-bbd1-463f3636ead2 None None] Calling method 'all' {{(pid=97142) _process_stack /opt/stack/cinder/cinder/api/openstack/wsgi.py:878}}
Aug 21 12:57:21.009072 np0000007895 devstack@c-api.service[97142]: INFO cinder.api.openstack.wsgi [None req-9802863e-df88-4d51-bbd1-463f3636ead2 None None] https://10.4.3.112/volume// returned with HTTP 300
Aug 21 12:57:21.010066 np0000007895 devstack@c-api.service[97142]: [pid: 97142|app: 0|req: 100/293] 10.4.3.112 () {66 vars in 1426 bytes} [Fri Aug 21 12:57:21 2026] GET /volume/ => generated 386 bytes in 3 msecs (HTTP/1.1 300) 7 headers in 299 bytes (1 switches on core 0)
Aug 21 12:57:21.010198 np0000007895 devstack@c-api.service[97144]: INFO cinder.api.openstack.wsgi [None req-74381f55-2ac3-4981-aca0-eb76cdbeb1c4 tempest-VolumesTransfersTest-1184268478 tempest-VolumesTransfersTest-1184268478-project-member] https://10.4.3.112/volume/v3/os-volume-transfer/6e2a4cde-5072-4070-875c-0c7590bb5d1d returned with HTTP 202
Aug 21 12:57:21.010425 np0000007895 devstack@c-api.service[97144]: [pid: 97144|app: 0|req: 96/294] 10.4.3.112 () {66 vars in 1384 bytes} [Fri Aug 21 12:57:20 2026] DELETE /volume/v3/os-volume-transfer/6e2a4cde-5072-4070-875c-0c7590bb5d1d => generated 0 bytes in 32 msecs (HTTP/1.1 202) 6 headers in 233 bytes (1 switches on core 0)
Aug 21 12:57:21.020840 np0000007895 devstack@c-api.service[97143]: DEBUG cinder.api.middleware.request_id [None req-ed5b0143-815a-4278-a1b0-10798f03a499 None None] RequestId filter calling following filter/app {{(pid=97143) _context_setter /opt/stack/cinder/cinder/api/middleware/request_id.py:62}}
Aug 21 12:57:21.022926 np0000007895 devstack@c-api.service[97142]: DEBUG cinder.api.middleware.request_id [req-681b9a25-541b-406c-a6b7-0f130bfc488e req-287e9d0a-caae-41cb-8e0f-ff11749b935e None None] RequestId filter calling following filter/app {{(pid=97142) _context_setter /opt/stack/cinder/cinder/api/middleware/request_id.py:62}}
Aug 21 12:57:21.023953 np0000007895 devstack@c-api.service[97143]: INFO cinder.api.openstack.wsgi [None req-ed5b0143-815a-4278-a1b0-10798f03a499 tempest-VolumesTransfersTest-1184268478 tempest-VolumesTransfersTest-1184268478-project-member] GET https://10.4.3.112/volume/v3/volumes/de781ce0-5321-4729-9936-6701f28d6748
Aug 21 12:57:21.024182 np0000007895 devstack@c-api.service[97143]: DEBUG cinder.api.openstack.wsgi [None req-ed5b0143-815a-4278-a1b0-10798f03a499 tempest-VolumesTransfersTest-1184268478 tempest-VolumesTransfersTest-1184268478-project-member] Empty body provided in request {{(pid=97143) get_body /opt/stack/cinder/cinder/api/openstack/wsgi.py:725}}
Aug 21 12:57:21.024480 np0000007895 devstack@c-api.service[97143]: DEBUG cinder.api.openstack.wsgi [None req-ed5b0143-815a-4278-a1b0-10798f03a499 tempest-VolumesTransfersTest-1184268478 tempest-VolumesTransfersTest-1184268478-project-member] Calling method 'show' {{(pid=97143) _process_stack /opt/stack/cinder/cinder/api/openstack/wsgi.py:878}}
Aug 21 12:57:21.025471 np0000007895 devstack@c-api.service[97142]: INFO cinder.api.openstack.wsgi [req-681b9a25-541b-406c-a6b7-0f130bfc488e req-287e9d0a-caae-41cb-8e0f-ff11749b935e tempest-ServerBootFromVolumeStableRescueTest-1064015570 tempest-ServerBootFromVolumeStableRescueTest-1064015570-project-member] POST https://10.4.3.112/volume/v3/attachments
Aug 21 12:57:21.025959 np0000007895 devstack@c-api.service[97142]: DEBUG cinder.api.openstack.wsgi [req-681b9a25-541b-406c-a6b7-0f130bfc488e req-287e9d0a-caae-41cb-8e0f-ff11749b935e tempest-ServerBootFromVolumeStableRescueTest-1064015570 tempest-ServerBootFromVolumeStableRescueTest-1064015570-project-member] Action: 'create', calling method: version_select, body: {"attachment": {"volume_uuid": "1f7a4934-3257-4578-899a-3d3474c86df9", "connector": null, "instance_uuid": "d7227786-93fe-421b-a21a-b097b7febebf"}} {{(pid=97142) _process_stack /opt/stack/cinder/cinder/api/openstack/wsgi.py:876}}
Aug 21 12:57:21.034440 np0000007895 devstack@c-api.service[97143]: /opt/stack/data/venv/lib/python3.12/site-packages/oslo_context/context.py:102: DeprecationWarning: Policy enforcement is depending on the value of is_admin. This key is deprecated. Please update your policy file to use the standard policy values.
Aug 21 12:57:21.034440 np0000007895 devstack@c-api.service[97143]: warnings.warn(
Aug 21 12:57:21.039758 np0000007895 devstack@c-api.service[97142]: /opt/stack/data/venv/lib/python3.12/site-packages/oslo_context/context.py:102: DeprecationWarning: Policy enforcement is depending on the value of is_admin. This key is deprecated. Please update your policy file to use the standard policy values.
Aug 21 12:57:21.039758 np0000007895 devstack@c-api.service[97142]: warnings.warn(
Aug 21 12:57:21.041298 np0000007895 devstack@c-api.service[97143]: INFO cinder.volume.api [None req-ed5b0143-815a-4278-a1b0-10798f03a499 tempest-VolumesTransfersTest-1184268478 tempest-VolumesTransfersTest-1184268478-project-member] Volume info retrieved successfully.
Aug 21 12:57:21.048368 np0000007895 devstack@c-api.service[97143]: INFO cinder.api.openstack.wsgi [None req-ed5b0143-815a-4278-a1b0-10798f03a499 tempest-VolumesTransfersTest-1184268478 tempest-VolumesTransfersTest-1184268478-project-member] https://10.4.3.112/volume/v3/volumes/de781ce0-5321-4729-9936-6701f28d6748 returned with HTTP 200
Aug 21 12:57:21.049050 np0000007895 devstack@c-api.service[97143]: [pid: 97143|app: 0|req: 99/295] 10.4.3.112 () {66 vars in 1348 bytes} [Fri Aug 21 12:57:21 2026] GET /volume/v3/volumes/de781ce0-5321-4729-9936-6701f28d6748 => generated 844 bytes in 29 msecs (HTTP/1.1 200) 7 headers in 285 bytes (1 switches on core 0)
