Aug 21 12:57:50.407007 np0000007895 devstack@c-api.service[97143]: DEBUG cinder.api.openstack.wsgi [None req-e2f1512f-fe1d-4acb-b9c2-5ec3e3c6016e tempest-VolumesCloneNegativeTest-424576441 tempest-VolumesCloneNegativeTest-424576441-project-member] Empty body provided in request {{(pid=97143) get_body /opt/stack/cinder/cinder/api/openstack/wsgi.py:725}}
Aug 21 12:57:50.407538 np0000007895 devstack@c-api.service[97143]: DEBUG cinder.api.openstack.wsgi [None req-e2f1512f-fe1d-4acb-b9c2-5ec3e3c6016e tempest-VolumesCloneNegativeTest-424576441 tempest-VolumesCloneNegativeTest-424576441-project-member] Calling method 'delete' {{(pid=97143) _process_stack /opt/stack/cinder/cinder/api/openstack/wsgi.py:878}}
Aug 21 12:57:50.408581 np0000007895 devstack@c-api.service[97143]: INFO cinder.api.v3.volumes [None req-e2f1512f-fe1d-4acb-b9c2-5ec3e3c6016e tempest-VolumesCloneNegativeTest-424576441 tempest-VolumesCloneNegativeTest-424576441-project-member] Delete volume with id: 45c783e4-ded4-46e9-8f87-302efb783f0a
Aug 21 12:57:50.426223 np0000007895 devstack@c-api.service[97143]: /opt/stack/data/venv/lib/python3.12/site-packages/oslo_context/context.py:102: DeprecationWarning: Policy enforcement is depending on the value of is_admin. This key is deprecated. Please update your policy file to use the standard policy values.
Aug 21 12:57:50.426223 np0000007895 devstack@c-api.service[97143]: warnings.warn(
Aug 21 12:57:50.427042 np0000007895 devstack@c-api.service[97143]: INFO cinder.volume.api [None req-e2f1512f-fe1d-4acb-b9c2-5ec3e3c6016e tempest-VolumesCloneNegativeTest-424576441 tempest-VolumesCloneNegativeTest-424576441-project-member] Volume info retrieved successfully.
Aug 21 12:57:50.449052 np0000007895 devstack@c-api.service[97143]: INFO cinder.volume.api [None req-e2f1512f-fe1d-4acb-b9c2-5ec3e3c6016e tempest-VolumesCloneNegativeTest-424576441 tempest-VolumesCloneNegativeTest-424576441-project-member] Delete volume request issued successfully.
Aug 21 12:57:50.449582 np0000007895 devstack@c-api.service[97143]: INFO cinder.api.openstack.wsgi [None req-e2f1512f-fe1d-4acb-b9c2-5ec3e3c6016e tempest-VolumesCloneNegativeTest-424576441 tempest-VolumesCloneNegativeTest-424576441-project-member] https://10.4.3.112/volume/v3/volumes/45c783e4-ded4-46e9-8f87-302efb783f0a returned with HTTP 202
Aug 21 12:57:50.449950 np0000007895 devstack@c-api.service[97143]: [pid: 97143|app: 0|req: 137/408] 10.4.3.112 () {66 vars in 1351 bytes} [Fri Aug 21 12:57:50 2026] DELETE /volume/v3/volumes/45c783e4-ded4-46e9-8f87-302efb783f0a => generated 0 bytes in 47 msecs (HTTP/1.1 202) 6 headers in 233 bytes (1 switches on core 0)
Aug 21 12:57:50.461782 np0000007895 devstack@c-api.service[97142]: DEBUG cinder.api.middleware.request_id [None req-024cbaba-3b42-4c38-a12f-b2aac1bf72e8 None None] RequestId filter calling following filter/app {{(pid=97142) _context_setter /opt/stack/cinder/cinder/api/middleware/request_id.py:62}}
Aug 21 12:57:50.465143 np0000007895 devstack@c-api.service[97142]: INFO cinder.api.openstack.wsgi [None req-024cbaba-3b42-4c38-a12f-b2aac1bf72e8 tempest-VolumesCloneNegativeTest-424576441 tempest-VolumesCloneNegativeTest-424576441-project-member] GET https://10.4.3.112/volume/v3/volumes/45c783e4-ded4-46e9-8f87-302efb783f0a
Aug 21 12:57:50.465436 np0000007895 devstack@c-api.service[97142]: DEBUG cinder.api.openstack.wsgi [None req-024cbaba-3b42-4c38-a12f-b2aac1bf72e8 tempest-VolumesCloneNegativeTest-424576441 tempest-VolumesCloneNegativeTest-424576441-project-member] Empty body provided in request {{(pid=97142) get_body /opt/stack/cinder/cinder/api/openstack/wsgi.py:725}}
Aug 21 12:57:50.468504 np0000007895 devstack@c-api.service[97142]: DEBUG cinder.api.openstack.wsgi [None req-024cbaba-3b42-4c38-a12f-b2aac1bf72e8 tempest-VolumesCloneNegativeTest-424576441 tempest-VolumesCloneNegativeTest-424576441-project-member] Calling method 'show' {{(pid=97142) _process_stack /opt/stack/cinder/cinder/api/openstack/wsgi.py:878}}
Aug 21 12:57:50.475357 np0000007895 devstack@c-api.service[97142]: /opt/stack/data/venv/lib/python3.12/site-packages/oslo_context/context.py:102: DeprecationWarning: Policy enforcement is depending on the value of is_admin. This key is deprecated. Please update your policy file to use the standard policy values.
Aug 21 12:57:50.475357 np0000007895 devstack@c-api.service[97142]: warnings.warn(
Aug 21 12:57:50.479862 np0000007895 devstack@c-api.service[97142]: INFO cinder.volume.api [None req-024cbaba-3b42-4c38-a12f-b2aac1bf72e8 tempest-VolumesCloneNegativeTest-424576441 tempest-VolumesCloneNegativeTest-424576441-project-member] Volume info retrieved successfully.
Aug 21 12:57:50.486431 np0000007895 devstack@c-api.service[97142]: INFO cinder.api.openstack.wsgi [None req-024cbaba-3b42-4c38-a12f-b2aac1bf72e8 tempest-VolumesCloneNegativeTest-424576441 tempest-VolumesCloneNegativeTest-424576441-project-member] https://10.4.3.112/volume/v3/volumes/45c783e4-ded4-46e9-8f87-302efb783f0a returned with HTTP 200
Aug 21 12:57:50.486829 np0000007895 devstack@c-api.service[97142]: [pid: 97142|app: 0|req: 138/409] 10.4.3.112 () {66 vars in 1348 bytes} [Fri Aug 21 12:57:50 2026] GET /volume/v3/volumes/45c783e4-ded4-46e9-8f87-302efb783f0a => generated 847 bytes in 26 msecs (HTTP/1.1 200) 7 headers in 285 bytes (1 switches on core 0)
Aug 21 12:57:50.720301 np0000007895 devstack@c-api.service[97144]: DEBUG cinder.api.middleware.request_id [None req-23132a27-4303-4d09-b92a-acfea3fcc86f None None] RequestId filter calling following filter/app {{(pid=97144) _context_setter /opt/stack/cinder/cinder/api/middleware/request_id.py:62}}
Aug 21 12:57:50.725314 np0000007895 devstack@c-api.service[97144]: INFO cinder.api.openstack.wsgi [None req-23132a27-4303-4d09-b92a-acfea3fcc86f tempest-DeleteServersTestJSON-719215566 tempest-DeleteServersTestJSON-719215566-project-member] POST https://10.4.3.112/volume/v3/volumes
Aug 21 12:57:50.725921 np0000007895 devstack@c-api.service[97144]: DEBUG cinder.api.openstack.wsgi [None req-23132a27-4303-4d09-b92a-acfea3fcc86f tempest-DeleteServersTestJSON-719215566 tempest-DeleteServersTestJSON-719215566-project-member] Action: 'create', calling method: create, body: {"volume": {"size": 1, "display_name": "tempest-DeleteServersTestJSON-volume-885022074"}} {{(pid=97144) _process_stack /opt/stack/cinder/cinder/api/openstack/wsgi.py:876}}
Aug 21 12:57:50.728440 np0000007895 devstack@c-api.service[97144]: DEBUG cinder.api.v3.volumes [None req-23132a27-4303-4d09-b92a-acfea3fcc86f tempest-DeleteServersTestJSON-719215566 tempest-DeleteServersTestJSON-719215566-project-member] Create volume request body: {'volume': {'size': 1, 'display_name': 'tempest-DeleteServersTestJSON-volume-885022074'}} {{(pid=97144) create /opt/stack/cinder/cinder/api/v3/volumes.py:368}}
Aug 21 12:57:50.728636 np0000007895 devstack@c-api.service[97144]: INFO cinder.api.v3.volumes [None req-23132a27-4303-4d09-b92a-acfea3fcc86f tempest-DeleteServersTestJSON-719215566 tempest-DeleteServersTestJSON-719215566-project-member] Create volume of 1 GB
Aug 21 12:57:50.734989 np0000007895 devstack@c-api.service[97144]: INFO cinder.volume.api [None req-23132a27-4303-4d09-b92a-acfea3fcc86f tempest-DeleteServersTestJSON-719215566 tempest-DeleteServersTestJSON-719215566-project-member] Availability Zones retrieved successfully.
Aug 21 12:57:50.748771 np0000007895 devstack@c-api.service[97144]: DEBUG cinder.volume.api [None req-23132a27-4303-4d09-b92a-acfea3fcc86f tempest-DeleteServersTestJSON-719215566 tempest-DeleteServersTestJSON-719215566-project-member] Flow 'volume_create_api' (1851d980-c3df-4244-8f84-80b1f74fceca) transitioned into state 'RUNNING' from state 'PENDING' {{(pid=97144) _flow_receiver /opt/stack/data/venv/lib/python3.12/site-packages/taskflow/listeners/logging.py:160}}
Aug 21 12:57:50.752624 np0000007895 devstack@c-api.service[97144]: DEBUG cinder.volume.api [None req-23132a27-4303-4d09-b92a-acfea3fcc86f tempest-DeleteServersTestJSON-719215566 tempest-DeleteServersTestJSON-719215566-project-member] Task 'cinder.volume.flows.api.create_volume.ExtractVolumeRequestTask;volume:create' (7a4d3d05-c76c-410f-bfd3-9882b464648d) transitioned into state 'RUNNING' from state 'PENDING' {{(pid=97144) _task_receiver /opt/stack/data/venv/lib/python3.12/site-packages/taskflow/listeners/logging.py:242}}
Aug 21 12:57:50.754144 np0000007895 devstack@c-api.service[97144]: DEBUG cinder.volume.flows.api.create_volume [None req-23132a27-4303-4d09-b92a-acfea3fcc86f tempest-DeleteServersTestJSON-719215566 tempest-DeleteServersTestJSON-719215566-project-member] Validating volume size '1' using validate_int {{(pid=97144) _extract_size /opt/stack/cinder/cinder/volume/flows/api/create_volume.py:226}}
Aug 21 12:57:50.789667 np0000007895 devstack@c-api.service[97143]: DEBUG cinder.api.middleware.request_id [None req-59834ef9-a4d3-4ecf-85f4-0974435d716d None None] RequestId filter calling following filter/app {{(pid=97143) _context_setter /opt/stack/cinder/cinder/api/middleware/request_id.py:62}}
Aug 21 12:57:50.795976 np0000007895 devstack@c-api.service[97144]: DEBUG cinder.volume.api [None req-23132a27-4303-4d09-b92a-acfea3fcc86f tempest-DeleteServersTestJSON-719215566 tempest-DeleteServersTestJSON-719215566-project-member] Task 'cinder.volume.flows.api.create_volume.ExtractVolumeRequestTask;volume:create' (7a4d3d05-c76c-410f-bfd3-9882b464648d) transitioned into state 'SUCCESS' from state 'RUNNING' with result '{'size': 1, 'snapshot_id': None, 'source_volid': None, 'volume_type': VolumeType(created_at=2026-08-21T12:53:52Z,deleted=False,deleted_at=None,description=None,extra_specs={volume_backend_name='storpool'},id=ea05a243-d156-406e-8345-99ab885b1a98,is_public=True,name='storpool',projects=[],qos_specs=,qos_specs_id=None,updated_at=None), 'volume_type_id': 'ea05a243-d156-406e-8345-99ab885b1a98', 'encryption_key_id': None, 'qos_specs': None, 'consistencygroup_id': None, 'cgsnapshot_id': None, 'group_id': None, 'replication_status': 'disabled', 'refresh_az': False, 'backup_id': None, 'multiattach': False, 'availability_zones': ['nova']}' {{(pid=97144) _task_receiver /opt/stack/data/venv/lib/python3.12/site-packages/taskflow/listeners/logging.py:218}}
Aug 21 12:57:50.797099 np0000007895 devstack@c-api.service[97144]: DEBUG cinder.volume.api [None req-23132a27-4303-4d09-b92a-acfea3fcc86f tempest-DeleteServersTestJSON-719215566 tempest-DeleteServersTestJSON-719215566-project-member] Task 'cinder.volume.flows.api.create_volume.QuotaReserveTask;volume:create' (a6cd0418-4c7a-4d7c-b044-9008b23ccaf0) transitioned into state 'RUNNING' from state 'PENDING' {{(pid=97144) _task_receiver /opt/stack/data/venv/lib/python3.12/site-packages/taskflow/listeners/logging.py:242}}
Aug 21 12:57:50.800480 np0000007895 devstack@c-api.service[97143]: INFO cinder.api.openstack.wsgi [None req-59834ef9-a4d3-4ecf-85f4-0974435d716d tempest-AttachVolumeNegativeTest-696923245 tempest-AttachVolumeNegativeTest-696923245-project-member] GET https://10.4.3.112/volume/v3/volumes/ab269642-815a-426e-bb8c-9af97caac3ae
Aug 21 12:57:50.800480 np0000007895 devstack@c-api.service[97143]: DEBUG cinder.api.openstack.wsgi [None req-59834ef9-a4d3-4ecf-85f4-0974435d716d tempest-AttachVolumeNegativeTest-696923245 tempest-AttachVolumeNegativeTest-696923245-project-member] Empty body provided in request {{(pid=97143) get_body /opt/stack/cinder/cinder/api/openstack/wsgi.py:725}}
Aug 21 12:57:50.800480 np0000007895 devstack@c-api.service[97143]: DEBUG cinder.api.openstack.wsgi [None req-59834ef9-a4d3-4ecf-85f4-0974435d716d tempest-AttachVolumeNegativeTest-696923245 tempest-AttachVolumeNegativeTest-696923245-project-member] Calling method 'show' {{(pid=97143) _process_stack /opt/stack/cinder/cinder/api/openstack/wsgi.py:878}}
Aug 21 12:57:50.810010 np0000007895 devstack@c-api.service[97142]: DEBUG cinder.api.middleware.request_id [None req-a092c2b1-90ea-45d2-a20e-d4c57d831105 None None] RequestId filter calling following filter/app {{(pid=97142) _context_setter /opt/stack/cinder/cinder/api/middleware/request_id.py:62}}
Aug 21 12:57:50.810502 np0000007895 devstack@c-api.service[97142]: INFO cinder.api.openstack.wsgi [None req-a092c2b1-90ea-45d2-a20e-d4c57d831105 tempest-VolumesSnapshotTestJSON-1546564014 tempest-VolumesSnapshotTestJSON-1546564014-project-member] GET https://10.4.3.112/volume/v3/backups/b7805ea0-2957-418b-ad33-a75a99b363fe
Aug 21 12:57:50.810628 np0000007895 devstack@c-api.service[97142]: DEBUG cinder.api.openstack.wsgi [None req-a092c2b1-90ea-45d2-a20e-d4c57d831105 tempest-VolumesSnapshotTestJSON-1546564014 tempest-VolumesSnapshotTestJSON-1546564014-project-member] Empty body provided in request {{(pid=97142) get_body /opt/stack/cinder/cinder/api/openstack/wsgi.py:725}}
Aug 21 12:57:50.810930 np0000007895 devstack@c-api.service[97142]: DEBUG cinder.api.openstack.wsgi [None req-a092c2b1-90ea-45d2-a20e-d4c57d831105 tempest-VolumesSnapshotTestJSON-1546564014 tempest-VolumesSnapshotTestJSON-1546564014-project-member] Calling method 'show' {{(pid=97142) _process_stack /opt/stack/cinder/cinder/api/openstack/wsgi.py:878}}
Aug 21 12:57:50.811104 np0000007895 devstack@c-api.service[97142]: DEBUG cinder.api.v3.backups [None req-a092c2b1-90ea-45d2-a20e-d4c57d831105 tempest-VolumesSnapshotTestJSON-1546564014 tempest-VolumesSnapshotTestJSON-1546564014-project-member] Show backup with id b7805ea0-2957-418b-ad33-a75a99b363fe. {{(pid=97142) show /opt/stack/cinder/cinder/api/v3/backups.py:75}}
Aug 21 12:57:50.815974 np0000007895 devstack@c-api.service[97143]: /opt/stack/data/venv/lib/python3.12/site-packages/oslo_context/context.py:102: DeprecationWarning: Policy enforcement is depending on the value of is_admin. This key is deprecated. Please update your policy file to use the standard policy values.
Aug 21 12:57:50.815974 np0000007895 devstack@c-api.service[97143]: warnings.warn(
Aug 21 12:57:50.822781 np0000007895 devstack@c-api.service[97142]: /opt/stack/data/venv/lib/python3.12/site-packages/oslo_context/context.py:102: DeprecationWarning: Policy enforcement is depending on the value of is_admin. This key is deprecated. Please update your policy file to use the standard policy values.
Aug 21 12:57:50.822781 np0000007895 devstack@c-api.service[97142]: warnings.warn(
Aug 21 12:57:50.822968 np0000007895 devstack@c-api.service[97143]: INFO cinder.volume.api [None req-59834ef9-a4d3-4ecf-85f4-0974435d716d tempest-AttachVolumeNegativeTest-696923245 tempest-AttachVolumeNegativeTest-696923245-project-member] Volume info retrieved successfully.
Aug 21 12:57:50.823954 np0000007895 devstack@c-api.service[97142]: INFO cinder.api.openstack.wsgi [None req-a092c2b1-90ea-45d2-a20e-d4c57d831105 tempest-VolumesSnapshotTestJSON-1546564014 tempest-VolumesSnapshotTestJSON-1546564014-project-member] https://10.4.3.112/volume/v3/backups/b7805ea0-2957-418b-ad33-a75a99b363fe returned with HTTP 200
Aug 21 12:57:50.824457 np0000007895 devstack@c-api.service[97142]: [pid: 97142|app: 0|req: 139/410] 10.4.3.112 () {66 vars in 1348 bytes} [Fri Aug 21 12:57:50 2026] GET /volume/v3/backups/b7805ea0-2957-418b-ad33-a75a99b363fe => generated 834 bytes in 19 msecs (HTTP/1.1 200) 7 headers in 285 bytes (1 switches on core 0)
Aug 21 12:57:50.830147 np0000007895 devstack@c-api.service[97143]: INFO cinder.api.openstack.wsgi [None req-59834ef9-a4d3-4ecf-85f4-0974435d716d tempest-AttachVolumeNegativeTest-696923245 tempest-AttachVolumeNegativeTest-696923245-project-member] https://10.4.3.112/volume/v3/volumes/ab269642-815a-426e-bb8c-9af97caac3ae returned with HTTP 200
Aug 21 12:57:50.831120 np0000007895 devstack@c-api.service[97143]: [pid: 97143|app: 0|req: 138/411] 10.4.3.112 () {66 vars in 1348 bytes} [Fri Aug 21 12:57:50 2026] GET /volume/v3/volumes/ab269642-815a-426e-bb8c-9af97caac3ae => generated 847 bytes in 42 msecs (HTTP/1.1 200) 7 headers in 285 bytes (1 switches on core 0)
Aug 21 12:57:50.892713 np0000007895 devstack@c-api.service[97144]: DEBUG cinder.quota [None req-23132a27-4303-4d09-b92a-acfea3fcc86f tempest-DeleteServersTestJSON-719215566 tempest-DeleteServersTestJSON-719215566-project-member] Created reservations ['fed71245-c939-4bf7-8772-7172c35524ee', '12e9bda0-b182-44aa-8fb9-944bf41b6aa9', 'd83b724c-e61b-42a8-9e5a-fc292c889fcb', 'b9b0eb98-371a-4a90-8b3a-46185d7ab0d4'] {{(pid=97144) reserve /opt/stack/cinder/cinder/quota.py:752}}
Aug 21 12:57:50.892713 np0000007895 devstack@c-api.service[97144]: DEBUG cinder.volume.api [None req-23132a27-4303-4d09-b92a-acfea3fcc86f tempest-DeleteServersTestJSON-719215566 tempest-DeleteServersTestJSON-719215566-project-member] Task 'cinder.volume.flows.api.create_volume.QuotaReserveTask;volume:create' (a6cd0418-4c7a-4d7c-b044-9008b23ccaf0) transitioned into state 'SUCCESS' from state 'RUNNING' with result '{'reservations': ['fed71245-c939-4bf7-8772-7172c35524ee', '12e9bda0-b182-44aa-8fb9-944bf41b6aa9', 'd83b724c-e61b-42a8-9e5a-fc292c889fcb', 'b9b0eb98-371a-4a90-8b3a-46185d7ab0d4']}' {{(pid=97144) _task_receiver /opt/stack/data/venv/lib/python3.12/site-packages/taskflow/listeners/logging.py:218}}
Aug 21 12:57:50.892713 np0000007895 devstack@c-api.service[97144]: DEBUG cinder.volume.api [None req-23132a27-4303-4d09-b92a-acfea3fcc86f tempest-DeleteServersTestJSON-719215566 tempest-DeleteServersTestJSON-719215566-project-member] Task 'cinder.volume.flows.api.create_volume.EntryCreateTask;volume:create' (6cfc4289-4030-4cca-a62b-85546ae20bb6) transitioned into state 'RUNNING' from state 'PENDING' {{(pid=97144) _task_receiver /opt/stack/data/venv/lib/python3.12/site-packages/taskflow/listeners/logging.py:242}}
Aug 21 12:57:50.920226 np0000007895 devstack@c-api.service[97144]: DEBUG cinder.volume.api [None req-23132a27-4303-4d09-b92a-acfea3fcc86f tempest-DeleteServersTestJSON-719215566 tempest-DeleteServersTestJSON-719215566-project-member] Task 'cinder.volume.flows.api.create_volume.EntryCreateTask;volume:create' (6cfc4289-4030-4cca-a62b-85546ae20bb6) transitioned into state 'SUCCESS' from state 'RUNNING' with result '{'volume_id': 'e3b4ca5e-dc25-42e4-be70-bd068dfb74b3', 'volume_properties': VolumeProperties(attach_status='detached',availability_zone='nova',cgsnapshot_id=None,consistencygroup_id=None,display_description=None,display_name='tempest-DeleteServersTestJSON-volume-885022074',encryption_key_id=None,group_id=None,group_type_id=,metadata={},multiattach=False,project_id='7be2c853e02040f89a806fc3175d4c82',qos_specs=None,replication_status=,reservations=['fed71245-c939-4bf7-8772-7172c35524ee','12e9bda0-b182-44aa-8fb9-944bf41b6aa9','d83b724c-e61b-42a8-9e5a-fc292c889fcb','b9b0eb98-371a-4a90-8b3a-46185d7ab0d4'],size=1,snapshot_id=None,source_replicaid=,source_volid=None,status='creating',user_id='2c8df66553434ddb8c6e1ddce547a804',volume_type_id=ea05a243-d156-406e-8345-99ab885b1a98), 'volume': Volume(_name_id=None,admin_metadata=,attach_status='detached',availability_zone='nova',bootable=False,cluster=,cluster_name=None,consistencygroup=,consistencygroup_id=None,created_at=2026-08-21T12:57:50Z,deleted=False,deleted_at=None,display_description=None,display_name='tempest-DeleteServersTestJSON-volume-885022074',ec2_id=None,encryption_key_id=None,glance_metadata=,group=,group_id=None,host=None,id=e3b4ca5e-dc25-42e4-be70-bd068dfb74b3,launched_at=None,metadata={},migration_status=None,multiattach=False,previous_status=None,project_id='7be2c853e02040f89a806fc3175d4c82',provider_auth=None,provider_geometry=None,provider_id=None,provider_location=None,replication_driver_data=None,replication_extended_status=None,replication_status=None,scheduled_at=None,service_uuid=None,shared_targets=True,size=1,snapshot_id=None,snapshots=,source_volid=None,status='creating',terminated_at=None,updated_at=None,use_quota=True,user_id='2c8df66553434ddb8c6e1ddce547a804',volume_attachment=VolumeAttachmentList,volume_type=VolumeType(ea05a243-d156-406e-8345-99ab885b1a98),volume_type_id=ea05a243-d156-406e-8345-99ab885b1a98)}' {{(pid=97144) _task_receiver /opt/stack/data/venv/lib/python3.12/site-packages/taskflow/listeners/logging.py:218}}
Aug 21 12:57:50.921271 np0000007895 devstack@c-api.service[97144]: DEBUG cinder.volume.api [None req-23132a27-4303-4d09-b92a-acfea3fcc86f tempest-DeleteServersTestJSON-719215566 tempest-DeleteServersTestJSON-719215566-project-member] Task 'cinder.volume.flows.api.create_volume.QuotaCommitTask;volume:create' (d6a12a1d-1d1c-4093-982e-7f68444f8ba4) transitioned into state 'RUNNING' from state 'PENDING' {{(pid=97144) _task_receiver /opt/stack/data/venv/lib/python3.12/site-packages/taskflow/listeners/logging.py:242}}
Aug 21 12:57:50.932675 np0000007895 devstack@c-api.service[97142]: DEBUG cinder.api.middleware.request_id [req-5f3dd71b-0d95-4def-9d39-4a625b2ff808 req-dbd2d184-c79d-4f66-b67d-871d298795ef None None] RequestId filter calling following filter/app {{(pid=97142) _context_setter /opt/stack/cinder/cinder/api/middleware/request_id.py:62}}
Aug 21 12:57:50.935747 np0000007895 devstack@c-api.service[97142]: INFO cinder.api.openstack.wsgi [req-5f3dd71b-0d95-4def-9d39-4a625b2ff808 req-dbd2d184-c79d-4f66-b67d-871d298795ef tempest-AttachVolumeNegativeTest-696923245 tempest-AttachVolumeNegativeTest-696923245-project-member] GET https://10.4.3.112/volume/v3/volumes/ab269642-815a-426e-bb8c-9af97caac3ae
Aug 21 12:57:50.936132 np0000007895 devstack@c-api.service[97142]: DEBUG cinder.api.openstack.wsgi [req-5f3dd71b-0d95-4def-9d39-4a625b2ff808 req-dbd2d184-c79d-4f66-b67d-871d298795ef tempest-AttachVolumeNegativeTest-696923245 tempest-AttachVolumeNegativeTest-696923245-project-member] Empty body provided in request {{(pid=97142) get_body /opt/stack/cinder/cinder/api/openstack/wsgi.py:725}}
Aug 21 12:57:50.936851 np0000007895 devstack@c-api.service[97142]: DEBUG cinder.api.openstack.wsgi [req-5f3dd71b-0d95-4def-9d39-4a625b2ff808 req-dbd2d184-c79d-4f66-b67d-871d298795ef tempest-AttachVolumeNegativeTest-696923245 tempest-AttachVolumeNegativeTest-696923245-project-member] Calling method 'show' {{(pid=97142) _process_stack /opt/stack/cinder/cinder/api/openstack/wsgi.py:878}}
Aug 21 12:57:50.953102 np0000007895 devstack@c-api.service[97142]: /opt/stack/data/venv/lib/python3.12/site-packages/oslo_context/context.py:102: DeprecationWarning: Policy enforcement is depending on the value of is_admin. This key is deprecated. Please update your policy file to use the standard policy values.
Aug 21 12:57:50.953102 np0000007895 devstack@c-api.service[97142]: warnings.warn(
Aug 21 12:57:50.959676 np0000007895 devstack@c-api.service[97144]: DEBUG cinder.volume.api [None req-23132a27-4303-4d09-b92a-acfea3fcc86f tempest-DeleteServersTestJSON-719215566 tempest-DeleteServersTestJSON-719215566-project-member] Task 'cinder.volume.flows.api.create_volume.QuotaCommitTask;volume:create' (d6a12a1d-1d1c-4093-982e-7f68444f8ba4) transitioned into state 'SUCCESS' from state 'RUNNING' with result '{'volume_properties': VolumeProperties(attach_status='detached',availability_zone='nova',cgsnapshot_id=None,consistencygroup_id=None,display_description=None,display_name='tempest-DeleteServersTestJSON-volume-885022074',encryption_key_id=None,group_id=None,group_type_id=,metadata={},multiattach=False,project_id='7be2c853e02040f89a806fc3175d4c82',qos_specs=None,replication_status=,reservations=['fed71245-c939-4bf7-8772-7172c35524ee','12e9bda0-b182-44aa-8fb9-944bf41b6aa9','d83b724c-e61b-42a8-9e5a-fc292c889fcb','b9b0eb98-371a-4a90-8b3a-46185d7ab0d4'],size=1,snapshot_id=None,source_replicaid=,source_volid=None,status='creating',user_id='2c8df66553434ddb8c6e1ddce547a804',volume_type_id=ea05a243-d156-406e-8345-99ab885b1a98)}' {{(pid=97144) _task_receiver /opt/stack/data/venv/lib/python3.12/site-packages/taskflow/listeners/logging.py:218}}
Aug 21 12:57:50.960852 np0000007895 devstack@c-api.service[97144]: DEBUG cinder.volume.api [None req-23132a27-4303-4d09-b92a-acfea3fcc86f tempest-DeleteServersTestJSON-719215566 tempest-DeleteServersTestJSON-719215566-project-member] Task 'cinder.volume.flows.api.create_volume.VolumeCastTask;volume:create' (bf922140-b8c4-4a0f-aa65-1587b20a1cd9) transitioned into state 'RUNNING' from state 'PENDING' {{(pid=97144) _task_receiver /opt/stack/data/venv/lib/python3.12/site-packages/taskflow/listeners/logging.py:242}}
Aug 21 12:57:50.964963 np0000007895 devstack@c-api.service[97142]: INFO cinder.volume.api [req-5f3dd71b-0d95-4def-9d39-4a625b2ff808 req-dbd2d184-c79d-4f66-b67d-871d298795ef tempest-AttachVolumeNegativeTest-696923245 tempest-AttachVolumeNegativeTest-696923245-project-member] Volume info retrieved successfully.
Aug 21 12:57:50.972934 np0000007895 devstack@c-api.service[97142]: INFO cinder.api.openstack.wsgi [req-5f3dd71b-0d95-4def-9d39-4a625b2ff808 req-dbd2d184-c79d-4f66-b67d-871d298795ef tempest-AttachVolumeNegativeTest-696923245 tempest-AttachVolumeNegativeTest-696923245-project-member] https://10.4.3.112/volume/v3/volumes/ab269642-815a-426e-bb8c-9af97caac3ae returned with HTTP 200
Aug 21 12:57:50.973399 np0000007895 devstack@c-api.service[97142]: [pid: 97142|app: 0|req: 140/412] 10.4.3.112 () {68 vars in 1598 bytes} [Fri Aug 21 12:57:50 2026] GET /volume/v3/volumes/ab269642-815a-426e-bb8c-9af97caac3ae => generated 847 bytes in 41 msecs (HTTP/1.1 200) 7 headers in 285 bytes (1 switches on core 0)
Aug 21 12:57:50.978247 np0000007895 devstack@c-api.service[97144]: DEBUG cinder.volume.api [None req-23132a27-4303-4d09-b92a-acfea3fcc86f tempest-DeleteServersTestJSON-719215566 tempest-DeleteServersTestJSON-719215566-project-member] Task 'cinder.volume.flows.api.create_volume.VolumeCastTask;volume:create' (bf922140-b8c4-4a0f-aa65-1587b20a1cd9) transitioned into state 'SUCCESS' from state 'RUNNING' with result 'None' {{(pid=97144) _task_receiver /opt/stack/data/venv/lib/python3.12/site-packages/taskflow/listeners/logging.py:218}}
Aug 21 12:57:50.979438 np0000007895 devstack@c-api.service[97144]: DEBUG cinder.volume.api [None req-23132a27-4303-4d09-b92a-acfea3fcc86f tempest-DeleteServersTestJSON-719215566 tempest-DeleteServersTestJSON-719215566-project-member] Flow 'volume_create_api' (1851d980-c3df-4244-8f84-80b1f74fceca) transitioned into state 'SUCCESS' from state 'RUNNING' {{(pid=97144) _flow_receiver /opt/stack/data/venv/lib/python3.12/site-packages/taskflow/listeners/logging.py:160}}
Aug 21 12:57:50.981027 np0000007895 devstack@c-api.service[97144]: INFO cinder.volume.api [None req-23132a27-4303-4d09-b92a-acfea3fcc86f tempest-DeleteServersTestJSON-719215566 tempest-DeleteServersTestJSON-719215566-project-member] Create volume request issued successfully.
Aug 21 12:57:50.981027 np0000007895 devstack@c-api.service[97144]: INFO cinder.api.openstack.wsgi [None req-23132a27-4303-4d09-b92a-acfea3fcc86f tempest-DeleteServersTestJSON-719215566 tempest-DeleteServersTestJSON-719215566-project-member] https://10.4.3.112/volume/v3/volumes returned with HTTP 202
Aug 21 12:57:50.981342 np0000007895 devstack@c-api.service[97144]: [pid: 97144|app: 0|req: 135/413] 10.4.3.112 () {68 vars in 1258 bytes} [Fri Aug 21 12:57:50 2026] POST /volume/v3/volumes => generated 751 bytes in 262 msecs (HTTP/1.1 202) 7 headers in 291 bytes (1 switches on core 0)
Aug 21 12:57:51.000533 np0000007895 devstack@c-api.service[97143]: DEBUG cinder.api.middleware.request_id [None req-49569112-0bbf-4435-975c-2908b037ae42 None None] RequestId filter calling following filter/app {{(pid=97143) _context_setter /opt/stack/cinder/cinder/api/middleware/request_id.py:62}}
Aug 21 12:57:51.002505 np0000007895 devstack@c-api.service[97143]: INFO cinder.api.openstack.wsgi [None req-49569112-0bbf-4435-975c-2908b037ae42 tempest-DeleteServersTestJSON-719215566 tempest-DeleteServersTestJSON-719215566-project-member] GET https://10.4.3.112/volume/v3/volumes/e3b4ca5e-dc25-42e4-be70-bd068dfb74b3
Aug 21 12:57:51.002848 np0000007895 devstack@c-api.service[97143]: DEBUG cinder.api.openstack.wsgi [None req-49569112-0bbf-4435-975c-2908b037ae42 tempest-DeleteServersTestJSON-719215566 tempest-DeleteServersTestJSON-719215566-project-member] Empty body provided in request {{(pid=97143) get_body /opt/stack/cinder/cinder/api/openstack/wsgi.py:725}}
Aug 21 12:57:51.003679 np0000007895 devstack@c-api.service[97143]: DEBUG cinder.api.openstack.wsgi [None req-49569112-0bbf-4435-975c-2908b037ae42 tempest-DeleteServersTestJSON-719215566 tempest-DeleteServersTestJSON-719215566-project-member] Calling method 'show' {{(pid=97143) _process_stack /opt/stack/cinder/cinder/api/openstack/wsgi.py:878}}
Aug 21 12:57:51.027230 np0000007895 devstack@c-api.service[97143]: /opt/stack/data/venv/lib/python3.12/site-packages/oslo_context/context.py:102: DeprecationWarning: Policy enforcement is depending on the value of is_admin. This key is deprecated. Please update your policy file to use the standard policy values.
Aug 21 12:57:51.027230 np0000007895 devstack@c-api.service[97143]: warnings.warn(
Aug 21 12:57:51.034555 np0000007895 devstack@c-api.service[97143]: INFO cinder.volume.api [None req-49569112-0bbf-4435-975c-2908b037ae42 tempest-DeleteServersTestJSON-719215566 tempest-DeleteServersTestJSON-719215566-project-member] Volume info retrieved successfully.
Aug 21 12:57:51.044097 np0000007895 devstack@c-api.service[97143]: INFO cinder.api.openstack.wsgi [None req-49569112-0bbf-4435-975c-2908b037ae42 tempest-DeleteServersTestJSON-719215566 tempest-DeleteServersTestJSON-719215566-project-member] https://10.4.3.112/volume/v3/volumes/e3b4ca5e-dc25-42e4-be70-bd068dfb74b3 returned with HTTP 200
Aug 21 12:57:51.045010 np0000007895 devstack@c-api.service[97143]: [pid: 97143|app: 0|req: 139/414] 10.4.3.112 () {66 vars in 1348 bytes} [Fri Aug 21 12:57:50 2026] GET /volume/v3/volumes/e3b4ca5e-dc25-42e4-be70-bd068dfb74b3 => generated 819 bytes in 45 msecs (HTTP/1.1 200) 7 headers in 285 bytes (1 switches on core 0)
Aug 21 12:57:51.454009 np0000007895 devstack@c-api.service[97142]: DEBUG cinder.api.middleware.request_id [None req-2c8e312f-a175-49d8-9090-819e5f2da751 None None] RequestId filter calling following filter/app {{(pid=97142) _context_setter /opt/stack/cinder/cinder/api/middleware/request_id.py:62}}
Aug 21 12:57:51.454009 np0000007895 devstack@c-api.service[97142]: INFO cinder.api.openstack.wsgi [None req-2c8e312f-a175-49d8-9090-819e5f2da751 None None] GET https://10.4.3.112/volume//
Aug 21 12:57:51.454009 np0000007895 devstack@c-api.service[97142]: DEBUG cinder.api.openstack.wsgi [None req-2c8e312f-a175-49d8-9090-819e5f2da751 None None] Empty body provided in request {{(pid=97142) get_body /opt/stack/cinder/cinder/api/openstack/wsgi.py:725}}
Aug 21 12:57:51.454009 np0000007895 devstack@c-api.service[97142]: DEBUG cinder.api.openstack.wsgi [None req-2c8e312f-a175-49d8-9090-819e5f2da751 None None] Calling method 'all' {{(pid=97142) _process_stack /opt/stack/cinder/cinder/api/openstack/wsgi.py:878}}
Aug 21 12:57:51.454009 np0000007895 devstack@c-api.service[97142]: INFO cinder.api.openstack.wsgi [None req-2c8e312f-a175-49d8-9090-819e5f2da751 None None] https://10.4.3.112/volume// returned with HTTP 300
Aug 21 12:57:51.454009 np0000007895 devstack@c-api.service[97142]: [pid: 97142|app: 0|req: 141/415] 10.4.3.112 () {66 vars in 1428 bytes} [Fri Aug 21 12:57:51 2026] GET /volume/ => generated 386 bytes in 2 msecs (HTTP/1.1 300) 7 headers in 299 bytes (1 switches on core 0)
Aug 21 12:57:51.494332 np0000007895 devstack@c-api.service[97144]: DEBUG cinder.api.middleware.request_id [req-5f3dd71b-0d95-4def-9d39-4a625b2ff808 req-fc92cb81-221c-4d34-8736-7cae0b3e53ca None None] RequestId filter calling following filter/app {{(pid=97144) _context_setter /opt/stack/cinder/cinder/api/middleware/request_id.py:62}}
Aug 21 12:57:51.503787 np0000007895 devstack@c-api.service[97143]: DEBUG cinder.api.middleware.request_id [None req-f73b600c-cbd6-4e2d-a240-5288b44850e6 None None] RequestId filter calling following filter/app {{(pid=97143) _context_setter /opt/stack/cinder/cinder/api/middleware/request_id.py:62}}
Aug 21 12:57:51.508464 np0000007895 devstack@c-api.service[97143]: INFO cinder.api.openstack.wsgi [None req-f73b600c-cbd6-4e2d-a240-5288b44850e6 tempest-VolumesCloneNegativeTest-424576441 tempest-VolumesCloneNegativeTest-424576441-project-member] GET https://10.4.3.112/volume/v3/volumes/45c783e4-ded4-46e9-8f87-302efb783f0a
Aug 21 12:57:51.509708 np0000007895 devstack@c-api.service[97143]: DEBUG cinder.api.openstack.wsgi [None req-f73b600c-cbd6-4e2d-a240-5288b44850e6 tempest-VolumesCloneNegativeTest-424576441 tempest-VolumesCloneNegativeTest-424576441-project-member] Empty body provided in request {{(pid=97143) get_body /opt/stack/cinder/cinder/api/openstack/wsgi.py:725}}
Aug 21 12:57:51.510350 np0000007895 devstack@c-api.service[97143]: DEBUG cinder.api.openstack.wsgi [None req-f73b600c-cbd6-4e2d-a240-5288b44850e6 tempest-VolumesCloneNegativeTest-424576441 tempest-VolumesCloneNegativeTest-424576441-project-member] Calling method 'show' {{(pid=97143) _process_stack /opt/stack/cinder/cinder/api/openstack/wsgi.py:878}}
Aug 21 12:57:51.525977 np0000007895 devstack@c-api.service[97143]: INFO cinder.api.openstack.wsgi [None req-f73b600c-cbd6-4e2d-a240-5288b44850e6 tempest-VolumesCloneNegativeTest-424576441 tempest-VolumesCloneNegativeTest-424576441-project-member] https://10.4.3.112/volume/v3/volumes/45c783e4-ded4-46e9-8f87-302efb783f0a returned with HTTP 404
Aug 21 12:57:51.526797 np0000007895 devstack@c-api.service[97143]: [pid: 97143|app: 0|req: 140/416] 10.4.3.112 () {66 vars in 1348 bytes} [Fri Aug 21 12:57:51 2026] GET /volume/v3/volumes/45c783e4-ded4-46e9-8f87-302efb783f0a => generated 109 bytes in 24 msecs (HTTP/1.1 404) 7 headers in 292 bytes (1 switches on core 0)
Aug 21 12:57:51.815458 np0000007895 devstack@c-api.service[97144]: INFO cinder.api.openstack.wsgi [req-5f3dd71b-0d95-4def-9d39-4a625b2ff808 req-fc92cb81-221c-4d34-8736-7cae0b3e53ca tempest-AttachVolumeNegativeTest-696923245 tempest-AttachVolumeNegativeTest-696923245-project-member] POST https://10.4.3.112/volume/v3/attachments
Aug 21 12:57:51.815871 np0000007895 devstack@c-api.service[97144]: DEBUG cinder.api.openstack.wsgi [req-5f3dd71b-0d95-4def-9d39-4a625b2ff808 req-fc92cb81-221c-4d34-8736-7cae0b3e53ca tempest-AttachVolumeNegativeTest-696923245 tempest-AttachVolumeNegativeTest-696923245-project-member] Action: 'create', calling method: version_select, body: {"attachment": {"volume_uuid": "ab269642-815a-426e-bb8c-9af97caac3ae", "connector": null, "instance_uuid": "86d391aa-1723-4ca2-83dc-508db5fbf371"}} {{(pid=97144) _process_stack /opt/stack/cinder/cinder/api/openstack/wsgi.py:876}}
Aug 21 12:57:51.826398 np0000007895 devstack@c-api.service[97144]: /opt/stack/data/venv/lib/python3.12/site-packages/oslo_context/context.py:102: DeprecationWarning: Policy enforcement is depending on the value of is_admin. This key is deprecated. Please update your policy file to use the standard policy values.
Aug 21 12:57:51.826398 np0000007895 devstack@c-api.service[97144]: warnings.warn(
Aug 21 12:57:51.840232 np0000007895 devstack@c-api.service[97142]: DEBUG cinder.api.middleware.request_id [None req-fa6f2ae1-1a15-4216-b750-504a308a4191 None None] RequestId filter calling following filter/app {{(pid=97142) _context_setter /opt/stack/cinder/cinder/api/middleware/request_id.py:62}}
Aug 21 12:57:51.844449 np0000007895 devstack@c-api.service[97142]: INFO cinder.api.openstack.wsgi [None req-fa6f2ae1-1a15-4216-b750-504a308a4191 tempest-VolumesSnapshotTestJSON-1546564014 tempest-VolumesSnapshotTestJSON-1546564014-project-member] GET https://10.4.3.112/volume/v3/backups/b7805ea0-2957-418b-ad33-a75a99b363fe
Aug 21 12:57:51.844932 np0000007895 devstack@c-api.service[97142]: DEBUG cinder.api.openstack.wsgi [None req-fa6f2ae1-1a15-4216-b750-504a308a4191 tempest-VolumesSnapshotTestJSON-1546564014 tempest-VolumesSnapshotTestJSON-1546564014-project-member] Empty body provided in request {{(pid=97142) get_body /opt/stack/cinder/cinder/api/openstack/wsgi.py:725}}
Aug 21 12:57:51.845364 np0000007895 devstack@c-api.service[97142]: DEBUG cinder.api.openstack.wsgi [None req-fa6f2ae1-1a15-4216-b750-504a308a4191 tempest-VolumesSnapshotTestJSON-1546564014 tempest-VolumesSnapshotTestJSON-1546564014-project-member] Calling method 'show' {{(pid=97142) _process_stack /opt/stack/cinder/cinder/api/openstack/wsgi.py:878}}
Aug 21 12:57:51.845620 np0000007895 devstack@c-api.service[97142]: DEBUG cinder.api.v3.backups [None req-fa6f2ae1-1a15-4216-b750-504a308a4191 tempest-VolumesSnapshotTestJSON-1546564014 tempest-VolumesSnapshotTestJSON-1546564014-project-member] Show backup with id b7805ea0-2957-418b-ad33-a75a99b363fe. {{(pid=97142) show /opt/stack/cinder/cinder/api/v3/backups.py:75}}
Aug 21 12:57:51.854010 np0000007895 devstack@c-api.service[97142]: /opt/stack/data/venv/lib/python3.12/site-packages/oslo_context/context.py:102: DeprecationWarning: Policy enforcement is depending on the value of is_admin. This key is deprecated. Please update your policy file to use the standard policy values.
Aug 21 12:57:51.854010 np0000007895 devstack@c-api.service[97142]: warnings.warn(
Aug 21 12:57:51.855866 np0000007895 devstack@c-api.service[97144]: INFO cinder.api.openstack.wsgi [req-5f3dd71b-0d95-4def-9d39-4a625b2ff808 req-fc92cb81-221c-4d34-8736-7cae0b3e53ca tempest-AttachVolumeNegativeTest-696923245 tempest-AttachVolumeNegativeTest-696923245-project-member] https://10.4.3.112/volume/v3/attachments returned with HTTP 200
Aug 21 12:57:51.856074 np0000007895 devstack@c-api.service[97142]: INFO cinder.api.openstack.wsgi [None req-fa6f2ae1-1a15-4216-b750-504a308a4191 tempest-VolumesSnapshotTestJSON-1546564014 tempest-VolumesSnapshotTestJSON-1546564014-project-member] https://10.4.3.112/volume/v3/backups/b7805ea0-2957-418b-ad33-a75a99b363fe returned with HTTP 200
Aug 21 12:57:51.856653 np0000007895 devstack@c-api.service[97144]: [pid: 97144|app: 0|req: 136/417] 10.4.3.112 () {74 vars in 1594 bytes} [Fri Aug 21 12:57:51 2026] POST /volume/v3/attachments => generated 273 bytes in 366 msecs (HTTP/1.1 200) 7 headers in 286 bytes (1 switches on core 0)
Aug 21 12:57:51.857144 np0000007895 devstack@c-api.service[97142]: [pid: 97142|app: 0|req: 142/418] 10.4.3.112 () {66 vars in 1348 bytes} [Fri Aug 21 12:57:51 2026] GET /volume/v3/backups/b7805ea0-2957-418b-ad33-a75a99b363fe => generated 834 bytes in 17 msecs (HTTP/1.1 200) 7 headers in 285 bytes (1 switches on core 0)
Aug 21 12:57:51.906183 np0000007895 devstack@c-api.service[97143]: DEBUG cinder.api.middleware.request_id [None req-248378bd-be41-424b-bd00-a8894e988e13 None None] RequestId filter calling following filter/app {{(pid=97143) _context_setter /opt/stack/cinder/cinder/api/middleware/request_id.py:62}}
Aug 21 12:57:51.910071 np0000007895 devstack@c-api.service[97143]: INFO cinder.api.openstack.wsgi [None req-248378bd-be41-424b-bd00-a8894e988e13 tempest-AttachVolumeNegativeTest-696923245 tempest-AttachVolumeNegativeTest-696923245-project-member] GET https://10.4.3.112/volume/v3/volumes/ab269642-815a-426e-bb8c-9af97caac3ae
Aug 21 12:57:51.911717 np0000007895 devstack@c-api.service[97143]: DEBUG cinder.api.openstack.wsgi [None req-248378bd-be41-424b-bd00-a8894e988e13 tempest-AttachVolumeNegativeTest-696923245 tempest-AttachVolumeNegativeTest-696923245-project-member] Empty body provided in request {{(pid=97143) get_body /opt/stack/cinder/cinder/api/openstack/wsgi.py:725}}
Aug 21 12:57:51.912320 np0000007895 devstack@c-api.service[97143]: DEBUG cinder.api.openstack.wsgi [None req-248378bd-be41-424b-bd00-a8894e988e13 tempest-AttachVolumeNegativeTest-696923245 tempest-AttachVolumeNegativeTest-696923245-project-member] Calling method 'show' {{(pid=97143) _process_stack /opt/stack/cinder/cinder/api/openstack/wsgi.py:878}}
Aug 21 12:57:51.918950 np0000007895 devstack@c-api.service[97144]: DEBUG cinder.api.middleware.request_id [None req-708d533d-063e-47cb-a2f8-d19184d2b8ce None None] RequestId filter calling following filter/app {{(pid=97144) _context_setter /opt/stack/cinder/cinder/api/middleware/request_id.py:62}}
Aug 21 12:57:51.919413 np0000007895 devstack@c-api.service[97144]: INFO cinder.api.openstack.wsgi [None req-708d533d-063e-47cb-a2f8-d19184d2b8ce None None] GET https://10.4.3.112/volume//
Aug 21 12:57:51.919641 np0000007895 devstack@c-api.service[97144]: DEBUG cinder.api.openstack.wsgi [None req-708d533d-063e-47cb-a2f8-d19184d2b8ce None None] Empty body provided in request {{(pid=97144) get_body /opt/stack/cinder/cinder/api/openstack/wsgi.py:725}}
Aug 21 12:57:51.919863 np0000007895 devstack@c-api.service[97144]: DEBUG cinder.api.openstack.wsgi [None req-708d533d-063e-47cb-a2f8-d19184d2b8ce None None] Calling method 'all' {{(pid=97144) _process_stack /opt/stack/cinder/cinder/api/openstack/wsgi.py:878}}
Aug 21 12:57:51.920404 np0000007895 devstack@c-api.service[97144]: INFO cinder.api.openstack.wsgi [None req-708d533d-063e-47cb-a2f8-d19184d2b8ce None None] https://10.4.3.112/volume// returned with HTTP 300
Aug 21 12:57:51.920617 np0000007895 devstack@c-api.service[97144]: [pid: 97144|app: 0|req: 137/419] 10.4.3.112 () {66 vars in 1426 bytes} [Fri Aug 21 12:57:51 2026] GET /volume/ => generated 386 bytes in 2 msecs (HTTP/1.1 300) 7 headers in 299 bytes (1 switches on core 0)
Aug 21 12:57:51.940322 np0000007895 devstack@c-api.service[97143]: /opt/stack/data/venv/lib/python3.12/site-packages/oslo_context/context.py:102: DeprecationWarning: Policy enforcement is depending on the value of is_admin. This key is deprecated. Please update your policy file to use the standard policy values.
Aug 21 12:57:51.940322 np0000007895 devstack@c-api.service[97143]: warnings.warn(
Aug 21 12:57:51.942758 np0000007895 devstack@c-api.service[97142]: DEBUG cinder.api.middleware.request_id [req-5f3dd71b-0d95-4def-9d39-4a625b2ff808 req-b8df5513-e130-4ae0-b9ce-8a7b3a1168fe None None] RequestId filter calling following filter/app {{(pid=97142) _context_setter /opt/stack/cinder/cinder/api/middleware/request_id.py:62}}
Aug 21 12:57:51.946623 np0000007895 devstack@c-api.service[97142]: INFO cinder.api.openstack.wsgi [req-5f3dd71b-0d95-4def-9d39-4a625b2ff808 req-b8df5513-e130-4ae0-b9ce-8a7b3a1168fe tempest-AttachVolumeNegativeTest-696923245 tempest-AttachVolumeNegativeTest-696923245-project-member] GET https://10.4.3.112/volume/v3/volumes/ab269642-815a-426e-bb8c-9af97caac3ae
Aug 21 12:57:51.947679 np0000007895 devstack@c-api.service[97142]: DEBUG cinder.api.openstack.wsgi [req-5f3dd71b-0d95-4def-9d39-4a625b2ff808 req-b8df5513-e130-4ae0-b9ce-8a7b3a1168fe tempest-AttachVolumeNegativeTest-696923245 tempest-AttachVolumeNegativeTest-696923245-project-member] Empty body provided in request {{(pid=97142) get_body /opt/stack/cinder/cinder/api/openstack/wsgi.py:725}}
Aug 21 12:57:51.948108 np0000007895 devstack@c-api.service[97143]: INFO cinder.volume.api [None req-248378bd-be41-424b-bd00-a8894e988e13 tempest-AttachVolumeNegativeTest-696923245 tempest-AttachVolumeNegativeTest-696923245-project-member] Volume info retrieved successfully.
Aug 21 12:57:51.948205 np0000007895 devstack@c-api.service[97142]: DEBUG cinder.api.openstack.wsgi [req-5f3dd71b-0d95-4def-9d39-4a625b2ff808 req-b8df5513-e130-4ae0-b9ce-8a7b3a1168fe tempest-AttachVolumeNegativeTest-696923245 tempest-AttachVolumeNegativeTest-696923245-project-member] Calling method 'show' {{(pid=97142) _process_stack /opt/stack/cinder/cinder/api/openstack/wsgi.py:878}}
Aug 21 12:57:51.962467 np0000007895 devstack@c-api.service[97142]: /opt/stack/data/venv/lib/python3.12/site-packages/oslo_context/context.py:102: DeprecationWarning: Policy enforcement is depending on the value of is_admin. This key is deprecated. Please update your policy file to use the standard policy values.
Aug 21 12:57:51.962467 np0000007895 devstack@c-api.service[97142]: warnings.warn(
Aug 21 12:57:51.963294 np0000007895 devstack@c-api.service[97143]: INFO cinder.api.openstack.wsgi [None req-248378bd-be41-424b-bd00-a8894e988e13 tempest-AttachVolumeNegativeTest-696923245 tempest-AttachVolumeNegativeTest-696923245-project-member] https://10.4.3.112/volume/v3/volumes/ab269642-815a-426e-bb8c-9af97caac3ae returned with HTTP 200
Aug 21 12:57:51.964161 np0000007895 devstack@c-api.service[97143]: [pid: 97143|app: 0|req: 141/420] 10.4.3.112 () {66 vars in 1348 bytes} [Fri Aug 21 12:57:51 2026] GET /volume/v3/volumes/ab269642-815a-426e-bb8c-9af97caac3ae => generated 846 bytes in 59 msecs (HTTP/1.1 200) 7 headers in 285 bytes (1 switches on core 0)
Aug 21 12:57:51.971837 np0000007895 devstack@c-api.service[97142]: INFO cinder.volume.api [req-5f3dd71b-0d95-4def-9d39-4a625b2ff808 req-b8df5513-e130-4ae0-b9ce-8a7b3a1168fe tempest-AttachVolumeNegativeTest-696923245 tempest-AttachVolumeNegativeTest-696923245-project-member] Volume info retrieved successfully.
Aug 21 12:57:51.977526 np0000007895 devstack@c-api.service[97142]: INFO cinder.api.openstack.wsgi [req-5f3dd71b-0d95-4def-9d39-4a625b2ff808 req-b8df5513-e130-4ae0-b9ce-8a7b3a1168fe tempest-AttachVolumeNegativeTest-696923245 tempest-AttachVolumeNegativeTest-696923245-project-member] https://10.4.3.112/volume/v3/volumes/ab269642-815a-426e-bb8c-9af97caac3ae returned with HTTP 200
Aug 21 12:57:51.978088 np0000007895 devstack@c-api.service[97142]: [pid: 97142|app: 0|req: 143/421] 10.4.3.112 () {70 vars in 1639 bytes} [Fri Aug 21 12:57:51 2026] GET /volume/v3/volumes/ab269642-815a-426e-bb8c-9af97caac3ae => generated 1027 bytes in 36 msecs (HTTP/1.1 200) 7 headers in 287 bytes (1 switches on core 0)
Aug 21 12:57:52.067966 np0000007895 devstack@c-api.service[97144]: DEBUG cinder.api.middleware.request_id [None req-7fbae913-d229-400a-91b6-3bbf42a3dfab None None] RequestId filter calling following filter/app {{(pid=97144) _context_setter /opt/stack/cinder/cinder/api/middleware/request_id.py:62}}
Aug 21 12:57:52.070294 np0000007895 devstack@c-api.service[97144]: INFO cinder.api.openstack.wsgi [None req-7fbae913-d229-400a-91b6-3bbf42a3dfab tempest-DeleteServersTestJSON-719215566 tempest-DeleteServersTestJSON-719215566-project-member] GET https://10.4.3.112/volume/v3/volumes/e3b4ca5e-dc25-42e4-be70-bd068dfb74b3
Aug 21 12:57:52.070426 np0000007895 devstack@c-api.service[97144]: DEBUG cinder.api.openstack.wsgi [None req-7fbae913-d229-400a-91b6-3bbf42a3dfab tempest-DeleteServersTestJSON-719215566 tempest-DeleteServersTestJSON-719215566-project-member] Empty body provided in request {{(pid=97144) get_body /opt/stack/cinder/cinder/api/openstack/wsgi.py:725}}
Aug 21 12:57:52.070639 np0000007895 devstack@c-api.service[97144]: DEBUG cinder.api.openstack.wsgi [None req-7fbae913-d229-400a-91b6-3bbf42a3dfab tempest-DeleteServersTestJSON-719215566 tempest-DeleteServersTestJSON-719215566-project-member] Calling method 'show' {{(pid=97144) _process_stack /opt/stack/cinder/cinder/api/openstack/wsgi.py:878}}
Aug 21 12:57:52.079623 np0000007895 devstack@c-api.service[97144]: /opt/stack/data/venv/lib/python3.12/site-packages/oslo_context/context.py:102: DeprecationWarning: Policy enforcement is depending on the value of is_admin. This key is deprecated. Please update your policy file to use the standard policy values.
Aug 21 12:57:52.079623 np0000007895 devstack@c-api.service[97144]: warnings.warn(
Aug 21 12:57:52.083400 np0000007895 devstack@c-api.service[97143]: DEBUG cinder.api.middleware.request_id [req-5f3dd71b-0d95-4def-9d39-4a625b2ff808 req-e5c588d7-3d1c-4839-bd01-66b796450715 None None] RequestId filter calling following filter/app {{(pid=97143) _context_setter /opt/stack/cinder/cinder/api/middleware/request_id.py:62}}
Aug 21 12:57:52.085676 np0000007895 devstack@c-api.service[97143]: INFO cinder.api.openstack.wsgi [req-5f3dd71b-0d95-4def-9d39-4a625b2ff808 req-e5c588d7-3d1c-4839-bd01-66b796450715 tempest-AttachVolumeNegativeTest-696923245 tempest-AttachVolumeNegativeTest-696923245-project-member] PUT https://10.4.3.112/volume/v3/attachments/92b86d83-3ef8-48b0-a3ef-12d35eaf0335
Aug 21 12:57:52.085969 np0000007895 devstack@c-api.service[97143]: DEBUG cinder.api.openstack.wsgi [req-5f3dd71b-0d95-4def-9d39-4a625b2ff808 req-e5c588d7-3d1c-4839-bd01-66b796450715 tempest-AttachVolumeNegativeTest-696923245 tempest-AttachVolumeNegativeTest-696923245-project-member] Action: 'update', calling method: version_select, body: {"attachment": {"connector": {"platform": "x86_64", "os_type": "linux", "ip": "10.4.3.112", "host": "np0000007895", "multipath": false, "enforce_multipath": true, "initiator": "iqn.2016-04.com.open-iscsi:42bfbac02280", "do_local_attach": false, "nvme_hostid": "75f1d06a-6119-4654-a87d-af4471c7e473", "uuid": "8515de1c-ba7e-467b-adde-6d9f8a8dbc1f", "system uuid": "5d6f0bb2-b647-465b-b295-0bca10cf4af4", "nqn": "nqn.2014-08.org.nvmexpress:uuid:5d6f0bb2-b647-465b-b295-0bca10cf4af4", "nvme_native_multipath": true, "found_dsc": "", "host_ips": ["10.4.3.112", "fe80::f816:3eff:fe55:8a4a", "192.168.10.6", "fe80::f816:3eff:fe2b:f9dc", "192.168.20.6", "fe80::f816:3eff:fee6:1d59", "192.168.30.6", "fe80::f816:3eff:fe93:6d15", "192.168.122.1", "172.24.5.1", "2001:db8::2", "fe80::8c22:6ff:fe88:7748", "fe80::f816:3eff:fed4:ab70", "fe80::f816:3eff:fe1d:e12", "fe80::78c7:f0ff:fef3:4837", "fe80::f816:3eff:feb5:fd8", "fe80::f816:3eff:fe65:783c", "fe80::f816:3eff:fed7:4772", "fe80::f816:3eff:fe7b:6649", "fe80::f816:3eff:fe97:5324", "fe80::f816:3eff:fea4:d626", "fe80::c04a:92ff:fe0b:1d3e", "fe80::589e:4eff:fee8:87f4", "fe80::5810:7ff:fe49:f09b", "fe80::f816:3eff:fe24:9edd", "fe80::2089:24ff:fe0a:d30b", "fe80::f816:3eff:fe27:de62", "fe80::f816:3eff:fe43:95e0", "fe80::c43b:f9ff:fedb:2e40"], "mountpoint": "/dev/vdb"}}} {{(pid=97143) _process_stack /opt/stack/cinder/cinder/api/openstack/wsgi.py:876}}
Aug 21 12:57:52.086303 np0000007895 devstack@c-api.service[97144]: INFO cinder.volume.api [None req-7fbae913-d229-400a-91b6-3bbf42a3dfab tempest-DeleteServersTestJSON-719215566 tempest-DeleteServersTestJSON-719215566-project-member] Volume info retrieved successfully.
Aug 21 12:57:52.091730 np0000007895 devstack@c-api.service[97144]: INFO cinder.api.openstack.wsgi [None req-7fbae913-d229-400a-91b6-3bbf42a3dfab tempest-DeleteServersTestJSON-719215566 tempest-DeleteServersTestJSON-719215566-project-member] https://10.4.3.112/volume/v3/volumes/e3b4ca5e-dc25-42e4-be70-bd068dfb74b3 returned with HTTP 200
