Aug 21 12:53:31.737135 np0000007895 nova-scheduler[93498]: DEBUG cotyledon.oslo_config_glue [-] oslo_messaging_rabbit.rabbit_quorum_delivery_limit = 0 {{(pid=93498) log_opt_values /opt/stack/data/venv/lib/python3.12/site-packages/oslo_config/cfg.py:3560}}
Aug 21 12:53:31.737135 np0000007895 nova-scheduler[93498]: DEBUG cotyledon.oslo_config_glue [-] oslo_messaging_rabbit.rabbit_quorum_max_memory_bytes = 0 {{(pid=93498) log_opt_values /opt/stack/data/venv/lib/python3.12/site-packages/oslo_config/cfg.py:3560}}
Aug 21 12:53:31.737135 np0000007895 nova-scheduler[93498]: DEBUG cotyledon.oslo_config_glue [-] oslo_messaging_rabbit.rabbit_quorum_max_memory_length = 0 {{(pid=93498) log_opt_values /opt/stack/data/venv/lib/python3.12/site-packages/oslo_config/cfg.py:3560}}
Aug 21 12:53:31.737297 np0000007895 nova-scheduler[93498]: DEBUG cotyledon.oslo_config_glue [-] oslo_messaging_rabbit.rabbit_quorum_queue = False {{(pid=93498) log_opt_values /opt/stack/data/venv/lib/python3.12/site-packages/oslo_config/cfg.py:3560}}
Aug 21 12:53:31.737297 np0000007895 nova-scheduler[93498]: DEBUG cotyledon.oslo_config_glue [-] oslo_messaging_rabbit.rabbit_retry_backoff = 2 {{(pid=93498) log_opt_values /opt/stack/data/venv/lib/python3.12/site-packages/oslo_config/cfg.py:3560}}
Aug 21 12:53:31.737297 np0000007895 nova-scheduler[93498]: DEBUG cotyledon.oslo_config_glue [-] oslo_messaging_rabbit.rabbit_retry_interval = 1 {{(pid=93498) log_opt_values /opt/stack/data/venv/lib/python3.12/site-packages/oslo_config/cfg.py:3560}}
Aug 21 12:53:31.737297 np0000007895 nova-scheduler[93498]: DEBUG cotyledon.oslo_config_glue [-] oslo_messaging_rabbit.rabbit_stream_fanout = False {{(pid=93498) log_opt_values /opt/stack/data/venv/lib/python3.12/site-packages/oslo_config/cfg.py:3560}}
Aug 21 12:53:31.737297 np0000007895 nova-scheduler[93498]: DEBUG cotyledon.oslo_config_glue [-] oslo_messaging_rabbit.rabbit_transient_queues_ttl = 1800 {{(pid=93498) log_opt_values /opt/stack/data/venv/lib/python3.12/site-packages/oslo_config/cfg.py:3560}}
Aug 21 12:53:31.737297 np0000007895 nova-scheduler[93498]: DEBUG cotyledon.oslo_config_glue [-] oslo_messaging_rabbit.rabbit_transient_quorum_queue = False {{(pid=93498) log_opt_values /opt/stack/data/venv/lib/python3.12/site-packages/oslo_config/cfg.py:3560}}
Aug 21 12:53:31.737297 np0000007895 nova-scheduler[93498]: DEBUG cotyledon.oslo_config_glue [-] oslo_messaging_rabbit.rpc_conn_pool_size = 30 {{(pid=93498) log_opt_values /opt/stack/data/venv/lib/python3.12/site-packages/oslo_config/cfg.py:3560}}
Aug 21 12:53:31.737297 np0000007895 nova-scheduler[93498]: DEBUG cotyledon.oslo_config_glue [-] oslo_messaging_rabbit.ssl = False {{(pid=93498) log_opt_values /opt/stack/data/venv/lib/python3.12/site-packages/oslo_config/cfg.py:3560}}
Aug 21 12:53:31.737297 np0000007895 nova-scheduler[93498]: DEBUG cotyledon.oslo_config_glue [-] oslo_messaging_rabbit.ssl_ca_file = {{(pid=93498) log_opt_values /opt/stack/data/venv/lib/python3.12/site-packages/oslo_config/cfg.py:3560}}
Aug 21 12:53:31.737457 np0000007895 nova-scheduler[93498]: DEBUG cotyledon.oslo_config_glue [-] oslo_messaging_rabbit.ssl_cert_file = {{(pid=93498) log_opt_values /opt/stack/data/venv/lib/python3.12/site-packages/oslo_config/cfg.py:3560}}
Aug 21 12:53:31.737457 np0000007895 nova-scheduler[93498]: DEBUG cotyledon.oslo_config_glue [-] oslo_messaging_rabbit.ssl_enforce_fips_mode = False {{(pid=93498) log_opt_values /opt/stack/data/venv/lib/python3.12/site-packages/oslo_config/cfg.py:3560}}
Aug 21 12:53:31.737457 np0000007895 nova-scheduler[93498]: DEBUG cotyledon.oslo_config_glue [-] oslo_messaging_rabbit.ssl_enforce_hostname_verification = True {{(pid=93498) log_opt_values /opt/stack/data/venv/lib/python3.12/site-packages/oslo_config/cfg.py:3560}}
Aug 21 12:53:31.737457 np0000007895 nova-scheduler[93498]: DEBUG cotyledon.oslo_config_glue [-] oslo_messaging_rabbit.ssl_key_file = {{(pid=93498) log_opt_values /opt/stack/data/venv/lib/python3.12/site-packages/oslo_config/cfg.py:3560}}
Aug 21 12:53:31.737457 np0000007895 nova-scheduler[93498]: DEBUG cotyledon.oslo_config_glue [-] oslo_messaging_rabbit.ssl_version = {{(pid=93498) log_opt_values /opt/stack/data/venv/lib/python3.12/site-packages/oslo_config/cfg.py:3560}}
Aug 21 12:53:31.737457 np0000007895 nova-scheduler[93498]: DEBUG cotyledon.oslo_config_glue [-] oslo_messaging_rabbit.use_queue_manager = False {{(pid=93498) log_opt_values /opt/stack/data/venv/lib/python3.12/site-packages/oslo_config/cfg.py:3560}}
Aug 21 12:53:31.737457 np0000007895 nova-scheduler[93498]: DEBUG cotyledon.oslo_config_glue [-] oslo_messaging_notifications.driver = ['messagingv2'] {{(pid=93498) log_opt_values /opt/stack/data/venv/lib/python3.12/site-packages/oslo_config/cfg.py:3560}}
Aug 21 12:53:31.737457 np0000007895 nova-scheduler[93498]: DEBUG cotyledon.oslo_config_glue [-] oslo_messaging_notifications.retry = -1 {{(pid=93498) log_opt_values /opt/stack/data/venv/lib/python3.12/site-packages/oslo_config/cfg.py:3560}}
Aug 21 12:53:31.737457 np0000007895 nova-scheduler[93498]: DEBUG cotyledon.oslo_config_glue [-] oslo_messaging_notifications.topics = ['notifications'] {{(pid=93498) log_opt_values /opt/stack/data/venv/lib/python3.12/site-packages/oslo_config/cfg.py:3560}}
Aug 21 12:53:31.737645 np0000007895 nova-scheduler[93498]: DEBUG cotyledon.oslo_config_glue [-] oslo_messaging_notifications.transport_url = **** {{(pid=93498) log_opt_values /opt/stack/data/venv/lib/python3.12/site-packages/oslo_config/cfg.py:3560}}
Aug 21 12:53:31.737645 np0000007895 nova-scheduler[93498]: DEBUG cotyledon.oslo_config_glue [-] oslo_limit.auth_section = None {{(pid=93498) log_opt_values /opt/stack/data/venv/lib/python3.12/site-packages/oslo_config/cfg.py:3560}}
Aug 21 12:53:31.737645 np0000007895 nova-scheduler[93498]: DEBUG cotyledon.oslo_config_glue [-] oslo_limit.auth_type = None {{(pid=93498) log_opt_values /opt/stack/data/venv/lib/python3.12/site-packages/oslo_config/cfg.py:3560}}
Aug 21 12:53:31.737645 np0000007895 nova-scheduler[93498]: DEBUG cotyledon.oslo_config_glue [-] oslo_limit.cafile = None {{(pid=93498) log_opt_values /opt/stack/data/venv/lib/python3.12/site-packages/oslo_config/cfg.py:3560}}
Aug 21 12:53:31.737645 np0000007895 nova-scheduler[93498]: DEBUG cotyledon.oslo_config_glue [-] oslo_limit.certfile = None {{(pid=93498) log_opt_values /opt/stack/data/venv/lib/python3.12/site-packages/oslo_config/cfg.py:3560}}
Aug 21 12:53:31.737645 np0000007895 nova-scheduler[93498]: DEBUG cotyledon.oslo_config_glue [-] oslo_limit.collect_timing = False {{(pid=93498) log_opt_values /opt/stack/data/venv/lib/python3.12/site-packages/oslo_config/cfg.py:3560}}
Aug 21 12:53:31.737645 np0000007895 nova-scheduler[93498]: DEBUG cotyledon.oslo_config_glue [-] oslo_limit.connect_retries = None {{(pid=93498) log_opt_values /opt/stack/data/venv/lib/python3.12/site-packages/oslo_config/cfg.py:3560}}
Aug 21 12:53:31.737645 np0000007895 nova-scheduler[93498]: DEBUG cotyledon.oslo_config_glue [-] oslo_limit.connect_retry_delay = None {{(pid=93498) log_opt_values /opt/stack/data/venv/lib/python3.12/site-packages/oslo_config/cfg.py:3560}}
Aug 21 12:53:31.737645 np0000007895 nova-scheduler[93498]: DEBUG cotyledon.oslo_config_glue [-] oslo_limit.endpoint_id = None {{(pid=93498) log_opt_values /opt/stack/data/venv/lib/python3.12/site-packages/oslo_config/cfg.py:3560}}
Aug 21 12:53:31.737850 np0000007895 nova-scheduler[93498]: DEBUG cotyledon.oslo_config_glue [-] oslo_limit.endpoint_interface = public {{(pid=93498) log_opt_values /opt/stack/data/venv/lib/python3.12/site-packages/oslo_config/cfg.py:3560}}
Aug 21 12:53:31.737850 np0000007895 nova-scheduler[93498]: DEBUG cotyledon.oslo_config_glue [-] oslo_limit.endpoint_override = None {{(pid=93498) log_opt_values /opt/stack/data/venv/lib/python3.12/site-packages/oslo_config/cfg.py:3560}}
Aug 21 12:53:31.737850 np0000007895 nova-scheduler[93498]: DEBUG cotyledon.oslo_config_glue [-] oslo_limit.endpoint_region_name = None {{(pid=93498) log_opt_values /opt/stack/data/venv/lib/python3.12/site-packages/oslo_config/cfg.py:3560}}
Aug 21 12:53:31.737850 np0000007895 nova-scheduler[93498]: DEBUG cotyledon.oslo_config_glue [-] oslo_limit.endpoint_service_name = None {{(pid=93498) log_opt_values /opt/stack/data/venv/lib/python3.12/site-packages/oslo_config/cfg.py:3560}}
Aug 21 12:53:31.737850 np0000007895 nova-scheduler[93498]: DEBUG cotyledon.oslo_config_glue [-] oslo_limit.endpoint_service_type = None {{(pid=93498) log_opt_values /opt/stack/data/venv/lib/python3.12/site-packages/oslo_config/cfg.py:3560}}
Aug 21 12:53:31.737850 np0000007895 nova-scheduler[93498]: DEBUG cotyledon.oslo_config_glue [-] oslo_limit.insecure = False {{(pid=93498) log_opt_values /opt/stack/data/venv/lib/python3.12/site-packages/oslo_config/cfg.py:3560}}
Aug 21 12:53:31.737850 np0000007895 nova-scheduler[93498]: DEBUG cotyledon.oslo_config_glue [-] oslo_limit.keyfile = None {{(pid=93498) log_opt_values /opt/stack/data/venv/lib/python3.12/site-packages/oslo_config/cfg.py:3560}}
Aug 21 12:53:31.737850 np0000007895 nova-scheduler[93498]: DEBUG cotyledon.oslo_config_glue [-] oslo_limit.max_version = None {{(pid=93498) log_opt_values /opt/stack/data/venv/lib/python3.12/site-packages/oslo_config/cfg.py:3560}}
Aug 21 12:53:31.737850 np0000007895 nova-scheduler[93498]: DEBUG cotyledon.oslo_config_glue [-] oslo_limit.min_version = None {{(pid=93498) log_opt_values /opt/stack/data/venv/lib/python3.12/site-packages/oslo_config/cfg.py:3560}}
Aug 21 12:53:31.738049 np0000007895 nova-scheduler[93498]: DEBUG cotyledon.oslo_config_glue [-] oslo_limit.region_name = None {{(pid=93498) log_opt_values /opt/stack/data/venv/lib/python3.12/site-packages/oslo_config/cfg.py:3560}}
Aug 21 12:53:31.738049 np0000007895 nova-scheduler[93498]: DEBUG cotyledon.oslo_config_glue [-] oslo_limit.retriable_status_codes = None {{(pid=93498) log_opt_values /opt/stack/data/venv/lib/python3.12/site-packages/oslo_config/cfg.py:3560}}
Aug 21 12:53:31.738049 np0000007895 nova-scheduler[93498]: DEBUG cotyledon.oslo_config_glue [-] oslo_limit.service_name = None {{(pid=93498) log_opt_values /opt/stack/data/venv/lib/python3.12/site-packages/oslo_config/cfg.py:3560}}
Aug 21 12:53:31.738049 np0000007895 nova-scheduler[93498]: DEBUG cotyledon.oslo_config_glue [-] oslo_limit.service_type = None {{(pid=93498) log_opt_values /opt/stack/data/venv/lib/python3.12/site-packages/oslo_config/cfg.py:3560}}
Aug 21 12:53:31.738049 np0000007895 nova-scheduler[93498]: DEBUG cotyledon.oslo_config_glue [-] oslo_limit.split_loggers = False {{(pid=93498) log_opt_values /opt/stack/data/venv/lib/python3.12/site-packages/oslo_config/cfg.py:3560}}
Aug 21 12:53:31.738049 np0000007895 nova-scheduler[93498]: DEBUG cotyledon.oslo_config_glue [-] oslo_limit.status_code_retries = None {{(pid=93498) log_opt_values /opt/stack/data/venv/lib/python3.12/site-packages/oslo_config/cfg.py:3560}}
Aug 21 12:53:31.738049 np0000007895 nova-scheduler[93498]: DEBUG cotyledon.oslo_config_glue [-] oslo_limit.status_code_retry_delay = None {{(pid=93498) log_opt_values /opt/stack/data/venv/lib/python3.12/site-packages/oslo_config/cfg.py:3560}}
Aug 21 12:53:31.738049 np0000007895 nova-scheduler[93498]: DEBUG cotyledon.oslo_config_glue [-] oslo_limit.timeout = None {{(pid=93498) log_opt_values /opt/stack/data/venv/lib/python3.12/site-packages/oslo_config/cfg.py:3560}}
Aug 21 12:53:31.738049 np0000007895 nova-scheduler[93498]: DEBUG cotyledon.oslo_config_glue [-] oslo_limit.valid_interfaces = None {{(pid=93498) log_opt_values /opt/stack/data/venv/lib/python3.12/site-packages/oslo_config/cfg.py:3560}}
Aug 21 12:53:31.738223 np0000007895 nova-scheduler[93498]: DEBUG cotyledon.oslo_config_glue [-] oslo_limit.version = None {{(pid=93498) log_opt_values /opt/stack/data/venv/lib/python3.12/site-packages/oslo_config/cfg.py:3560}}
Aug 21 12:53:31.738223 np0000007895 nova-scheduler[93498]: DEBUG cotyledon.oslo_config_glue [-] oslo_reports.file_event_handler = None {{(pid=93498) log_opt_values /opt/stack/data/venv/lib/python3.12/site-packages/oslo_config/cfg.py:3560}}
Aug 21 12:53:31.738223 np0000007895 nova-scheduler[93498]: DEBUG cotyledon.oslo_config_glue [-] oslo_reports.file_event_handler_interval = 1 {{(pid=93498) log_opt_values /opt/stack/data/venv/lib/python3.12/site-packages/oslo_config/cfg.py:3560}}
Aug 21 12:53:31.738223 np0000007895 nova-scheduler[93498]: DEBUG cotyledon.oslo_config_glue [-] oslo_reports.log_dir = None {{(pid=93498) log_opt_values /opt/stack/data/venv/lib/python3.12/site-packages/oslo_config/cfg.py:3560}}
Aug 21 12:53:31.738223 np0000007895 nova-scheduler[93498]: DEBUG cotyledon.oslo_config_glue [-] ******************************************************************************** {{(pid=93498) log_opt_values /opt/stack/data/venv/lib/python3.12/site-packages/oslo_config/cfg.py:3567}}
Aug 21 12:53:31.738223 np0000007895 nova-scheduler[93498]: DEBUG cotyledon._service_worker [-] Run service ServiceWrapper(2) [93498] {{(pid=93498) wait_forever /opt/stack/data/venv/lib/python3.12/site-packages/cotyledon/_service_worker.py:218}}
Aug 21 12:53:31.738223 np0000007895 nova-scheduler[93498]: INFO nova.service [-] Starting scheduler node (version 33.1.0)
Aug 21 12:53:31.738223 np0000007895 nova-scheduler[93498]: INFO dbcounter [None req-42875aa0-a588-46bf-9b3a-f9c0d3af4fe2 None None] Registered counter for database nova_cell0
Aug 21 12:53:31.750215 np0000007895 nova-scheduler[93496]: DEBUG oslo_db.sqlalchemy.engines [None req-e45e4180-2dca-4a16-9e16-53971a146b5b None None] MySQL server mode set to STRICT_TRANS_TABLES,STRICT_ALL_TABLES,NO_ZERO_IN_DATE,NO_ZERO_DATE,ERROR_FOR_DIVISION_BY_ZERO,TRADITIONAL,NO_ENGINE_SUBSTITUTION {{(pid=93496) _check_effective_sql_mode /opt/stack/data/venv/lib/python3.12/site-packages/oslo_db/sqlalchemy/engines.py:325}}
Aug 21 12:53:31.756371 np0000007895 nova-scheduler[93494]: DEBUG oslo_db.sqlalchemy.engines [None req-086874af-8ae2-42aa-be9c-38e3a325451c None None] MySQL server mode set to STRICT_TRANS_TABLES,STRICT_ALL_TABLES,NO_ZERO_IN_DATE,NO_ZERO_DATE,ERROR_FOR_DIVISION_BY_ZERO,TRADITIONAL,NO_ENGINE_SUBSTITUTION {{(pid=93494) _check_effective_sql_mode /opt/stack/data/venv/lib/python3.12/site-packages/oslo_db/sqlalchemy/engines.py:325}}
Aug 21 12:53:31.762138 np0000007895 nova-scheduler[93496]: DEBUG dbcounter [-] [93496] Writer thread running {{(pid=93496) stat_writer /opt/stack/data/venv/lib/python3.12/site-packages/dbcounter.py:102}}
Aug 21 12:53:31.767126 np0000007895 nova-scheduler[93494]: DEBUG dbcounter [-] [93494] Writer thread running {{(pid=93494) stat_writer /opt/stack/data/venv/lib/python3.12/site-packages/dbcounter.py:102}}
Aug 21 12:53:31.780780 np0000007895 nova-scheduler[93496]: DEBUG nova.service [None req-e45e4180-2dca-4a16-9e16-53971a146b5b None None] Creating RPC server for service: nova-scheduler on topic: scheduler {{(pid=93496) start /opt/stack/nova/nova/service.py:262}}
Aug 21 12:53:31.783102 np0000007895 nova-scheduler[93498]: DEBUG oslo_db.sqlalchemy.engines [None req-42875aa0-a588-46bf-9b3a-f9c0d3af4fe2 None None] MySQL server mode set to STRICT_TRANS_TABLES,STRICT_ALL_TABLES,NO_ZERO_IN_DATE,NO_ZERO_DATE,ERROR_FOR_DIVISION_BY_ZERO,TRADITIONAL,NO_ENGINE_SUBSTITUTION {{(pid=93498) _check_effective_sql_mode /opt/stack/data/venv/lib/python3.12/site-packages/oslo_db/sqlalchemy/engines.py:325}}
Aug 21 12:53:31.785191 np0000007895 nova-scheduler[93494]: DEBUG nova.service [None req-086874af-8ae2-42aa-be9c-38e3a325451c None None] Creating RPC server for service: nova-scheduler on topic: scheduler {{(pid=93494) start /opt/stack/nova/nova/service.py:262}}
Aug 21 12:53:31.792981 np0000007895 nova-scheduler[93498]: DEBUG dbcounter [-] [93498] Writer thread running {{(pid=93498) stat_writer /opt/stack/data/venv/lib/python3.12/site-packages/dbcounter.py:102}}
Aug 21 12:53:31.796676 np0000007895 nova-scheduler[93498]: DEBUG nova.service [None req-42875aa0-a588-46bf-9b3a-f9c0d3af4fe2 None None] Creating RPC server for service: nova-scheduler on topic: scheduler {{(pid=93498) start /opt/stack/nova/nova/service.py:262}}
Aug 21 12:53:31.807109 np0000007895 nova-scheduler[93496]: DEBUG nova.service [None req-e45e4180-2dca-4a16-9e16-53971a146b5b None None] Join ServiceGroup membership for this service scheduler {{(pid=93496) start /opt/stack/nova/nova/service.py:288}}
Aug 21 12:53:31.807257 np0000007895 nova-scheduler[93494]: DEBUG nova.service [None req-086874af-8ae2-42aa-be9c-38e3a325451c None None] Join ServiceGroup membership for this service scheduler {{(pid=93494) start /opt/stack/nova/nova/service.py:288}}
Aug 21 12:53:31.807422 np0000007895 nova-scheduler[93494]: DEBUG nova.servicegroup.drivers.db [None req-086874af-8ae2-42aa-be9c-38e3a325451c None None] DB_Driver: join new ServiceGroup member np0000007895 to the scheduler group, service = {{(pid=93494) join /opt/stack/nova/nova/servicegroup/drivers/db.py:44}}
Aug 21 12:53:31.807482 np0000007895 nova-scheduler[93496]: DEBUG nova.servicegroup.drivers.db [None req-e45e4180-2dca-4a16-9e16-53971a146b5b None None] DB_Driver: join new ServiceGroup member np0000007895 to the scheduler group, service = {{(pid=93496) join /opt/stack/nova/nova/servicegroup/drivers/db.py:44}}
Aug 21 12:53:31.816864 np0000007895 nova-scheduler[93498]: DEBUG nova.service [None req-42875aa0-a588-46bf-9b3a-f9c0d3af4fe2 None None] Join ServiceGroup membership for this service scheduler {{(pid=93498) start /opt/stack/nova/nova/service.py:288}}
Aug 21 12:53:31.817175 np0000007895 nova-scheduler[93498]: DEBUG nova.servicegroup.drivers.db [None req-42875aa0-a588-46bf-9b3a-f9c0d3af4fe2 None None] DB_Driver: join new ServiceGroup member np0000007895 to the scheduler group, service = {{(pid=93498) join /opt/stack/nova/nova/servicegroup/drivers/db.py:44}}
Aug 21 12:53:34.810069 np0000007895 nova-scheduler[93494]: DEBUG oslo.service.backend._threading.loopingcall [None req-2583884d-a005-4290-a475-5bed8dc36608 None None] Dynamic interval looping call 'nova.service.Service.periodic_tasks' sleeping for 60.00 seconds {{(pid=93494) _run_loop /opt/stack/data/venv/lib/python3.12/site-packages/oslo_service/backend/_threading/loopingcall.py:125}}
Aug 21 12:53:36.822616 np0000007895 nova-scheduler[93494]: DEBUG oslo.service.backend._threading.loopingcall [-] Fixed interval looping call 'nova.servicegroup.drivers.db.DbDriver._report_state' sleeping for 119.99 seconds {{(pid=93494) _run_loop /opt/stack/data/venv/lib/python3.12/site-packages/oslo_service/backend/_threading/loopingcall.py:125}}
Aug 21 12:53:36.823277 np0000007895 nova-scheduler[93496]: DEBUG oslo.service.backend._threading.loopingcall [-] Fixed interval looping call 'nova.servicegroup.drivers.db.DbDriver._report_state' sleeping for 119.99 seconds {{(pid=93496) _run_loop /opt/stack/data/venv/lib/python3.12/site-packages/oslo_service/backend/_threading/loopingcall.py:125}}
Aug 21 12:53:36.830599 np0000007895 nova-scheduler[93498]: DEBUG oslo.service.backend._threading.loopingcall [-] Fixed interval looping call 'nova.servicegroup.drivers.db.DbDriver._report_state' sleeping for 119.99 seconds {{(pid=93498) _run_loop /opt/stack/data/venv/lib/python3.12/site-packages/oslo_service/backend/_threading/loopingcall.py:125}}
Aug 21 12:53:40.347165 np0000007895 nova-scheduler[92298]: DEBUG dbcounter [-] [92298] Writing DB stats nova_api:SELECT=3 {{(pid=92298) stat_writer /opt/stack/data/venv/lib/python3.12/site-packages/dbcounter.py:115}}
Aug 21 12:53:40.497979 np0000007895 nova-scheduler[92298]: DEBUG dbcounter [-] [92298] Writing DB stats nova_cell0:SELECT=1 {{(pid=92298) stat_writer /opt/stack/data/venv/lib/python3.12/site-packages/dbcounter.py:115}}
Aug 21 12:53:40.501828 np0000007895 nova-scheduler[92298]: DEBUG dbcounter [-] [92298] Writing DB stats nova_cell1:SELECT=1 {{(pid=92298) stat_writer /opt/stack/data/venv/lib/python3.12/site-packages/dbcounter.py:115}}
Aug 21 12:53:46.817773 np0000007895 nova-scheduler[93494]: DEBUG dbcounter [-] [93494] Writing DB stats nova_cell0:SELECT=5,nova_cell0:INSERT=1,nova_cell0:UPDATE=1 {{(pid=93494) stat_writer /opt/stack/data/venv/lib/python3.12/site-packages/dbcounter.py:115}}
Aug 21 12:53:46.819693 np0000007895 nova-scheduler[93496]: DEBUG dbcounter [-] [93496] Writing DB stats nova_cell0:SELECT=4,nova_cell0:INSERT=1,nova_cell0:UPDATE=1 {{(pid=93496) stat_writer /opt/stack/data/venv/lib/python3.12/site-packages/dbcounter.py:115}}
Aug 21 12:53:46.826135 np0000007895 nova-scheduler[93498]: DEBUG dbcounter [-] [93498] Writing DB stats nova_cell0:SELECT=3 {{(pid=93498) stat_writer /opt/stack/data/venv/lib/python3.12/site-packages/dbcounter.py:115}}
Aug 21 12:54:04.810021 np0000007895 nova-scheduler[93496]: DEBUG oslo.service.backend._threading.loopingcall [None req-698cbbfa-9221-40b9-9cec-285ea952fdc1 None None] Dynamic interval looping call 'nova.service.Service.periodic_tasks' sleeping for 60.00 seconds {{(pid=93496) _run_loop /opt/stack/data/venv/lib/python3.12/site-packages/oslo_service/backend/_threading/loopingcall.py:125}}
Aug 21 12:54:23.819499 np0000007895 nova-scheduler[93498]: DEBUG oslo.service.backend._threading.loopingcall [None req-2f3fd4f1-5b2c-42ec-9a61-ca9d3952f5c2 None None] Dynamic interval looping call 'nova.service.Service.periodic_tasks' sleeping for 60.00 seconds {{(pid=93498) _run_loop /opt/stack/data/venv/lib/python3.12/site-packages/oslo_service/backend/_threading/loopingcall.py:125}}
Aug 21 12:54:34.810551 np0000007895 nova-scheduler[93494]: DEBUG oslo.service.backend._threading.loopingcall [None req-2583884d-a005-4290-a475-5bed8dc36608 None None] Dynamic interval looping call 'nova.service.Service.periodic_tasks' sleeping for 60.00 seconds {{(pid=93494) _run_loop /opt/stack/data/venv/lib/python3.12/site-packages/oslo_service/backend/_threading/loopingcall.py:125}}
Aug 21 12:55:04.810441 np0000007895 nova-scheduler[93496]: DEBUG oslo.service.backend._threading.loopingcall [None req-698cbbfa-9221-40b9-9cec-285ea952fdc1 None None] Dynamic interval looping call 'nova.service.Service.periodic_tasks' sleeping for 60.00 seconds {{(pid=93496) _run_loop /opt/stack/data/venv/lib/python3.12/site-packages/oslo_service/backend/_threading/loopingcall.py:125}}
Aug 21 12:55:23.820701 np0000007895 nova-scheduler[93498]: DEBUG oslo.service.backend._threading.loopingcall [None req-2f3fd4f1-5b2c-42ec-9a61-ca9d3952f5c2 None None] Dynamic interval looping call 'nova.service.Service.periodic_tasks' sleeping for 60.00 seconds {{(pid=93498) _run_loop /opt/stack/data/venv/lib/python3.12/site-packages/oslo_service/backend/_threading/loopingcall.py:125}}
Aug 21 12:55:34.811622 np0000007895 nova-scheduler[93494]: DEBUG oslo.service.backend._threading.loopingcall [None req-2583884d-a005-4290-a475-5bed8dc36608 None None] Dynamic interval looping call 'nova.service.Service.periodic_tasks' sleeping for 60.00 seconds {{(pid=93494) _run_loop /opt/stack/data/venv/lib/python3.12/site-packages/oslo_service/backend/_threading/loopingcall.py:125}}
Aug 21 12:55:36.822918 np0000007895 nova-scheduler[93496]: DEBUG oslo.service.backend._threading.loopingcall [-] Fixed interval looping call 'nova.servicegroup.drivers.db.DbDriver._report_state' sleeping for 119.99 seconds {{(pid=93496) _run_loop /opt/stack/data/venv/lib/python3.12/site-packages/oslo_service/backend/_threading/loopingcall.py:125}}
Aug 21 12:55:36.823539 np0000007895 nova-scheduler[93494]: DEBUG oslo.service.backend._threading.loopingcall [-] Fixed interval looping call 'nova.servicegroup.drivers.db.DbDriver._report_state' sleeping for 119.99 seconds {{(pid=93494) _run_loop /opt/stack/data/venv/lib/python3.12/site-packages/oslo_service/backend/_threading/loopingcall.py:125}}
Aug 21 12:55:36.825036 np0000007895 nova-scheduler[93498]: DEBUG oslo.service.backend._threading.loopingcall [-] Fixed interval looping call 'nova.servicegroup.drivers.db.DbDriver._report_state' sleeping for 120.00 seconds {{(pid=93498) _run_loop /opt/stack/data/venv/lib/python3.12/site-packages/oslo_service/backend/_threading/loopingcall.py:125}}
Aug 21 12:55:46.817320 np0000007895 nova-scheduler[93496]: DEBUG dbcounter [-] [93496] Writing DB stats nova_cell0:SELECT=1,nova_cell0:UPDATE=1 {{(pid=93496) stat_writer /opt/stack/data/venv/lib/python3.12/site-packages/dbcounter.py:115}}
Aug 21 12:55:46.818423 np0000007895 nova-scheduler[93494]: DEBUG dbcounter [-] [93494] Writing DB stats nova_cell0:SELECT=1,nova_cell0:UPDATE=1 {{(pid=93494) stat_writer /opt/stack/data/venv/lib/python3.12/site-packages/dbcounter.py:115}}
Aug 21 12:55:46.823211 np0000007895 nova-scheduler[93498]: DEBUG dbcounter [-] [93498] Writing DB stats nova_cell0:SELECT=1 {{(pid=93498) stat_writer /opt/stack/data/venv/lib/python3.12/site-packages/dbcounter.py:115}}
Aug 21 12:56:04.810957 np0000007895 nova-scheduler[93496]: DEBUG oslo.service.backend._threading.loopingcall [None req-698cbbfa-9221-40b9-9cec-285ea952fdc1 None None] Dynamic interval looping call 'nova.service.Service.periodic_tasks' sleeping for 60.00 seconds {{(pid=93496) _run_loop /opt/stack/data/venv/lib/python3.12/site-packages/oslo_service/backend/_threading/loopingcall.py:125}}
Aug 21 12:56:06.704750 np0000007895 nova-scheduler[93496]: DEBUG nova.scheduler.manager [None req-52dbb40d-1716-4881-8845-91b4caf8551d tempest-ServerBootFromVolumeStableRescueTest-1064015570 tempest-ServerBootFromVolumeStableRescueTest-1064015570-project-member] Starting to schedule for instances: ['a4bdb781-6435-40a4-b4dd-a11a06e08c6b'] {{(pid=93496) select_destinations /opt/stack/nova/nova/scheduler/manager.py:197}}
Aug 21 12:56:06.705302 np0000007895 nova-scheduler[93496]: DEBUG nova.scheduler.request_filter [None req-52dbb40d-1716-4881-8845-91b4caf8551d tempest-ServerBootFromVolumeStableRescueTest-1064015570 tempest-ServerBootFromVolumeStableRescueTest-1064015570-project-member] compute_status_filter request filter added forbidden trait COMPUTE_STATUS_DISABLED {{(pid=93496) compute_status_filter /opt/stack/nova/nova/scheduler/request_filter.py:253}}
Aug 21 12:56:06.705302 np0000007895 nova-scheduler[93496]: DEBUG nova.scheduler.request_filter [None req-52dbb40d-1716-4881-8845-91b4caf8551d tempest-ServerBootFromVolumeStableRescueTest-1064015570 tempest-ServerBootFromVolumeStableRescueTest-1064015570-project-member] Request filter 'compute_status_filter' took 0.0 seconds {{(pid=93496) wrapper /opt/stack/nova/nova/scheduler/request_filter.py:46}}
Aug 21 12:56:06.705524 np0000007895 nova-scheduler[93496]: DEBUG nova.scheduler.request_filter [None req-52dbb40d-1716-4881-8845-91b4caf8551d tempest-ServerBootFromVolumeStableRescueTest-1064015570 tempest-ServerBootFromVolumeStableRescueTest-1064015570-project-member] Request filter 'accelerators_filter' took 0.0 seconds {{(pid=93496) wrapper /opt/stack/nova/nova/scheduler/request_filter.py:46}}
Aug 21 12:56:06.705591 np0000007895 nova-scheduler[93496]: DEBUG nova.scheduler.request_filter [None req-52dbb40d-1716-4881-8845-91b4caf8551d tempest-ServerBootFromVolumeStableRescueTest-1064015570 tempest-ServerBootFromVolumeStableRescueTest-1064015570-project-member] Request filter 'packed_virtqueue_filter' took 0.0 seconds {{(pid=93496) wrapper /opt/stack/nova/nova/scheduler/request_filter.py:46}}
Aug 21 12:56:06.705839 np0000007895 nova-scheduler[93496]: DEBUG nova.scheduler.request_filter [None req-52dbb40d-1716-4881-8845-91b4caf8551d tempest-ServerBootFromVolumeStableRescueTest-1064015570 tempest-ServerBootFromVolumeStableRescueTest-1064015570-project-member] Request filter 'remote_managed_ports_filter' took 0.0 seconds {{(pid=93496) wrapper /opt/stack/nova/nova/scheduler/request_filter.py:46}}
Aug 21 12:56:06.706235 np0000007895 nova-scheduler[93496]: DEBUG nova.scheduler.request_filter [None req-52dbb40d-1716-4881-8845-91b4caf8551d tempest-ServerBootFromVolumeStableRescueTest-1064015570 tempest-ServerBootFromVolumeStableRescueTest-1064015570-project-member] ephemeral_encryption_filter skipped {{(pid=93496) ephemeral_encryption_filter /opt/stack/nova/nova/scheduler/request_filter.py:426}}
Aug 21 12:56:06.706407 np0000007895 nova-scheduler[93496]: DEBUG nova.scheduler.request_filter [None req-52dbb40d-1716-4881-8845-91b4caf8551d tempest-ServerBootFromVolumeStableRescueTest-1064015570 tempest-ServerBootFromVolumeStableRescueTest-1064015570-project-member] virtio_sound_filter skipped {{(pid=93496) virtio_sound_filter /opt/stack/nova/nova/scheduler/request_filter.py:460}}
Aug 21 12:56:06.706524 np0000007895 nova-scheduler[93496]: DEBUG nova.scheduler.request_filter [None req-52dbb40d-1716-4881-8845-91b4caf8551d tempest-ServerBootFromVolumeStableRescueTest-1064015570 tempest-ServerBootFromVolumeStableRescueTest-1064015570-project-member] tpm_secret_security_filter skipped {{(pid=93496) tpm_secret_security_filter /opt/stack/nova/nova/scheduler/request_filter.py:477}}
Aug 21 12:56:07.281458 np0000007895 nova-scheduler[93496]: DEBUG oslo_concurrency.lockutils [None req-52dbb40d-1716-4881-8845-91b4caf8551d tempest-ServerBootFromVolumeStableRescueTest-1064015570 tempest-ServerBootFromVolumeStableRescueTest-1064015570-project-member] Acquiring lock "0323d7a8-47d3-4c07-a44f-b9a162d2a3c5" by "nova.context.set_target_cell..get_or_set_cached_cell_and_set_connections" {{(pid=93496) inner /opt/stack/data/venv/lib/python3.12/site-packages/oslo_concurrency/lockutils.py:512}}
Aug 21 12:56:07.281608 np0000007895 nova-scheduler[93496]: DEBUG oslo_concurrency.lockutils [None req-52dbb40d-1716-4881-8845-91b4caf8551d tempest-ServerBootFromVolumeStableRescueTest-1064015570 tempest-ServerBootFromVolumeStableRescueTest-1064015570-project-member] Lock "0323d7a8-47d3-4c07-a44f-b9a162d2a3c5" acquired by "nova.context.set_target_cell..get_or_set_cached_cell_and_set_connections" :: waited 0.000s {{(pid=93496) inner /opt/stack/data/venv/lib/python3.12/site-packages/oslo_concurrency/lockutils.py:525}}
Aug 21 12:56:07.283681 np0000007895 nova-scheduler[93496]: DEBUG oslo_concurrency.lockutils [None req-52dbb40d-1716-4881-8845-91b4caf8551d tempest-ServerBootFromVolumeStableRescueTest-1064015570 tempest-ServerBootFromVolumeStableRescueTest-1064015570-project-member] Lock "0323d7a8-47d3-4c07-a44f-b9a162d2a3c5" "released" by "nova.context.set_target_cell..get_or_set_cached_cell_and_set_connections" :: held 0.002s {{(pid=93496) inner /opt/stack/data/venv/lib/python3.12/site-packages/oslo_concurrency/lockutils.py:544}}
Aug 21 12:56:07.284108 np0000007895 nova-scheduler[93496]: INFO nova.thread_pool_factory [None req-52dbb40d-1716-4881-8845-91b4caf8551d tempest-ServerBootFromVolumeStableRescueTest-1064015570 tempest-ServerBootFromVolumeStableRescueTest-1064015570-project-member] The cell_worker thread pool ForkProcess-2.cell_worker is initialized
Aug 21 12:56:07.286116 np0000007895 nova-scheduler[93496]: INFO dbcounter [None req-52dbb40d-1716-4881-8845-91b4caf8551d tempest-ServerBootFromVolumeStableRescueTest-1064015570 tempest-ServerBootFromVolumeStableRescueTest-1064015570-project-member] Registered counter for database nova_cell1
Aug 21 12:56:07.322039 np0000007895 nova-scheduler[93496]: DEBUG oslo_db.sqlalchemy.engines [None req-52dbb40d-1716-4881-8845-91b4caf8551d tempest-ServerBootFromVolumeStableRescueTest-1064015570 tempest-ServerBootFromVolumeStableRescueTest-1064015570-project-member] MySQL server mode set to STRICT_TRANS_TABLES,STRICT_ALL_TABLES,NO_ZERO_IN_DATE,NO_ZERO_DATE,ERROR_FOR_DIVISION_BY_ZERO,TRADITIONAL,NO_ENGINE_SUBSTITUTION {{(pid=93496) _check_effective_sql_mode /opt/stack/data/venv/lib/python3.12/site-packages/oslo_db/sqlalchemy/engines.py:325}}
Aug 21 12:56:07.330646 np0000007895 nova-scheduler[93496]: DEBUG dbcounter [-] [93496] Writer thread running {{(pid=93496) stat_writer /opt/stack/data/venv/lib/python3.12/site-packages/dbcounter.py:102}}
Aug 21 12:56:07.348835 np0000007895 nova-scheduler[93496]: DEBUG oslo_db.sqlalchemy.engines [None req-52dbb40d-1716-4881-8845-91b4caf8551d tempest-ServerBootFromVolumeStableRescueTest-1064015570 tempest-ServerBootFromVolumeStableRescueTest-1064015570-project-member] Parent process 92298 forked (93496) with an open database connection, which is being discarded and recreated. {{(pid=93496) checkout /opt/stack/data/venv/lib/python3.12/site-packages/oslo_db/sqlalchemy/engines.py:402}}
Aug 21 12:56:07.383511 np0000007895 nova-scheduler[93496]: DEBUG dbcounter [-] [93496] Writer thread running {{(pid=93496) stat_writer /opt/stack/data/venv/lib/python3.12/site-packages/dbcounter.py:102}}
Aug 21 12:56:07.391372 np0000007895 nova-scheduler[93496]: DEBUG oslo_concurrency.lockutils [None req-52dbb40d-1716-4881-8845-91b4caf8551d tempest-ServerBootFromVolumeStableRescueTest-1064015570 tempest-ServerBootFromVolumeStableRescueTest-1064015570-project-member] Acquiring lock "0323d7a8-47d3-4c07-a44f-b9a162d2a3c5" by "nova.context.set_target_cell..get_or_set_cached_cell_and_set_connections" {{(pid=93496) inner /opt/stack/data/venv/lib/python3.12/site-packages/oslo_concurrency/lockutils.py:512}}
Aug 21 12:56:07.391602 np0000007895 nova-scheduler[93496]: DEBUG oslo_concurrency.lockutils [None req-52dbb40d-1716-4881-8845-91b4caf8551d tempest-ServerBootFromVolumeStableRescueTest-1064015570 tempest-ServerBootFromVolumeStableRescueTest-1064015570-project-member] Lock "0323d7a8-47d3-4c07-a44f-b9a162d2a3c5" acquired by "nova.context.set_target_cell..get_or_set_cached_cell_and_set_connections" :: waited 0.000s {{(pid=93496) inner /opt/stack/data/venv/lib/python3.12/site-packages/oslo_concurrency/lockutils.py:525}}
Aug 21 12:56:07.391807 np0000007895 nova-scheduler[93496]: DEBUG oslo_concurrency.lockutils [None req-52dbb40d-1716-4881-8845-91b4caf8551d tempest-ServerBootFromVolumeStableRescueTest-1064015570 tempest-ServerBootFromVolumeStableRescueTest-1064015570-project-member] Lock "0323d7a8-47d3-4c07-a44f-b9a162d2a3c5" "released" by "nova.context.set_target_cell..get_or_set_cached_cell_and_set_connections" :: held 0.000s {{(pid=93496) inner /opt/stack/data/venv/lib/python3.12/site-packages/oslo_concurrency/lockutils.py:544}}
Aug 21 12:56:07.396752 np0000007895 nova-scheduler[93496]: DEBUG oslo_concurrency.lockutils [None req-52dbb40d-1716-4881-8845-91b4caf8551d tempest-ServerBootFromVolumeStableRescueTest-1064015570 tempest-ServerBootFromVolumeStableRescueTest-1064015570-project-member] Acquiring lock "np0000007895-np0000007895" by "nova.scheduler.host_manager.HostState.update.._locked_update" {{(pid=93496) inner /opt/stack/data/venv/lib/python3.12/site-packages/oslo_concurrency/lockutils.py:512}}
Aug 21 12:56:07.397032 np0000007895 nova-scheduler[93496]: DEBUG oslo_concurrency.lockutils [None req-52dbb40d-1716-4881-8845-91b4caf8551d tempest-ServerBootFromVolumeStableRescueTest-1064015570 tempest-ServerBootFromVolumeStableRescueTest-1064015570-project-member] Lock "np0000007895-np0000007895" acquired by "nova.scheduler.host_manager.HostState.update.._locked_update" :: waited 0.000s {{(pid=93496) inner /opt/stack/data/venv/lib/python3.12/site-packages/oslo_concurrency/lockutils.py:525}}
Aug 21 12:56:07.397939 np0000007895 nova-scheduler[93496]: DEBUG nova.scheduler.host_manager [None req-52dbb40d-1716-4881-8845-91b4caf8551d tempest-ServerBootFromVolumeStableRescueTest-1064015570 tempest-ServerBootFromVolumeStableRescueTest-1064015570-project-member] Update host state from compute node: ComputeNode(cpu_allocation_ratio=4.0,cpu_info='{"arch": "x86_64", "model": "EPYC-Milan", "vendor": "AMD", "topology": {"cells": 1, "sockets": 16, "cores": 1, "threads": 1}, "maxphysaddr": {"mode": "emulate", "bits": 40}, "features": ["cx8", "sse4.1", "sse2", "ibpb", "ssbd", "invpcid", "fxsr", "bmi1", "sep", "vpclmulqdq", "vme", "sse", "nrip-save", "x2apic", "xsaves", "npt", "hypervisor", "pause-filter", "lahf_lm", "mds-no", "smep", "no-nested-data-bp", "lm", "avx", "stibp-always-on", "spec-ctrl", "abm", "3dnowprefetch", "fpu", "tsc-deadline", "avx2", "flushbyasid", "pat", "de", "rdctl-no", "fsrm", "svme-addr-chk", "sha-ni", "rdpid", "mce", "mmxext", "umip", "mtrr", "topoext", "null-sel-clr-base", "syscall", "xsave", "lfence-always-serializing", "pse", "mca", "tsc_adjust", "f16c", "adx", "tsc-scale", "clflush", "rdseed", "pge", "popcnt", "v-vmsave-vmload", "gds-no", "arch-capabilities", "aes", "ssse3", "pschange-mc-no", "pfthreshold", "osvw", "sse4.2", "amd-stibp", "cx16", "smap", "skip-l1dfl-vmentry", "rdrand", "cmov", "svm", "pcid", "arat", "pdpe1gb", "perfctr_core", "amd-psfd", "xsaveopt", "sse4a", "fma", "fsgsbase", "pae", "apic", "xsavec", "cr8legacy", "tsc", "pni", "cmp_legacy", "movbe", "lbrv", "pclmuldq", "ibrs", "clzero", "pku", "xsaveerptr", "rdtscp", "xgetbv1", "amd-ssbd", "bmi2", "mmx", "msr", "stibp", "fxsr_opt", "virt-ssbd", "wbnoinvd", "erms", "vgif", "clflushopt", "clwb", "vaes", "misalignsse", "pse36", "vmcb-clean", "nx"]}',created_at=2026-08-21T12:53:54Z,current_workload=0,deleted=False,deleted_at=None,disk_allocation_ratio=1.0,disk_available_least=73,free_disk_gb=95,free_ram_mb=62765,host='np0000007895',host_ip=10.4.3.112,hypervisor_hostname='np0000007895',hypervisor_type='QEMU',hypervisor_version=8002002,id=1,local_gb=95,local_gb_used=0,mapped=1,memory_mb=63277,memory_mb_used=512,metrics='[]',numa_topology='{"nova_object.name": "NUMATopology", "nova_object.namespace": "nova", "nova_object.version": "1.2", "nova_object.data": {"cells": [{"nova_object.name": "NUMACell", "nova_object.namespace": "nova", "nova_object.version": "1.5", "nova_object.data": {"id": 0, "cpuset": [0, 1, 2, 3, 4, 5, 6, 7, 8, 9, 10, 11, 12, 13, 14, 15], "pcpuset": [0, 1, 2, 3, 4, 5, 6, 7, 8, 9, 10, 11, 12, 13, 14, 15], "memory": 63277, "cpu_usage": 0, "memory_usage": 0, "pinned_cpus": [], "siblings": [[6], [12], [2], [15], [5], [11], [8], [14], [4], [1], [7], [10], [0], [13], [3], [9]], "mempages": [{"nova_object.name": "NUMAPagesTopology", "nova_object.namespace": "nova", "nova_object.version": "1.1", "nova_object.data": {"size_kb": 4, "total": 16177927, "used": 0, "reserved": 0}, "nova_object.changes": ["reserved", "size_kb", "total", "used"]}, {"nova_object.name": "NUMAPagesTopology", "nova_object.namespace": "nova", "nova_object.version": "1.1", "nova_object.data": {"size_kb": 2048, "total": 41, "used": 0, "reserved": 0}, "nova_object.changes": ["reserved", "size_kb", "total", "used"]}, {"nova_object.name": "NUMAPagesTopology", "nova_object.namespace": "nova", "nova_object.version": "1.1", "nova_object.data": {"size_kb": 1048576, "total": 0, "used": 0, "reserved": 0}, "nova_object.changes": ["reserved", "size_kb", "total", "used"]}], "network_metadata": {"nova_object.name": "NetworkMetadata", "nova_object.namespace": "nova", "nova_object.version": "1.0", "nova_object.data": {"physnets": [], "tunneled": false}, "nova_object.changes": ["physnets", "tunneled"]}, "socket": null}, "nova_object.changes": ["memory_usage", "id", "cpu_usage", "mempages", "network_metadata", "cpuset", "socket", "siblings", "memory", "pcpuset", "pinned_cpus"]}]}, "nova_object.changes": ["cells"]}',pci_device_pools=PciDevicePoolList,ram_allocation_ratio=1.0,running_vms=0,service_id=4,stats={failed_builds='0',uptime=' 12:55:41 up 25 min, 2 users, load average: 1.27, 1.29, 0.73
Aug 21 12:56:07.397939 np0000007895 nova-scheduler[93496]: '},supported_hv_specs=[HVSpec,HVSpec,HVSpec,HVSpec,HVSpec,HVSpec,HVSpec,HVSpec,HVSpec,HVSpec,HVSpec,HVSpec,HVSpec,HVSpec,HVSpec,HVSpec,HVSpec,HVSpec,HVSpec,HVSpec,HVSpec,HVSpec,HVSpec,HVSpec,HVSpec],updated_at=2026-08-21T12:55:42Z,uuid=f2554a69-9042-4386-b407-7c114c33c764,vcpus=16,vcpus_used=0) {{(pid=93496) _locked_update /opt/stack/nova/nova/scheduler/host_manager.py:169}}
Aug 21 12:56:07.398765 np0000007895 nova-scheduler[93496]: DEBUG nova.scheduler.host_manager [None req-52dbb40d-1716-4881-8845-91b4caf8551d tempest-ServerBootFromVolumeStableRescueTest-1064015570 tempest-ServerBootFromVolumeStableRescueTest-1064015570-project-member] Update host state with aggregates: [] {{(pid=93496) _locked_update /opt/stack/nova/nova/scheduler/host_manager.py:172}}
Aug 21 12:56:07.398858 np0000007895 nova-scheduler[93496]: DEBUG nova.scheduler.host_manager [None req-52dbb40d-1716-4881-8845-91b4caf8551d tempest-ServerBootFromVolumeStableRescueTest-1064015570 tempest-ServerBootFromVolumeStableRescueTest-1064015570-project-member] Update host state with service dict: {'id': 4, 'uuid': '5d512a98-0bbe-4697-8e95-910a91b709d5', 'host': 'np0000007895', 'binary': 'nova-compute', 'topic': 'compute', 'report_count': 2, 'disabled': False, 'disabled_reason': None, 'last_seen_up': datetime.datetime(2026, 8, 21, 12, 56, 1, tzinfo=datetime.timezone.utc), 'forced_down': False, 'version': 72, 'created_at': datetime.datetime(2026, 8, 21, 12, 53, 54, tzinfo=datetime.timezone.utc), 'updated_at': datetime.datetime(2026, 8, 21, 12, 56, 1, tzinfo=datetime.timezone.utc), 'deleted_at': None, 'deleted': False} {{(pid=93496) _locked_update /opt/stack/nova/nova/scheduler/host_manager.py:175}}
Aug 21 12:56:07.398991 np0000007895 nova-scheduler[93496]: DEBUG nova.scheduler.host_manager [None req-52dbb40d-1716-4881-8845-91b4caf8551d tempest-ServerBootFromVolumeStableRescueTest-1064015570 tempest-ServerBootFromVolumeStableRescueTest-1064015570-project-member] Update host state with instances: [] {{(pid=93496) _locked_update /opt/stack/nova/nova/scheduler/host_manager.py:178}}
Aug 21 12:56:07.399096 np0000007895 nova-scheduler[93496]: DEBUG oslo_concurrency.lockutils [None req-52dbb40d-1716-4881-8845-91b4caf8551d tempest-ServerBootFromVolumeStableRescueTest-1064015570 tempest-ServerBootFromVolumeStableRescueTest-1064015570-project-member] Lock "np0000007895-np0000007895" "released" by "nova.scheduler.host_manager.HostState.update.._locked_update" :: held 0.002s {{(pid=93496) inner /opt/stack/data/venv/lib/python3.12/site-packages/oslo_concurrency/lockutils.py:544}}
Aug 21 12:56:07.399548 np0000007895 nova-scheduler[93496]: DEBUG nova.filters [None req-52dbb40d-1716-4881-8845-91b4caf8551d tempest-ServerBootFromVolumeStableRescueTest-1064015570 tempest-ServerBootFromVolumeStableRescueTest-1064015570-project-member] Starting with 1 host(s) {{(pid=93496) get_filtered_objects /opt/stack/nova/nova/filters.py:70}}
Aug 21 12:56:07.399756 np0000007895 nova-scheduler[93496]: DEBUG nova.filters [None req-52dbb40d-1716-4881-8845-91b4caf8551d tempest-ServerBootFromVolumeStableRescueTest-1064015570 tempest-ServerBootFromVolumeStableRescueTest-1064015570-project-member] Filter ComputeFilter returned 1 host(s) {{(pid=93496) get_filtered_objects /opt/stack/nova/nova/filters.py:102}}
Aug 21 12:56:07.399903 np0000007895 nova-scheduler[93496]: DEBUG nova.filters [None req-52dbb40d-1716-4881-8845-91b4caf8551d tempest-ServerBootFromVolumeStableRescueTest-1064015570 tempest-ServerBootFromVolumeStableRescueTest-1064015570-project-member] Filter ComputeCapabilitiesFilter returned 1 host(s) {{(pid=93496) get_filtered_objects /opt/stack/nova/nova/filters.py:102}}
Aug 21 12:56:07.400402 np0000007895 nova-scheduler[93496]: DEBUG nova.filters [None req-52dbb40d-1716-4881-8845-91b4caf8551d tempest-ServerBootFromVolumeStableRescueTest-1064015570 tempest-ServerBootFromVolumeStableRescueTest-1064015570-project-member] Filter ImagePropertiesFilter returned 1 host(s) {{(pid=93496) get_filtered_objects /opt/stack/nova/nova/filters.py:102}}
Aug 21 12:56:07.400650 np0000007895 nova-scheduler[93496]: DEBUG nova.filters [None req-52dbb40d-1716-4881-8845-91b4caf8551d tempest-ServerBootFromVolumeStableRescueTest-1064015570 tempest-ServerBootFromVolumeStableRescueTest-1064015570-project-member] Filter ServerGroupAntiAffinityFilter returned 1 host(s) {{(pid=93496) get_filtered_objects /opt/stack/nova/nova/filters.py:102}}
Aug 21 12:56:07.400650 np0000007895 nova-scheduler[93496]: DEBUG nova.filters [None req-52dbb40d-1716-4881-8845-91b4caf8551d tempest-ServerBootFromVolumeStableRescueTest-1064015570 tempest-ServerBootFromVolumeStableRescueTest-1064015570-project-member] Filter ServerGroupAffinityFilter returned 1 host(s) {{(pid=93496) get_filtered_objects /opt/stack/nova/nova/filters.py:102}}
Aug 21 12:56:07.400783 np0000007895 nova-scheduler[93496]: DEBUG nova.filters [None req-52dbb40d-1716-4881-8845-91b4caf8551d tempest-ServerBootFromVolumeStableRescueTest-1064015570 tempest-ServerBootFromVolumeStableRescueTest-1064015570-project-member] Filter SameHostFilter returned 1 host(s) {{(pid=93496) get_filtered_objects /opt/stack/nova/nova/filters.py:102}}
Aug 21 12:56:07.400936 np0000007895 nova-scheduler[93496]: DEBUG nova.filters [None req-52dbb40d-1716-4881-8845-91b4caf8551d tempest-ServerBootFromVolumeStableRescueTest-1064015570 tempest-ServerBootFromVolumeStableRescueTest-1064015570-project-member] Filter DifferentHostFilter returned 1 host(s) {{(pid=93496) get_filtered_objects /opt/stack/nova/nova/filters.py:102}}
Aug 21 12:56:07.401290 np0000007895 nova-scheduler[93496]: DEBUG nova.scheduler.manager [None req-52dbb40d-1716-4881-8845-91b4caf8551d tempest-ServerBootFromVolumeStableRescueTest-1064015570 tempest-ServerBootFromVolumeStableRescueTest-1064015570-project-member] Filtered [(np0000007895, np0000007895) ram: 62765MB disk: 74752MB io_ops: 0 instances: 0, allocation_candidates: 1] {{(pid=93496) _get_sorted_hosts /opt/stack/nova/nova/scheduler/manager.py:730}}
Aug 21 12:56:07.401290 np0000007895 nova-scheduler[93496]: DEBUG nova.scheduler.manager [None req-52dbb40d-1716-4881-8845-91b4caf8551d tempest-ServerBootFromVolumeStableRescueTest-1064015570 tempest-ServerBootFromVolumeStableRescueTest-1064015570-project-member] Weighed [WeighedHost [host: (np0000007895, np0000007895) ram: 62765MB disk: 74752MB io_ops: 0 instances: 0, allocation_candidates: 1, weight: 0.0]] {{(pid=93496) _get_sorted_hosts /opt/stack/nova/nova/scheduler/manager.py:752}}
Aug 21 12:56:07.401490 np0000007895 nova-scheduler[93496]: DEBUG nova.scheduler.utils [None req-52dbb40d-1716-4881-8845-91b4caf8551d tempest-ServerBootFromVolumeStableRescueTest-1064015570 tempest-ServerBootFromVolumeStableRescueTest-1064015570-project-member] Attempting to claim resources in the placement API for instance a4bdb781-6435-40a4-b4dd-a11a06e08c6b {{(pid=93496) claim_resources /opt/stack/nova/nova/scheduler/utils.py:1345}}
Aug 21 12:56:07.588148 np0000007895 nova-scheduler[93496]: DEBUG nova.scheduler.manager [None req-52dbb40d-1716-4881-8845-91b4caf8551d tempest-ServerBootFromVolumeStableRescueTest-1064015570 tempest-ServerBootFromVolumeStableRescueTest-1064015570-project-member] [instance: a4bdb781-6435-40a4-b4dd-a11a06e08c6b] Selected host: (np0000007895, np0000007895) ram: 62765MB disk: 74752MB io_ops: 0 instances: 0, allocation_candidates: 1 {{(pid=93496) _consume_selected_host /opt/stack/nova/nova/scheduler/manager.py:612}}
Aug 21 12:56:07.588476 np0000007895 nova-scheduler[93496]: DEBUG oslo_concurrency.lockutils [None req-52dbb40d-1716-4881-8845-91b4caf8551d tempest-ServerBootFromVolumeStableRescueTest-1064015570 tempest-ServerBootFromVolumeStableRescueTest-1064015570-project-member] Acquiring lock "np0000007895-np0000007895" by "nova.scheduler.host_manager.HostState.consume_from_request.._locked" {{(pid=93496) inner /opt/stack/data/venv/lib/python3.12/site-packages/oslo_concurrency/lockutils.py:512}}
Aug 21 12:56:07.588671 np0000007895 nova-scheduler[93496]: DEBUG oslo_concurrency.lockutils [None req-52dbb40d-1716-4881-8845-91b4caf8551d tempest-ServerBootFromVolumeStableRescueTest-1064015570 tempest-ServerBootFromVolumeStableRescueTest-1064015570-project-member] Lock "np0000007895-np0000007895" acquired by "nova.scheduler.host_manager.HostState.consume_from_request.._locked" :: waited 0.000s {{(pid=93496) inner /opt/stack/data/venv/lib/python3.12/site-packages/oslo_concurrency/lockutils.py:525}}
Aug 21 12:56:07.589393 np0000007895 nova-scheduler[93496]: DEBUG oslo_concurrency.lockutils [None req-52dbb40d-1716-4881-8845-91b4caf8551d tempest-ServerBootFromVolumeStableRescueTest-1064015570 tempest-ServerBootFromVolumeStableRescueTest-1064015570-project-member] Lock "np0000007895-np0000007895" "released" by "nova.scheduler.host_manager.HostState.consume_from_request.._locked" :: held 0.000s {{(pid=93496) inner /opt/stack/data/venv/lib/python3.12/site-packages/oslo_concurrency/lockutils.py:544}}
Aug 21 12:56:17.384073 np0000007895 nova-scheduler[93496]: DEBUG dbcounter [-] [93496] Writing DB stats nova_api:SELECT=1 {{(pid=93496) stat_writer /opt/stack/data/venv/lib/python3.12/site-packages/dbcounter.py:115}}
Aug 21 12:56:17.394368 np0000007895 nova-scheduler[93496]: DEBUG dbcounter [-] [93496] Writing DB stats nova_cell1:SELECT=3 {{(pid=93496) stat_writer /opt/stack/data/venv/lib/python3.12/site-packages/dbcounter.py:115}}
Aug 21 12:56:23.821270 np0000007895 nova-scheduler[93498]: DEBUG oslo.service.backend._threading.loopingcall [None req-2f3fd4f1-5b2c-42ec-9a61-ca9d3952f5c2 None None] Dynamic interval looping call 'nova.service.Service.periodic_tasks' sleeping for 60.00 seconds {{(pid=93498) _run_loop /opt/stack/data/venv/lib/python3.12/site-packages/oslo_service/backend/_threading/loopingcall.py:125}}
Aug 21 12:56:25.723750 np0000007895 nova-scheduler[93494]: DEBUG nova.scheduler.manager [None req-b1e8422e-ca36-460e-96ed-c47e03204144 tempest-VolumesAdminNegativeTest-907297719 tempest-VolumesAdminNegativeTest-907297719-project-member] Starting to schedule for instances: ['b4809821-7dd7-49bc-abb5-baa95ae77397'] {{(pid=93494) select_destinations /opt/stack/nova/nova/scheduler/manager.py:197}}
Aug 21 12:56:25.724745 np0000007895 nova-scheduler[93494]: DEBUG nova.scheduler.request_filter [None req-b1e8422e-ca36-460e-96ed-c47e03204144 tempest-VolumesAdminNegativeTest-907297719 tempest-VolumesAdminNegativeTest-907297719-project-member] compute_status_filter request filter added forbidden trait COMPUTE_STATUS_DISABLED {{(pid=93494) compute_status_filter /opt/stack/nova/nova/scheduler/request_filter.py:253}}
Aug 21 12:56:25.724745 np0000007895 nova-scheduler[93494]: DEBUG nova.scheduler.request_filter [None req-b1e8422e-ca36-460e-96ed-c47e03204144 tempest-VolumesAdminNegativeTest-907297719 tempest-VolumesAdminNegativeTest-907297719-project-member] Request filter 'compute_status_filter' took 0.0 seconds {{(pid=93494) wrapper /opt/stack/nova/nova/scheduler/request_filter.py:46}}
