Jun 16 10:51:40.325917 np0000002933 devstack@g-api.service[102020]: DEBUG glance_store.location [-] Registering scheme http with {'store': , 'location_class': , 'store_entry': 'http'} {{(pid=102020) register_scheme_map /opt/stack/data/venv/lib/python3.12/site-packages/glance_store/location.py:146}}
Jun 16 10:51:40.325962 np0000002933 devstack@g-api.service[102020]: DEBUG glance_store.location [-] Registering scheme https with {'store': , 'location_class': , 'store_entry': 'http'} {{(pid=102020) register_scheme_map /opt/stack/data/venv/lib/python3.12/site-packages/glance_store/location.py:146}}
Jun 16 10:51:40.326019 np0000002933 devstack@g-api.service[102020]: DEBUG glance_store.backend [-] Attempting to import store swift {{(pid=102020) _load_store /opt/stack/data/venv/lib/python3.12/site-packages/glance_store/backend.py:215}}
Jun 16 10:51:40.326193 np0000002933 devstack@g-api.service[102020]: WARNING oslo_config.cfg [-] Deprecated: Option "default_store" from group "glance_store" is deprecated for removal (
Jun 16 10:51:40.326193 np0000002933 devstack@g-api.service[102020]: This option is deprecated against new config option
Jun 16 10:51:40.326193 np0000002933 devstack@g-api.service[102020]: ``default_backend`` which acts similar to ``default_store`` config
Jun 16 10:51:40.326193 np0000002933 devstack@g-api.service[102020]: option.
Jun 16 10:51:40.326193 np0000002933 devstack@g-api.service[102020]: This option is scheduled for removal in the U development
Jun 16 10:51:40.326193 np0000002933 devstack@g-api.service[102020]: cycle.
Jun 16 10:51:40.326193 np0000002933 devstack@g-api.service[102020]: ). Its value may be silently ignored in the future.
Jun 16 10:51:40.327302 np0000002933 devstack@g-api.service[102020]: DEBUG glance_store.capabilities [-] Store glance_store._drivers.swift.store.SingleTenantStore doesn't support updating dynamic storage capabilities. Please overwrite 'update_capabilities' method of the store to implement updating logics if needed. {{(pid=102020) update_capabilities /opt/stack/data/venv/lib/python3.12/site-packages/glance_store/capabilities.py:91}}
Jun 16 10:51:40.327365 np0000002933 devstack@g-api.service[102020]: DEBUG glance_store.backend [-] Registering store swift with schemes ('swift+https', 'swift', 'swift+http', 'swift+config') {{(pid=102020) create_stores /opt/stack/data/venv/lib/python3.12/site-packages/glance_store/backend.py:261}}
Jun 16 10:51:40.327417 np0000002933 devstack@g-api.service[102020]: DEBUG glance_store.driver [-] Late loading location class glance_store._drivers.swift.store.StoreLocation {{(pid=102020) get_store_location_class /opt/stack/data/venv/lib/python3.12/site-packages/glance_store/driver.py:134}}
Jun 16 10:51:40.327457 np0000002933 devstack@g-api.service[102020]: DEBUG glance_store.location [-] Registering scheme swift+https with {'store': , 'location_class': , 'store_entry': 'swift'} {{(pid=102020) register_scheme_map /opt/stack/data/venv/lib/python3.12/site-packages/glance_store/location.py:146}}
Jun 16 10:51:40.327494 np0000002933 devstack@g-api.service[102020]: DEBUG glance_store.location [-] Registering scheme swift with {'store': , 'location_class': , 'store_entry': 'swift'} {{(pid=102020) register_scheme_map /opt/stack/data/venv/lib/python3.12/site-packages/glance_store/location.py:146}}
Jun 16 10:51:40.327547 np0000002933 devstack@g-api.service[102020]: DEBUG glance_store.location [-] Registering scheme swift+http with {'store': , 'location_class': , 'store_entry': 'swift'} {{(pid=102020) register_scheme_map /opt/stack/data/venv/lib/python3.12/site-packages/glance_store/location.py:146}}
Jun 16 10:51:40.327587 np0000002933 devstack@g-api.service[102020]: DEBUG glance_store.location [-] Registering scheme swift+config with {'store': , 'location_class': , 'store_entry': 'swift'} {{(pid=102020) register_scheme_map /opt/stack/data/venv/lib/python3.12/site-packages/glance_store/location.py:146}}
Jun 16 10:51:40.327707 np0000002933 devstack@g-api.service[102020]: DEBUG glance_store.backend [-] Attempting to import store swift {{(pid=102020) _load_store /opt/stack/data/venv/lib/python3.12/site-packages/glance_store/backend.py:215}}
Jun 16 10:51:40.328872 np0000002933 devstack@g-api.service[102020]: DEBUG glance_store.capabilities [-] Store glance_store._drivers.swift.store.SingleTenantStore doesn't support updating dynamic storage capabilities. Please overwrite 'update_capabilities' method of the store to implement updating logics if needed. {{(pid=102020) update_capabilities /opt/stack/data/venv/lib/python3.12/site-packages/glance_store/capabilities.py:91}}
Jun 16 10:51:40.328950 np0000002933 devstack@g-api.service[102020]: DEBUG glance_store.driver [-] Late loading location class glance_store._drivers.swift.store.StoreLocation {{(pid=102020) get_store_location_class /opt/stack/data/venv/lib/python3.12/site-packages/glance_store/driver.py:134}}
Jun 16 10:51:40.329033 np0000002933 devstack@g-api.service[102020]: DEBUG glance_store.location [-] Registering scheme swift+https with {'store': , 'location_class': , 'store_entry': 'swift'} {{(pid=102020) register_scheme_map /opt/stack/data/venv/lib/python3.12/site-packages/glance_store/location.py:146}}
Jun 16 10:51:40.329100 np0000002933 devstack@g-api.service[102020]: DEBUG glance_store.location [-] Registering scheme swift+https with {'store': , 'location_class': , 'store_entry': 'swift'} {{(pid=102020) register_scheme_map /opt/stack/data/venv/lib/python3.12/site-packages/glance_store/location.py:146}}
Jun 16 10:51:40.329178 np0000002933 devstack@g-api.service[102020]: DEBUG glance_store.location [-] Registering scheme swift with {'store': , 'location_class': , 'store_entry': 'swift'} {{(pid=102020) register_scheme_map /opt/stack/data/venv/lib/python3.12/site-packages/glance_store/location.py:146}}
Jun 16 10:51:40.329238 np0000002933 devstack@g-api.service[102020]: DEBUG glance_store.location [-] Registering scheme swift+https with {'store': , 'location_class': , 'store_entry': 'swift'} {{(pid=102020) register_scheme_map /opt/stack/data/venv/lib/python3.12/site-packages/glance_store/location.py:146}}
Jun 16 10:51:40.329308 np0000002933 devstack@g-api.service[102020]: DEBUG glance_store.location [-] Registering scheme swift with {'store': , 'location_class': , 'store_entry': 'swift'} {{(pid=102020) register_scheme_map /opt/stack/data/venv/lib/python3.12/site-packages/glance_store/location.py:146}}
Jun 16 10:51:40.329372 np0000002933 devstack@g-api.service[102020]: DEBUG glance_store.location [-] Registering scheme swift+http with {'store': , 'location_class': , 'store_entry': 'swift'} {{(pid=102020) register_scheme_map /opt/stack/data/venv/lib/python3.12/site-packages/glance_store/location.py:146}}
Jun 16 10:51:40.329438 np0000002933 devstack@g-api.service[102020]: DEBUG glance_store.location [-] Registering scheme swift+https with {'store': , 'location_class': , 'store_entry': 'swift'} {{(pid=102020) register_scheme_map /opt/stack/data/venv/lib/python3.12/site-packages/glance_store/location.py:146}}
Jun 16 10:51:40.329486 np0000002933 devstack@g-api.service[102020]: DEBUG glance_store.location [-] Registering scheme swift with {'store': , 'location_class': , 'store_entry': 'swift'} {{(pid=102020) register_scheme_map /opt/stack/data/venv/lib/python3.12/site-packages/glance_store/location.py:146}}
Jun 16 10:51:40.329560 np0000002933 devstack@g-api.service[102020]: DEBUG glance_store.location [-] Registering scheme swift+http with {'store': , 'location_class': , 'store_entry': 'swift'} {{(pid=102020) register_scheme_map /opt/stack/data/venv/lib/python3.12/site-packages/glance_store/location.py:146}}
Jun 16 10:51:40.329632 np0000002933 devstack@g-api.service[102020]: DEBUG glance_store.location [-] Registering scheme swift+config with {'store': , 'location_class': , 'store_entry': 'swift'} {{(pid=102020) register_scheme_map /opt/stack/data/venv/lib/python3.12/site-packages/glance_store/location.py:146}}
Jun 16 10:51:40.329987 np0000002933 devstack@g-api.service[102020]: DEBUG glance.sqlite_migration [-] SQLite caching database not located, skipping migration {{(pid=102020) get_db_path /opt/stack/glance/glance/sqlite_migration.py:68}}
Jun 16 10:51:40.330230 np0000002933 devstack@g-api.service[102020]: WARNING glance.common.wsgi_app [-] Import methods are enabled but staging directory /tmp/staging/ does not exist; Imports will fail!
Jun 16 10:51:40.550627 np0000002933 devstack@g-api.service[102019]: DEBUG glance.common.config [None req-975ccddc-93ce-445c-b8dc-1d79b7716e6d None None] Loading glance-api-keystone+cachemanagement from /etc/glance/glance-api-paste.ini {{(pid=102019) load_paste_app /opt/stack/glance/glance/common/config.py:758}}
Jun 16 10:51:40.582856 np0000002933 devstack@g-api.service[102021]: DEBUG glance.common.config [None req-a9f68168-a848-4de9-b06a-f2510d369469 None None] Loading glance-api-keystone+cachemanagement from /etc/glance/glance-api-paste.ini {{(pid=102021) load_paste_app /opt/stack/glance/glance/common/config.py:758}}
Jun 16 10:51:40.595989 np0000002933 devstack@g-api.service[102020]: DEBUG glance.common.config [None req-b1c43e5f-f8df-49cd-be93-4745ea80fca2 None None] Loading glance-api-keystone+cachemanagement from /etc/glance/glance-api-paste.ini {{(pid=102020) load_paste_app /opt/stack/glance/glance/common/config.py:758}}
Jun 16 10:51:41.148975 np0000002933 devstack@g-api.service[102019]: INFO glance.image_cache [None req-975ccddc-93ce-445c-b8dc-1d79b7716e6d None None] Image cache loaded driver 'centralized_db'.
Jun 16 10:51:41.151527 np0000002933 devstack@g-api.service[102020]: INFO glance.image_cache [None req-b1c43e5f-f8df-49cd-be93-4745ea80fca2 None None] Image cache loaded driver 'centralized_db'.
Jun 16 10:51:41.151768 np0000002933 devstack@g-api.service[102021]: INFO glance.image_cache [None req-a9f68168-a848-4de9-b06a-f2510d369469 None None] Image cache loaded driver 'centralized_db'.
Jun 16 10:51:41.198203 np0000002933 devstack@g-api.service[102021]: INFO dbcounter [None req-a9f68168-a848-4de9-b06a-f2510d369469 None None] Registered counter for database glance
Jun 16 10:51:41.198359 np0000002933 devstack@g-api.service[102019]: INFO dbcounter [None req-975ccddc-93ce-445c-b8dc-1d79b7716e6d None None] Registered counter for database glance
Jun 16 10:51:41.198411 np0000002933 devstack@g-api.service[102020]: INFO dbcounter [None req-b1c43e5f-f8df-49cd-be93-4745ea80fca2 None None] Registered counter for database glance
Jun 16 10:51:41.242473 np0000002933 devstack@g-api.service[102020]: DEBUG oslo_db.sqlalchemy.engines [None req-b1c43e5f-f8df-49cd-be93-4745ea80fca2 None None] MySQL server mode set to STRICT_TRANS_TABLES,STRICT_ALL_TABLES,NO_ZERO_IN_DATE,NO_ZERO_DATE,ERROR_FOR_DIVISION_BY_ZERO,TRADITIONAL,NO_ENGINE_SUBSTITUTION {{(pid=102020) _check_effective_sql_mode /opt/stack/data/venv/lib/python3.12/site-packages/oslo_db/sqlalchemy/engines.py:325}}
Jun 16 10:51:41.245913 np0000002933 devstack@g-api.service[102019]: DEBUG oslo_db.sqlalchemy.engines [None req-975ccddc-93ce-445c-b8dc-1d79b7716e6d None None] MySQL server mode set to STRICT_TRANS_TABLES,STRICT_ALL_TABLES,NO_ZERO_IN_DATE,NO_ZERO_DATE,ERROR_FOR_DIVISION_BY_ZERO,TRADITIONAL,NO_ENGINE_SUBSTITUTION {{(pid=102019) _check_effective_sql_mode /opt/stack/data/venv/lib/python3.12/site-packages/oslo_db/sqlalchemy/engines.py:325}}
Jun 16 10:51:41.248901 np0000002933 devstack@g-api.service[102021]: DEBUG oslo_db.sqlalchemy.engines [None req-a9f68168-a848-4de9-b06a-f2510d369469 None None] MySQL server mode set to STRICT_TRANS_TABLES,STRICT_ALL_TABLES,NO_ZERO_IN_DATE,NO_ZERO_DATE,ERROR_FOR_DIVISION_BY_ZERO,TRADITIONAL,NO_ENGINE_SUBSTITUTION {{(pid=102021) _check_effective_sql_mode /opt/stack/data/venv/lib/python3.12/site-packages/oslo_db/sqlalchemy/engines.py:325}}
Jun 16 10:51:41.264934 np0000002933 devstack@g-api.service[102020]: DEBUG dbcounter [-] [102020] Writer thread running {{(pid=102020) stat_writer /opt/stack/data/venv/lib/python3.12/site-packages/dbcounter.py:102}}
Jun 16 10:51:41.276269 np0000002933 devstack@g-api.service[102019]: DEBUG dbcounter [-] [102019] Writer thread running {{(pid=102019) stat_writer /opt/stack/data/venv/lib/python3.12/site-packages/dbcounter.py:102}}
Jun 16 10:51:41.276717 np0000002933 devstack@g-api.service[102020]: INFO glance.image_cache [None req-b1c43e5f-f8df-49cd-be93-4745ea80fca2 None None] Image cache loaded driver 'centralized_db'.
Jun 16 10:51:41.278405 np0000002933 devstack@g-api.service[102021]: DEBUG dbcounter [-] [102021] Writer thread running {{(pid=102021) stat_writer /opt/stack/data/venv/lib/python3.12/site-packages/dbcounter.py:102}}
Jun 16 10:51:41.279472 np0000002933 devstack@g-api.service[102019]: DEBUG glance.image_cache.drivers.centralized_db [None req-975ccddc-93ce-445c-b8dc-1d79b7716e6d None None] Node reference is already recorded, ignoring it {{(pid=102019) configure /opt/stack/glance/glance/image_cache/drivers/centralized_db.py:71}}
Jun 16 10:51:41.281501 np0000002933 devstack@g-api.service[102021]: DEBUG glance.image_cache.drivers.centralized_db [None req-a9f68168-a848-4de9-b06a-f2510d369469 None None] Node reference is already recorded, ignoring it {{(pid=102021) configure /opt/stack/glance/glance/image_cache/drivers/centralized_db.py:71}}
Jun 16 10:51:41.283645 np0000002933 devstack@g-api.service[102020]: DEBUG glance.image_cache.drivers.centralized_db [None req-b1c43e5f-f8df-49cd-be93-4745ea80fca2 None None] Node reference is already recorded, ignoring it {{(pid=102020) configure /opt/stack/glance/glance/image_cache/drivers/centralized_db.py:71}}
Jun 16 10:51:41.286470 np0000002933 devstack@g-api.service[102019]: INFO glance.image_cache [None req-975ccddc-93ce-445c-b8dc-1d79b7716e6d None None] Image cache loaded driver 'centralized_db'.
Jun 16 10:51:41.288704 np0000002933 devstack@g-api.service[102020]: DEBUG glance.api.v2.cached_images [None req-b1c43e5f-f8df-49cd-be93-4745ea80fca2 None None] Started cache worker thread {{(pid=102020) __init__ /opt/stack/glance/glance/api/v2/cached_images.py:69}}
Jun 16 10:51:41.288960 np0000002933 devstack@g-api.service[102021]: INFO glance.image_cache [None req-a9f68168-a848-4de9-b06a-f2510d369469 None None] Image cache loaded driver 'centralized_db'.
Jun 16 10:51:41.289376 np0000002933 devstack@g-api.service[102020]: INFO glance.image_cache [None req-b1c43e5f-f8df-49cd-be93-4745ea80fca2 None None] Image cache loaded driver 'centralized_db'.
Jun 16 10:51:41.295897 np0000002933 devstack@g-api.service[102020]: DEBUG glance.image_cache.drivers.centralized_db [None req-b1c43e5f-f8df-49cd-be93-4745ea80fca2 None None] Node reference is already recorded, ignoring it {{(pid=102020) configure /opt/stack/glance/glance/image_cache/drivers/centralized_db.py:71}}
Jun 16 10:51:41.295994 np0000002933 devstack@g-api.service[102019]: DEBUG glance.image_cache.drivers.centralized_db [None req-975ccddc-93ce-445c-b8dc-1d79b7716e6d None None] Node reference is already recorded, ignoring it {{(pid=102019) configure /opt/stack/glance/glance/image_cache/drivers/centralized_db.py:71}}
Jun 16 10:51:41.298722 np0000002933 devstack@g-api.service[102021]: DEBUG glance.image_cache.drivers.centralized_db [None req-a9f68168-a848-4de9-b06a-f2510d369469 None None] Node reference is already recorded, ignoring it {{(pid=102021) configure /opt/stack/glance/glance/image_cache/drivers/centralized_db.py:71}}
Jun 16 10:51:41.302065 np0000002933 devstack@g-api.service[102019]: DEBUG glance.api.v2.cached_images [None req-975ccddc-93ce-445c-b8dc-1d79b7716e6d None None] Started cache worker thread {{(pid=102019) __init__ /opt/stack/glance/glance/api/v2/cached_images.py:69}}
Jun 16 10:51:41.302814 np0000002933 devstack@g-api.service[102019]: INFO glance.image_cache [None req-975ccddc-93ce-445c-b8dc-1d79b7716e6d None None] Image cache loaded driver 'centralized_db'.
Jun 16 10:51:41.305026 np0000002933 devstack@g-api.service[102020]: INFO glance.api.middleware.cache_manage [None req-b1c43e5f-f8df-49cd-be93-4745ea80fca2 None None] Initialized image cache management middleware
Jun 16 10:51:41.305236 np0000002933 devstack@g-api.service[102020]: INFO glance.image_cache [None req-b1c43e5f-f8df-49cd-be93-4745ea80fca2 None None] Image cache loaded driver 'centralized_db'.
Jun 16 10:51:41.305448 np0000002933 devstack@g-api.service[102021]: DEBUG glance.api.v2.cached_images [None req-a9f68168-a848-4de9-b06a-f2510d369469 None None] Started cache worker thread {{(pid=102021) __init__ /opt/stack/glance/glance/api/v2/cached_images.py:69}}
Jun 16 10:51:41.306141 np0000002933 devstack@g-api.service[102021]: INFO glance.image_cache [None req-a9f68168-a848-4de9-b06a-f2510d369469 None None] Image cache loaded driver 'centralized_db'.
Jun 16 10:51:41.410201 np0000002933 devstack@g-api.service[102020]: DEBUG glance.image_cache.drivers.centralized_db [None req-b1c43e5f-f8df-49cd-be93-4745ea80fca2 None None] Node reference is already recorded, ignoring it {{(pid=102020) configure /opt/stack/glance/glance/image_cache/drivers/centralized_db.py:71}}
Jun 16 10:51:41.410349 np0000002933 devstack@g-api.service[102019]: DEBUG glance.image_cache.drivers.centralized_db [None req-975ccddc-93ce-445c-b8dc-1d79b7716e6d None None] Node reference is already recorded, ignoring it {{(pid=102019) configure /opt/stack/glance/glance/image_cache/drivers/centralized_db.py:71}}
Jun 16 10:51:41.413631 np0000002933 devstack@g-api.service[102020]: INFO glance.api.middleware.cache [None req-b1c43e5f-f8df-49cd-be93-4745ea80fca2 None None] Initialized image cache middleware
Jun 16 10:51:41.414811 np0000002933 devstack@g-api.service[102019]: INFO glance.api.middleware.cache_manage [None req-975ccddc-93ce-445c-b8dc-1d79b7716e6d None None] Initialized image cache management middleware
Jun 16 10:51:41.414987 np0000002933 devstack@g-api.service[102019]: INFO glance.image_cache [None req-975ccddc-93ce-445c-b8dc-1d79b7716e6d None None] Image cache loaded driver 'centralized_db'.
Jun 16 10:51:41.416428 np0000002933 devstack@g-api.service[102021]: DEBUG glance.image_cache.drivers.centralized_db [None req-a9f68168-a848-4de9-b06a-f2510d369469 None None] Node reference is already recorded, ignoring it {{(pid=102021) configure /opt/stack/glance/glance/image_cache/drivers/centralized_db.py:71}}
Jun 16 10:51:41.421399 np0000002933 devstack@g-api.service[102021]: INFO glance.api.middleware.cache_manage [None req-a9f68168-a848-4de9-b06a-f2510d369469 None None] Initialized image cache management middleware
Jun 16 10:51:41.421683 np0000002933 devstack@g-api.service[102021]: INFO glance.image_cache [None req-a9f68168-a848-4de9-b06a-f2510d369469 None None] Image cache loaded driver 'centralized_db'.
Jun 16 10:51:41.421895 np0000002933 devstack@g-api.service[102019]: DEBUG glance.image_cache.drivers.centralized_db [None req-975ccddc-93ce-445c-b8dc-1d79b7716e6d None None] Node reference is already recorded, ignoring it {{(pid=102019) configure /opt/stack/glance/glance/image_cache/drivers/centralized_db.py:71}}
Jun 16 10:51:41.424301 np0000002933 devstack@g-api.service[102020]: DEBUG glance.common.config [None req-b1c43e5f-f8df-49cd-be93-4745ea80fca2 None None] ******************************************************************************** {{(pid=102020) log_opt_values /opt/stack/data/venv/lib/python3.12/site-packages/oslo_config/cfg.py:3226}}
Jun 16 10:51:41.424400 np0000002933 devstack@g-api.service[102020]: DEBUG glance.common.config [None req-b1c43e5f-f8df-49cd-be93-4745ea80fca2 None None] Configuration options gathered from: {{(pid=102020) log_opt_values /opt/stack/data/venv/lib/python3.12/site-packages/oslo_config/cfg.py:3227}}
Jun 16 10:51:41.424698 np0000002933 devstack@g-api.service[102020]: DEBUG glance.common.config [None req-b1c43e5f-f8df-49cd-be93-4745ea80fca2 None None] command line args: [] {{(pid=102020) log_opt_values /opt/stack/data/venv/lib/python3.12/site-packages/oslo_config/cfg.py:3228}}
Jun 16 10:51:41.424840 np0000002933 devstack@g-api.service[102020]: DEBUG glance.common.config [None req-b1c43e5f-f8df-49cd-be93-4745ea80fca2 None None] config files: ['/etc/glance/glance-image-import.conf', '/etc/glance/glance-api.conf'] {{(pid=102020) log_opt_values /opt/stack/data/venv/lib/python3.12/site-packages/oslo_config/cfg.py:3229}}
Jun 16 10:51:41.424892 np0000002933 devstack@g-api.service[102020]: DEBUG glance.common.config [None req-b1c43e5f-f8df-49cd-be93-4745ea80fca2 None None] ================================================================================ {{(pid=102020) log_opt_values /opt/stack/data/venv/lib/python3.12/site-packages/oslo_config/cfg.py:3234}}
Jun 16 10:51:41.425028 np0000002933 devstack@g-api.service[102020]: DEBUG glance.common.config [None req-b1c43e5f-f8df-49cd-be93-4745ea80fca2 None None] allow_anonymous_access = False {{(pid=102020) log_opt_values /opt/stack/data/venv/lib/python3.12/site-packages/oslo_config/cfg.py:3242}}
Jun 16 10:51:41.425117 np0000002933 devstack@g-api.service[102020]: DEBUG glance.common.config [None req-b1c43e5f-f8df-49cd-be93-4745ea80fca2 None None] api_limit_max = 1000 {{(pid=102020) log_opt_values /opt/stack/data/venv/lib/python3.12/site-packages/oslo_config/cfg.py:3242}}
Jun 16 10:51:41.425225 np0000002933 devstack@g-api.service[102020]: DEBUG glance.common.config [None req-b1c43e5f-f8df-49cd-be93-4745ea80fca2 None None] backlog = 4096 {{(pid=102020) log_opt_values /opt/stack/data/venv/lib/python3.12/site-packages/oslo_config/cfg.py:3242}}
Jun 16 10:51:41.425351 np0000002933 devstack@g-api.service[102020]: DEBUG glance.common.config [None req-b1c43e5f-f8df-49cd-be93-4745ea80fca2 None None] bind_host = 0.0.0.0 {{(pid=102020) log_opt_values /opt/stack/data/venv/lib/python3.12/site-packages/oslo_config/cfg.py:3242}}
Jun 16 10:51:41.425457 np0000002933 devstack@g-api.service[102020]: DEBUG glance.common.config [None req-b1c43e5f-f8df-49cd-be93-4745ea80fca2 None None] bind_port = 19292 {{(pid=102020) log_opt_values /opt/stack/data/venv/lib/python3.12/site-packages/oslo_config/cfg.py:3242}}
Jun 16 10:51:41.425551 np0000002933 devstack@g-api.service[102020]: DEBUG glance.common.config [None req-b1c43e5f-f8df-49cd-be93-4745ea80fca2 None None] client_socket_timeout = 900 {{(pid=102020) log_opt_values /opt/stack/data/venv/lib/python3.12/site-packages/oslo_config/cfg.py:3242}}
Jun 16 10:51:41.425648 np0000002933 devstack@g-api.service[102020]: DEBUG glance.common.config [None req-b1c43e5f-f8df-49cd-be93-4745ea80fca2 None None] config_dir = [] {{(pid=102020) log_opt_values /opt/stack/data/venv/lib/python3.12/site-packages/oslo_config/cfg.py:3242}}
Jun 16 10:51:41.425704 np0000002933 devstack@g-api.service[102020]: DEBUG glance.common.config [None req-b1c43e5f-f8df-49cd-be93-4745ea80fca2 None None] config_file = ['/etc/glance/glance-image-import.conf', '/etc/glance/glance-api.conf'] {{(pid=102020) log_opt_values /opt/stack/data/venv/lib/python3.12/site-packages/oslo_config/cfg.py:3242}}
Jun 16 10:51:41.425831 np0000002933 devstack@g-api.service[102020]: DEBUG glance.common.config [None req-b1c43e5f-f8df-49cd-be93-4745ea80fca2 None None] config_source = [] {{(pid=102020) log_opt_values /opt/stack/data/venv/lib/python3.12/site-packages/oslo_config/cfg.py:3242}}
Jun 16 10:51:41.425924 np0000002933 devstack@g-api.service[102020]: DEBUG glance.common.config [None req-b1c43e5f-f8df-49cd-be93-4745ea80fca2 None None] control_exchange = glance {{(pid=102020) log_opt_values /opt/stack/data/venv/lib/python3.12/site-packages/oslo_config/cfg.py:3242}}
Jun 16 10:51:41.426014 np0000002933 devstack@g-api.service[102020]: DEBUG glance.common.config [None req-b1c43e5f-f8df-49cd-be93-4745ea80fca2 None None] debug = True {{(pid=102020) log_opt_values /opt/stack/data/venv/lib/python3.12/site-packages/oslo_config/cfg.py:3242}}
Jun 16 10:51:41.426177 np0000002933 devstack@g-api.service[102020]: DEBUG glance.common.config [None req-b1c43e5f-f8df-49cd-be93-4745ea80fca2 None None] default_log_levels = ['amqp=WARN', 'boto=WARN', 'sqlalchemy=WARN', 'suds=INFO', 'oslo.messaging=INFO', 'oslo_messaging=INFO', 'iso8601=WARN', 'requests.packages.urllib3.connectionpool=WARN', 'urllib3.connectionpool=WARN', 'websocket=WARN', 'requests.packages.urllib3.util.retry=WARN', 'urllib3.util.retry=WARN', 'keystonemiddleware=WARN', 'routes.middleware=WARN', 'stevedore=WARN', 'taskflow=WARN', 'keystoneauth=WARN', 'oslo.cache=INFO', 'oslo_policy=INFO', 'dogpile.core.dogpile=INFO'] {{(pid=102020) log_opt_values /opt/stack/data/venv/lib/python3.12/site-packages/oslo_config/cfg.py:3242}}
Jun 16 10:51:41.426295 np0000002933 devstack@g-api.service[102020]: DEBUG glance.common.config [None req-b1c43e5f-f8df-49cd-be93-4745ea80fca2 None None] default_publisher_id = image.localhost {{(pid=102020) log_opt_values /opt/stack/data/venv/lib/python3.12/site-packages/oslo_config/cfg.py:3242}}
Jun 16 10:51:41.426396 np0000002933 devstack@g-api.service[102020]: DEBUG glance.common.config [None req-b1c43e5f-f8df-49cd-be93-4745ea80fca2 None None] delayed_delete = False {{(pid=102020) log_opt_values /opt/stack/data/venv/lib/python3.12/site-packages/oslo_config/cfg.py:3242}}
Jun 16 10:51:41.426445 np0000002933 devstack@g-api.service[102019]: INFO glance.api.middleware.cache [None req-975ccddc-93ce-445c-b8dc-1d79b7716e6d None None] Initialized image cache middleware
Jun 16 10:51:41.426487 np0000002933 devstack@g-api.service[102020]: DEBUG glance.common.config [None req-b1c43e5f-f8df-49cd-be93-4745ea80fca2 None None] digest_algorithm = sha256 {{(pid=102020) log_opt_values /opt/stack/data/venv/lib/python3.12/site-packages/oslo_config/cfg.py:3242}}
Jun 16 10:51:41.426590 np0000002933 devstack@g-api.service[102020]: DEBUG glance.common.config [None req-b1c43e5f-f8df-49cd-be93-4745ea80fca2 None None] disabled_notifications = [] {{(pid=102020) log_opt_values /opt/stack/data/venv/lib/python3.12/site-packages/oslo_config/cfg.py:3242}}
Jun 16 10:51:41.426847 np0000002933 devstack@g-api.service[102020]: DEBUG glance.common.config [None req-b1c43e5f-f8df-49cd-be93-4745ea80fca2 None None] do_secure_hash = True {{(pid=102020) log_opt_values /opt/stack/data/venv/lib/python3.12/site-packages/oslo_config/cfg.py:3242}}
Jun 16 10:51:41.426847 np0000002933 devstack@g-api.service[102020]: DEBUG glance.common.config [None req-b1c43e5f-f8df-49cd-be93-4745ea80fca2 None None] enabled_backends = None {{(pid=102020) log_opt_values /opt/stack/data/venv/lib/python3.12/site-packages/oslo_config/cfg.py:3242}}
Jun 16 10:51:41.426964 np0000002933 devstack@g-api.service[102020]: DEBUG glance.common.config [None req-b1c43e5f-f8df-49cd-be93-4745ea80fca2 None None] enabled_import_methods = ['glance-direct', 'web-download', 'copy-image'] {{(pid=102020) log_opt_values /opt/stack/data/venv/lib/python3.12/site-packages/oslo_config/cfg.py:3242}}
Jun 16 10:51:41.427054 np0000002933 devstack@g-api.service[102020]: DEBUG glance.common.config [None req-b1c43e5f-f8df-49cd-be93-4745ea80fca2 None None] fatal_deprecations = False {{(pid=102020) log_opt_values /opt/stack/data/venv/lib/python3.12/site-packages/oslo_config/cfg.py:3242}}
Jun 16 10:51:41.427146 np0000002933 devstack@g-api.service[102020]: DEBUG glance.common.config [None req-b1c43e5f-f8df-49cd-be93-4745ea80fca2 None None] hashing_algorithm = sha512 {{(pid=102020) log_opt_values /opt/stack/data/venv/lib/python3.12/site-packages/oslo_config/cfg.py:3242}}
Jun 16 10:51:41.427231 np0000002933 devstack@g-api.service[102020]: DEBUG glance.common.config [None req-b1c43e5f-f8df-49cd-be93-4745ea80fca2 None None] http_keepalive = True {{(pid=102020) log_opt_values /opt/stack/data/venv/lib/python3.12/site-packages/oslo_config/cfg.py:3242}}
Jun 16 10:51:41.427334 np0000002933 devstack@g-api.service[102020]: DEBUG glance.common.config [None req-b1c43e5f-f8df-49cd-be93-4745ea80fca2 None None] http_retries = 3 {{(pid=102020) log_opt_values /opt/stack/data/venv/lib/python3.12/site-packages/oslo_config/cfg.py:3242}}
Jun 16 10:51:41.427427 np0000002933 devstack@g-api.service[102020]: DEBUG glance.common.config [None req-b1c43e5f-f8df-49cd-be93-4745ea80fca2 None None] image_cache_dir = /opt/stack/data/glance/cache/ {{(pid=102020) log_opt_values /opt/stack/data/venv/lib/python3.12/site-packages/oslo_config/cfg.py:3242}}
Jun 16 10:51:41.427518 np0000002933 devstack@g-api.service[102020]: DEBUG glance.common.config [None req-b1c43e5f-f8df-49cd-be93-4745ea80fca2 None None] image_cache_driver = centralized_db {{(pid=102020) log_opt_values /opt/stack/data/venv/lib/python3.12/site-packages/oslo_config/cfg.py:3242}}
Jun 16 10:51:41.427606 np0000002933 devstack@g-api.service[102020]: DEBUG glance.common.config [None req-b1c43e5f-f8df-49cd-be93-4745ea80fca2 None None] image_cache_max_size = 10737418240 {{(pid=102020) log_opt_values /opt/stack/data/venv/lib/python3.12/site-packages/oslo_config/cfg.py:3242}}
Jun 16 10:51:41.427812 np0000002933 devstack@g-api.service[102020]: DEBUG glance.common.config [None req-b1c43e5f-f8df-49cd-be93-4745ea80fca2 None None] image_cache_sqlite_db = cache.db {{(pid=102020) log_opt_values /opt/stack/data/venv/lib/python3.12/site-packages/oslo_config/cfg.py:3242}}
Jun 16 10:51:41.427910 np0000002933 devstack@g-api.service[102020]: DEBUG glance.common.config [None req-b1c43e5f-f8df-49cd-be93-4745ea80fca2 None None] image_cache_stall_time = 86400 {{(pid=102020) log_opt_values /opt/stack/data/venv/lib/python3.12/site-packages/oslo_config/cfg.py:3242}}
Jun 16 10:51:41.427998 np0000002933 devstack@g-api.service[102020]: DEBUG glance.common.config [None req-b1c43e5f-f8df-49cd-be93-4745ea80fca2 None None] image_location_quota = 10 {{(pid=102020) log_opt_values /opt/stack/data/venv/lib/python3.12/site-packages/oslo_config/cfg.py:3242}}
Jun 16 10:51:41.428180 np0000002933 devstack@g-api.service[102020]: DEBUG glance.common.config [None req-b1c43e5f-f8df-49cd-be93-4745ea80fca2 None None] image_member_quota = 128 {{(pid=102020) log_opt_values /opt/stack/data/venv/lib/python3.12/site-packages/oslo_config/cfg.py:3242}}
Jun 16 10:51:41.428180 np0000002933 devstack@g-api.service[102020]: DEBUG glance.common.config [None req-b1c43e5f-f8df-49cd-be93-4745ea80fca2 None None] image_property_quota = 128 {{(pid=102020) log_opt_values /opt/stack/data/venv/lib/python3.12/site-packages/oslo_config/cfg.py:3242}}
Jun 16 10:51:41.428270 np0000002933 devstack@g-api.service[102020]: DEBUG glance.common.config [None req-b1c43e5f-f8df-49cd-be93-4745ea80fca2 None None] image_size_cap = 1099511627776 {{(pid=102020) log_opt_values /opt/stack/data/venv/lib/python3.12/site-packages/oslo_config/cfg.py:3242}}
Jun 16 10:51:41.428347 np0000002933 devstack@g-api.service[102020]: DEBUG glance.common.config [None req-b1c43e5f-f8df-49cd-be93-4745ea80fca2 None None] image_tag_quota = 128 {{(pid=102020) log_opt_values /opt/stack/data/venv/lib/python3.12/site-packages/oslo_config/cfg.py:3242}}
Jun 16 10:51:41.428467 np0000002933 devstack@g-api.service[102020]: DEBUG glance.common.config [None req-b1c43e5f-f8df-49cd-be93-4745ea80fca2 None None] instance_format = [instance: %(uuid)s] {{(pid=102020) log_opt_values /opt/stack/data/venv/lib/python3.12/site-packages/oslo_config/cfg.py:3242}}
Jun 16 10:51:41.428563 np0000002933 devstack@g-api.service[102020]: DEBUG glance.common.config [None req-b1c43e5f-f8df-49cd-be93-4745ea80fca2 None None] instance_uuid_format = [instance: %(uuid)s] {{(pid=102020) log_opt_values /opt/stack/data/venv/lib/python3.12/site-packages/oslo_config/cfg.py:3242}}
Jun 16 10:51:41.428648 np0000002933 devstack@g-api.service[102020]: DEBUG glance.common.config [None req-b1c43e5f-f8df-49cd-be93-4745ea80fca2 None None] limit_param_default = 25 {{(pid=102020) log_opt_values /opt/stack/data/venv/lib/python3.12/site-packages/oslo_config/cfg.py:3242}}
Jun 16 10:51:41.428742 np0000002933 devstack@g-api.service[102020]: DEBUG glance.common.config [None req-b1c43e5f-f8df-49cd-be93-4745ea80fca2 None None] log_color = False {{(pid=102020) log_opt_values /opt/stack/data/venv/lib/python3.12/site-packages/oslo_config/cfg.py:3242}}
Jun 16 10:51:41.428889 np0000002933 devstack@g-api.service[102020]: DEBUG glance.common.config [None req-b1c43e5f-f8df-49cd-be93-4745ea80fca2 None None] log_config_append = None {{(pid=102020) log_opt_values /opt/stack/data/venv/lib/python3.12/site-packages/oslo_config/cfg.py:3242}}
Jun 16 10:51:41.428937 np0000002933 devstack@g-api.service[102020]: DEBUG glance.common.config [None req-b1c43e5f-f8df-49cd-be93-4745ea80fca2 None None] log_date_format = %Y-%m-%d %H:%M:%S {{(pid=102020) log_opt_values /opt/stack/data/venv/lib/python3.12/site-packages/oslo_config/cfg.py:3242}}
Jun 16 10:51:41.429032 np0000002933 devstack@g-api.service[102020]: DEBUG glance.common.config [None req-b1c43e5f-f8df-49cd-be93-4745ea80fca2 None None] log_dir = None {{(pid=102020) log_opt_values /opt/stack/data/venv/lib/python3.12/site-packages/oslo_config/cfg.py:3242}}
Jun 16 10:51:41.429119 np0000002933 devstack@g-api.service[102020]: DEBUG glance.common.config [None req-b1c43e5f-f8df-49cd-be93-4745ea80fca2 None None] log_file = None {{(pid=102020) log_opt_values /opt/stack/data/venv/lib/python3.12/site-packages/oslo_config/cfg.py:3242}}
Jun 16 10:51:41.429206 np0000002933 devstack@g-api.service[102020]: DEBUG glance.common.config [None req-b1c43e5f-f8df-49cd-be93-4745ea80fca2 None None] log_rotate_interval = 1 {{(pid=102020) log_opt_values /opt/stack/data/venv/lib/python3.12/site-packages/oslo_config/cfg.py:3242}}
Jun 16 10:51:41.429311 np0000002933 devstack@g-api.service[102020]: DEBUG glance.common.config [None req-b1c43e5f-f8df-49cd-be93-4745ea80fca2 None None] log_rotate_interval_type = days {{(pid=102020) log_opt_values /opt/stack/data/venv/lib/python3.12/site-packages/oslo_config/cfg.py:3242}}
Jun 16 10:51:41.429403 np0000002933 devstack@g-api.service[102020]: DEBUG glance.common.config [None req-b1c43e5f-f8df-49cd-be93-4745ea80fca2 None None] log_rotation_type = none {{(pid=102020) log_opt_values /opt/stack/data/venv/lib/python3.12/site-packages/oslo_config/cfg.py:3242}}
Jun 16 10:51:41.429472 np0000002933 devstack@g-api.service[102020]: DEBUG glance.common.config [None req-b1c43e5f-f8df-49cd-be93-4745ea80fca2 None None] logging_context_format_string = %(color)s%(levelname)s %(name)s [%(global_request_id)s %(request_id)s %(project_name)s %(user_name)s%(color)s] %(instance)s%(color)s%(message)s {{(pid=102020) log_opt_values /opt/stack/data/venv/lib/python3.12/site-packages/oslo_config/cfg.py:3242}}
Jun 16 10:51:41.429540 np0000002933 devstack@g-api.service[102020]: DEBUG glance.common.config [None req-b1c43e5f-f8df-49cd-be93-4745ea80fca2 None None] logging_debug_format_suffix = {{(pid=%(process)d) %(funcName)s %(pathname)s:%(lineno)d}} {{(pid=102020) log_opt_values /opt/stack/data/venv/lib/python3.12/site-packages/oslo_config/cfg.py:3242}}
Jun 16 10:51:41.429624 np0000002933 devstack@g-api.service[102020]: DEBUG glance.common.config [None req-b1c43e5f-f8df-49cd-be93-4745ea80fca2 None None] logging_default_format_string = %(color)s%(levelname)s %(name)s [-%(color)s] %(instance)s%(color)s%(message)s {{(pid=102020) log_opt_values /opt/stack/data/venv/lib/python3.12/site-packages/oslo_config/cfg.py:3242}}
Jun 16 10:51:41.429714 np0000002933 devstack@g-api.service[102020]: DEBUG glance.common.config [None req-b1c43e5f-f8df-49cd-be93-4745ea80fca2 None None] logging_exception_prefix = ERROR %(name)s %(instance)s {{(pid=102020) log_opt_values /opt/stack/data/venv/lib/python3.12/site-packages/oslo_config/cfg.py:3242}}
Jun 16 10:51:41.429784 np0000002933 devstack@g-api.service[102020]: DEBUG glance.common.config [None req-b1c43e5f-f8df-49cd-be93-4745ea80fca2 None None] logging_user_identity_format = %(user)s %(project)s %(domain)s %(system_scope)s %(user_domain)s %(project_domain)s {{(pid=102020) log_opt_values /opt/stack/data/venv/lib/python3.12/site-packages/oslo_config/cfg.py:3242}}
Jun 16 10:51:41.429883 np0000002933 devstack@g-api.service[102020]: DEBUG glance.common.config [None req-b1c43e5f-f8df-49cd-be93-4745ea80fca2 None None] max_header_line = 16384 {{(pid=102020) log_opt_values /opt/stack/data/venv/lib/python3.12/site-packages/oslo_config/cfg.py:3242}}
Jun 16 10:51:41.429993 np0000002933 devstack@g-api.service[102020]: DEBUG glance.common.config [None req-b1c43e5f-f8df-49cd-be93-4745ea80fca2 None None] max_logfile_count = 30 {{(pid=102020) log_opt_values /opt/stack/data/venv/lib/python3.12/site-packages/oslo_config/cfg.py:3242}}
Jun 16 10:51:41.430084 np0000002933 devstack@g-api.service[102020]: DEBUG glance.common.config [None req-b1c43e5f-f8df-49cd-be93-4745ea80fca2 None None] max_logfile_size_mb = 200 {{(pid=102020) log_opt_values /opt/stack/data/venv/lib/python3.12/site-packages/oslo_config/cfg.py:3242}}
Jun 16 10:51:41.430169 np0000002933 devstack@g-api.service[102020]: DEBUG glance.common.config [None req-b1c43e5f-f8df-49cd-be93-4745ea80fca2 None None] max_request_id_length = 64 {{(pid=102020) log_opt_values /opt/stack/data/venv/lib/python3.12/site-packages/oslo_config/cfg.py:3242}}
Jun 16 10:51:41.430228 np0000002933 devstack@g-api.service[102021]: DEBUG glance.image_cache.drivers.centralized_db [None req-a9f68168-a848-4de9-b06a-f2510d369469 None None] Node reference is already recorded, ignoring it {{(pid=102021) configure /opt/stack/glance/glance/image_cache/drivers/centralized_db.py:71}}
Jun 16 10:51:41.430284 np0000002933 devstack@g-api.service[102020]: DEBUG glance.common.config [None req-b1c43e5f-f8df-49cd-be93-4745ea80fca2 None None] metadata_encryption_key = **** {{(pid=102020) log_opt_values /opt/stack/data/venv/lib/python3.12/site-packages/oslo_config/cfg.py:3242}}
Jun 16 10:51:41.430386 np0000002933 devstack@g-api.service[102020]: DEBUG glance.common.config [None req-b1c43e5f-f8df-49cd-be93-4745ea80fca2 None None] node_staging_uri = file:///tmp/staging/ {{(pid=102020) log_opt_values /opt/stack/data/venv/lib/python3.12/site-packages/oslo_config/cfg.py:3242}}
Jun 16 10:51:41.430486 np0000002933 devstack@g-api.service[102020]: DEBUG glance.common.config [None req-b1c43e5f-f8df-49cd-be93-4745ea80fca2 None None] property_protection_file = None {{(pid=102020) log_opt_values /opt/stack/data/venv/lib/python3.12/site-packages/oslo_config/cfg.py:3242}}
Jun 16 10:51:41.430582 np0000002933 devstack@g-api.service[102020]: DEBUG glance.common.config [None req-b1c43e5f-f8df-49cd-be93-4745ea80fca2 None None] property_protection_rule_format = roles {{(pid=102020) log_opt_values /opt/stack/data/venv/lib/python3.12/site-packages/oslo_config/cfg.py:3242}}
Jun 16 10:51:41.430674 np0000002933 devstack@g-api.service[102020]: DEBUG glance.common.config [None req-b1c43e5f-f8df-49cd-be93-4745ea80fca2 None None] public_endpoint = https://10.4.3.134/image {{(pid=102020) log_opt_values /opt/stack/data/venv/lib/python3.12/site-packages/oslo_config/cfg.py:3242}}
Jun 16 10:51:41.430765 np0000002933 devstack@g-api.service[102020]: DEBUG glance.common.config [None req-b1c43e5f-f8df-49cd-be93-4745ea80fca2 None None] publish_errors = False {{(pid=102020) log_opt_values /opt/stack/data/venv/lib/python3.12/site-packages/oslo_config/cfg.py:3242}}
Jun 16 10:51:41.430864 np0000002933 devstack@g-api.service[102020]: DEBUG glance.common.config [None req-b1c43e5f-f8df-49cd-be93-4745ea80fca2 None None] pydev_worker_debug_host = None {{(pid=102020) log_opt_values /opt/stack/data/venv/lib/python3.12/site-packages/oslo_config/cfg.py:3242}}
Jun 16 10:51:41.430952 np0000002933 devstack@g-api.service[102020]: DEBUG glance.common.config [None req-b1c43e5f-f8df-49cd-be93-4745ea80fca2 None None] pydev_worker_debug_port = 5678 {{(pid=102020) log_opt_values /opt/stack/data/venv/lib/python3.12/site-packages/oslo_config/cfg.py:3242}}
Jun 16 10:51:41.431059 np0000002933 devstack@g-api.service[102020]: DEBUG glance.common.config [None req-b1c43e5f-f8df-49cd-be93-4745ea80fca2 None None] rate_limit_burst = 0 {{(pid=102020) log_opt_values /opt/stack/data/venv/lib/python3.12/site-packages/oslo_config/cfg.py:3242}}
Jun 16 10:51:41.431157 np0000002933 devstack@g-api.service[102020]: DEBUG glance.common.config [None req-b1c43e5f-f8df-49cd-be93-4745ea80fca2 None None] rate_limit_except_level = CRITICAL {{(pid=102020) log_opt_values /opt/stack/data/venv/lib/python3.12/site-packages/oslo_config/cfg.py:3242}}
Jun 16 10:51:41.431242 np0000002933 devstack@g-api.service[102020]: DEBUG glance.common.config [None req-b1c43e5f-f8df-49cd-be93-4745ea80fca2 None None] rate_limit_interval = 0 {{(pid=102020) log_opt_values /opt/stack/data/venv/lib/python3.12/site-packages/oslo_config/cfg.py:3242}}
Jun 16 10:51:41.431342 np0000002933 devstack@g-api.service[102020]: DEBUG glance.common.config [None req-b1c43e5f-f8df-49cd-be93-4745ea80fca2 None None] scrub_pool_size = 1 {{(pid=102020) log_opt_values /opt/stack/data/venv/lib/python3.12/site-packages/oslo_config/cfg.py:3242}}
Jun 16 10:51:41.431426 np0000002933 devstack@g-api.service[102020]: DEBUG glance.common.config [None req-b1c43e5f-f8df-49cd-be93-4745ea80fca2 None None] scrub_time = 0 {{(pid=102020) log_opt_values /opt/stack/data/venv/lib/python3.12/site-packages/oslo_config/cfg.py:3242}}
Jun 16 10:51:41.431507 np0000002933 devstack@g-api.service[102020]: DEBUG glance.common.config [None req-b1c43e5f-f8df-49cd-be93-4745ea80fca2 None None] shell_completion = None {{(pid=102020) log_opt_values /opt/stack/data/venv/lib/python3.12/site-packages/oslo_config/cfg.py:3242}}
Jun 16 10:51:41.431600 np0000002933 devstack@g-api.service[102020]: DEBUG glance.common.config [None req-b1c43e5f-f8df-49cd-be93-4745ea80fca2 None None] show_image_direct_url = False {{(pid=102020) log_opt_values /opt/stack/data/venv/lib/python3.12/site-packages/oslo_config/cfg.py:3242}}
Jun 16 10:51:41.431988 np0000002933 devstack@g-api.service[102020]: WARNING oslo_config.cfg [None req-b1c43e5f-f8df-49cd-be93-4745ea80fca2 None None] Deprecated: Option "show_multiple_locations" from group "DEFAULT" is deprecated for removal (Use of this option, deprecated since Newton, is a security risk and will be removed once we figure out a way to satisfy those use cases that currently require it. An earlier announcement that the same functionality can be achieved with greater granularity by using policies is incorrect. You cannot work around this option via policy configuration at the present time, though that is the direction we believe the fix will take. Please keep an eye on the Glance release notes to stay up to date on progress in addressing this issue.). Its value may be silently ignored in the future.
Jun 16 10:51:41.432104 np0000002933 devstack@g-api.service[102020]: DEBUG glance.common.config [None req-b1c43e5f-f8df-49cd-be93-4745ea80fca2 None None] show_multiple_locations = False {{(pid=102020) log_opt_values /opt/stack/data/venv/lib/python3.12/site-packages/oslo_config/cfg.py:3242}}
Jun 16 10:51:41.432218 np0000002933 devstack@g-api.service[102020]: DEBUG glance.common.config [None req-b1c43e5f-f8df-49cd-be93-4745ea80fca2 None None] syslog_log_facility = LOG_USER {{(pid=102020) log_opt_values /opt/stack/data/venv/lib/python3.12/site-packages/oslo_config/cfg.py:3242}}
Jun 16 10:51:41.432321 np0000002933 devstack@g-api.service[102020]: DEBUG glance.common.config [None req-b1c43e5f-f8df-49cd-be93-4745ea80fca2 None None] tcp_keepidle = 600 {{(pid=102020) log_opt_values /opt/stack/data/venv/lib/python3.12/site-packages/oslo_config/cfg.py:3242}}
Jun 16 10:51:41.432455 np0000002933 devstack@g-api.service[102020]: DEBUG glance.common.config [None req-b1c43e5f-f8df-49cd-be93-4745ea80fca2 None None] transport_url = **** {{(pid=102020) log_opt_values /opt/stack/data/venv/lib/python3.12/site-packages/oslo_config/cfg.py:3242}}
Jun 16 10:51:41.432585 np0000002933 devstack@g-api.service[102020]: DEBUG glance.common.config [None req-b1c43e5f-f8df-49cd-be93-4745ea80fca2 None None] use_journal = False {{(pid=102020) log_opt_values /opt/stack/data/venv/lib/python3.12/site-packages/oslo_config/cfg.py:3242}}
Jun 16 10:51:41.432689 np0000002933 devstack@g-api.service[102020]: DEBUG glance.common.config [None req-b1c43e5f-f8df-49cd-be93-4745ea80fca2 None None] use_json = False {{(pid=102020) log_opt_values /opt/stack/data/venv/lib/python3.12/site-packages/oslo_config/cfg.py:3242}}
Jun 16 10:51:41.432804 np0000002933 devstack@g-api.service[102020]: DEBUG glance.common.config [None req-b1c43e5f-f8df-49cd-be93-4745ea80fca2 None None] use_keystone_limits = True {{(pid=102020) log_opt_values /opt/stack/data/venv/lib/python3.12/site-packages/oslo_config/cfg.py:3242}}
Jun 16 10:51:41.432925 np0000002933 devstack@g-api.service[102020]: DEBUG glance.common.config [None req-b1c43e5f-f8df-49cd-be93-4745ea80fca2 None None] use_stderr = False {{(pid=102020) log_opt_values /opt/stack/data/venv/lib/python3.12/site-packages/oslo_config/cfg.py:3242}}
Jun 16 10:51:41.433070 np0000002933 devstack@g-api.service[102020]: DEBUG glance.common.config [None req-b1c43e5f-f8df-49cd-be93-4745ea80fca2 None None] use_syslog = False {{(pid=102020) log_opt_values /opt/stack/data/venv/lib/python3.12/site-packages/oslo_config/cfg.py:3242}}
Jun 16 10:51:41.433218 np0000002933 devstack@g-api.service[102020]: DEBUG glance.common.config [None req-b1c43e5f-f8df-49cd-be93-4745ea80fca2 None None] user_storage_quota = 0 {{(pid=102020) log_opt_values /opt/stack/data/venv/lib/python3.12/site-packages/oslo_config/cfg.py:3242}}
Jun 16 10:51:41.433332 np0000002933 devstack@g-api.service[102020]: DEBUG glance.common.config [None req-b1c43e5f-f8df-49cd-be93-4745ea80fca2 None None] worker_self_reference_url = http://127.0.0.1:60999 {{(pid=102020) log_opt_values /opt/stack/data/venv/lib/python3.12/site-packages/oslo_config/cfg.py:3242}}
Jun 16 10:51:41.433418 np0000002933 devstack@g-api.service[102020]: DEBUG glance.common.config [None req-b1c43e5f-f8df-49cd-be93-4745ea80fca2 None None] workers = None {{(pid=102020) log_opt_values /opt/stack/data/venv/lib/python3.12/site-packages/oslo_config/cfg.py:3242}}
Jun 16 10:51:41.433521 np0000002933 devstack@g-api.service[102020]: DEBUG glance.common.config [None req-b1c43e5f-f8df-49cd-be93-4745ea80fca2 None None] oslo_concurrency.disable_process_locking = False {{(pid=102020) log_opt_values /opt/stack/data/venv/lib/python3.12/site-packages/oslo_config/cfg.py:3253}}
Jun 16 10:51:41.433621 np0000002933 devstack@g-api.service[102020]: DEBUG glance.common.config [None req-b1c43e5f-f8df-49cd-be93-4745ea80fca2 None None] oslo_concurrency.lock_path = /opt/stack/data/glance/locks {{(pid=102020) log_opt_values /opt/stack/data/venv/lib/python3.12/site-packages/oslo_config/cfg.py:3253}}
Jun 16 10:51:41.433716 np0000002933 devstack@g-api.service[102020]: DEBUG glance.common.config [None req-b1c43e5f-f8df-49cd-be93-4745ea80fca2 None None] oslo_middleware.enable_proxy_headers_parsing = False {{(pid=102020) log_opt_values /opt/stack/data/venv/lib/python3.12/site-packages/oslo_config/cfg.py:3253}}
Jun 16 10:51:41.433831 np0000002933 devstack@g-api.service[102020]: DEBUG glance.common.config [None req-b1c43e5f-f8df-49cd-be93-4745ea80fca2 None None] oslo_middleware.http_basic_auth_user_file = /etc/htpasswd {{(pid=102020) log_opt_values /opt/stack/data/venv/lib/python3.12/site-packages/oslo_config/cfg.py:3253}}
Jun 16 10:51:41.433928 np0000002933 devstack@g-api.service[102020]: DEBUG glance.common.config [None req-b1c43e5f-f8df-49cd-be93-4745ea80fca2 None None] paste_deploy.config_file = None {{(pid=102020) log_opt_values /opt/stack/data/venv/lib/python3.12/site-packages/oslo_config/cfg.py:3253}}
Jun 16 10:51:41.434045 np0000002933 devstack@g-api.service[102020]: DEBUG glance.common.config [None req-b1c43e5f-f8df-49cd-be93-4745ea80fca2 None None] paste_deploy.flavor = keystone+cachemanagement {{(pid=102020) log_opt_values /opt/stack/data/venv/lib/python3.12/site-packages/oslo_config/cfg.py:3253}}
Jun 16 10:51:41.434174 np0000002933 devstack@g-api.service[102020]: DEBUG glance.common.config [None req-b1c43e5f-f8df-49cd-be93-4745ea80fca2 None None] image_format.container_formats = ['ami', 'ari', 'aki', 'bare', 'ovf', 'ova', 'docker', 'compressed'] {{(pid=102020) log_opt_values /opt/stack/data/venv/lib/python3.12/site-packages/oslo_config/cfg.py:3253}}
Jun 16 10:51:41.434343 np0000002933 devstack@g-api.service[102020]: DEBUG glance.common.config [None req-b1c43e5f-f8df-49cd-be93-4745ea80fca2 None None] image_format.disk_formats = ['ami', 'ari', 'aki', 'vhd', 'vhdx', 'vmdk', 'raw', 'qcow2', 'vdi', 'iso', 'ploop'] {{(pid=102020) log_opt_values /opt/stack/data/venv/lib/python3.12/site-packages/oslo_config/cfg.py:3253}}
Jun 16 10:51:41.434462 np0000002933 devstack@g-api.service[102020]: DEBUG glance.common.config [None req-b1c43e5f-f8df-49cd-be93-4745ea80fca2 None None] image_format.gpt_safety_checks_nonfatal = [] {{(pid=102020) log_opt_values /opt/stack/data/venv/lib/python3.12/site-packages/oslo_config/cfg.py:3253}}
Jun 16 10:51:41.434560 np0000002933 devstack@g-api.service[102020]: DEBUG glance.common.config [None req-b1c43e5f-f8df-49cd-be93-4745ea80fca2 None None] image_format.require_image_format_match = True {{(pid=102020) log_opt_values /opt/stack/data/venv/lib/python3.12/site-packages/oslo_config/cfg.py:3253}}
Jun 16 10:51:41.434661 np0000002933 devstack@g-api.service[102020]: DEBUG glance.common.config [None req-b1c43e5f-f8df-49cd-be93-4745ea80fca2 None None] image_format.vmdk_allowed_types = ['streamOptimized', 'monolithicSparse'] {{(pid=102020) log_opt_values /opt/stack/data/venv/lib/python3.12/site-packages/oslo_config/cfg.py:3253}}
Jun 16 10:51:41.434765 np0000002933 devstack@g-api.service[102020]: DEBUG glance.common.config [None req-b1c43e5f-f8df-49cd-be93-4745ea80fca2 None None] task.task_executor = taskflow {{(pid=102020) log_opt_values /opt/stack/data/venv/lib/python3.12/site-packages/oslo_config/cfg.py:3253}}
Jun 16 10:51:41.434872 np0000002933 devstack@g-api.service[102020]: DEBUG glance.common.config [None req-b1c43e5f-f8df-49cd-be93-4745ea80fca2 None None] task.task_time_to_live = 48 {{(pid=102020) log_opt_values /opt/stack/data/venv/lib/python3.12/site-packages/oslo_config/cfg.py:3253}}
