Jun 16 10:51:17.448002 np0000002933 nova-scheduler[95676]: DEBUG cotyledon.oslo_config_glue [-] oslo_limit.auth_type = None {{(pid=95676) log_opt_values /opt/stack/data/venv/lib/python3.12/site-packages/oslo_config/cfg.py:3253}}
Jun 16 10:51:17.448002 np0000002933 nova-scheduler[95676]: DEBUG cotyledon.oslo_config_glue [-] oslo_limit.cafile = None {{(pid=95676) log_opt_values /opt/stack/data/venv/lib/python3.12/site-packages/oslo_config/cfg.py:3253}}
Jun 16 10:51:17.448002 np0000002933 nova-scheduler[95676]: DEBUG cotyledon.oslo_config_glue [-] oslo_limit.certfile = None {{(pid=95676) log_opt_values /opt/stack/data/venv/lib/python3.12/site-packages/oslo_config/cfg.py:3253}}
Jun 16 10:51:17.448002 np0000002933 nova-scheduler[95676]: DEBUG cotyledon.oslo_config_glue [-] oslo_limit.collect_timing = False {{(pid=95676) log_opt_values /opt/stack/data/venv/lib/python3.12/site-packages/oslo_config/cfg.py:3253}}
Jun 16 10:51:17.448002 np0000002933 nova-scheduler[95676]: DEBUG cotyledon.oslo_config_glue [-] oslo_limit.connect_retries = None {{(pid=95676) log_opt_values /opt/stack/data/venv/lib/python3.12/site-packages/oslo_config/cfg.py:3253}}
Jun 16 10:51:17.448174 np0000002933 nova-scheduler[95676]: DEBUG cotyledon.oslo_config_glue [-] oslo_limit.connect_retry_delay = None {{(pid=95676) log_opt_values /opt/stack/data/venv/lib/python3.12/site-packages/oslo_config/cfg.py:3253}}
Jun 16 10:51:17.448174 np0000002933 nova-scheduler[95676]: DEBUG cotyledon.oslo_config_glue [-] oslo_limit.endpoint_id = None {{(pid=95676) log_opt_values /opt/stack/data/venv/lib/python3.12/site-packages/oslo_config/cfg.py:3253}}
Jun 16 10:51:17.448174 np0000002933 nova-scheduler[95676]: DEBUG cotyledon.oslo_config_glue [-] oslo_limit.endpoint_interface = public {{(pid=95676) log_opt_values /opt/stack/data/venv/lib/python3.12/site-packages/oslo_config/cfg.py:3253}}
Jun 16 10:51:17.448174 np0000002933 nova-scheduler[95676]: DEBUG cotyledon.oslo_config_glue [-] oslo_limit.endpoint_override = None {{(pid=95676) log_opt_values /opt/stack/data/venv/lib/python3.12/site-packages/oslo_config/cfg.py:3253}}
Jun 16 10:51:17.448312 np0000002933 nova-scheduler[95676]: DEBUG cotyledon.oslo_config_glue [-] oslo_limit.endpoint_region_name = None {{(pid=95676) log_opt_values /opt/stack/data/venv/lib/python3.12/site-packages/oslo_config/cfg.py:3253}}
Jun 16 10:51:17.448312 np0000002933 nova-scheduler[95676]: DEBUG cotyledon.oslo_config_glue [-] oslo_limit.endpoint_service_name = None {{(pid=95676) log_opt_values /opt/stack/data/venv/lib/python3.12/site-packages/oslo_config/cfg.py:3253}}
Jun 16 10:51:17.448312 np0000002933 nova-scheduler[95676]: DEBUG cotyledon.oslo_config_glue [-] oslo_limit.endpoint_service_type = None {{(pid=95676) log_opt_values /opt/stack/data/venv/lib/python3.12/site-packages/oslo_config/cfg.py:3253}}
Jun 16 10:51:17.448312 np0000002933 nova-scheduler[95676]: DEBUG cotyledon.oslo_config_glue [-] oslo_limit.insecure = False {{(pid=95676) log_opt_values /opt/stack/data/venv/lib/python3.12/site-packages/oslo_config/cfg.py:3253}}
Jun 16 10:51:17.448452 np0000002933 nova-scheduler[95676]: DEBUG cotyledon.oslo_config_glue [-] oslo_limit.keyfile = None {{(pid=95676) log_opt_values /opt/stack/data/venv/lib/python3.12/site-packages/oslo_config/cfg.py:3253}}
Jun 16 10:51:17.448452 np0000002933 nova-scheduler[95676]: DEBUG cotyledon.oslo_config_glue [-] oslo_limit.max_version = None {{(pid=95676) log_opt_values /opt/stack/data/venv/lib/python3.12/site-packages/oslo_config/cfg.py:3253}}
Jun 16 10:51:17.448452 np0000002933 nova-scheduler[95676]: DEBUG cotyledon.oslo_config_glue [-] oslo_limit.min_version = None {{(pid=95676) log_opt_values /opt/stack/data/venv/lib/python3.12/site-packages/oslo_config/cfg.py:3253}}
Jun 16 10:51:17.448452 np0000002933 nova-scheduler[95676]: DEBUG cotyledon.oslo_config_glue [-] oslo_limit.region_name = None {{(pid=95676) log_opt_values /opt/stack/data/venv/lib/python3.12/site-packages/oslo_config/cfg.py:3253}}
Jun 16 10:51:17.448596 np0000002933 nova-scheduler[95676]: DEBUG cotyledon.oslo_config_glue [-] oslo_limit.retriable_status_codes = None {{(pid=95676) log_opt_values /opt/stack/data/venv/lib/python3.12/site-packages/oslo_config/cfg.py:3253}}
Jun 16 10:51:17.448596 np0000002933 nova-scheduler[95676]: DEBUG cotyledon.oslo_config_glue [-] oslo_limit.service_name = None {{(pid=95676) log_opt_values /opt/stack/data/venv/lib/python3.12/site-packages/oslo_config/cfg.py:3253}}
Jun 16 10:51:17.448596 np0000002933 nova-scheduler[95676]: DEBUG cotyledon.oslo_config_glue [-] oslo_limit.service_type = None {{(pid=95676) log_opt_values /opt/stack/data/venv/lib/python3.12/site-packages/oslo_config/cfg.py:3253}}
Jun 16 10:51:17.448596 np0000002933 nova-scheduler[95676]: DEBUG cotyledon.oslo_config_glue [-] oslo_limit.split_loggers = False {{(pid=95676) log_opt_values /opt/stack/data/venv/lib/python3.12/site-packages/oslo_config/cfg.py:3253}}
Jun 16 10:51:17.448596 np0000002933 nova-scheduler[95676]: DEBUG cotyledon.oslo_config_glue [-] oslo_limit.status_code_retries = None {{(pid=95676) log_opt_values /opt/stack/data/venv/lib/python3.12/site-packages/oslo_config/cfg.py:3253}}
Jun 16 10:51:17.448800 np0000002933 nova-scheduler[95676]: DEBUG cotyledon.oslo_config_glue [-] oslo_limit.status_code_retry_delay = None {{(pid=95676) log_opt_values /opt/stack/data/venv/lib/python3.12/site-packages/oslo_config/cfg.py:3253}}
Jun 16 10:51:17.448800 np0000002933 nova-scheduler[95676]: DEBUG cotyledon.oslo_config_glue [-] oslo_limit.timeout = None {{(pid=95676) log_opt_values /opt/stack/data/venv/lib/python3.12/site-packages/oslo_config/cfg.py:3253}}
Jun 16 10:51:17.448800 np0000002933 nova-scheduler[95676]: DEBUG cotyledon.oslo_config_glue [-] oslo_limit.valid_interfaces = None {{(pid=95676) log_opt_values /opt/stack/data/venv/lib/python3.12/site-packages/oslo_config/cfg.py:3253}}
Jun 16 10:51:17.448800 np0000002933 nova-scheduler[95676]: DEBUG cotyledon.oslo_config_glue [-] oslo_limit.version = None {{(pid=95676) log_opt_values /opt/stack/data/venv/lib/python3.12/site-packages/oslo_config/cfg.py:3253}}
Jun 16 10:51:17.448929 np0000002933 nova-scheduler[95676]: DEBUG cotyledon.oslo_config_glue [-] oslo_reports.file_event_handler = None {{(pid=95676) log_opt_values /opt/stack/data/venv/lib/python3.12/site-packages/oslo_config/cfg.py:3253}}
Jun 16 10:51:17.448929 np0000002933 nova-scheduler[95676]: DEBUG cotyledon.oslo_config_glue [-] oslo_reports.file_event_handler_interval = 1 {{(pid=95676) log_opt_values /opt/stack/data/venv/lib/python3.12/site-packages/oslo_config/cfg.py:3253}}
Jun 16 10:51:17.448929 np0000002933 nova-scheduler[95676]: DEBUG cotyledon.oslo_config_glue [-] oslo_reports.log_dir = None {{(pid=95676) log_opt_values /opt/stack/data/venv/lib/python3.12/site-packages/oslo_config/cfg.py:3253}}
Jun 16 10:51:17.449048 np0000002933 nova-scheduler[95676]: DEBUG cotyledon.oslo_config_glue [-] ******************************************************************************** {{(pid=95676) log_opt_values /opt/stack/data/venv/lib/python3.12/site-packages/oslo_config/cfg.py:3260}}
Jun 16 10:51:17.449094 np0000002933 nova-scheduler[95676]: DEBUG cotyledon._service_worker [-] Run service ServiceWrapper(2) [95676] {{(pid=95676) wait_forever /opt/stack/data/venv/lib/python3.12/site-packages/cotyledon/_service_worker.py:218}}
Jun 16 10:51:17.450206 np0000002933 nova-scheduler[95676]: INFO nova.service [-] Starting scheduler node (version 33.1.0)
Jun 16 10:51:17.453772 np0000002933 nova-scheduler[95676]: INFO dbcounter [None req-080dbd53-d51d-47f4-a001-167868ee5300 None None] Registered counter for database nova_cell0
Jun 16 10:51:17.461373 np0000002933 nova-scheduler[95648]: DEBUG oslo_db.sqlalchemy.engines [None req-390ce62c-3c95-456d-ba19-bf19ff49d200 None None] MySQL server mode set to STRICT_TRANS_TABLES,STRICT_ALL_TABLES,NO_ZERO_IN_DATE,NO_ZERO_DATE,ERROR_FOR_DIVISION_BY_ZERO,TRADITIONAL,NO_ENGINE_SUBSTITUTION {{(pid=95648) _check_effective_sql_mode /opt/stack/data/venv/lib/python3.12/site-packages/oslo_db/sqlalchemy/engines.py:325}}
Jun 16 10:51:17.464142 np0000002933 nova-scheduler[95646]: DEBUG oslo_db.sqlalchemy.engines [None req-ae942af2-253e-452d-b959-5988822e08b1 None None] MySQL server mode set to STRICT_TRANS_TABLES,STRICT_ALL_TABLES,NO_ZERO_IN_DATE,NO_ZERO_DATE,ERROR_FOR_DIVISION_BY_ZERO,TRADITIONAL,NO_ENGINE_SUBSTITUTION {{(pid=95646) _check_effective_sql_mode /opt/stack/data/venv/lib/python3.12/site-packages/oslo_db/sqlalchemy/engines.py:325}}
Jun 16 10:51:17.469936 np0000002933 nova-scheduler[95648]: DEBUG dbcounter [-] [95648] Writer thread running {{(pid=95648) stat_writer /opt/stack/data/venv/lib/python3.12/site-packages/dbcounter.py:102}}
Jun 16 10:51:17.475530 np0000002933 nova-scheduler[95646]: DEBUG dbcounter [-] [95646] Writer thread running {{(pid=95646) stat_writer /opt/stack/data/venv/lib/python3.12/site-packages/dbcounter.py:102}}
Jun 16 10:51:17.485563 np0000002933 nova-scheduler[95648]: DEBUG nova.service [None req-390ce62c-3c95-456d-ba19-bf19ff49d200 None None] Creating RPC server for service: nova-scheduler on topic: scheduler {{(pid=95648) start /opt/stack/nova/nova/service.py:196}}
Jun 16 10:51:17.489391 np0000002933 nova-scheduler[95676]: DEBUG oslo_db.sqlalchemy.engines [None req-080dbd53-d51d-47f4-a001-167868ee5300 None None] MySQL server mode set to STRICT_TRANS_TABLES,STRICT_ALL_TABLES,NO_ZERO_IN_DATE,NO_ZERO_DATE,ERROR_FOR_DIVISION_BY_ZERO,TRADITIONAL,NO_ENGINE_SUBSTITUTION {{(pid=95676) _check_effective_sql_mode /opt/stack/data/venv/lib/python3.12/site-packages/oslo_db/sqlalchemy/engines.py:325}}
Jun 16 10:51:17.495818 np0000002933 nova-scheduler[95646]: DEBUG nova.service [None req-ae942af2-253e-452d-b959-5988822e08b1 None None] Creating RPC server for service: nova-scheduler on topic: scheduler {{(pid=95646) start /opt/stack/nova/nova/service.py:196}}
Jun 16 10:51:17.499333 np0000002933 nova-scheduler[95676]: DEBUG dbcounter [-] [95676] Writer thread running {{(pid=95676) stat_writer /opt/stack/data/venv/lib/python3.12/site-packages/dbcounter.py:102}}
Jun 16 10:51:17.502497 np0000002933 nova-scheduler[95676]: DEBUG nova.service [None req-080dbd53-d51d-47f4-a001-167868ee5300 None None] Creating RPC server for service: nova-scheduler on topic: scheduler {{(pid=95676) start /opt/stack/nova/nova/service.py:196}}
Jun 16 10:51:17.508695 np0000002933 nova-scheduler[95648]: DEBUG nova.service [None req-390ce62c-3c95-456d-ba19-bf19ff49d200 None None] Join ServiceGroup membership for this service scheduler {{(pid=95648) start /opt/stack/nova/nova/service.py:222}}
Jun 16 10:51:17.508875 np0000002933 nova-scheduler[95648]: DEBUG nova.servicegroup.drivers.db [None req-390ce62c-3c95-456d-ba19-bf19ff49d200 None None] DB_Driver: join new ServiceGroup member np0000002933 to the scheduler group, service = {{(pid=95648) join /opt/stack/nova/nova/servicegroup/drivers/db.py:44}}
Jun 16 10:51:17.519108 np0000002933 nova-scheduler[95646]: DEBUG nova.service [None req-ae942af2-253e-452d-b959-5988822e08b1 None None] Join ServiceGroup membership for this service scheduler {{(pid=95646) start /opt/stack/nova/nova/service.py:222}}
Jun 16 10:51:17.519108 np0000002933 nova-scheduler[95646]: DEBUG nova.servicegroup.drivers.db [None req-ae942af2-253e-452d-b959-5988822e08b1 None None] DB_Driver: join new ServiceGroup member np0000002933 to the scheduler group, service = {{(pid=95646) join /opt/stack/nova/nova/servicegroup/drivers/db.py:44}}
Jun 16 10:51:17.522061 np0000002933 nova-scheduler[95676]: DEBUG nova.service [None req-080dbd53-d51d-47f4-a001-167868ee5300 None None] Join ServiceGroup membership for this service scheduler {{(pid=95676) start /opt/stack/nova/nova/service.py:222}}
Jun 16 10:51:17.522275 np0000002933 nova-scheduler[95676]: DEBUG nova.servicegroup.drivers.db [None req-080dbd53-d51d-47f4-a001-167868ee5300 None None] DB_Driver: join new ServiceGroup member np0000002933 to the scheduler group, service = {{(pid=95676) join /opt/stack/nova/nova/servicegroup/drivers/db.py:44}}
Jun 16 10:51:22.525587 np0000002933 nova-scheduler[95648]: DEBUG oslo.service.backend._threading.loopingcall [-] Fixed interval looping call 'nova.servicegroup.drivers.db.DbDriver._report_state' sleeping for 119.99 seconds {{(pid=95648) _run_loop /opt/stack/data/venv/lib/python3.12/site-packages/oslo_service/backend/_threading/loopingcall.py:125}}
Jun 16 10:51:22.529110 np0000002933 nova-scheduler[95646]: DEBUG oslo.service.backend._threading.loopingcall [-] Fixed interval looping call 'nova.servicegroup.drivers.db.DbDriver._report_state' sleeping for 119.99 seconds {{(pid=95646) _run_loop /opt/stack/data/venv/lib/python3.12/site-packages/oslo_service/backend/_threading/loopingcall.py:125}}
Jun 16 10:51:22.535592 np0000002933 nova-scheduler[95676]: DEBUG oslo.service.backend._threading.loopingcall [-] Fixed interval looping call 'nova.servicegroup.drivers.db.DbDriver._report_state' sleeping for 119.99 seconds {{(pid=95676) _run_loop /opt/stack/data/venv/lib/python3.12/site-packages/oslo_service/backend/_threading/loopingcall.py:125}}
Jun 16 10:51:26.055890 np0000002933 nova-scheduler[94450]: DEBUG dbcounter [-] [94450] Writing DB stats nova_api:SELECT=3 {{(pid=94450) stat_writer /opt/stack/data/venv/lib/python3.12/site-packages/dbcounter.py:115}}
Jun 16 10:51:26.191544 np0000002933 nova-scheduler[94450]: DEBUG dbcounter [-] [94450] Writing DB stats nova_cell1:SELECT=1 {{(pid=94450) stat_writer /opt/stack/data/venv/lib/python3.12/site-packages/dbcounter.py:115}}
Jun 16 10:51:26.194944 np0000002933 nova-scheduler[94450]: DEBUG dbcounter [-] [94450] Writing DB stats nova_cell0:SELECT=1 {{(pid=94450) stat_writer /opt/stack/data/venv/lib/python3.12/site-packages/dbcounter.py:115}}
Jun 16 10:51:32.522084 np0000002933 nova-scheduler[95648]: DEBUG dbcounter [-] [95648] Writing DB stats nova_cell0:SELECT=4,nova_cell0:INSERT=1,nova_cell0:UPDATE=1 {{(pid=95648) stat_writer /opt/stack/data/venv/lib/python3.12/site-packages/dbcounter.py:115}}
Jun 16 10:51:32.526227 np0000002933 nova-scheduler[95646]: DEBUG dbcounter [-] [95646] Writing DB stats nova_cell0:SELECT=5,nova_cell0:INSERT=1 {{(pid=95646) stat_writer /opt/stack/data/venv/lib/python3.12/site-packages/dbcounter.py:115}}
Jun 16 10:51:32.531791 np0000002933 nova-scheduler[95676]: DEBUG dbcounter [-] [95676] Writing DB stats nova_cell0:SELECT=3 {{(pid=95676) stat_writer /opt/stack/data/venv/lib/python3.12/site-packages/dbcounter.py:115}}
Jun 16 10:51:34.522314 np0000002933 nova-scheduler[95646]: DEBUG oslo.service.backend._threading.loopingcall [None req-d2d32b8a-91da-4e83-86ba-37c1a324f760 None None] Dynamic interval looping call 'nova.service.Service.periodic_tasks' sleeping for 60.00 seconds {{(pid=95646) _run_loop /opt/stack/data/venv/lib/python3.12/site-packages/oslo_service/backend/_threading/loopingcall.py:125}}
Jun 16 10:51:37.510929 np0000002933 nova-scheduler[95648]: DEBUG oslo.service.backend._threading.loopingcall [None req-f6588c75-edf6-46f5-bf54-162d1dd14b2a None None] Dynamic interval looping call 'nova.service.Service.periodic_tasks' sleeping for 60.00 seconds {{(pid=95648) _run_loop /opt/stack/data/venv/lib/python3.12/site-packages/oslo_service/backend/_threading/loopingcall.py:125}}
Jun 16 10:51:58.524375 np0000002933 nova-scheduler[95676]: DEBUG oslo.service.backend._threading.loopingcall [None req-1cbeaeb1-848f-4305-870e-5aa3f096a2ff None None] Dynamic interval looping call 'nova.service.Service.periodic_tasks' sleeping for 60.00 seconds {{(pid=95676) _run_loop /opt/stack/data/venv/lib/python3.12/site-packages/oslo_service/backend/_threading/loopingcall.py:125}}
Jun 16 10:52:34.523001 np0000002933 nova-scheduler[95646]: DEBUG oslo.service.backend._threading.loopingcall [None req-d2d32b8a-91da-4e83-86ba-37c1a324f760 None None] Dynamic interval looping call 'nova.service.Service.periodic_tasks' sleeping for 60.00 seconds {{(pid=95646) _run_loop /opt/stack/data/venv/lib/python3.12/site-packages/oslo_service/backend/_threading/loopingcall.py:125}}
Jun 16 10:52:37.511435 np0000002933 nova-scheduler[95648]: DEBUG oslo.service.backend._threading.loopingcall [None req-f6588c75-edf6-46f5-bf54-162d1dd14b2a None None] Dynamic interval looping call 'nova.service.Service.periodic_tasks' sleeping for 60.00 seconds {{(pid=95648) _run_loop /opt/stack/data/venv/lib/python3.12/site-packages/oslo_service/backend/_threading/loopingcall.py:125}}
Jun 16 10:52:58.524947 np0000002933 nova-scheduler[95676]: DEBUG oslo.service.backend._threading.loopingcall [None req-1cbeaeb1-848f-4305-870e-5aa3f096a2ff None None] Dynamic interval looping call 'nova.service.Service.periodic_tasks' sleeping for 60.00 seconds {{(pid=95676) _run_loop /opt/stack/data/venv/lib/python3.12/site-packages/oslo_service/backend/_threading/loopingcall.py:125}}
Jun 16 10:53:22.521968 np0000002933 nova-scheduler[95648]: DEBUG oslo.service.backend._threading.loopingcall [-] Fixed interval looping call 'nova.servicegroup.drivers.db.DbDriver._report_state' sleeping for 119.99 seconds {{(pid=95648) _run_loop /opt/stack/data/venv/lib/python3.12/site-packages/oslo_service/backend/_threading/loopingcall.py:125}}
Jun 16 10:53:22.524382 np0000002933 nova-scheduler[95646]: DEBUG oslo.service.backend._threading.loopingcall [-] Fixed interval looping call 'nova.servicegroup.drivers.db.DbDriver._report_state' sleeping for 119.99 seconds {{(pid=95646) _run_loop /opt/stack/data/venv/lib/python3.12/site-packages/oslo_service/backend/_threading/loopingcall.py:125}}
Jun 16 10:53:22.529367 np0000002933 nova-scheduler[95676]: DEBUG oslo.service.backend._threading.loopingcall [-] Fixed interval looping call 'nova.servicegroup.drivers.db.DbDriver._report_state' sleeping for 120.00 seconds {{(pid=95676) _run_loop /opt/stack/data/venv/lib/python3.12/site-packages/oslo_service/backend/_threading/loopingcall.py:125}}
Jun 16 10:53:32.519483 np0000002933 nova-scheduler[95648]: DEBUG dbcounter [-] [95648] Writing DB stats nova_cell0:SELECT=1,nova_cell0:UPDATE=1 {{(pid=95648) stat_writer /opt/stack/data/venv/lib/python3.12/site-packages/dbcounter.py:115}}
Jun 16 10:53:32.523515 np0000002933 nova-scheduler[95646]: DEBUG dbcounter [-] [95646] Writing DB stats nova_cell0:SELECT=1,nova_cell0:UPDATE=1 {{(pid=95646) stat_writer /opt/stack/data/venv/lib/python3.12/site-packages/dbcounter.py:115}}
Jun 16 10:53:32.528891 np0000002933 nova-scheduler[95676]: DEBUG dbcounter [-] [95676] Writing DB stats nova_cell0:SELECT=1 {{(pid=95676) stat_writer /opt/stack/data/venv/lib/python3.12/site-packages/dbcounter.py:115}}
Jun 16 10:53:34.523522 np0000002933 nova-scheduler[95646]: DEBUG oslo.service.backend._threading.loopingcall [None req-d2d32b8a-91da-4e83-86ba-37c1a324f760 None None] Dynamic interval looping call 'nova.service.Service.periodic_tasks' sleeping for 60.00 seconds {{(pid=95646) _run_loop /opt/stack/data/venv/lib/python3.12/site-packages/oslo_service/backend/_threading/loopingcall.py:125}}
Jun 16 10:53:37.511929 np0000002933 nova-scheduler[95648]: DEBUG oslo.service.backend._threading.loopingcall [None req-f6588c75-edf6-46f5-bf54-162d1dd14b2a None None] Dynamic interval looping call 'nova.service.Service.periodic_tasks' sleeping for 60.00 seconds {{(pid=95648) _run_loop /opt/stack/data/venv/lib/python3.12/site-packages/oslo_service/backend/_threading/loopingcall.py:125}}
Jun 16 10:53:54.137388 np0000002933 nova-scheduler[95648]: DEBUG nova.scheduler.manager [None req-246c3a25-4522-41d2-b186-8bc68720eb43 tempest-ServerBootFromVolumeStableRescueTest-926914438 tempest-ServerBootFromVolumeStableRescueTest-926914438-project-member] Starting to schedule for instances: ['4b97db74-dc59-4caa-9fce-289b3e895d7e'] {{(pid=95648) select_destinations /opt/stack/nova/nova/scheduler/manager.py:210}}
Jun 16 10:53:54.139453 np0000002933 nova-scheduler[95648]: DEBUG nova.scheduler.request_filter [None req-246c3a25-4522-41d2-b186-8bc68720eb43 tempest-ServerBootFromVolumeStableRescueTest-926914438 tempest-ServerBootFromVolumeStableRescueTest-926914438-project-member] compute_status_filter request filter added forbidden trait COMPUTE_STATUS_DISABLED {{(pid=95648) compute_status_filter /opt/stack/nova/nova/scheduler/request_filter.py:253}}
Jun 16 10:53:54.139570 np0000002933 nova-scheduler[95648]: DEBUG nova.scheduler.request_filter [None req-246c3a25-4522-41d2-b186-8bc68720eb43 tempest-ServerBootFromVolumeStableRescueTest-926914438 tempest-ServerBootFromVolumeStableRescueTest-926914438-project-member] Request filter 'compute_status_filter' took 0.0 seconds {{(pid=95648) wrapper /opt/stack/nova/nova/scheduler/request_filter.py:46}}
Jun 16 10:53:54.139709 np0000002933 nova-scheduler[95648]: DEBUG nova.scheduler.request_filter [None req-246c3a25-4522-41d2-b186-8bc68720eb43 tempest-ServerBootFromVolumeStableRescueTest-926914438 tempest-ServerBootFromVolumeStableRescueTest-926914438-project-member] Request filter 'accelerators_filter' took 0.0 seconds {{(pid=95648) wrapper /opt/stack/nova/nova/scheduler/request_filter.py:46}}
Jun 16 10:53:54.139913 np0000002933 nova-scheduler[95648]: DEBUG nova.scheduler.request_filter [None req-246c3a25-4522-41d2-b186-8bc68720eb43 tempest-ServerBootFromVolumeStableRescueTest-926914438 tempest-ServerBootFromVolumeStableRescueTest-926914438-project-member] Request filter 'packed_virtqueue_filter' took 0.0 seconds {{(pid=95648) wrapper /opt/stack/nova/nova/scheduler/request_filter.py:46}}
Jun 16 10:53:54.140158 np0000002933 nova-scheduler[95648]: DEBUG nova.scheduler.request_filter [None req-246c3a25-4522-41d2-b186-8bc68720eb43 tempest-ServerBootFromVolumeStableRescueTest-926914438 tempest-ServerBootFromVolumeStableRescueTest-926914438-project-member] Request filter 'remote_managed_ports_filter' took 0.0 seconds {{(pid=95648) wrapper /opt/stack/nova/nova/scheduler/request_filter.py:46}}
Jun 16 10:53:54.140540 np0000002933 nova-scheduler[95648]: DEBUG nova.scheduler.request_filter [None req-246c3a25-4522-41d2-b186-8bc68720eb43 tempest-ServerBootFromVolumeStableRescueTest-926914438 tempest-ServerBootFromVolumeStableRescueTest-926914438-project-member] ephemeral_encryption_filter skipped {{(pid=95648) ephemeral_encryption_filter /opt/stack/nova/nova/scheduler/request_filter.py:426}}
Jun 16 10:53:54.140540 np0000002933 nova-scheduler[95648]: DEBUG nova.scheduler.request_filter [None req-246c3a25-4522-41d2-b186-8bc68720eb43 tempest-ServerBootFromVolumeStableRescueTest-926914438 tempest-ServerBootFromVolumeStableRescueTest-926914438-project-member] virtio_sound_filter skipped {{(pid=95648) virtio_sound_filter /opt/stack/nova/nova/scheduler/request_filter.py:460}}
Jun 16 10:53:54.140540 np0000002933 nova-scheduler[95648]: DEBUG nova.scheduler.request_filter [None req-246c3a25-4522-41d2-b186-8bc68720eb43 tempest-ServerBootFromVolumeStableRescueTest-926914438 tempest-ServerBootFromVolumeStableRescueTest-926914438-project-member] tpm_secret_security_filter skipped {{(pid=95648) tpm_secret_security_filter /opt/stack/nova/nova/scheduler/request_filter.py:477}}
Jun 16 10:53:54.622829 np0000002933 nova-scheduler[95648]: INFO nova.utils [None req-246c3a25-4522-41d2-b186-8bc68720eb43 tempest-ServerBootFromVolumeStableRescueTest-926914438 tempest-ServerBootFromVolumeStableRescueTest-926914438-project-member] The cell worker thread pool ForkProcess-2.cell_worker is initialized
Jun 16 10:53:54.623471 np0000002933 nova-scheduler[95648]: DEBUG oslo_concurrency.lockutils [None req-246c3a25-4522-41d2-b186-8bc68720eb43 tempest-ServerBootFromVolumeStableRescueTest-926914438 tempest-ServerBootFromVolumeStableRescueTest-926914438-project-member] Acquiring lock "74063457-19f9-439f-a7a7-6368dee48482" by "nova.context.set_target_cell..get_or_set_cached_cell_and_set_connections" {{(pid=95648) inner /opt/stack/data/venv/lib/python3.12/site-packages/oslo_concurrency/lockutils.py:511}}
Jun 16 10:53:54.623711 np0000002933 nova-scheduler[95648]: DEBUG oslo_concurrency.lockutils [None req-246c3a25-4522-41d2-b186-8bc68720eb43 tempest-ServerBootFromVolumeStableRescueTest-926914438 tempest-ServerBootFromVolumeStableRescueTest-926914438-project-member] Lock "74063457-19f9-439f-a7a7-6368dee48482" acquired by "nova.context.set_target_cell..get_or_set_cached_cell_and_set_connections" :: waited 0.000s {{(pid=95648) inner /opt/stack/data/venv/lib/python3.12/site-packages/oslo_concurrency/lockutils.py:524}}
Jun 16 10:53:54.625189 np0000002933 nova-scheduler[95648]: DEBUG oslo_concurrency.lockutils [None req-246c3a25-4522-41d2-b186-8bc68720eb43 tempest-ServerBootFromVolumeStableRescueTest-926914438 tempest-ServerBootFromVolumeStableRescueTest-926914438-project-member] Lock "74063457-19f9-439f-a7a7-6368dee48482" "released" by "nova.context.set_target_cell..get_or_set_cached_cell_and_set_connections" :: held 0.001s {{(pid=95648) inner /opt/stack/data/venv/lib/python3.12/site-packages/oslo_concurrency/lockutils.py:543}}
Jun 16 10:53:54.627635 np0000002933 nova-scheduler[95648]: INFO dbcounter [None req-246c3a25-4522-41d2-b186-8bc68720eb43 tempest-ServerBootFromVolumeStableRescueTest-926914438 tempest-ServerBootFromVolumeStableRescueTest-926914438-project-member] Registered counter for database nova_cell1
Jun 16 10:53:54.673691 np0000002933 nova-scheduler[95648]: DEBUG oslo_db.sqlalchemy.engines [None req-246c3a25-4522-41d2-b186-8bc68720eb43 tempest-ServerBootFromVolumeStableRescueTest-926914438 tempest-ServerBootFromVolumeStableRescueTest-926914438-project-member] MySQL server mode set to STRICT_TRANS_TABLES,STRICT_ALL_TABLES,NO_ZERO_IN_DATE,NO_ZERO_DATE,ERROR_FOR_DIVISION_BY_ZERO,TRADITIONAL,NO_ENGINE_SUBSTITUTION {{(pid=95648) _check_effective_sql_mode /opt/stack/data/venv/lib/python3.12/site-packages/oslo_db/sqlalchemy/engines.py:325}}
Jun 16 10:53:54.679494 np0000002933 nova-scheduler[95648]: DEBUG dbcounter [-] [95648] Writer thread running {{(pid=95648) stat_writer /opt/stack/data/venv/lib/python3.12/site-packages/dbcounter.py:102}}
Jun 16 10:53:54.691509 np0000002933 nova-scheduler[95648]: DEBUG oslo_db.sqlalchemy.engines [None req-246c3a25-4522-41d2-b186-8bc68720eb43 tempest-ServerBootFromVolumeStableRescueTest-926914438 tempest-ServerBootFromVolumeStableRescueTest-926914438-project-member] Parent process 94450 forked (95648) with an open database connection, which is being discarded and recreated. {{(pid=95648) checkout /opt/stack/data/venv/lib/python3.12/site-packages/oslo_db/sqlalchemy/engines.py:402}}
Jun 16 10:53:54.736865 np0000002933 nova-scheduler[95648]: DEBUG dbcounter [-] [95648] Writer thread running {{(pid=95648) stat_writer /opt/stack/data/venv/lib/python3.12/site-packages/dbcounter.py:102}}
Jun 16 10:53:54.739191 np0000002933 nova-scheduler[95648]: DEBUG oslo_concurrency.lockutils [None req-246c3a25-4522-41d2-b186-8bc68720eb43 tempest-ServerBootFromVolumeStableRescueTest-926914438 tempest-ServerBootFromVolumeStableRescueTest-926914438-project-member] Acquiring lock "74063457-19f9-439f-a7a7-6368dee48482" by "nova.context.set_target_cell..get_or_set_cached_cell_and_set_connections" {{(pid=95648) inner /opt/stack/data/venv/lib/python3.12/site-packages/oslo_concurrency/lockutils.py:511}}
Jun 16 10:53:54.739489 np0000002933 nova-scheduler[95648]: DEBUG oslo_concurrency.lockutils [None req-246c3a25-4522-41d2-b186-8bc68720eb43 tempest-ServerBootFromVolumeStableRescueTest-926914438 tempest-ServerBootFromVolumeStableRescueTest-926914438-project-member] Lock "74063457-19f9-439f-a7a7-6368dee48482" acquired by "nova.context.set_target_cell..get_or_set_cached_cell_and_set_connections" :: waited 0.000s {{(pid=95648) inner /opt/stack/data/venv/lib/python3.12/site-packages/oslo_concurrency/lockutils.py:524}}
Jun 16 10:53:54.739624 np0000002933 nova-scheduler[95648]: DEBUG oslo_concurrency.lockutils [None req-246c3a25-4522-41d2-b186-8bc68720eb43 tempest-ServerBootFromVolumeStableRescueTest-926914438 tempest-ServerBootFromVolumeStableRescueTest-926914438-project-member] Lock "74063457-19f9-439f-a7a7-6368dee48482" "released" by "nova.context.set_target_cell..get_or_set_cached_cell_and_set_connections" :: held 0.000s {{(pid=95648) inner /opt/stack/data/venv/lib/python3.12/site-packages/oslo_concurrency/lockutils.py:543}}
Jun 16 10:53:54.742845 np0000002933 nova-scheduler[95648]: DEBUG oslo_concurrency.lockutils [None req-246c3a25-4522-41d2-b186-8bc68720eb43 tempest-ServerBootFromVolumeStableRescueTest-926914438 tempest-ServerBootFromVolumeStableRescueTest-926914438-project-member] Acquiring lock "('np0000002933', 'np0000002933')" by "nova.scheduler.host_manager.HostState.update.._locked_update" {{(pid=95648) inner /opt/stack/data/venv/lib/python3.12/site-packages/oslo_concurrency/lockutils.py:511}}
Jun 16 10:53:54.742979 np0000002933 nova-scheduler[95648]: DEBUG oslo_concurrency.lockutils [None req-246c3a25-4522-41d2-b186-8bc68720eb43 tempest-ServerBootFromVolumeStableRescueTest-926914438 tempest-ServerBootFromVolumeStableRescueTest-926914438-project-member] Lock "('np0000002933', 'np0000002933')" acquired by "nova.scheduler.host_manager.HostState.update.._locked_update" :: waited 0.000s {{(pid=95648) inner /opt/stack/data/venv/lib/python3.12/site-packages/oslo_concurrency/lockutils.py:524}}
Jun 16 10:53:54.743777 np0000002933 nova-scheduler[95648]: DEBUG nova.scheduler.host_manager [None req-246c3a25-4522-41d2-b186-8bc68720eb43 tempest-ServerBootFromVolumeStableRescueTest-926914438 tempest-ServerBootFromVolumeStableRescueTest-926914438-project-member] Update host state from compute node: ComputeNode(cpu_allocation_ratio=4.0,cpu_info='{"arch": "x86_64", "model": "EPYC-Milan", "vendor": "AMD", "topology": {"cells": 1, "sockets": 12, "cores": 1, "threads": 1}, "maxphysaddr": {"mode": "emulate", "bits": 40}, "features": ["amd-stibp", "fsrm", "ibpb", "amd-psfd", "msr", "pge", "pcid", "arch-capabilities", "svme-addr-chk", "no-nested-data-bp", "spec-ctrl", "sse", "arat", "nrip-save", "vmcb-clean", "misalignsse", "pat", "rdrand", "mmxext", "xsaveopt", "smep", "sha-ni", "sep", "adx", "vme", "cx16", "stibp-always-on", "v-vmsave-vmload", "pae", "skip-l1dfl-vmentry", "clzero", "lm", "virt-ssbd", "smap", "aes", "nx", "svm", "cmp_legacy", "invpcid", "ssbd", "f16c", "amd-ssbd", "3dnowprefetch", "apic", "pause-filter", "pni", "syscall", "clflush", "pschange-mc-no", "cmov", "pku", "rdtscp", "wbnoinvd", "sse2", "popcnt", "rdctl-no", "fpu", "clwb", "sse4.1", "gds-no", "avx", "xsaves", "mce", "npt", "osvw", "fxsr", "lahf_lm", "xsave", "ssse3", "sse4a", "fma", "tsc_adjust", "umip", "sse4.2", "movbe", "cr8legacy", "fxsr_opt", "vaes", "vgif", "bmi2", "stibp", "xgetbv1", "rdseed", "null-sel-clr-base", "mds-no", "ibrs", "tsc", "x2apic", "de", "pse36", "abm", "xsaveerptr", "pse", "pfthreshold", "pclmuldq", "avx2", "hypervisor", "rdpid", "tsc-scale", "bmi1", "lbrv", "tsc-deadline", "fsgsbase", "topoext", "xsavec", "mtrr", "erms", "pdpe1gb", "vpclmulqdq", "flushbyasid", "lfence-always-serializing", "mmx", "clflushopt", "mca", "cx8", "perfctr_core"]}',created_at=2026-06-16T10:51:42Z,current_workload=0,deleted=False,deleted_at=None,disk_allocation_ratio=1.0,disk_available_least=74,free_disk_gb=95,free_ram_mb=23518,host='np0000002933',host_ip=10.4.3.134,hypervisor_hostname='np0000002933',hypervisor_type='QEMU',hypervisor_version=8002002,id=1,local_gb=95,local_gb_used=0,mapped=1,memory_mb=24030,memory_mb_used=512,metrics='[]',numa_topology='{"nova_object.name": "NUMATopology", "nova_object.namespace": "nova", "nova_object.version": "1.2", "nova_object.data": {"cells": [{"nova_object.name": "NUMACell", "nova_object.namespace": "nova", "nova_object.version": "1.5", "nova_object.data": {"id": 0, "cpuset": [0, 1, 2, 3, 4, 5, 6, 7, 8, 9, 10, 11], "pcpuset": [0, 1, 2, 3, 4, 5, 6, 7, 8, 9, 10, 11], "memory": 24030, "cpu_usage": 0, "memory_usage": 0, "pinned_cpus": [], "siblings": [[6], [2], [5], [11], [8], [4], [1], [7], [10], [0], [3], [9]], "mempages": [{"nova_object.name": "NUMAPagesTopology", "nova_object.namespace": "nova", "nova_object.version": "1.1", "nova_object.data": {"size_kb": 4, "total": 6151798, "used": 0, "reserved": 0}, "nova_object.changes": ["size_kb", "total", "reserved", "used"]}, {"nova_object.name": "NUMAPagesTopology", "nova_object.namespace": "nova", "nova_object.version": "1.1", "nova_object.data": {"size_kb": 2048, "total": 0, "used": 0, "reserved": 0}, "nova_object.changes": ["size_kb", "total", "reserved", "used"]}, {"nova_object.name": "NUMAPagesTopology", "nova_object.namespace": "nova", "nova_object.version": "1.1", "nova_object.data": {"size_kb": 1048576, "total": 0, "used": 0, "reserved": 0}, "nova_object.changes": ["size_kb", "total", "reserved", "used"]}], "network_metadata": {"nova_object.name": "NetworkMetadata", "nova_object.namespace": "nova", "nova_object.version": "1.0", "nova_object.data": {"physnets": [], "tunneled": false}, "nova_object.changes": ["tunneled", "physnets"]}, "socket": null}, "nova_object.changes": ["siblings", "socket", "cpuset", "memory", "pinned_cpus", "memory_usage", "network_metadata", "id", "pcpuset", "mempages", "cpu_usage"]}]}, "nova_object.changes": ["cells"]}',pci_device_pools=PciDevicePoolList,ram_allocation_ratio=1.0,running_vms=0,service_id=3,stats={failed_builds='0',uptime=' 10:53:28 up 24 min, 2 users, load average: 1.28, 1.51, 0.87
Jun 16 10:53:54.743777 np0000002933 nova-scheduler[95648]: '},supported_hv_specs=[HVSpec,HVSpec,HVSpec,HVSpec,HVSpec,HVSpec,HVSpec,HVSpec,HVSpec,HVSpec,HVSpec,HVSpec,HVSpec,HVSpec,HVSpec,HVSpec,HVSpec,HVSpec,HVSpec,HVSpec,HVSpec,HVSpec,HVSpec,HVSpec,HVSpec],updated_at=2026-06-16T10:53:30Z,uuid=adb6d04f-3703-4af3-ad68-945ba1e9f4ea,vcpus=12,vcpus_used=0) {{(pid=95648) _locked_update /opt/stack/nova/nova/scheduler/host_manager.py:168}}
Jun 16 10:53:54.744576 np0000002933 nova-scheduler[95648]: DEBUG nova.scheduler.host_manager [None req-246c3a25-4522-41d2-b186-8bc68720eb43 tempest-ServerBootFromVolumeStableRescueTest-926914438 tempest-ServerBootFromVolumeStableRescueTest-926914438-project-member] Update host state with aggregates: [] {{(pid=95648) _locked_update /opt/stack/nova/nova/scheduler/host_manager.py:171}}
Jun 16 10:53:54.744576 np0000002933 nova-scheduler[95648]: DEBUG nova.scheduler.host_manager [None req-246c3a25-4522-41d2-b186-8bc68720eb43 tempest-ServerBootFromVolumeStableRescueTest-926914438 tempest-ServerBootFromVolumeStableRescueTest-926914438-project-member] Update host state with service dict: {'id': 3, 'uuid': '42668a97-6897-4c3b-86a0-02dc25c61a3f', 'host': 'np0000002933', 'binary': 'nova-compute', 'topic': 'compute', 'report_count': 2, 'disabled': False, 'disabled_reason': None, 'last_seen_up': datetime.datetime(2026, 6, 16, 10, 53, 51, tzinfo=datetime.timezone.utc), 'forced_down': False, 'version': 72, 'created_at': datetime.datetime(2026, 6, 16, 10, 51, 40, tzinfo=datetime.timezone.utc), 'updated_at': datetime.datetime(2026, 6, 16, 10, 53, 51, tzinfo=datetime.timezone.utc), 'deleted_at': None, 'deleted': False} {{(pid=95648) _locked_update /opt/stack/nova/nova/scheduler/host_manager.py:174}}
Jun 16 10:53:54.744791 np0000002933 nova-scheduler[95648]: DEBUG nova.scheduler.host_manager [None req-246c3a25-4522-41d2-b186-8bc68720eb43 tempest-ServerBootFromVolumeStableRescueTest-926914438 tempest-ServerBootFromVolumeStableRescueTest-926914438-project-member] Update host state with instances: [] {{(pid=95648) _locked_update /opt/stack/nova/nova/scheduler/host_manager.py:177}}
Jun 16 10:53:54.744860 np0000002933 nova-scheduler[95648]: DEBUG oslo_concurrency.lockutils [None req-246c3a25-4522-41d2-b186-8bc68720eb43 tempest-ServerBootFromVolumeStableRescueTest-926914438 tempest-ServerBootFromVolumeStableRescueTest-926914438-project-member] Lock "('np0000002933', 'np0000002933')" "released" by "nova.scheduler.host_manager.HostState.update.._locked_update" :: held 0.002s {{(pid=95648) inner /opt/stack/data/venv/lib/python3.12/site-packages/oslo_concurrency/lockutils.py:543}}
Jun 16 10:53:54.745223 np0000002933 nova-scheduler[95648]: DEBUG nova.filters [None req-246c3a25-4522-41d2-b186-8bc68720eb43 tempest-ServerBootFromVolumeStableRescueTest-926914438 tempest-ServerBootFromVolumeStableRescueTest-926914438-project-member] Starting with 1 host(s) {{(pid=95648) get_filtered_objects /opt/stack/nova/nova/filters.py:70}}
Jun 16 10:53:54.745418 np0000002933 nova-scheduler[95648]: DEBUG nova.filters [None req-246c3a25-4522-41d2-b186-8bc68720eb43 tempest-ServerBootFromVolumeStableRescueTest-926914438 tempest-ServerBootFromVolumeStableRescueTest-926914438-project-member] Filter ComputeFilter returned 1 host(s) {{(pid=95648) get_filtered_objects /opt/stack/nova/nova/filters.py:102}}
Jun 16 10:53:54.745546 np0000002933 nova-scheduler[95648]: DEBUG nova.filters [None req-246c3a25-4522-41d2-b186-8bc68720eb43 tempest-ServerBootFromVolumeStableRescueTest-926914438 tempest-ServerBootFromVolumeStableRescueTest-926914438-project-member] Filter ComputeCapabilitiesFilter returned 1 host(s) {{(pid=95648) get_filtered_objects /opt/stack/nova/nova/filters.py:102}}
Jun 16 10:53:54.745743 np0000002933 nova-scheduler[95648]: DEBUG nova.filters [None req-246c3a25-4522-41d2-b186-8bc68720eb43 tempest-ServerBootFromVolumeStableRescueTest-926914438 tempest-ServerBootFromVolumeStableRescueTest-926914438-project-member] Filter ImagePropertiesFilter returned 1 host(s) {{(pid=95648) get_filtered_objects /opt/stack/nova/nova/filters.py:102}}
Jun 16 10:53:54.745915 np0000002933 nova-scheduler[95648]: DEBUG nova.filters [None req-246c3a25-4522-41d2-b186-8bc68720eb43 tempest-ServerBootFromVolumeStableRescueTest-926914438 tempest-ServerBootFromVolumeStableRescueTest-926914438-project-member] Filter ServerGroupAntiAffinityFilter returned 1 host(s) {{(pid=95648) get_filtered_objects /opt/stack/nova/nova/filters.py:102}}
Jun 16 10:53:54.745968 np0000002933 nova-scheduler[95648]: DEBUG nova.filters [None req-246c3a25-4522-41d2-b186-8bc68720eb43 tempest-ServerBootFromVolumeStableRescueTest-926914438 tempest-ServerBootFromVolumeStableRescueTest-926914438-project-member] Filter ServerGroupAffinityFilter returned 1 host(s) {{(pid=95648) get_filtered_objects /opt/stack/nova/nova/filters.py:102}}
Jun 16 10:53:54.746128 np0000002933 nova-scheduler[95648]: DEBUG nova.filters [None req-246c3a25-4522-41d2-b186-8bc68720eb43 tempest-ServerBootFromVolumeStableRescueTest-926914438 tempest-ServerBootFromVolumeStableRescueTest-926914438-project-member] Filter SameHostFilter returned 1 host(s) {{(pid=95648) get_filtered_objects /opt/stack/nova/nova/filters.py:102}}
Jun 16 10:53:54.746128 np0000002933 nova-scheduler[95648]: DEBUG nova.filters [None req-246c3a25-4522-41d2-b186-8bc68720eb43 tempest-ServerBootFromVolumeStableRescueTest-926914438 tempest-ServerBootFromVolumeStableRescueTest-926914438-project-member] Filter DifferentHostFilter returned 1 host(s) {{(pid=95648) get_filtered_objects /opt/stack/nova/nova/filters.py:102}}
Jun 16 10:53:54.746323 np0000002933 nova-scheduler[95648]: DEBUG nova.scheduler.manager [None req-246c3a25-4522-41d2-b186-8bc68720eb43 tempest-ServerBootFromVolumeStableRescueTest-926914438 tempest-ServerBootFromVolumeStableRescueTest-926914438-project-member] Filtered [(np0000002933, np0000002933) ram: 23518MB disk: 75776MB io_ops: 0 instances: 0, allocation_candidates: 1] {{(pid=95648) _get_sorted_hosts /opt/stack/nova/nova/scheduler/manager.py:743}}
Jun 16 10:53:54.746423 np0000002933 nova-scheduler[95648]: DEBUG nova.scheduler.manager [None req-246c3a25-4522-41d2-b186-8bc68720eb43 tempest-ServerBootFromVolumeStableRescueTest-926914438 tempest-ServerBootFromVolumeStableRescueTest-926914438-project-member] Weighed [WeighedHost [host: (np0000002933, np0000002933) ram: 23518MB disk: 75776MB io_ops: 0 instances: 0, allocation_candidates: 1, weight: 0.0]] {{(pid=95648) _get_sorted_hosts /opt/stack/nova/nova/scheduler/manager.py:765}}
Jun 16 10:53:54.746556 np0000002933 nova-scheduler[95648]: DEBUG nova.scheduler.utils [None req-246c3a25-4522-41d2-b186-8bc68720eb43 tempest-ServerBootFromVolumeStableRescueTest-926914438 tempest-ServerBootFromVolumeStableRescueTest-926914438-project-member] Attempting to claim resources in the placement API for instance 4b97db74-dc59-4caa-9fce-289b3e895d7e {{(pid=95648) claim_resources /opt/stack/nova/nova/scheduler/utils.py:1345}}
Jun 16 10:53:54.901180 np0000002933 nova-scheduler[95648]: DEBUG nova.scheduler.manager [None req-246c3a25-4522-41d2-b186-8bc68720eb43 tempest-ServerBootFromVolumeStableRescueTest-926914438 tempest-ServerBootFromVolumeStableRescueTest-926914438-project-member] [instance: 4b97db74-dc59-4caa-9fce-289b3e895d7e] Selected host: (np0000002933, np0000002933) ram: 23518MB disk: 75776MB io_ops: 0 instances: 0, allocation_candidates: 1 {{(pid=95648) _consume_selected_host /opt/stack/nova/nova/scheduler/manager.py:625}}
Jun 16 10:53:54.901180 np0000002933 nova-scheduler[95648]: DEBUG oslo_concurrency.lockutils [None req-246c3a25-4522-41d2-b186-8bc68720eb43 tempest-ServerBootFromVolumeStableRescueTest-926914438 tempest-ServerBootFromVolumeStableRescueTest-926914438-project-member] Acquiring lock "('np0000002933', 'np0000002933')" by "nova.scheduler.host_manager.HostState.consume_from_request.._locked" {{(pid=95648) inner /opt/stack/data/venv/lib/python3.12/site-packages/oslo_concurrency/lockutils.py:511}}
Jun 16 10:53:54.901180 np0000002933 nova-scheduler[95648]: DEBUG oslo_concurrency.lockutils [None req-246c3a25-4522-41d2-b186-8bc68720eb43 tempest-ServerBootFromVolumeStableRescueTest-926914438 tempest-ServerBootFromVolumeStableRescueTest-926914438-project-member] Lock "('np0000002933', 'np0000002933')" acquired by "nova.scheduler.host_manager.HostState.consume_from_request.._locked" :: waited 0.000s {{(pid=95648) inner /opt/stack/data/venv/lib/python3.12/site-packages/oslo_concurrency/lockutils.py:524}}
Jun 16 10:53:54.901425 np0000002933 nova-scheduler[95648]: DEBUG oslo_concurrency.lockutils [None req-246c3a25-4522-41d2-b186-8bc68720eb43 tempest-ServerBootFromVolumeStableRescueTest-926914438 tempest-ServerBootFromVolumeStableRescueTest-926914438-project-member] Lock "('np0000002933', 'np0000002933')" "released" by "nova.scheduler.host_manager.HostState.consume_from_request.._locked" :: held 0.000s {{(pid=95648) inner /opt/stack/data/venv/lib/python3.12/site-packages/oslo_concurrency/lockutils.py:543}}
Jun 16 10:53:56.062483 np0000002933 nova-scheduler[95646]: DEBUG nova.scheduler.manager [None req-e84ecfd6-8109-4c86-8242-0c841a21aaf8 tempest-DeleteServersTestJSON-1247135974 tempest-DeleteServersTestJSON-1247135974-project-member] Starting to schedule for instances: ['ae6c582b-823f-4802-8e7f-9c7091297fc9'] {{(pid=95646) select_destinations /opt/stack/nova/nova/scheduler/manager.py:210}}
Jun 16 10:53:56.063147 np0000002933 nova-scheduler[95646]: DEBUG nova.scheduler.request_filter [None req-e84ecfd6-8109-4c86-8242-0c841a21aaf8 tempest-DeleteServersTestJSON-1247135974 tempest-DeleteServersTestJSON-1247135974-project-member] compute_status_filter request filter added forbidden trait COMPUTE_STATUS_DISABLED {{(pid=95646) compute_status_filter /opt/stack/nova/nova/scheduler/request_filter.py:253}}
Jun 16 10:53:56.063329 np0000002933 nova-scheduler[95646]: DEBUG nova.scheduler.request_filter [None req-e84ecfd6-8109-4c86-8242-0c841a21aaf8 tempest-DeleteServersTestJSON-1247135974 tempest-DeleteServersTestJSON-1247135974-project-member] Request filter 'compute_status_filter' took 0.0 seconds {{(pid=95646) wrapper /opt/stack/nova/nova/scheduler/request_filter.py:46}}
Jun 16 10:53:56.063642 np0000002933 nova-scheduler[95646]: DEBUG nova.scheduler.request_filter [None req-e84ecfd6-8109-4c86-8242-0c841a21aaf8 tempest-DeleteServersTestJSON-1247135974 tempest-DeleteServersTestJSON-1247135974-project-member] Request filter 'accelerators_filter' took 0.0 seconds {{(pid=95646) wrapper /opt/stack/nova/nova/scheduler/request_filter.py:46}}
Jun 16 10:53:56.064079 np0000002933 nova-scheduler[95646]: DEBUG nova.scheduler.request_filter [None req-e84ecfd6-8109-4c86-8242-0c841a21aaf8 tempest-DeleteServersTestJSON-1247135974 tempest-DeleteServersTestJSON-1247135974-project-member] Request filter 'packed_virtqueue_filter' took 0.0 seconds {{(pid=95646) wrapper /opt/stack/nova/nova/scheduler/request_filter.py:46}}
Jun 16 10:53:56.064158 np0000002933 nova-scheduler[95646]: DEBUG nova.scheduler.request_filter [None req-e84ecfd6-8109-4c86-8242-0c841a21aaf8 tempest-DeleteServersTestJSON-1247135974 tempest-DeleteServersTestJSON-1247135974-project-member] Request filter 'remote_managed_ports_filter' took 0.0 seconds {{(pid=95646) wrapper /opt/stack/nova/nova/scheduler/request_filter.py:46}}
Jun 16 10:53:56.064292 np0000002933 nova-scheduler[95646]: DEBUG nova.scheduler.request_filter [None req-e84ecfd6-8109-4c86-8242-0c841a21aaf8 tempest-DeleteServersTestJSON-1247135974 tempest-DeleteServersTestJSON-1247135974-project-member] ephemeral_encryption_filter skipped {{(pid=95646) ephemeral_encryption_filter /opt/stack/nova/nova/scheduler/request_filter.py:426}}
Jun 16 10:53:56.064442 np0000002933 nova-scheduler[95646]: DEBUG nova.scheduler.request_filter [None req-e84ecfd6-8109-4c86-8242-0c841a21aaf8 tempest-DeleteServersTestJSON-1247135974 tempest-DeleteServersTestJSON-1247135974-project-member] virtio_sound_filter skipped {{(pid=95646) virtio_sound_filter /opt/stack/nova/nova/scheduler/request_filter.py:460}}
Jun 16 10:53:56.064593 np0000002933 nova-scheduler[95646]: DEBUG nova.scheduler.request_filter [None req-e84ecfd6-8109-4c86-8242-0c841a21aaf8 tempest-DeleteServersTestJSON-1247135974 tempest-DeleteServersTestJSON-1247135974-project-member] tpm_secret_security_filter skipped {{(pid=95646) tpm_secret_security_filter /opt/stack/nova/nova/scheduler/request_filter.py:477}}
Jun 16 10:53:56.169885 np0000002933 nova-scheduler[95646]: INFO nova.utils [None req-e84ecfd6-8109-4c86-8242-0c841a21aaf8 tempest-DeleteServersTestJSON-1247135974 tempest-DeleteServersTestJSON-1247135974-project-member] The cell worker thread pool ForkProcess-1.cell_worker is initialized
Jun 16 10:53:56.170278 np0000002933 nova-scheduler[95646]: DEBUG oslo_concurrency.lockutils [None req-e84ecfd6-8109-4c86-8242-0c841a21aaf8 tempest-DeleteServersTestJSON-1247135974 tempest-DeleteServersTestJSON-1247135974-project-member] Acquiring lock "74063457-19f9-439f-a7a7-6368dee48482" by "nova.context.set_target_cell..get_or_set_cached_cell_and_set_connections" {{(pid=95646) inner /opt/stack/data/venv/lib/python3.12/site-packages/oslo_concurrency/lockutils.py:511}}
Jun 16 10:53:56.170489 np0000002933 nova-scheduler[95646]: DEBUG oslo_concurrency.lockutils [None req-e84ecfd6-8109-4c86-8242-0c841a21aaf8 tempest-DeleteServersTestJSON-1247135974 tempest-DeleteServersTestJSON-1247135974-project-member] Lock "74063457-19f9-439f-a7a7-6368dee48482" acquired by "nova.context.set_target_cell..get_or_set_cached_cell_and_set_connections" :: waited 0.000s {{(pid=95646) inner /opt/stack/data/venv/lib/python3.12/site-packages/oslo_concurrency/lockutils.py:524}}
Jun 16 10:53:56.171939 np0000002933 nova-scheduler[95646]: DEBUG oslo_concurrency.lockutils [None req-e84ecfd6-8109-4c86-8242-0c841a21aaf8 tempest-DeleteServersTestJSON-1247135974 tempest-DeleteServersTestJSON-1247135974-project-member] Lock "74063457-19f9-439f-a7a7-6368dee48482" "released" by "nova.context.set_target_cell..get_or_set_cached_cell_and_set_connections" :: held 0.001s {{(pid=95646) inner /opt/stack/data/venv/lib/python3.12/site-packages/oslo_concurrency/lockutils.py:543}}
Jun 16 10:53:56.173482 np0000002933 nova-scheduler[95646]: INFO dbcounter [None req-e84ecfd6-8109-4c86-8242-0c841a21aaf8 tempest-DeleteServersTestJSON-1247135974 tempest-DeleteServersTestJSON-1247135974-project-member] Registered counter for database nova_cell1
Jun 16 10:53:56.213077 np0000002933 nova-scheduler[95646]: DEBUG oslo_db.sqlalchemy.engines [None req-e84ecfd6-8109-4c86-8242-0c841a21aaf8 tempest-DeleteServersTestJSON-1247135974 tempest-DeleteServersTestJSON-1247135974-project-member] MySQL server mode set to STRICT_TRANS_TABLES,STRICT_ALL_TABLES,NO_ZERO_IN_DATE,NO_ZERO_DATE,ERROR_FOR_DIVISION_BY_ZERO,TRADITIONAL,NO_ENGINE_SUBSTITUTION {{(pid=95646) _check_effective_sql_mode /opt/stack/data/venv/lib/python3.12/site-packages/oslo_db/sqlalchemy/engines.py:325}}
Jun 16 10:53:56.219202 np0000002933 nova-scheduler[95646]: DEBUG dbcounter [-] [95646] Writer thread running {{(pid=95646) stat_writer /opt/stack/data/venv/lib/python3.12/site-packages/dbcounter.py:102}}
Jun 16 10:53:56.281242 np0000002933 nova-scheduler[95646]: DEBUG dbcounter [-] [95646] Writer thread running {{(pid=95646) stat_writer /opt/stack/data/venv/lib/python3.12/site-packages/dbcounter.py:102}}
Jun 16 10:53:56.284083 np0000002933 nova-scheduler[95646]: DEBUG oslo_concurrency.lockutils [None req-e84ecfd6-8109-4c86-8242-0c841a21aaf8 tempest-DeleteServersTestJSON-1247135974 tempest-DeleteServersTestJSON-1247135974-project-member] Acquiring lock "74063457-19f9-439f-a7a7-6368dee48482" by "nova.context.set_target_cell..get_or_set_cached_cell_and_set_connections" {{(pid=95646) inner /opt/stack/data/venv/lib/python3.12/site-packages/oslo_concurrency/lockutils.py:511}}
Jun 16 10:53:56.284253 np0000002933 nova-scheduler[95646]: DEBUG oslo_concurrency.lockutils [None req-e84ecfd6-8109-4c86-8242-0c841a21aaf8 tempest-DeleteServersTestJSON-1247135974 tempest-DeleteServersTestJSON-1247135974-project-member] Lock "74063457-19f9-439f-a7a7-6368dee48482" acquired by "nova.context.set_target_cell..get_or_set_cached_cell_and_set_connections" :: waited 0.000s {{(pid=95646) inner /opt/stack/data/venv/lib/python3.12/site-packages/oslo_concurrency/lockutils.py:524}}
Jun 16 10:53:56.284373 np0000002933 nova-scheduler[95646]: DEBUG oslo_concurrency.lockutils [None req-e84ecfd6-8109-4c86-8242-0c841a21aaf8 tempest-DeleteServersTestJSON-1247135974 tempest-DeleteServersTestJSON-1247135974-project-member] Lock "74063457-19f9-439f-a7a7-6368dee48482" "released" by "nova.context.set_target_cell..get_or_set_cached_cell_and_set_connections" :: held 0.000s {{(pid=95646) inner /opt/stack/data/venv/lib/python3.12/site-packages/oslo_concurrency/lockutils.py:543}}
