Jun 14 11:04:47.619723 np0000002783 devstack@neutron-api.service[89991]: DEBUG ovsdbapp.backend.ovs_idl [None req-993c68a3-175d-4fbd-96d2-d9a8d627c4b2 None None] Created lookup_table index Port_Binding.logical_port {{(pid=89991) autocreate_indices /opt/stack/data/venv/lib/python3.12/site-packages/ovsdbapp/backend/ovs_idl/__init__.py:87}}
Jun 14 11:04:47.619824 np0000002783 devstack@neutron-api.service[89991]: DEBUG ovsdbapp.backend.ovs_idl [None req-993c68a3-175d-4fbd-96d2-d9a8d627c4b2 None None] Created schema index Chassis_Private.name {{(pid=89991) autocreate_indices /opt/stack/data/venv/lib/python3.12/site-packages/ovsdbapp/backend/ovs_idl/__init__.py:106}}
Jun 14 11:04:47.620362 np0000002783 devstack@neutron-api.service[89991]: DEBUG ovsdbapp.backend.ovs_idl [None req-993c68a3-175d-4fbd-96d2-d9a8d627c4b2 None None] Created schema index Datapath_Binding.tunnel_key {{(pid=89991) autocreate_indices /opt/stack/data/venv/lib/python3.12/site-packages/ovsdbapp/backend/ovs_idl/__init__.py:106}}
Jun 14 11:04:47.620424 np0000002783 devstack@neutron-api.service[89989]: WSGI app 0 (mountpoint='') ready in 6 seconds on interpreter 0x7497b1ea3668 pid: 89989 (default app)
Jun 14 11:04:47.621869 np0000002783 devstack@neutron-api.service[89991]: INFO ovsdbapp.backend.ovs_idl.vlog [None req-993c68a3-175d-4fbd-96d2-d9a8d627c4b2 None None] ssl:10.4.3.158:6642: connecting...
Jun 14 11:04:47.626596 np0000002783 devstack@neutron-api.service[89991]: INFO ovsdbapp.backend.ovs_idl.vlog [None req-993c68a3-175d-4fbd-96d2-d9a8d627c4b2 None None] ssl:10.4.3.158:6642: connected
Jun 14 11:04:47.651080 np0000002783 devstack@neutron-api.service[89991]: DEBUG neutron.common.ovn.hash_ring_manager [None req-993c68a3-175d-4fbd-96d2-d9a8d627c4b2 None None] Allow caching, nodes 3>=3 {{(pid=89991) _wait_startup_before_caching /opt/stack/neutron/neutron/common/ovn/hash_ring_manager.py:65}}
Jun 14 11:04:47.654413 np0000002783 devstack@neutron-api.service[89991]: DEBUG neutron.common.ovn.hash_ring_manager [None req-993c68a3-175d-4fbd-96d2-d9a8d627c4b2 None None] Hash Ring loaded. 3 active nodes. 0 offline nodes {{(pid=89991) _load_hash_ring /opt/stack/neutron/neutron/common/ovn/hash_ring_manager.py:102}}
Jun 14 11:04:47.654594 np0000002783 devstack@neutron-api.service[89991]: DEBUG neutron.plugins.ml2.drivers.ovn.mech_driver.ovsdb.ovsdb_monitor [None req-993c68a3-175d-4fbd-96d2-d9a8d627c4b2 None None] Hash Ring: Node 4c4bdfcba179541a86e48ef6812ac502 (host: np0000002783) handling event "create" for row b7b71633-707a-493d-85c1-679a4de2ac30 (table: Chassis) {{(pid=89991) notify /opt/stack/neutron/neutron/plugins/ml2/drivers/ovn/mech_driver/ovsdb/ovsdb_monitor.py:1015}}
Jun 14 11:04:47.655340 np0000002783 devstack@neutron-api.service[89991]: DEBUG ovsdbapp.backend.ovs_idl.event [None req-993c68a3-175d-4fbd-96d2-d9a8d627c4b2 None None] Matched CREATE: ChassisBandwidthConfigEvent(events=('create', 'update'), table='Chassis', conditions=None, old_conditions=None), priority=20 to row=Chassis(uuid=b7b71633-707a-493d-85c1-679a4de2ac30, encaps=[11000b3d-dccf-44f3-914d-e772b35352ca], external_ids={}, hostname='np0000002783', name='92c11a6d-d556-415b-8e55-e9af499e71c3', nb_cfg=0, other_config={'ct-commit-nat-v2': 'true', 'ct-commit-to-zone': 'true', 'ct-next-zone': 'true', 'ct-no-masked-label': 'true', 'ct-state-save': 'true', 'datapath-type': 'system', 'fdb-timestamp': 'true', 'iface-types': 'afxdp,afxdp-nonpmd,bareudp,erspan,geneve,gre,gtpu,internal,ip6erspan,ip6gre,lisp,patch,srv6,stt,system,tap,vxlan', 'is-interconn': 'false', 'ls-dpg-column': 'true', 'mac-binding-timestamp': 'true', 'ovn-bridge-mappings': 'public:br-ex', 'ovn-chassis-mac-mappings': '', 'ovn-cms-options': 'enable-chassis-as-gw', 'ovn-ct-lb-related': 'true', 'ovn-enable-lflow-cache': 'true', 'ovn-limit-lflow-cache': '', 'ovn-memlimit-lflow-cache-kb': '', 'ovn-monitor-all': 'false', 'ovn-trim-limit-lflow-cache': '', 'ovn-trim-timeout-ms': '', 'ovn-trim-wmark-perc-lflow-cache': '', 'port-up-notif': 'true'}, transport_zones=[], vtep_logical_switches=[]) old= {{(pid=89991) matches /opt/stack/data/venv/lib/python3.12/site-packages/ovsdbapp/backend/ovs_idl/event.py:55}}
Jun 14 11:04:47.655804 np0000002783 devstack@neutron-api.service[89991]: DEBUG neutron.plugins.ml2.drivers.ovn.mech_driver.ovsdb.ovsdb_monitor [None req-993c68a3-175d-4fbd-96d2-d9a8d627c4b2 None None] ChassisAgentWriteEvent : Matched Chassis_Private, create, None None {{(pid=89991) matches /opt/stack/neutron/neutron/plugins/ml2/drivers/ovn/mech_driver/ovsdb/ovsdb_monitor.py:64}}
Jun 14 11:04:47.655950 np0000002783 devstack@neutron-api.service[89991]: DEBUG neutron.plugins.ml2.drivers.ovn.mech_driver.ovsdb.ovsdb_monitor [None req-993c68a3-175d-4fbd-96d2-d9a8d627c4b2 None None] ChassisOVNAgentWriteEvent : Matched Chassis_Private, create, None None {{(pid=89991) matches /opt/stack/neutron/neutron/plugins/ml2/drivers/ovn/mech_driver/ovsdb/ovsdb_monitor.py:64}}
Jun 14 11:04:47.656292 np0000002783 devstack@neutron-api.service[89991]: DEBUG neutron.plugins.ml2.drivers.ovn.mech_driver.ovsdb.ovsdb_monitor [None req-993c68a3-175d-4fbd-96d2-d9a8d627c4b2 None None] Hash Ring: Node 4c4bdfcba179541a86e48ef6812ac502 (host: np0000002783) handling event "create" for row d5c68699-f7e5-4fda-bf6c-e35574617302 (table: Chassis_Private) {{(pid=89991) notify /opt/stack/neutron/neutron/plugins/ml2/drivers/ovn/mech_driver/ovsdb/ovsdb_monitor.py:1015}}
Jun 14 11:04:47.656458 np0000002783 devstack@neutron-api.service[89991]: DEBUG neutron.plugins.ml2.drivers.ovn.mech_driver.ovsdb.ovsdb_monitor [None req-993c68a3-175d-4fbd-96d2-d9a8d627c4b2 None None] Hash Ring: Node 4c4bdfcba179541a86e48ef6812ac502 (host: np0000002783) handling event "create" for row 11000b3d-dccf-44f3-914d-e772b35352ca (table: Encap) {{(pid=89991) notify /opt/stack/neutron/neutron/plugins/ml2/drivers/ovn/mech_driver/ovsdb/ovsdb_monitor.py:1015}}
Jun 14 11:04:47.657986 np0000002783 devstack@neutron-api.service[89991]: INFO neutron.plugins.ml2.drivers.ovn.mech_driver.mech_driver [None req-993c68a3-175d-4fbd-96d2-d9a8d627c4b2 None None] WorkerService process has finished the post initialization
Jun 14 11:04:47.657986 np0000002783 devstack@neutron-api.service[89991]: DEBUG oslo_concurrency.processutils [None req-993c68a3-175d-4fbd-96d2-d9a8d627c4b2 None None] Running cmd (subprocess): ovsdb-client transact ssl:10.4.3.158:6641 --timeout 180 -p /opt/stack/data/CA/int-ca/private/devstack-cert.key -c /opt/stack/data/CA/int-ca/devstack-cert.crt -C /opt/stack/data/CA/int-ca/ca-chain.pem ["OVN_Northbound", {"op": "wait", "timeout": 0, "table": "Port_Group", "where": [["name", "==", "pvlan_pg_drop"]], "until": "==", "rows": []}, {"op": "insert", "table": "ACL", "row": {"action": "drop", "direction": "to-lport", "match": "outport == @pvlan_pg_drop && ip", "priority": 1010}, "uuid-name": "pvlandroptoport"}, {"op": "insert", "table": "ACL", "row": {"action": "drop", "direction": "from-lport", "match": "inport == @pvlan_pg_drop && ip", "priority": 1010}, "uuid-name": "pvlandropfromport"}, {"op": "insert", "table": "Port_Group", "row": {"name": "pvlan_pg_drop", "acls": ["set", [["named-uuid", "pvlandroptoport"], ["named-uuid", "pvlandropfromport"]]]}}] {{(pid=89991) execute /opt/stack/data/venv/lib/python3.12/site-packages/oslo_concurrency/processutils.py:440}}
Jun 14 11:04:47.658225 np0000002783 devstack@neutron-api.service[89991]: INFO neutron.plugins.ml2.drivers.ovn.mech_driver.ovsdb.extensions.qos [-] Starting OVNClientQosExtension
Jun 14 11:04:47.658366 np0000002783 devstack@neutron-api.service[89991]: INFO neutron.plugins.ml2.drivers.ovn.mech_driver.ovsdb.extensions.placement [-] Starting OVNClientPlacementExtension
Jun 14 11:04:47.684279 np0000002783 devstack@neutron-api.service[89991]: DEBUG oslo_concurrency.processutils [None req-993c68a3-175d-4fbd-96d2-d9a8d627c4b2 None None] CMD "ovsdb-client transact ssl:10.4.3.158:6641 --timeout 180 -p /opt/stack/data/CA/int-ca/private/devstack-cert.key -c /opt/stack/data/CA/int-ca/devstack-cert.crt -C /opt/stack/data/CA/int-ca/ca-chain.pem ["OVN_Northbound", {"op": "wait", "timeout": 0, "table": "Port_Group", "where": [["name", "==", "pvlan_pg_drop"]], "until": "==", "rows": []}, {"op": "insert", "table": "ACL", "row": {"action": "drop", "direction": "to-lport", "match": "outport == @pvlan_pg_drop && ip", "priority": 1010}, "uuid-name": "pvlandroptoport"}, {"op": "insert", "table": "ACL", "row": {"action": "drop", "direction": "from-lport", "match": "inport == @pvlan_pg_drop && ip", "priority": 1010}, "uuid-name": "pvlandropfromport"}, {"op": "insert", "table": "Port_Group", "row": {"name": "pvlan_pg_drop", "acls": ["set", [["named-uuid", "pvlandroptoport"], ["named-uuid", "pvlandropfromport"]]]}}]" returned: 0 in 0.026s {{(pid=89991) execute /opt/stack/data/venv/lib/python3.12/site-packages/oslo_concurrency/processutils.py:468}}
Jun 14 11:04:47.686284 np0000002783 devstack@neutron-api.service[89991]: WSGI app 0 (mountpoint='') ready in 6 seconds on interpreter 0x7497b1ea3668 pid: 89991 (default app)
Jun 14 11:04:48.330043 np0000002783 devstack@neutron-api.service[89991]: DEBUG neutron.plugins.ml2.drivers.ovn.mech_driver.ovsdb.ovsdb_monitor [-] Hash Ring: Node 4c4bdfcba179541a86e48ef6812ac502 (host: np0000002783) handling event "update" for row b1b0fdbd-0517-4b14-b423-3d87b5459938 (table: Connection) {{(pid=89991) notify /opt/stack/neutron/neutron/plugins/ml2/drivers/ovn/mech_driver/ovsdb/ovsdb_monitor.py:1015}}
Jun 14 11:04:48.331186 np0000002783 devstack@neutron-api.service[89990]: DEBUG neutron.common.ovn.hash_ring_manager [-] Allow caching, nodes 3>=3 {{(pid=89990) _wait_startup_before_caching /opt/stack/neutron/neutron/common/ovn/hash_ring_manager.py:65}}
Jun 14 11:04:48.331420 np0000002783 devstack@neutron-api.service[89990]: DEBUG neutron.plugins.ml2.drivers.ovn.mech_driver.ovsdb.ovsdb_monitor [-] Hash Ring: Node 8aa782a7eeae5b59917ee8f9e1b6d412 (host: np0000002783) handling event "update" for row b1b0fdbd-0517-4b14-b423-3d87b5459938 (table: Connection) {{(pid=89990) notify /opt/stack/neutron/neutron/plugins/ml2/drivers/ovn/mech_driver/ovsdb/ovsdb_monitor.py:1015}}
Jun 14 11:04:50.831018 np0000002783 devstack@neutron-api.service[89990]: DEBUG neutron.plugins.ml2.drivers.ovn.mech_driver.ovsdb.ovsdb_monitor [-] Hash Ring: Node 8aa782a7eeae5b59917ee8f9e1b6d412 (host: np0000002783) handling event "update" for row b1b0fdbd-0517-4b14-b423-3d87b5459938 (table: Connection) {{(pid=89990) notify /opt/stack/neutron/neutron/plugins/ml2/drivers/ovn/mech_driver/ovsdb/ovsdb_monitor.py:1015}}
Jun 14 11:04:50.831505 np0000002783 devstack@neutron-api.service[89991]: DEBUG neutron.plugins.ml2.drivers.ovn.mech_driver.ovsdb.ovsdb_monitor [-] Hash Ring: Node 4c4bdfcba179541a86e48ef6812ac502 (host: np0000002783) handling event "update" for row b1b0fdbd-0517-4b14-b423-3d87b5459938 (table: Connection) {{(pid=89991) notify /opt/stack/neutron/neutron/plugins/ml2/drivers/ovn/mech_driver/ovsdb/ovsdb_monitor.py:1015}}
Jun 14 11:04:51.570304 np0000002783 devstack@neutron-api.service[89990]: DEBUG neutron.api.wsgi [None req-124a0b0b-9791-4a19-b64a-b6f4a6dde485 admin admin] Missing Content-Type {{(pid=89990) get_content_type /opt/stack/neutron/neutron/api/wsgi.py:80}}
Jun 14 11:04:51.570793 np0000002783 devstack@neutron-api.service[89990]: DEBUG neutron.api.wsgi [None req-124a0b0b-9791-4a19-b64a-b6f4a6dde485 admin admin] https://10.4.3.158/networking/v2.0/extensions returned with HTTP 200 {{(pid=89990) __call__ /opt/stack/neutron/neutron/api/wsgi.py:540}}
Jun 14 11:04:51.571208 np0000002783 devstack@neutron-api.service[89990]: [pid: 89990|app: 0|req: 2/2] 10.4.3.158 () {64 vars in 1292 bytes} [Sun Jun 14 11:04:50 2026] GET /networking/v2.0/extensions => generated 15873 bytes in 582 msecs (HTTP/1.1 200) 4 headers in 159 bytes (1 switches on core 0)
Jun 14 11:04:51.968936 np0000002783 devstack@neutron-api.service[89989]: DEBUG neutron.api.v2.base [None req-633d3fe2-a3ef-408e-89de-2a9c75e34287 admin admin] Request body: {'subnetpool': {'shared': True, 'name': 'shared-default-subnetpool-v4', 'default_prefixlen': 26, 'prefixes': ['10.1.0.0/20'], 'is_default': True}} {{(pid=89989) prepare_request_body /opt/stack/neutron/neutron/api/v2/base.py:727}}
Jun 14 11:04:52.207659 np0000002783 devstack@neutron-api.service[89989]: DEBUG neutron.policy [None req-633d3fe2-a3ef-408e-89de-2a9c75e34287 admin admin] Loaded default policies from ['neutron'] under neutron.policies entry points {{(pid=89989) register_rules /opt/stack/neutron/neutron/policy.py:65}}
Jun 14 11:04:52.351016 np0000002783 devstack@neutron-api.service[89989]: DEBUG neutron_lib.callbacks.manager [None req-633d3fe2-a3ef-408e-89de-2a9c75e34287 admin admin] Publish callbacks ['neutron.objects.securitygroup.RbacNeutronDbObjectMixin.validate_rbac_policy_change-1491570206801', 'neutron.objects.address_group.RbacNeutronDbObjectMixin.validate_rbac_policy_change-1491570082059', 'neutron.objects.network.RbacNeutronDbObjectMixin.validate_rbac_policy_change-1491570218137', 'neutron.objects.qos.policy.RbacNeutronDbObjectMixin.validate_rbac_policy_change-1491570229847', 'neutron.objects.subnetpool.RbacNeutronDbObjectMixin.validate_rbac_policy_change-1491570233528', 'neutron.objects.address_scope.RbacNeutronDbObjectMixin.validate_rbac_policy_change-1491570137700', 'neutron.plugins.ml2.plugin.External_net_db_mixin._process_ext_policy_create-45336', 'neutron.plugins.ml2.plugin.NeutronDbPluginV2.validate_network_rbac_policy_change-70036'] for rbac-policy (None), before_create {{(pid=89989) _notify_loop /opt/stack/data/venv/lib/python3.12/site-packages/neutron_lib/callbacks/manager.py:184}}
Jun 14 11:04:52.434956 np0000002783 devstack@neutron-api.service[89989]: DEBUG neutron_lib.callbacks.manager [None req-633d3fe2-a3ef-408e-89de-2a9c75e34287 admin admin] Publish callbacks [] for subnetpool (None), before_response {{(pid=89989) _notify_loop /opt/stack/data/venv/lib/python3.12/site-packages/neutron_lib/callbacks/manager.py:184}}
Jun 14 11:04:52.435608 np0000002783 devstack@neutron-api.service[89989]: [pid: 89989|app: 0|req: 1/3] 10.4.3.158 () {68 vars in 1336 bytes} [Sun Jun 14 11:04:51 2026] POST /networking/v2.0/subnetpools => generated 533 bytes in 561 msecs (HTTP/1.1 201) 4 headers in 162 bytes (1 switches on core 0)
Jun 14 11:04:52.753294 np0000002783 devstack@neutron-api.service[89991]: DEBUG neutron.api.v2.base [None req-4e7fb73e-7998-423e-a8f4-8a7da65e5673 admin admin] Request body: {'subnetpool': {'shared': True, 'name': 'shared-default-subnetpool-v6', 'default_prefixlen': 64, 'prefixes': ['fd72:ee3d:9c00::/56'], 'is_default': True}} {{(pid=89991) prepare_request_body /opt/stack/neutron/neutron/api/v2/base.py:727}}
Jun 14 11:04:52.931717 np0000002783 devstack@neutron-api.service[89991]: DEBUG neutron.policy [None req-4e7fb73e-7998-423e-a8f4-8a7da65e5673 admin admin] Loaded default policies from ['neutron'] under neutron.policies entry points {{(pid=89991) register_rules /opt/stack/neutron/neutron/policy.py:65}}
Jun 14 11:04:53.075856 np0000002783 devstack@neutron-api.service[89991]: DEBUG neutron_lib.callbacks.manager [None req-4e7fb73e-7998-423e-a8f4-8a7da65e5673 admin admin] Publish callbacks ['neutron.objects.securitygroup.RbacNeutronDbObjectMixin.validate_rbac_policy_change-1491570152410', 'neutron.objects.address_group.RbacNeutronDbObjectMixin.validate_rbac_policy_change-1491570013691', 'neutron.objects.network.RbacNeutronDbObjectMixin.validate_rbac_policy_change-1491570141406', 'neutron.objects.qos.policy.RbacNeutronDbObjectMixin.validate_rbac_policy_change-1491570186773', 'neutron.objects.subnetpool.RbacNeutronDbObjectMixin.validate_rbac_policy_change-1491570169846', 'neutron.objects.address_scope.RbacNeutronDbObjectMixin.validate_rbac_policy_change-1491570163783', 'neutron.plugins.ml2.plugin.External_net_db_mixin._process_ext_policy_create-109270', 'neutron.plugins.ml2.plugin.NeutronDbPluginV2.validate_network_rbac_policy_change-116290'] for rbac-policy (None), before_create {{(pid=89991) _notify_loop /opt/stack/data/venv/lib/python3.12/site-packages/neutron_lib/callbacks/manager.py:184}}
Jun 14 11:04:53.147953 np0000002783 devstack@neutron-api.service[89991]: DEBUG neutron_lib.callbacks.manager [None req-4e7fb73e-7998-423e-a8f4-8a7da65e5673 admin admin] Publish callbacks [] for subnetpool (None), before_response {{(pid=89991) _notify_loop /opt/stack/data/venv/lib/python3.12/site-packages/neutron_lib/callbacks/manager.py:184}}
Jun 14 11:04:53.148503 np0000002783 devstack@neutron-api.service[89991]: [pid: 89991|app: 0|req: 1/4] 10.4.3.158 () {68 vars in 1336 bytes} [Sun Jun 14 11:04:52 2026] POST /networking/v2.0/subnetpools => generated 543 bytes in 496 msecs (HTTP/1.1 201) 4 headers in 162 bytes (1 switches on core 0)
Jun 14 11:04:53.428255 np0000002783 devstack@neutron-api.service[89990]: DEBUG neutron.api.v2.base [None req-e4ddb2e4-60cd-47d8-9124-df5b535b0f58 admin admin] Request body: {'network': {'admin_state_up': True, 'name': 'private'}} {{(pid=89990) prepare_request_body /opt/stack/neutron/neutron/api/v2/base.py:727}}
Jun 14 11:04:53.462157 np0000002783 devstack@neutron-api.service[89990]: DEBUG neutron.pecan_wsgi.hooks.quota_enforcement [None req-e4ddb2e4-60cd-47d8-9124-df5b535b0f58 admin admin] Made reservation on behalf of 8f182e76f12f4c5caae4df936106e2a8 for: {'network': 1} {{(pid=89990) before /opt/stack/neutron/neutron/pecan_wsgi/hooks/quota_enforcement.py:66}}
Jun 14 11:04:53.633557 np0000002783 devstack@neutron-api.service[89990]: DEBUG neutron.policy [None req-e4ddb2e4-60cd-47d8-9124-df5b535b0f58 admin admin] Loaded default policies from ['neutron'] under neutron.policies entry points {{(pid=89990) register_rules /opt/stack/neutron/neutron/policy.py:65}}
Jun 14 11:04:53.721006 np0000002783 devstack@neutron-api.service[89990]: DEBUG neutron_lib.callbacks.manager [None req-e4ddb2e4-60cd-47d8-9124-df5b535b0f58 admin admin] Publish callbacks ['neutron.plugins.ml2.plugin.SecurityGroupDbMixin._ensure_default_security_group_handler-425568'] for network (None), before_create {{(pid=89990) _notify_loop /opt/stack/data/venv/lib/python3.12/site-packages/neutron_lib/callbacks/manager.py:184}}
Jun 14 11:04:53.740312 np0000002783 devstack@neutron-api.service[89990]: DEBUG neutron_lib.callbacks.manager [None req-e4ddb2e4-60cd-47d8-9124-df5b535b0f58 admin admin] Publish callbacks [] for security_group (None), before_create {{(pid=89990) _notify_loop /opt/stack/data/venv/lib/python3.12/site-packages/neutron_lib/callbacks/manager.py:184}}
Jun 14 11:04:53.837143 np0000002783 devstack@neutron-api.service[89990]: DEBUG neutron_lib.callbacks.manager [None req-e4ddb2e4-60cd-47d8-9124-df5b535b0f58 admin admin] Publish callbacks ['neutron.plugins.ml2.drivers.ovn.mech_driver.mech_driver.OVNMechanismDriver._create_security_group_precommit-1884280'] for security_group (06a1648d-2906-4110-8578-bb11bfb16380), precommit_create {{(pid=89990) _notify_loop /opt/stack/data/venv/lib/python3.12/site-packages/neutron_lib/callbacks/manager.py:184}}
Jun 14 11:04:53.837429 np0000002783 devstack@neutron-api.service[89990]: DEBUG neutron.db.ovn_revision_numbers_db [None req-e4ddb2e4-60cd-47d8-9124-df5b535b0f58 admin admin] create_initial_revision uuid=06a1648d-2906-4110-8578-bb11bfb16380, type=security_groups, rev=-1 {{(pid=89990) create_initial_revision /opt/stack/neutron/neutron/db/ovn_revision_numbers_db.py:98}}
Jun 14 11:04:53.839683 np0000002783 devstack@neutron-api.service[89990]: DEBUG neutron.db.ovn_revision_numbers_db [None req-e4ddb2e4-60cd-47d8-9124-df5b535b0f58 admin admin] create_initial_revision uuid=1ba7fd70-7072-4875-8540-c55007e51053, type=security_group_rules, rev=-1 {{(pid=89990) create_initial_revision /opt/stack/neutron/neutron/db/ovn_revision_numbers_db.py:98}}
Jun 14 11:04:53.840660 np0000002783 devstack@neutron-api.service[89990]: DEBUG neutron.db.ovn_revision_numbers_db [None req-e4ddb2e4-60cd-47d8-9124-df5b535b0f58 admin admin] create_initial_revision uuid=5fb292f2-0599-4d35-81cd-d18df740a578, type=security_group_rules, rev=-1 {{(pid=89990) create_initial_revision /opt/stack/neutron/neutron/db/ovn_revision_numbers_db.py:98}}
Jun 14 11:04:53.841599 np0000002783 devstack@neutron-api.service[89990]: DEBUG neutron.db.ovn_revision_numbers_db [None req-e4ddb2e4-60cd-47d8-9124-df5b535b0f58 admin admin] create_initial_revision uuid=7fcd3c22-4631-4540-a06c-4a6b82e86289, type=security_group_rules, rev=-1 {{(pid=89990) create_initial_revision /opt/stack/neutron/neutron/db/ovn_revision_numbers_db.py:98}}
Jun 14 11:04:53.842527 np0000002783 devstack@neutron-api.service[89990]: DEBUG neutron.db.ovn_revision_numbers_db [None req-e4ddb2e4-60cd-47d8-9124-df5b535b0f58 admin admin] create_initial_revision uuid=87876f88-383c-43c1-9577-06ae96ab7586, type=security_group_rules, rev=-1 {{(pid=89990) create_initial_revision /opt/stack/neutron/neutron/db/ovn_revision_numbers_db.py:98}}
Jun 14 11:04:53.856240 np0000002783 devstack@neutron-api.service[89990]: DEBUG neutron_lib.callbacks.manager [None req-e4ddb2e4-60cd-47d8-9124-df5b535b0f58 admin admin] Publish callbacks ['neutron.plugins.ml2.drivers.ovn.mech_driver.mech_driver.OVNMechanismDriver._create_security_group-1884278', 'neutron.plugins.ml2.ovo_rpc._ObjectChangeHandler.handle_event-1129832'] for security_group (06a1648d-2906-4110-8578-bb11bfb16380), after_create {{(pid=89990) _notify_loop /opt/stack/data/venv/lib/python3.12/site-packages/neutron_lib/callbacks/manager.py:184}}
Jun 14 11:04:53.857099 np0000002783 devstack@neutron-api.service[89990]: DEBUG ovsdbapp.backend.ovs_idl.transaction [-] Running txn n=1 command(idx=0): PgAddCommand(_result=None, name=pg_06a1648d_2906_4110_8578_bb11bfb16380, may_exist=False, columns={'acls': [], 'external_ids': {'neutron:security_group_id': '06a1648d-2906-4110-8578-bb11bfb16380'}}) {{(pid=89990) do_commit /opt/stack/data/venv/lib/python3.12/site-packages/ovsdbapp/backend/ovs_idl/transaction.py:89}}
Jun 14 11:04:53.858302 np0000002783 devstack@neutron-api.service[89990]: DEBUG ovsdbapp.backend.ovs_idl.transaction [-] Running txn n=1 command(idx=1): PgAclAddCommand(_result=None, entity=pg_06a1648d_2906_4110_8578_bb11bfb16380, direction=to-lport, priority=1002, match=outport == @pg_06a1648d_2906_4110_8578_bb11bfb16380 && ip6 && ip6.src == $pg_06a1648d_2906_4110_8578_bb11bfb16380_ip6, action=allow-related, log=False, may_exist=True, severity=[], name=[], meter=[], external_ids={'neutron:security_group_rule_id': '1ba7fd70-7072-4875-8540-c55007e51053'}) {{(pid=89990) do_commit /opt/stack/data/venv/lib/python3.12/site-packages/ovsdbapp/backend/ovs_idl/transaction.py:89}}
Jun 14 11:04:53.858666 np0000002783 devstack@neutron-api.service[89990]: DEBUG ovsdbapp.backend.ovs_idl.transaction [-] Running txn n=1 command(idx=2): PgAclAddCommand(_result=None, entity=pg_06a1648d_2906_4110_8578_bb11bfb16380, direction=to-lport, priority=1002, match=outport == @pg_06a1648d_2906_4110_8578_bb11bfb16380 && ip4 && ip4.src == $pg_06a1648d_2906_4110_8578_bb11bfb16380_ip4, action=allow-related, log=False, may_exist=True, severity=[], name=[], meter=[], external_ids={'neutron:security_group_rule_id': '5fb292f2-0599-4d35-81cd-d18df740a578'}) {{(pid=89990) do_commit /opt/stack/data/venv/lib/python3.12/site-packages/ovsdbapp/backend/ovs_idl/transaction.py:89}}
Jun 14 11:04:53.858900 np0000002783 devstack@neutron-api.service[89990]: DEBUG ovsdbapp.backend.ovs_idl.transaction [-] Running txn n=1 command(idx=3): PgAclAddCommand(_result=None, entity=pg_06a1648d_2906_4110_8578_bb11bfb16380, direction=from-lport, priority=1002, match=inport == @pg_06a1648d_2906_4110_8578_bb11bfb16380 && ip4, action=allow-related, log=False, may_exist=True, severity=[], name=[], meter=[], external_ids={'neutron:security_group_rule_id': '7fcd3c22-4631-4540-a06c-4a6b82e86289'}) {{(pid=89990) do_commit /opt/stack/data/venv/lib/python3.12/site-packages/ovsdbapp/backend/ovs_idl/transaction.py:89}}
Jun 14 11:04:53.859152 np0000002783 devstack@neutron-api.service[89990]: DEBUG ovsdbapp.backend.ovs_idl.transaction [-] Running txn n=1 command(idx=4): PgAclAddCommand(_result=None, entity=pg_06a1648d_2906_4110_8578_bb11bfb16380, direction=from-lport, priority=1002, match=inport == @pg_06a1648d_2906_4110_8578_bb11bfb16380 && ip6, action=allow-related, log=False, may_exist=True, severity=[], name=[], meter=[], external_ids={'neutron:security_group_rule_id': '87876f88-383c-43c1-9577-06ae96ab7586'}) {{(pid=89990) do_commit /opt/stack/data/venv/lib/python3.12/site-packages/ovsdbapp/backend/ovs_idl/transaction.py:89}}
Jun 14 11:04:53.863800 np0000002783 devstack@neutron-api.service[89990]: DEBUG neutron.plugins.ml2.drivers.ovn.mech_driver.ovsdb.ovsdb_monitor [-] Hash Ring: Node 8aa782a7eeae5b59917ee8f9e1b6d412 (host: np0000002783) handling event "create" for row 2ac83d6d-6209-47dc-af10-3fb9a33e870c (table: ACL) {{(pid=89990) notify /opt/stack/neutron/neutron/plugins/ml2/drivers/ovn/mech_driver/ovsdb/ovsdb_monitor.py:1015}}
Jun 14 11:04:53.864048 np0000002783 devstack@neutron-api.service[89990]: DEBUG neutron.plugins.ml2.drivers.ovn.mech_driver.ovsdb.ovsdb_monitor [-] Hash Ring: Node 8aa782a7eeae5b59917ee8f9e1b6d412 (host: np0000002783) handling event "create" for row 4b0287f9-2b31-41f5-9832-37c083907d15 (table: ACL) {{(pid=89990) notify /opt/stack/neutron/neutron/plugins/ml2/drivers/ovn/mech_driver/ovsdb/ovsdb_monitor.py:1015}}
Jun 14 11:04:53.864227 np0000002783 devstack@neutron-api.service[89990]: DEBUG neutron.plugins.ml2.drivers.ovn.mech_driver.ovsdb.ovsdb_monitor [-] Hash Ring: Node 8aa782a7eeae5b59917ee8f9e1b6d412 (host: np0000002783) handling event "create" for row 82ce341c-8044-4af7-b1af-1ab1adde7696 (table: ACL) {{(pid=89990) notify /opt/stack/neutron/neutron/plugins/ml2/drivers/ovn/mech_driver/ovsdb/ovsdb_monitor.py:1015}}
Jun 14 11:04:53.865062 np0000002783 devstack@neutron-api.service[89990]: DEBUG neutron.plugins.ml2.drivers.ovn.mech_driver.ovsdb.ovsdb_monitor [-] Hash Ring: Node 8aa782a7eeae5b59917ee8f9e1b6d412 (host: np0000002783) handling event "create" for row fb0667aa-0a72-4452-a8e2-c9bb364bf80f (table: ACL) {{(pid=89990) notify /opt/stack/neutron/neutron/plugins/ml2/drivers/ovn/mech_driver/ovsdb/ovsdb_monitor.py:1015}}
Jun 14 11:04:53.865062 np0000002783 devstack@neutron-api.service[89990]: DEBUG neutron.plugins.ml2.drivers.ovn.mech_driver.ovsdb.ovsdb_monitor [-] Hash Ring: Node 8aa782a7eeae5b59917ee8f9e1b6d412 (host: np0000002783) handling event "create" for row 06260aa1-07b3-4a64-bbd7-6b9f2f494614 (table: Port_Group) {{(pid=89990) notify /opt/stack/neutron/neutron/plugins/ml2/drivers/ovn/mech_driver/ovsdb/ovsdb_monitor.py:1015}}
Jun 14 11:04:53.865232 np0000002783 devstack@neutron-api.service[89991]: DEBUG neutron.plugins.ml2.drivers.ovn.mech_driver.ovsdb.ovsdb_monitor [-] Hash Ring: Node 4c4bdfcba179541a86e48ef6812ac502 (host: np0000002783) handling event "create" for row 2ac83d6d-6209-47dc-af10-3fb9a33e870c (table: ACL) {{(pid=89991) notify /opt/stack/neutron/neutron/plugins/ml2/drivers/ovn/mech_driver/ovsdb/ovsdb_monitor.py:1015}}
Jun 14 11:04:53.865503 np0000002783 devstack@neutron-api.service[89989]: DEBUG neutron.plugins.ml2.drivers.ovn.mech_driver.ovsdb.ovsdb_monitor [-] Hash Ring: Node 4bc65b08ac7e5e1ab8c61fcbbb469cfa (host: np0000002783) handling event "create" for row 82ce341c-8044-4af7-b1af-1ab1adde7696 (table: ACL) {{(pid=89989) notify /opt/stack/neutron/neutron/plugins/ml2/drivers/ovn/mech_driver/ovsdb/ovsdb_monitor.py:1015}}
Jun 14 11:04:53.865503 np0000002783 devstack@neutron-api.service[89989]: DEBUG neutron.plugins.ml2.drivers.ovn.mech_driver.ovsdb.ovsdb_monitor [-] Hash Ring: Node 4bc65b08ac7e5e1ab8c61fcbbb469cfa (host: np0000002783) handling event "create" for row fb0667aa-0a72-4452-a8e2-c9bb364bf80f (table: ACL) {{(pid=89989) notify /opt/stack/neutron/neutron/plugins/ml2/drivers/ovn/mech_driver/ovsdb/ovsdb_monitor.py:1015}}
Jun 14 11:04:53.900629 np0000002783 devstack@neutron-api.service[89990]: INFO neutron.db.ovn_revision_numbers_db [None req-e4ddb2e4-60cd-47d8-9124-df5b535b0f58 admin admin] Successfully bumped revision number for resource 06a1648d-2906-4110-8578-bb11bfb16380 (type: security_groups) to 1
Jun 14 11:04:53.931799 np0000002783 devstack@neutron-api.service[89990]: INFO neutron.db.ovn_revision_numbers_db [None req-e4ddb2e4-60cd-47d8-9124-df5b535b0f58 admin admin] Successfully bumped revision number for resource 1ba7fd70-7072-4875-8540-c55007e51053 (type: security_group_rules) to 0
Jun 14 11:04:53.949152 np0000002783 devstack@neutron-api.service[89990]: INFO neutron.db.ovn_revision_numbers_db [None req-e4ddb2e4-60cd-47d8-9124-df5b535b0f58 admin admin] Successfully bumped revision number for resource 5fb292f2-0599-4d35-81cd-d18df740a578 (type: security_group_rules) to 0
Jun 14 11:04:53.965501 np0000002783 devstack@neutron-api.service[89990]: INFO neutron.db.ovn_revision_numbers_db [None req-e4ddb2e4-60cd-47d8-9124-df5b535b0f58 admin admin] Successfully bumped revision number for resource 7fcd3c22-4631-4540-a06c-4a6b82e86289 (type: security_group_rules) to 0
Jun 14 11:04:53.988007 np0000002783 devstack@neutron-api.service[89990]: INFO neutron.db.ovn_revision_numbers_db [None req-e4ddb2e4-60cd-47d8-9124-df5b535b0f58 admin admin] Successfully bumped revision number for resource 87876f88-383c-43c1-9577-06ae96ab7586 (type: security_group_rules) to 0
Jun 14 11:04:54.009515 np0000002783 devstack@neutron-api.service[89990]: DEBUG neutron.api.rpc.handlers.resources_rpc [None req-e4ddb2e4-60cd-47d8-9124-df5b535b0f58 admin admin] Pushing event updated for resources: {'SecurityGroup': ['ID=06a1648d-2906-4110-8578-bb11bfb16380,revision_number=1']} {{(pid=89990) push /opt/stack/neutron/neutron/api/rpc/handlers/resources_rpc.py:237}}
Jun 14 11:04:54.016331 np0000002783 devstack@neutron-api.service[89990]: DEBUG ovsdbapp.backend.ovs_idl.transaction [-] Running txn n=1 command(idx=0): CheckLivenessCommand(_result=None) {{(pid=89990) do_commit /opt/stack/data/venv/lib/python3.12/site-packages/ovsdbapp/backend/ovs_idl/transaction.py:89}}
Jun 14 11:04:54.018593 np0000002783 devstack@neutron-api.service[89990]: DEBUG neutron.plugins.ml2.drivers.ovn.mech_driver.ovsdb.ovsdb_monitor [-] Hash Ring: Node 8aa782a7eeae5b59917ee8f9e1b6d412 (host: np0000002783) handling event "update" for row 98db3d25-cd90-4113-836d-9cf3df779900 (table: NB_Global) {{(pid=89990) notify /opt/stack/neutron/neutron/plugins/ml2/drivers/ovn/mech_driver/ovsdb/ovsdb_monitor.py:1015}}
Jun 14 11:04:54.019514 np0000002783 devstack@neutron-api.service[89990]: DEBUG neutron.plugins.ml2.drivers.ovn.mech_driver.ovsdb.ovsdb_monitor [-] Hash Ring: Node 8aa782a7eeae5b59917ee8f9e1b6d412 (host: np0000002783) handling event "update" for row 98db3d25-cd90-4113-836d-9cf3df779900 (table: NB_Global) {{(pid=89990) notify /opt/stack/neutron/neutron/plugins/ml2/drivers/ovn/mech_driver/ovsdb/ovsdb_monitor.py:1015}}
Jun 14 11:04:54.019608 np0000002783 devstack@neutron-api.service[89989]: DEBUG neutron.plugins.ml2.drivers.ovn.mech_driver.ovsdb.ovsdb_monitor [-] Hash Ring: Node 4bc65b08ac7e5e1ab8c61fcbbb469cfa (host: np0000002783) handling event "update" for row 98db3d25-cd90-4113-836d-9cf3df779900 (table: NB_Global) {{(pid=89989) notify /opt/stack/neutron/neutron/plugins/ml2/drivers/ovn/mech_driver/ovsdb/ovsdb_monitor.py:1015}}
Jun 14 11:04:54.020202 np0000002783 devstack@neutron-api.service[89989]: DEBUG neutron.plugins.ml2.drivers.ovn.mech_driver.ovsdb.ovsdb_monitor [-] Hash Ring: Node 4bc65b08ac7e5e1ab8c61fcbbb469cfa (host: np0000002783) handling event "update" for row 98db3d25-cd90-4113-836d-9cf3df779900 (table: NB_Global) {{(pid=89989) notify /opt/stack/neutron/neutron/plugins/ml2/drivers/ovn/mech_driver/ovsdb/ovsdb_monitor.py:1015}}
Jun 14 11:04:54.020905 np0000002783 devstack@neutron-api.service[89990]: DEBUG neutron.plugins.ml2.drivers.ovn.mech_driver.ovsdb.ovsdb_monitor [-] Hash Ring: Node 8aa782a7eeae5b59917ee8f9e1b6d412 (host: np0000002783) handling event "update" for row 98db3d25-cd90-4113-836d-9cf3df779900 (table: NB_Global) {{(pid=89990) notify /opt/stack/neutron/neutron/plugins/ml2/drivers/ovn/mech_driver/ovsdb/ovsdb_monitor.py:1015}}
Jun 14 11:04:54.021014 np0000002783 devstack@neutron-api.service[89989]: DEBUG neutron.plugins.ml2.drivers.ovn.mech_driver.ovsdb.ovsdb_monitor [-] Hash Ring: Node 4bc65b08ac7e5e1ab8c61fcbbb469cfa (host: np0000002783) handling event "update" for row 98db3d25-cd90-4113-836d-9cf3df779900 (table: NB_Global) {{(pid=89989) notify /opt/stack/neutron/neutron/plugins/ml2/drivers/ovn/mech_driver/ovsdb/ovsdb_monitor.py:1015}}
Jun 14 11:04:54.021121 np0000002783 devstack@neutron-api.service[89991]: DEBUG neutron.plugins.ml2.drivers.ovn.mech_driver.ovsdb.ovsdb_monitor [-] ChassisAgentWriteEvent : Matched Chassis_Private, update, None None {{(pid=89991) matches /opt/stack/neutron/neutron/plugins/ml2/drivers/ovn/mech_driver/ovsdb/ovsdb_monitor.py:64}}
Jun 14 11:04:54.021285 np0000002783 devstack@neutron-api.service[89991]: DEBUG neutron.plugins.ml2.drivers.ovn.mech_driver.ovsdb.ovsdb_monitor [-] Hash Ring: Node 4c4bdfcba179541a86e48ef6812ac502 (host: np0000002783) handling event "update" for row d5c68699-f7e5-4fda-bf6c-e35574617302 (table: Chassis_Private) {{(pid=89991) notify /opt/stack/neutron/neutron/plugins/ml2/drivers/ovn/mech_driver/ovsdb/ovsdb_monitor.py:1015}}
Jun 14 11:04:54.021405 np0000002783 devstack@neutron-api.service[89990]: DEBUG neutron.plugins.ml2.drivers.ovn.mech_driver.ovsdb.ovsdb_monitor [-] ChassisAgentWriteEvent : Matched Chassis_Private, update, None None {{(pid=89990) matches /opt/stack/neutron/neutron/plugins/ml2/drivers/ovn/mech_driver/ovsdb/ovsdb_monitor.py:64}}
Jun 14 11:04:54.022094 np0000002783 devstack@neutron-api.service[89989]: DEBUG neutron.plugins.ml2.drivers.ovn.mech_driver.ovsdb.ovsdb_monitor [-] ChassisAgentWriteEvent : Matched Chassis_Private, update, None None {{(pid=89989) matches /opt/stack/neutron/neutron/plugins/ml2/drivers/ovn/mech_driver/ovsdb/ovsdb_monitor.py:64}}
Jun 14 11:04:54.024459 np0000002783 devstack@neutron-api.service[89989]: DEBUG neutron.plugins.ml2.drivers.ovn.mech_driver.ovsdb.ovsdb_monitor [-] Hash Ring: Node 4bc65b08ac7e5e1ab8c61fcbbb469cfa (host: np0000002783) handling event "update" for row 98db3d25-cd90-4113-836d-9cf3df779900 (table: NB_Global) {{(pid=89989) notify /opt/stack/neutron/neutron/plugins/ml2/drivers/ovn/mech_driver/ovsdb/ovsdb_monitor.py:1015}}
Jun 14 11:04:54.024567 np0000002783 devstack@neutron-api.service[89990]: DEBUG neutron.plugins.ml2.drivers.ovn.mech_driver.ovsdb.ovsdb_monitor [-] Hash Ring: Node 8aa782a7eeae5b59917ee8f9e1b6d412 (host: np0000002783) handling event "update" for row 98db3d25-cd90-4113-836d-9cf3df779900 (table: NB_Global) {{(pid=89990) notify /opt/stack/neutron/neutron/plugins/ml2/drivers/ovn/mech_driver/ovsdb/ovsdb_monitor.py:1015}}
Jun 14 11:04:54.026758 np0000002783 devstack@neutron-api.service[89991]: DEBUG neutron.plugins.ml2.drivers.ovn.mech_driver.ovsdb.ovsdb_monitor [-] ChassisOVNAgentWriteEvent : Matched Chassis_Private, update, None None {{(pid=89991) matches /opt/stack/neutron/neutron/plugins/ml2/drivers/ovn/mech_driver/ovsdb/ovsdb_monitor.py:64}}
Jun 14 11:04:54.026821 np0000002783 devstack@neutron-api.service[89990]: DEBUG neutron.api.rpc.callbacks.version_manager [None req-e4ddb2e4-60cd-47d8-9124-df5b535b0f58 admin admin] Tracked resource versions report:
Jun 14 11:04:54.026821 np0000002783 devstack@neutron-api.service[89990]: pushed versions:
Jun 14 11:04:54.026821 np0000002783 devstack@neutron-api.service[89990]: { 'AddressGroup': {'1.2'},
Jun 14 11:04:54.026821 np0000002783 devstack@neutron-api.service[89990]: 'Agent': {'1.1'},
Jun 14 11:04:54.026821 np0000002783 devstack@neutron-api.service[89990]: 'ConntrackHelper': {'1.0'},
Jun 14 11:04:54.026821 np0000002783 devstack@neutron-api.service[89990]: 'LocalIPAssociation': {'1.0'},
Jun 14 11:04:54.026821 np0000002783 devstack@neutron-api.service[89990]: 'Log': {'1.0'},
Jun 14 11:04:54.026821 np0000002783 devstack@neutron-api.service[89990]: 'NDPProxy': {'1.0'},
Jun 14 11:04:54.026821 np0000002783 devstack@neutron-api.service[89990]: 'Network': {'1.3'},
Jun 14 11:04:54.026821 np0000002783 devstack@neutron-api.service[89990]: 'Port': {'1.11'},
Jun 14 11:04:54.026821 np0000002783 devstack@neutron-api.service[89990]: 'PortForwarding': {'1.3'},
Jun 14 11:04:54.026821 np0000002783 devstack@neutron-api.service[89990]: 'QosPolicy': {'1.10'},
Jun 14 11:04:54.026821 np0000002783 devstack@neutron-api.service[89990]: 'SecurityGroup': {'1.6'},
Jun 14 11:04:54.026821 np0000002783 devstack@neutron-api.service[89990]: 'SecurityGroupRule': {'1.3'},
Jun 14 11:04:54.026821 np0000002783 devstack@neutron-api.service[89990]: 'SubPort': {'1.0'},
Jun 14 11:04:54.026821 np0000002783 devstack@neutron-api.service[89990]: 'Subnet': {'1.2'},
Jun 14 11:04:54.026821 np0000002783 devstack@neutron-api.service[89990]: 'Trunk': {'1.1'}}
Jun 14 11:04:54.026821 np0000002783 devstack@neutron-api.service[89990]: consumer versions:
Jun 14 11:04:54.026821 np0000002783 devstack@neutron-api.service[89990]: {OVN Controller Gateway agent@np0000002783: {}}
Jun 14 11:04:54.026821 np0000002783 devstack@neutron-api.service[89990]: {{(pid=89990) report /opt/stack/neutron/neutron/api/rpc/callbacks/version_manager.py:183}}
Jun 14 11:04:54.027276 np0000002783 devstack@neutron-api.service[89989]: DEBUG neutron.plugins.ml2.drivers.ovn.mech_driver.ovsdb.ovsdb_monitor [-] ChassisOVNAgentWriteEvent : Matched Chassis_Private, update, None None {{(pid=89989) matches /opt/stack/neutron/neutron/plugins/ml2/drivers/ovn/mech_driver/ovsdb/ovsdb_monitor.py:64}}
Jun 14 11:04:54.027405 np0000002783 devstack@neutron-api.service[89991]: DEBUG neutron.plugins.ml2.drivers.ovn.mech_driver.ovsdb.ovsdb_monitor [-] Hash Ring: Node 4c4bdfcba179541a86e48ef6812ac502 (host: np0000002783) handling event "update" for row d5c68699-f7e5-4fda-bf6c-e35574617302 (table: Chassis_Private) {{(pid=89991) notify /opt/stack/neutron/neutron/plugins/ml2/drivers/ovn/mech_driver/ovsdb/ovsdb_monitor.py:1015}}
Jun 14 11:04:54.031052 np0000002783 devstack@neutron-api.service[89990]: DEBUG neutron.common.ovn.hash_ring_manager [-] Allow caching, nodes 3>=3 {{(pid=89990) _wait_startup_before_caching /opt/stack/neutron/neutron/common/ovn/hash_ring_manager.py:65}}
Jun 14 11:04:54.031251 np0000002783 devstack@neutron-api.service[89990]: DEBUG neutron.plugins.ml2.drivers.ovn.mech_driver.ovsdb.ovsdb_monitor [-] Hash Ring: Node 8aa782a7eeae5b59917ee8f9e1b6d412 (host: np0000002783) handling event "update" for row d5c68699-f7e5-4fda-bf6c-e35574617302 (table: Chassis_Private) {{(pid=89990) notify /opt/stack/neutron/neutron/plugins/ml2/drivers/ovn/mech_driver/ovsdb/ovsdb_monitor.py:1015}}
Jun 14 11:04:54.032200 np0000002783 devstack@neutron-api.service[89990]: DEBUG neutron.plugins.ml2.drivers.ovn.mech_driver.ovsdb.ovsdb_monitor [-] ChassisOVNAgentWriteEvent : Matched Chassis_Private, update, None None {{(pid=89990) matches /opt/stack/neutron/neutron/plugins/ml2/drivers/ovn/mech_driver/ovsdb/ovsdb_monitor.py:64}}
Jun 14 11:04:54.032508 np0000002783 devstack@neutron-api.service[89990]: DEBUG neutron.plugins.ml2.drivers.ovn.mech_driver.ovsdb.ovsdb_monitor [-] Hash Ring: Node 8aa782a7eeae5b59917ee8f9e1b6d412 (host: np0000002783) handling event "update" for row d5c68699-f7e5-4fda-bf6c-e35574617302 (table: Chassis_Private) {{(pid=89990) notify /opt/stack/neutron/neutron/plugins/ml2/drivers/ovn/mech_driver/ovsdb/ovsdb_monitor.py:1015}}
Jun 14 11:04:54.069194 np0000002783 devstack@neutron-api.service[89990]: DEBUG neutron.plugins.ml2.drivers.helpers [None req-e4ddb2e4-60cd-47d8-9124-df5b535b0f58 admin admin] geneve segment allocate from pool success with {'geneve_vni': 27874} {{(pid=89990) allocate_partially_specified_segment /opt/stack/neutron/neutron/plugins/ml2/drivers/helpers.py:142}}
Jun 14 11:04:54.077770 np0000002783 devstack@neutron-api.service[89990]: DEBUG neutron_lib.callbacks.manager [None req-e4ddb2e4-60cd-47d8-9124-df5b535b0f58 admin admin] Publish callbacks ['neutron.services.segments.db._add_segment_host_mapping_for_segment-8012172540568', 'neutron.plugins.ml2.plugin.Ml2Plugin._handle_segment_change-162468'] for segment (2c4c3109-46cc-4e5b-a932-d35e76f728db), precommit_create {{(pid=89990) _notify_loop /opt/stack/data/venv/lib/python3.12/site-packages/neutron_lib/callbacks/manager.py:184}}
Jun 14 11:04:54.077909 np0000002783 devstack@neutron-api.service[89990]: INFO neutron.db.segments_db [None req-e4ddb2e4-60cd-47d8-9124-df5b535b0f58 admin admin] Added segment 2c4c3109-46cc-4e5b-a932-d35e76f728db of type geneve for network c0c2d1df-3fd0-4a9f-9a8d-2a184dd4b7dc
Jun 14 11:04:54.117110 np0000002783 devstack@neutron-api.service[89990]: DEBUG neutron_lib.callbacks.manager [None req-e4ddb2e4-60cd-47d8-9124-df5b535b0f58 admin admin] Publish callbacks ['neutron.services.auto_allocate.db._ensure_external_network_default_value_callback-8012171387054'] for network (c0c2d1df-3fd0-4a9f-9a8d-2a184dd4b7dc), precommit_create {{(pid=89990) _notify_loop /opt/stack/data/venv/lib/python3.12/site-packages/neutron_lib/callbacks/manager.py:184}}
Jun 14 11:04:54.131671 np0000002783 devstack@neutron-api.service[89990]: DEBUG neutron.plugins.ml2.drivers.ovn.mech_driver.mech_driver [None req-e4ddb2e4-60cd-47d8-9124-df5b535b0f58 admin admin] Validating network segment with type geneve, segmentation ID 27874, physical network None {{(pid=89990) _validate_network_segments /opt/stack/neutron/neutron/plugins/ml2/drivers/ovn/mech_driver/mech_driver.py:643}}
Jun 14 11:04:54.131836 np0000002783 devstack@neutron-api.service[89990]: DEBUG neutron.db.ovn_revision_numbers_db [None req-e4ddb2e4-60cd-47d8-9124-df5b535b0f58 admin admin] create_initial_revision uuid=c0c2d1df-3fd0-4a9f-9a8d-2a184dd4b7dc, type=networks, rev=-1 {{(pid=89990) create_initial_revision /opt/stack/neutron/neutron/db/ovn_revision_numbers_db.py:98}}
Jun 14 11:04:54.158859 np0000002783 devstack@neutron-api.service[89990]: DEBUG neutron_lib.callbacks.manager [None req-e4ddb2e4-60cd-47d8-9124-df5b535b0f58 admin admin] Publish callbacks ['neutron.plugins.ml2.ovo_rpc._ObjectChangeHandler.handle_event-1129845'] for network (c0c2d1df-3fd0-4a9f-9a8d-2a184dd4b7dc), after_create {{(pid=89990) _notify_loop /opt/stack/data/venv/lib/python3.12/site-packages/neutron_lib/callbacks/manager.py:184}}
Jun 14 11:04:54.202770 np0000002783 devstack@neutron-api.service[89990]: DEBUG neutron.api.rpc.handlers.resources_rpc [None req-e4ddb2e4-60cd-47d8-9124-df5b535b0f58 admin admin] Pushing event updated for resources: {'Network': ['ID=c0c2d1df-3fd0-4a9f-9a8d-2a184dd4b7dc,revision_number=1']} {{(pid=89990) push /opt/stack/neutron/neutron/api/rpc/handlers/resources_rpc.py:237}}
Jun 14 11:04:54.209663 np0000002783 devstack@neutron-api.service[89990]: DEBUG ovsdbapp.backend.ovs_idl.transaction [-] Running txn n=1 command(idx=0): AddNetworkCommand(_result=None, network_uuid=c0c2d1df-3fd0-4a9f-9a8d-2a184dd4b7dc, may_exist=True, columns={'external_ids': {'neutron:network_name': 'private', 'neutron:mtu': '1372', 'neutron:revision_number': '1', 'neutron:availability_zone_hints': '', 'neutron:provnet-network-type': 'geneve'}, 'other_config': {'mcast_snoop': 'false', 'mcast_flood_unregistered': 'false', 'vlan-passthru': 'false'}}) {{(pid=89990) do_commit /opt/stack/data/venv/lib/python3.12/site-packages/ovsdbapp/backend/ovs_idl/transaction.py:89}}
Jun 14 11:04:54.209866 np0000002783 devstack@neutron-api.service[89990]: DEBUG neutron.common.ovn.utils [-] OVS persist_uuid supported=True {{(pid=89990) ovs_persist_uuid_supported /opt/stack/neutron/neutron/common/ovn/utils.py:1544}}
Jun 14 11:04:54.216893 np0000002783 devstack@neutron-api.service[89991]: DEBUG neutron.plugins.ml2.drivers.ovn.mech_driver.ovsdb.ovsdb_monitor [-] Hash Ring: Node 4c4bdfcba179541a86e48ef6812ac502 (host: np0000002783) handling event "create" for row c0c2d1df-3fd0-4a9f-9a8d-2a184dd4b7dc (table: Logical_Switch) {{(pid=89991) notify /opt/stack/neutron/neutron/plugins/ml2/drivers/ovn/mech_driver/ovsdb/ovsdb_monitor.py:1015}}
Jun 14 11:04:54.217018 np0000002783 devstack@neutron-api.service[89990]: DEBUG neutron.plugins.ml2.drivers.ovn.mech_driver.ovsdb.ovsdb_monitor [-] Hash Ring: Node 8aa782a7eeae5b59917ee8f9e1b6d412 (host: np0000002783) handling event "create" for row c0c2d1df-3fd0-4a9f-9a8d-2a184dd4b7dc (table: Logical_Switch) {{(pid=89990) notify /opt/stack/neutron/neutron/plugins/ml2/drivers/ovn/mech_driver/ovsdb/ovsdb_monitor.py:1015}}
Jun 14 11:04:54.220770 np0000002783 devstack@neutron-api.service[89989]: DEBUG neutron.plugins.ml2.drivers.ovn.mech_driver.ovsdb.ovsdb_monitor [-] Hash Ring: Node 4bc65b08ac7e5e1ab8c61fcbbb469cfa (host: np0000002783) handling event "create" for row d0b85cb8-36a6-4b8b-98af-9c8b1ece8964 (table: Datapath_Binding) {{(pid=89989) notify /opt/stack/neutron/neutron/plugins/ml2/drivers/ovn/mech_driver/ovsdb/ovsdb_monitor.py:1015}}
Jun 14 11:04:54.224237 np0000002783 devstack@neutron-api.service[89990]: DEBUG neutron.plugins.ml2.drivers.ovn.mech_driver.ovsdb.ovsdb_monitor [-] Hash Ring: Node 8aa782a7eeae5b59917ee8f9e1b6d412 (host: np0000002783) handling event "create" for row d0b85cb8-36a6-4b8b-98af-9c8b1ece8964 (table: Datapath_Binding) {{(pid=89990) notify /opt/stack/neutron/neutron/plugins/ml2/drivers/ovn/mech_driver/ovsdb/ovsdb_monitor.py:1015}}
Jun 14 11:04:54.262062 np0000002783 devstack@neutron-api.service[89990]: INFO neutron.db.ovn_revision_numbers_db [None req-e4ddb2e4-60cd-47d8-9124-df5b535b0f58 admin admin] Successfully bumped revision number for resource c0c2d1df-3fd0-4a9f-9a8d-2a184dd4b7dc (type: networks) to 1
Jun 14 11:04:54.316993 np0000002783 devstack@neutron-api.service[89990]: DEBUG neutron_lib.callbacks.manager [None req-e4ddb2e4-60cd-47d8-9124-df5b535b0f58 admin admin] Publish callbacks ['neutron.plugins.ml2.plugin.SecurityGroupDbMixin._ensure_default_security_group_handler-425568'] for port (None), before_create {{(pid=89990) _notify_loop /opt/stack/data/venv/lib/python3.12/site-packages/neutron_lib/callbacks/manager.py:184}}
Jun 14 11:04:54.406295 np0000002783 devstack@neutron-api.service[89990]: DEBUG neutron_lib.callbacks.manager [None req-e4ddb2e4-60cd-47d8-9124-df5b535b0f58 admin admin] Publish callbacks ['neutron.plugins.ml2.drivers.ovn.mech_driver.mech_driver.OVNMechanismDriver._validate_allowed_address_pairs-1885152'] for allowed_address_pair (333e6c19-1332-4efc-9604-9bf89ba6f936), before_create {{(pid=89990) _notify_loop /opt/stack/data/venv/lib/python3.12/site-packages/neutron_lib/callbacks/manager.py:184}}
Jun 14 11:04:54.406810 np0000002783 devstack@neutron-api.service[89990]: DEBUG neutron_lib.callbacks.manager [None req-e4ddb2e4-60cd-47d8-9124-df5b535b0f58 admin admin] Publish callbacks [] for port (333e6c19-1332-4efc-9604-9bf89ba6f936), precommit_create {{(pid=89990) _notify_loop /opt/stack/data/venv/lib/python3.12/site-packages/neutron_lib/callbacks/manager.py:184}}
Jun 14 11:04:54.407006 np0000002783 devstack@neutron-api.service[89990]: DEBUG neutron.plugins.ml2.drivers.ovn.mech_driver.mech_driver [None req-e4ddb2e4-60cd-47d8-9124-df5b535b0f58 admin admin] No provisioning block for port 333e6c19-1332-4efc-9604-9bf89ba6f936 since it does not have a host {{(pid=89990) _is_port_provisioning_required /opt/stack/neutron/neutron/plugins/ml2/drivers/ovn/mech_driver/mech_driver.py:896}}
Jun 14 11:04:54.407139 np0000002783 devstack@neutron-api.service[89990]: DEBUG neutron.db.ovn_revision_numbers_db [None req-e4ddb2e4-60cd-47d8-9124-df5b535b0f58 admin admin] create_initial_revision uuid=333e6c19-1332-4efc-9604-9bf89ba6f936, type=ports, rev=-1 {{(pid=89990) create_initial_revision /opt/stack/neutron/neutron/db/ovn_revision_numbers_db.py:98}}
Jun 14 11:04:54.472209 np0000002783 devstack@neutron-api.service[89990]: DEBUG neutron_lib.callbacks.manager [None req-e4ddb2e4-60cd-47d8-9124-df5b535b0f58 admin admin] Publish callbacks ['neutron.plugins.ml2.ovo_rpc._ObjectChangeHandler.handle_event-1129885'] for port (333e6c19-1332-4efc-9604-9bf89ba6f936), after_create {{(pid=89990) _notify_loop /opt/stack/data/venv/lib/python3.12/site-packages/neutron_lib/callbacks/manager.py:184}}
Jun 14 11:04:54.526276 np0000002783 devstack@neutron-api.service[89990]: DEBUG neutron.api.rpc.handlers.resources_rpc [None req-e4ddb2e4-60cd-47d8-9124-df5b535b0f58 admin admin] Pushing event updated for resources: {'Port': ['ID=333e6c19-1332-4efc-9604-9bf89ba6f936,revision_number=1']} {{(pid=89990) push /opt/stack/neutron/neutron/api/rpc/handlers/resources_rpc.py:237}}
Jun 14 11:04:54.563587 np0000002783 devstack@neutron-api.service[89990]: DEBUG neutron.plugins.ml2.drivers.ovn.mech_driver.ovsdb.commands [None req-e4ddb2e4-60cd-47d8-9124-df5b535b0f58 admin admin] Converting tag [] to a tag_request {{(pid=89990) _tag_column_to_tag_request /opt/stack/neutron/neutron/plugins/ml2/drivers/ovn/mech_driver/ovsdb/commands.py:205}}
Jun 14 11:04:54.564373 np0000002783 devstack@neutron-api.service[89990]: DEBUG ovsdbapp.backend.ovs_idl.transaction [-] Running txn n=1 command(idx=0): AddLSwitchPortCommand(_result=None, lport=333e6c19-1332-4efc-9604-9bf89ba6f936, lswitch=neutron-c0c2d1df-3fd0-4a9f-9a8d-2a184dd4b7dc, may_exist=True, network_uuid=c0c2d1df-3fd0-4a9f-9a8d-2a184dd4b7dc, columns={'addresses': ['fa:16:3e:9d:1d:79'], 'external_ids': {'neutron:port_name': '', 'neutron:device_id': 'ovnmeta-c0c2d1df-3fd0-4a9f-9a8d-2a184dd4b7dc', 'neutron:project_id': '8f182e76f12f4c5caae4df936106e2a8', 'neutron:cidrs': '', 'neutron:device_owner': 'network:distributed', 'neutron:subnet_pool_addr_scope4': '', 'neutron:subnet_pool_addr_scope6': '', 'neutron:network_name': 'neutron-c0c2d1df-3fd0-4a9f-9a8d-2a184dd4b7dc', 'neutron:security_group_ids': '', 'neutron:revision_number': '1', 'neutron:vnic_type': 'normal', 'neutron:port_capabilities': '', 'neutron:mtu': '1372'}, 'parent_name': [], 'enabled': True, 'options': {}, 'type': 'localport', 'port_security': [], 'dhcpv4_options': [], 'dhcpv6_options': [], 'tag_request': []}) {{(pid=89990) do_commit /opt/stack/data/venv/lib/python3.12/site-packages/ovsdbapp/backend/ovs_idl/transaction.py:89}}
