May 13 01:59:10.779456 np0000000660 neutron-periodic-workers[88654]: DEBUG cotyledon.oslo_config_glue [-] ovn.bfd_mult = 3 {{(pid=88654) log_opt_values /opt/stack/data/venv/lib/python3.12/site-packages/oslo_config/cfg.py:3006}}
May 13 01:59:10.779565 np0000000660 neutron-periodic-workers[88654]: DEBUG cotyledon.oslo_config_glue [-] ovn.broadcast_arps_to_all_routers = True {{(pid=88654) log_opt_values /opt/stack/data/venv/lib/python3.12/site-packages/oslo_config/cfg.py:3006}}
May 13 01:59:10.779628 np0000000660 neutron-periodic-workers[88654]: DEBUG cotyledon.oslo_config_glue [-] ovn.dhcp_default_lease_time = 43200 {{(pid=88654) log_opt_values /opt/stack/data/venv/lib/python3.12/site-packages/oslo_config/cfg.py:3006}}
May 13 01:59:10.779713 np0000000660 neutron-periodic-workers[88654]: DEBUG cotyledon.oslo_config_glue [-] ovn.disable_ovn_dhcp_for_baremetal_ports = False {{(pid=88654) log_opt_values /opt/stack/data/venv/lib/python3.12/site-packages/oslo_config/cfg.py:3006}}
May 13 01:59:10.780339 np0000000660 neutron-periodic-workers[88654]: DEBUG cotyledon.oslo_config_glue [-] ovn.dns_records_ovn_owned = False {{(pid=88654) log_opt_values /opt/stack/data/venv/lib/python3.12/site-packages/oslo_config/cfg.py:3006}}
May 13 01:59:10.780339 np0000000660 neutron-periodic-workers[88654]: DEBUG cotyledon.oslo_config_glue [-] ovn.dns_servers = [] {{(pid=88654) log_opt_values /opt/stack/data/venv/lib/python3.12/site-packages/oslo_config/cfg.py:3006}}
May 13 01:59:10.780339 np0000000660 neutron-periodic-workers[88654]: DEBUG cotyledon.oslo_config_glue [-] ovn.enable_distributed_floating_ip = False {{(pid=88654) log_opt_values /opt/stack/data/venv/lib/python3.12/site-packages/oslo_config/cfg.py:3006}}
May 13 01:59:10.780339 np0000000660 neutron-periodic-workers[88654]: DEBUG cotyledon.oslo_config_glue [-] ovn.fdb_age_threshold = 300 {{(pid=88654) log_opt_values /opt/stack/data/venv/lib/python3.12/site-packages/oslo_config/cfg.py:3006}}
May 13 01:59:10.780339 np0000000660 neutron-periodic-workers[88654]: DEBUG cotyledon.oslo_config_glue [-] ovn.ha_failover_strategy = normal {{(pid=88654) log_opt_values /opt/stack/data/venv/lib/python3.12/site-packages/oslo_config/cfg.py:3006}}
May 13 01:59:10.780339 np0000000660 neutron-periodic-workers[88654]: DEBUG cotyledon.oslo_config_glue [-] ovn.live_migration_activation_strategy = rarp {{(pid=88654) log_opt_values /opt/stack/data/venv/lib/python3.12/site-packages/oslo_config/cfg.py:3006}}
May 13 01:59:10.780339 np0000000660 neutron-periodic-workers[88654]: DEBUG cotyledon.oslo_config_glue [-] ovn.localnet_learn_fdb = False {{(pid=88654) log_opt_values /opt/stack/data/venv/lib/python3.12/site-packages/oslo_config/cfg.py:3006}}
May 13 01:59:10.780339 np0000000660 neutron-periodic-workers[88654]: DEBUG cotyledon.oslo_config_glue [-] ovn.mac_binding_age_threshold = 300 {{(pid=88654) log_opt_values /opt/stack/data/venv/lib/python3.12/site-packages/oslo_config/cfg.py:3006}}
May 13 01:59:10.780339 np0000000660 neutron-periodic-workers[88654]: DEBUG cotyledon.oslo_config_glue [-] ovn.neutron_sync_mode = log {{(pid=88654) log_opt_values /opt/stack/data/venv/lib/python3.12/site-packages/oslo_config/cfg.py:3006}}
May 13 01:59:10.780657 np0000000660 neutron-periodic-workers[88654]: DEBUG cotyledon.oslo_config_glue [-] ovn.ovn_dhcp4_global_options = {} {{(pid=88654) log_opt_values /opt/stack/data/venv/lib/python3.12/site-packages/oslo_config/cfg.py:3006}}
May 13 01:59:10.780657 np0000000660 neutron-periodic-workers[88654]: DEBUG cotyledon.oslo_config_glue [-] ovn.ovn_dhcp6_global_options = {} {{(pid=88654) log_opt_values /opt/stack/data/venv/lib/python3.12/site-packages/oslo_config/cfg.py:3006}}
May 13 01:59:10.780657 np0000000660 neutron-periodic-workers[88654]: DEBUG cotyledon.oslo_config_glue [-] ovn.ovn_l3_scheduler = leastloaded {{(pid=88654) log_opt_values /opt/stack/data/venv/lib/python3.12/site-packages/oslo_config/cfg.py:3006}}
May 13 01:59:10.780657 np0000000660 neutron-periodic-workers[88654]: DEBUG cotyledon.oslo_config_glue [-] ovn.ovn_metadata_enabled = True {{(pid=88654) log_opt_values /opt/stack/data/venv/lib/python3.12/site-packages/oslo_config/cfg.py:3006}}
May 13 01:59:10.780657 np0000000660 neutron-periodic-workers[88654]: DEBUG cotyledon.oslo_config_glue [-] ovn.ovn_nb_ca_cert = /opt/stack/data/CA/int-ca/ca-chain.pem {{(pid=88654) log_opt_values /opt/stack/data/venv/lib/python3.12/site-packages/oslo_config/cfg.py:3006}}
May 13 01:59:10.780657 np0000000660 neutron-periodic-workers[88654]: DEBUG cotyledon.oslo_config_glue [-] ovn.ovn_nb_certificate = /opt/stack/data/CA/int-ca/devstack-cert.crt {{(pid=88654) log_opt_values /opt/stack/data/venv/lib/python3.12/site-packages/oslo_config/cfg.py:3006}}
May 13 01:59:10.780870 np0000000660 neutron-periodic-workers[88654]: DEBUG cotyledon.oslo_config_glue [-] ovn.ovn_nb_connection = ['ssl:10.4.3.229:6641'] {{(pid=88654) log_opt_values /opt/stack/data/venv/lib/python3.12/site-packages/oslo_config/cfg.py:3006}}
May 13 01:59:10.780870 np0000000660 neutron-periodic-workers[88654]: DEBUG cotyledon.oslo_config_glue [-] ovn.ovn_nb_private_key = /opt/stack/data/CA/int-ca/private/devstack-cert.key {{(pid=88654) log_opt_values /opt/stack/data/venv/lib/python3.12/site-packages/oslo_config/cfg.py:3006}}
May 13 01:59:10.780870 np0000000660 neutron-periodic-workers[88654]: DEBUG cotyledon.oslo_config_glue [-] ovn.ovn_router_indirect_snat = False {{(pid=88654) log_opt_values /opt/stack/data/venv/lib/python3.12/site-packages/oslo_config/cfg.py:3006}}
May 13 01:59:10.780870 np0000000660 neutron-periodic-workers[88654]: DEBUG cotyledon.oslo_config_glue [-] ovn.ovn_sb_ca_cert = /opt/stack/data/CA/int-ca/ca-chain.pem {{(pid=88654) log_opt_values /opt/stack/data/venv/lib/python3.12/site-packages/oslo_config/cfg.py:3006}}
May 13 01:59:10.780992 np0000000660 neutron-periodic-workers[88654]: DEBUG cotyledon.oslo_config_glue [-] ovn.ovn_sb_certificate = /opt/stack/data/CA/int-ca/devstack-cert.crt {{(pid=88654) log_opt_values /opt/stack/data/venv/lib/python3.12/site-packages/oslo_config/cfg.py:3006}}
May 13 01:59:10.781029 np0000000660 neutron-periodic-workers[88654]: DEBUG cotyledon.oslo_config_glue [-] ovn.ovn_sb_connection = ['ssl:10.4.3.229:6642'] {{(pid=88654) log_opt_values /opt/stack/data/venv/lib/python3.12/site-packages/oslo_config/cfg.py:3006}}
May 13 01:59:10.781070 np0000000660 neutron-periodic-workers[88654]: DEBUG cotyledon.oslo_config_glue [-] ovn.ovn_sb_private_key = /opt/stack/data/CA/int-ca/private/devstack-cert.key {{(pid=88654) log_opt_values /opt/stack/data/venv/lib/python3.12/site-packages/oslo_config/cfg.py:3006}}
May 13 01:59:10.781142 np0000000660 neutron-periodic-workers[88654]: DEBUG cotyledon.oslo_config_glue [-] ovn.ovs_create_tap = False {{(pid=88654) log_opt_values /opt/stack/data/venv/lib/python3.12/site-packages/oslo_config/cfg.py:3006}}
May 13 01:59:10.781184 np0000000660 neutron-periodic-workers[88654]: DEBUG cotyledon.oslo_config_glue [-] ovn.ovsdb_connection_timeout = 180 {{(pid=88654) log_opt_values /opt/stack/data/venv/lib/python3.12/site-packages/oslo_config/cfg.py:3006}}
May 13 01:59:10.781222 np0000000660 neutron-periodic-workers[88654]: DEBUG cotyledon.oslo_config_glue [-] ovn.ovsdb_log_level = INFO {{(pid=88654) log_opt_values /opt/stack/data/venv/lib/python3.12/site-packages/oslo_config/cfg.py:3006}}
May 13 01:59:10.781259 np0000000660 neutron-periodic-workers[88654]: DEBUG cotyledon.oslo_config_glue [-] ovn.ovsdb_probe_interval = 60000 {{(pid=88654) log_opt_values /opt/stack/data/venv/lib/python3.12/site-packages/oslo_config/cfg.py:3006}}
May 13 01:59:10.781299 np0000000660 neutron-periodic-workers[88654]: DEBUG cotyledon.oslo_config_glue [-] ovn.ovsdb_retry_max_interval = 180 {{(pid=88654) log_opt_values /opt/stack/data/venv/lib/python3.12/site-packages/oslo_config/cfg.py:3006}}
May 13 01:59:10.781338 np0000000660 neutron-periodic-workers[88654]: DEBUG cotyledon.oslo_config_glue [-] ovn.stateless_nat_enabled = False {{(pid=88654) log_opt_values /opt/stack/data/venv/lib/python3.12/site-packages/oslo_config/cfg.py:3006}}
May 13 01:59:10.781463 np0000000660 neutron-periodic-workers[88654]: DEBUG cotyledon.oslo_config_glue [-] ovn.vhost_sock_dir = /var/run/openvswitch {{(pid=88654) log_opt_values /opt/stack/data/venv/lib/python3.12/site-packages/oslo_config/cfg.py:3006}}
May 13 01:59:10.781463 np0000000660 neutron-periodic-workers[88654]: DEBUG cotyledon.oslo_config_glue [-] OVS.bridge_mac_table_size = 50000 {{(pid=88654) log_opt_values /opt/stack/data/venv/lib/python3.12/site-packages/oslo_config/cfg.py:3006}}
May 13 01:59:10.781463 np0000000660 neutron-periodic-workers[88654]: DEBUG cotyledon.oslo_config_glue [-] OVS.igmp_flood = False {{(pid=88654) log_opt_values /opt/stack/data/venv/lib/python3.12/site-packages/oslo_config/cfg.py:3006}}
May 13 01:59:10.781645 np0000000660 neutron-periodic-workers[88654]: DEBUG cotyledon.oslo_config_glue [-] OVS.igmp_flood_reports = True {{(pid=88654) log_opt_values /opt/stack/data/venv/lib/python3.12/site-packages/oslo_config/cfg.py:3006}}
May 13 01:59:10.781645 np0000000660 neutron-periodic-workers[88654]: DEBUG cotyledon.oslo_config_glue [-] OVS.igmp_flood_unregistered = False {{(pid=88654) log_opt_values /opt/stack/data/venv/lib/python3.12/site-packages/oslo_config/cfg.py:3006}}
May 13 01:59:10.781645 np0000000660 neutron-periodic-workers[88654]: DEBUG cotyledon.oslo_config_glue [-] OVS.igmp_snooping_enable = False {{(pid=88654) log_opt_values /opt/stack/data/venv/lib/python3.12/site-packages/oslo_config/cfg.py:3006}}
May 13 01:59:10.781645 np0000000660 neutron-periodic-workers[88654]: DEBUG cotyledon.oslo_config_glue [-] OVS.ovsdb_timeout = 10 {{(pid=88654) log_opt_values /opt/stack/data/venv/lib/python3.12/site-packages/oslo_config/cfg.py:3006}}
May 13 01:59:10.781645 np0000000660 neutron-periodic-workers[88654]: DEBUG cotyledon.oslo_config_glue [-] ovn_nb_global.fdb_removal_limit = 0 {{(pid=88654) log_opt_values /opt/stack/data/venv/lib/python3.12/site-packages/oslo_config/cfg.py:3006}}
May 13 01:59:10.781852 np0000000660 neutron-periodic-workers[88654]: DEBUG cotyledon.oslo_config_glue [-] ovn_nb_global.ignore_lsp_down = False {{(pid=88654) log_opt_values /opt/stack/data/venv/lib/python3.12/site-packages/oslo_config/cfg.py:3006}}
May 13 01:59:10.781947 np0000000660 neutron-periodic-workers[88654]: DEBUG cotyledon.oslo_config_glue [-] ovn_nb_global.mac_binding_removal_limit = 0 {{(pid=88654) log_opt_values /opt/stack/data/venv/lib/python3.12/site-packages/oslo_config/cfg.py:3006}}
May 13 01:59:10.782064 np0000000660 neutron-periodic-workers[88654]: DEBUG cotyledon.oslo_config_glue [-] ******************************************************************************** {{(pid=88654) log_opt_values /opt/stack/data/venv/lib/python3.12/site-packages/oslo_config/cfg.py:3013}}
May 13 01:59:10.782296 np0000000660 neutron-periodic-workers[88654]: DEBUG cotyledon._service_worker [-] Run service ServiceWrapper(0) [88654] {{(pid=88654) wait_forever /opt/stack/data/venv/lib/python3.12/site-packages/cotyledon/_service_worker.py:218}}
May 13 01:59:20.413897 np0000000660 neutron-periodic-workers[87725]: DEBUG dbcounter [-] [87725] Writing DB stats neutron:SELECT=4 {{(pid=87725) stat_writer /opt/stack/data/venv/lib/python3.12/site-packages/dbcounter.py:115}}
May 13 02:00:03.754603 np0000000660 neutron-periodic-workers[88630]: DEBUG oslo_db.sqlalchemy.engines [None req-72958731-5164-484d-8d0d-70d07b4994fe None None] Parent process 87725 forked (88630) with an open database connection, which is being discarded and recreated. {{(pid=88630) checkout /opt/stack/data/venv/lib/python3.12/site-packages/oslo_db/sqlalchemy/engines.py:402}}
May 13 02:00:03.762567 np0000000660 neutron-periodic-workers[88630]: DEBUG dbcounter [-] [88630] Writer thread running {{(pid=88630) stat_writer /opt/stack/data/venv/lib/python3.12/site-packages/dbcounter.py:102}}
May 13 02:00:03.766289 np0000000660 neutron-periodic-workers[88630]: DEBUG neutron.db.agents_db [None req-72958731-5164-484d-8d0d-70d07b4994fe None None] Agent healthcheck: found 0 active agents {{(pid=88630) agent_health_check /opt/stack/neutron/neutron/db/agents_db.py:322}}
May 13 02:00:03.766543 np0000000660 neutron-periodic-workers[88630]: DEBUG oslo.service.backend._threading.loopingcall [None req-72958731-5164-484d-8d0d-70d07b4994fe None None] Fixed interval looping call 'neutron.plugins.ml2.plugin.AgentDbMixin.agent_health_check' sleeping for 36.98 seconds {{(pid=88630) _run_loop /opt/stack/data/venv/lib/python3.12/site-packages/oslo_service/backend/_threading/loopingcall.py:125}}
May 13 02:00:18.733901 np0000000660 neutron-periodic-workers[88623]: DEBUG dbcounter [-] [88623] Writer thread running {{(pid=88623) stat_writer /opt/stack/data/venv/lib/python3.12/site-packages/dbcounter.py:102}}
May 13 02:00:18.742967 np0000000660 neutron-periodic-workers[88623]: DEBUG oslo.service.backend._threading.loopingcall [None req-fb558045-2942-4874-a0fa-d51afd81d696 None None] Fixed interval looping call 'neutron.plugins.ml2.plugin.DhcpAgentSchedulerDbMixin.remove_networks_from_down_agents' sleeping for 36.98 seconds {{(pid=88623) _run_loop /opt/stack/data/venv/lib/python3.12/site-packages/oslo_service/backend/_threading/loopingcall.py:125}}
May 13 02:00:23.763066 np0000000660 neutron-periodic-workers[88630]: DEBUG dbcounter [-] [88630] Writing DB stats neutron:SELECT=1 {{(pid=88630) stat_writer /opt/stack/data/venv/lib/python3.12/site-packages/dbcounter.py:115}}
May 13 02:00:28.741829 np0000000660 neutron-periodic-workers[88623]: DEBUG dbcounter [-] [88623] Writing DB stats neutron:SELECT=3 {{(pid=88623) stat_writer /opt/stack/data/venv/lib/python3.12/site-packages/dbcounter.py:115}}
May 13 02:00:40.749914 np0000000660 neutron-periodic-workers[88630]: DEBUG neutron.db.agents_db [None req-72958731-5164-484d-8d0d-70d07b4994fe None None] Agent healthcheck: found 0 active agents {{(pid=88630) agent_health_check /opt/stack/neutron/neutron/db/agents_db.py:322}}
May 13 02:00:40.750578 np0000000660 neutron-periodic-workers[88630]: DEBUG oslo.service.backend._threading.loopingcall [None req-72958731-5164-484d-8d0d-70d07b4994fe None None] Fixed interval looping call 'neutron.plugins.ml2.plugin.AgentDbMixin.agent_health_check' sleeping for 37.00 seconds {{(pid=88630) _run_loop /opt/stack/data/venv/lib/python3.12/site-packages/oslo_service/backend/_threading/loopingcall.py:125}}
May 13 02:00:50.749236 np0000000660 neutron-periodic-workers[88630]: DEBUG dbcounter [-] [88630] Writing DB stats neutron:SELECT=1 {{(pid=88630) stat_writer /opt/stack/data/venv/lib/python3.12/site-packages/dbcounter.py:115}}
May 13 02:00:55.728380 np0000000660 neutron-periodic-workers[88623]: DEBUG oslo.service.backend._threading.loopingcall [None req-fb558045-2942-4874-a0fa-d51afd81d696 None None] Fixed interval looping call 'neutron.plugins.ml2.plugin.DhcpAgentSchedulerDbMixin.remove_networks_from_down_agents' sleeping for 36.99 seconds {{(pid=88623) _run_loop /opt/stack/data/venv/lib/python3.12/site-packages/oslo_service/backend/_threading/loopingcall.py:125}}
May 13 02:01:05.727462 np0000000660 neutron-periodic-workers[88623]: DEBUG dbcounter [-] [88623] Writing DB stats neutron:SELECT=3 {{(pid=88623) stat_writer /opt/stack/data/venv/lib/python3.12/site-packages/dbcounter.py:115}}
May 13 02:01:10.777503 np0000000660 neutron-periodic-workers[88638]: DEBUG dbcounter [-] [88638] Writer thread running {{(pid=88638) stat_writer /opt/stack/data/venv/lib/python3.12/site-packages/dbcounter.py:102}}
May 13 02:01:10.779102 np0000000660 neutron-periodic-workers[88638]: DEBUG oslo.service.backend._threading.loopingcall [None req-5e2f447f-e774-441d-9337-2ce4ded9d412 None None] Fixed interval looping call 'neutron.db.quota.driver_nolock.DbQuotaNoLockDriver._remove_expired_reservations' sleeping for 119.99 seconds {{(pid=88638) _run_loop /opt/stack/data/venv/lib/python3.12/site-packages/oslo_service/backend/_threading/loopingcall.py:125}}
May 13 02:01:17.754069 np0000000660 neutron-periodic-workers[88630]: DEBUG neutron.db.agents_db [None req-72958731-5164-484d-8d0d-70d07b4994fe None None] Agent healthcheck: found 0 active agents {{(pid=88630) agent_health_check /opt/stack/neutron/neutron/db/agents_db.py:322}}
May 13 02:01:17.754546 np0000000660 neutron-periodic-workers[88630]: DEBUG oslo.service.backend._threading.loopingcall [None req-72958731-5164-484d-8d0d-70d07b4994fe None None] Fixed interval looping call 'neutron.plugins.ml2.plugin.AgentDbMixin.agent_health_check' sleeping for 37.00 seconds {{(pid=88630) _run_loop /opt/stack/data/venv/lib/python3.12/site-packages/oslo_service/backend/_threading/loopingcall.py:125}}
May 13 02:01:20.778005 np0000000660 neutron-periodic-workers[88638]: DEBUG dbcounter [-] [88638] Writing DB stats neutron:DELETE=1 {{(pid=88638) stat_writer /opt/stack/data/venv/lib/python3.12/site-packages/dbcounter.py:115}}
May 13 02:01:27.753109 np0000000660 neutron-periodic-workers[88630]: DEBUG dbcounter [-] [88630] Writing DB stats neutron:SELECT=1 {{(pid=88630) stat_writer /opt/stack/data/venv/lib/python3.12/site-packages/dbcounter.py:115}}
May 13 02:01:32.723919 np0000000660 neutron-periodic-workers[88623]: DEBUG oslo.service.backend._threading.loopingcall [None req-fb558045-2942-4874-a0fa-d51afd81d696 None None] Fixed interval looping call 'neutron.plugins.ml2.plugin.DhcpAgentSchedulerDbMixin.remove_networks_from_down_agents' sleeping for 36.99 seconds {{(pid=88623) _run_loop /opt/stack/data/venv/lib/python3.12/site-packages/oslo_service/backend/_threading/loopingcall.py:125}}
May 13 02:01:42.723275 np0000000660 neutron-periodic-workers[88623]: DEBUG dbcounter [-] [88623] Writing DB stats neutron:SELECT=3 {{(pid=88623) stat_writer /opt/stack/data/venv/lib/python3.12/site-packages/dbcounter.py:115}}
May 13 02:01:51.807922 np0000000660 neutron-periodic-workers[88654]: DEBUG dbcounter [-] [88654] Writer thread running {{(pid=88654) stat_writer /opt/stack/data/venv/lib/python3.12/site-packages/dbcounter.py:102}}
May 13 02:01:51.819400 np0000000660 neutron-periodic-workers[88654]: DEBUG oslo.service.backend._threading.loopingcall [None req-ae815fb3-6e0c-4593-aac7-6ffbb73fe855 None None] Fixed interval looping call 'neutron.services.ovn_l3.plugin.L3_NAT_dbonly_mixin._clean_garbage' sleeping for 299.97 seconds {{(pid=88654) _run_loop /opt/stack/data/venv/lib/python3.12/site-packages/oslo_service/backend/_threading/loopingcall.py:125}}
May 13 02:01:54.757360 np0000000660 neutron-periodic-workers[88630]: DEBUG neutron.db.agents_db [None req-72958731-5164-484d-8d0d-70d07b4994fe None None] Agent healthcheck: found 0 active agents {{(pid=88630) agent_health_check /opt/stack/neutron/neutron/db/agents_db.py:322}}
May 13 02:01:54.757360 np0000000660 neutron-periodic-workers[88630]: DEBUG oslo.service.backend._threading.loopingcall [None req-72958731-5164-484d-8d0d-70d07b4994fe None None] Fixed interval looping call 'neutron.plugins.ml2.plugin.AgentDbMixin.agent_health_check' sleeping for 37.00 seconds {{(pid=88630) _run_loop /opt/stack/data/venv/lib/python3.12/site-packages/oslo_service/backend/_threading/loopingcall.py:125}}
May 13 02:02:01.808803 np0000000660 neutron-periodic-workers[88654]: DEBUG dbcounter [-] [88654] Writing DB stats neutron:SELECT=1 {{(pid=88654) stat_writer /opt/stack/data/venv/lib/python3.12/site-packages/dbcounter.py:115}}
May 13 02:02:04.756334 np0000000660 neutron-periodic-workers[88630]: DEBUG dbcounter [-] [88630] Writing DB stats neutron:SELECT=1 {{(pid=88630) stat_writer /opt/stack/data/venv/lib/python3.12/site-packages/dbcounter.py:115}}
May 13 02:02:09.721762 np0000000660 neutron-periodic-workers[88623]: DEBUG oslo.service.backend._threading.loopingcall [None req-fb558045-2942-4874-a0fa-d51afd81d696 None None] Fixed interval looping call 'neutron.plugins.ml2.plugin.DhcpAgentSchedulerDbMixin.remove_networks_from_down_agents' sleeping for 36.99 seconds {{(pid=88623) _run_loop /opt/stack/data/venv/lib/python3.12/site-packages/oslo_service/backend/_threading/loopingcall.py:125}}
May 13 02:02:19.720007 np0000000660 neutron-periodic-workers[88623]: DEBUG dbcounter [-] [88623] Writing DB stats neutron:SELECT=3 {{(pid=88623) stat_writer /opt/stack/data/venv/lib/python3.12/site-packages/dbcounter.py:115}}
May 13 02:02:31.760796 np0000000660 neutron-periodic-workers[88630]: DEBUG neutron.db.agents_db [None req-72958731-5164-484d-8d0d-70d07b4994fe None None] Agent healthcheck: found 0 active agents {{(pid=88630) agent_health_check /opt/stack/neutron/neutron/db/agents_db.py:322}}
May 13 02:02:31.761499 np0000000660 neutron-periodic-workers[88630]: DEBUG oslo.service.backend._threading.loopingcall [None req-72958731-5164-484d-8d0d-70d07b4994fe None None] Fixed interval looping call 'neutron.plugins.ml2.plugin.AgentDbMixin.agent_health_check' sleeping for 37.00 seconds {{(pid=88630) _run_loop /opt/stack/data/venv/lib/python3.12/site-packages/oslo_service/backend/_threading/loopingcall.py:125}}
May 13 02:02:41.760564 np0000000660 neutron-periodic-workers[88630]: DEBUG dbcounter [-] [88630] Writing DB stats neutron:SELECT=1 {{(pid=88630) stat_writer /opt/stack/data/venv/lib/python3.12/site-packages/dbcounter.py:115}}
May 13 02:02:46.721816 np0000000660 neutron-periodic-workers[88623]: DEBUG oslo.service.backend._threading.loopingcall [None req-fb558045-2942-4874-a0fa-d51afd81d696 None None] Fixed interval looping call 'neutron.plugins.ml2.plugin.DhcpAgentSchedulerDbMixin.remove_networks_from_down_agents' sleeping for 36.99 seconds {{(pid=88623) _run_loop /opt/stack/data/venv/lib/python3.12/site-packages/oslo_service/backend/_threading/loopingcall.py:125}}
May 13 02:02:56.720222 np0000000660 neutron-periodic-workers[88623]: DEBUG dbcounter [-] [88623] Writing DB stats neutron:SELECT=3 {{(pid=88623) stat_writer /opt/stack/data/venv/lib/python3.12/site-packages/dbcounter.py:115}}
May 13 02:03:08.764197 np0000000660 neutron-periodic-workers[88630]: DEBUG neutron.db.agents_db [None req-72958731-5164-484d-8d0d-70d07b4994fe None None] Agent healthcheck: found 0 active agents {{(pid=88630) agent_health_check /opt/stack/neutron/neutron/db/agents_db.py:322}}
May 13 02:03:08.764749 np0000000660 neutron-periodic-workers[88630]: DEBUG oslo.service.backend._threading.loopingcall [None req-72958731-5164-484d-8d0d-70d07b4994fe None None] Fixed interval looping call 'neutron.plugins.ml2.plugin.AgentDbMixin.agent_health_check' sleeping for 37.00 seconds {{(pid=88630) _run_loop /opt/stack/data/venv/lib/python3.12/site-packages/oslo_service/backend/_threading/loopingcall.py:125}}
May 13 02:03:10.773171 np0000000660 neutron-periodic-workers[88638]: DEBUG oslo.service.backend._threading.loopingcall [None req-5e2f447f-e774-441d-9337-2ce4ded9d412 None None] Fixed interval looping call 'neutron.db.quota.driver_nolock.DbQuotaNoLockDriver._remove_expired_reservations' sleeping for 120.00 seconds {{(pid=88638) _run_loop /opt/stack/data/venv/lib/python3.12/site-packages/oslo_service/backend/_threading/loopingcall.py:125}}
May 13 02:03:18.764723 np0000000660 neutron-periodic-workers[88630]: DEBUG dbcounter [-] [88630] Writing DB stats neutron:SELECT=1 {{(pid=88630) stat_writer /opt/stack/data/venv/lib/python3.12/site-packages/dbcounter.py:115}}
May 13 02:03:20.772077 np0000000660 neutron-periodic-workers[88638]: DEBUG dbcounter [-] [88638] Writing DB stats neutron:DELETE=1 {{(pid=88638) stat_writer /opt/stack/data/venv/lib/python3.12/site-packages/dbcounter.py:115}}
May 13 02:03:23.727174 np0000000660 neutron-periodic-workers[88623]: DEBUG oslo.service.backend._threading.loopingcall [None req-fb558045-2942-4874-a0fa-d51afd81d696 None None] Fixed interval looping call 'neutron.plugins.ml2.plugin.DhcpAgentSchedulerDbMixin.remove_networks_from_down_agents' sleeping for 36.99 seconds {{(pid=88623) _run_loop /opt/stack/data/venv/lib/python3.12/site-packages/oslo_service/backend/_threading/loopingcall.py:125}}
May 13 02:03:33.723397 np0000000660 neutron-periodic-workers[88623]: DEBUG dbcounter [-] [88623] Writing DB stats neutron:SELECT=3 {{(pid=88623) stat_writer /opt/stack/data/venv/lib/python3.12/site-packages/dbcounter.py:115}}
May 13 02:03:45.776675 np0000000660 neutron-periodic-workers[88630]: DEBUG neutron.db.agents_db [None req-72958731-5164-484d-8d0d-70d07b4994fe None None] Agent healthcheck: found 0 active agents {{(pid=88630) agent_health_check /opt/stack/neutron/neutron/db/agents_db.py:322}}
May 13 02:03:45.777165 np0000000660 neutron-periodic-workers[88630]: DEBUG oslo.service.backend._threading.loopingcall [None req-72958731-5164-484d-8d0d-70d07b4994fe None None] Fixed interval looping call 'neutron.plugins.ml2.plugin.AgentDbMixin.agent_health_check' sleeping for 36.99 seconds {{(pid=88630) _run_loop /opt/stack/data/venv/lib/python3.12/site-packages/oslo_service/backend/_threading/loopingcall.py:125}}
May 13 02:03:55.775769 np0000000660 neutron-periodic-workers[88630]: DEBUG dbcounter [-] [88630] Writing DB stats neutron:SELECT=1 {{(pid=88630) stat_writer /opt/stack/data/venv/lib/python3.12/site-packages/dbcounter.py:115}}
May 13 02:04:00.727957 np0000000660 neutron-periodic-workers[88623]: DEBUG oslo.service.backend._threading.loopingcall [None req-fb558045-2942-4874-a0fa-d51afd81d696 None None] Fixed interval looping call 'neutron.plugins.ml2.plugin.DhcpAgentSchedulerDbMixin.remove_networks_from_down_agents' sleeping for 36.99 seconds {{(pid=88623) _run_loop /opt/stack/data/venv/lib/python3.12/site-packages/oslo_service/backend/_threading/loopingcall.py:125}}
May 13 02:04:10.726242 np0000000660 neutron-periodic-workers[88623]: DEBUG dbcounter [-] [88623] Writing DB stats neutron:SELECT=3 {{(pid=88623) stat_writer /opt/stack/data/venv/lib/python3.12/site-packages/dbcounter.py:115}}
May 13 02:04:22.779584 np0000000660 neutron-periodic-workers[88630]: DEBUG neutron.db.agents_db [None req-72958731-5164-484d-8d0d-70d07b4994fe None None] Agent healthcheck: found 0 active agents {{(pid=88630) agent_health_check /opt/stack/neutron/neutron/db/agents_db.py:322}}
May 13 02:04:22.780023 np0000000660 neutron-periodic-workers[88630]: DEBUG oslo.service.backend._threading.loopingcall [None req-72958731-5164-484d-8d0d-70d07b4994fe None None] Fixed interval looping call 'neutron.plugins.ml2.plugin.AgentDbMixin.agent_health_check' sleeping for 36.99 seconds {{(pid=88630) _run_loop /opt/stack/data/venv/lib/python3.12/site-packages/oslo_service/backend/_threading/loopingcall.py:125}}
May 13 02:04:32.774957 np0000000660 neutron-periodic-workers[88630]: DEBUG dbcounter [-] [88630] Writing DB stats neutron:SELECT=1 {{(pid=88630) stat_writer /opt/stack/data/venv/lib/python3.12/site-packages/dbcounter.py:115}}
May 13 02:04:37.730873 np0000000660 neutron-periodic-workers[88623]: DEBUG oslo.service.backend._threading.loopingcall [None req-fb558045-2942-4874-a0fa-d51afd81d696 None None] Fixed interval looping call 'neutron.plugins.ml2.plugin.DhcpAgentSchedulerDbMixin.remove_networks_from_down_agents' sleeping for 36.99 seconds {{(pid=88623) _run_loop /opt/stack/data/venv/lib/python3.12/site-packages/oslo_service/backend/_threading/loopingcall.py:125}}
May 13 02:04:47.725552 np0000000660 neutron-periodic-workers[88623]: DEBUG dbcounter [-] [88623] Writing DB stats neutron:SELECT=3 {{(pid=88623) stat_writer /opt/stack/data/venv/lib/python3.12/site-packages/dbcounter.py:115}}
May 13 02:04:59.778729 np0000000660 neutron-periodic-workers[88630]: DEBUG neutron.db.agents_db [None req-72958731-5164-484d-8d0d-70d07b4994fe None None] Agent healthcheck: found 0 active agents {{(pid=88630) agent_health_check /opt/stack/neutron/neutron/db/agents_db.py:322}}
May 13 02:04:59.778729 np0000000660 neutron-periodic-workers[88630]: DEBUG oslo.service.backend._threading.loopingcall [None req-72958731-5164-484d-8d0d-70d07b4994fe None None] Fixed interval looping call 'neutron.plugins.ml2.plugin.AgentDbMixin.agent_health_check' sleeping for 36.99 seconds {{(pid=88630) _run_loop /opt/stack/data/venv/lib/python3.12/site-packages/oslo_service/backend/_threading/loopingcall.py:125}}
May 13 02:05:09.775444 np0000000660 neutron-periodic-workers[88630]: DEBUG dbcounter [-] [88630] Writing DB stats neutron:SELECT=1 {{(pid=88630) stat_writer /opt/stack/data/venv/lib/python3.12/site-packages/dbcounter.py:115}}
May 13 02:05:10.779838 np0000000660 neutron-periodic-workers[88638]: DEBUG oslo.service.backend._threading.loopingcall [None req-5e2f447f-e774-441d-9337-2ce4ded9d412 None None] Fixed interval looping call 'neutron.db.quota.driver_nolock.DbQuotaNoLockDriver._remove_expired_reservations' sleeping for 119.99 seconds {{(pid=88638) _run_loop /opt/stack/data/venv/lib/python3.12/site-packages/oslo_service/backend/_threading/loopingcall.py:125}}
May 13 02:05:14.737640 np0000000660 neutron-periodic-workers[88623]: DEBUG oslo.service.backend._threading.loopingcall [None req-fb558045-2942-4874-a0fa-d51afd81d696 None None] Fixed interval looping call 'neutron.plugins.ml2.plugin.DhcpAgentSchedulerDbMixin.remove_networks_from_down_agents' sleeping for 36.98 seconds {{(pid=88623) _run_loop /opt/stack/data/venv/lib/python3.12/site-packages/oslo_service/backend/_threading/loopingcall.py:125}}
May 13 02:05:20.778322 np0000000660 neutron-periodic-workers[88638]: DEBUG dbcounter [-] [88638] Writing DB stats neutron:DELETE=1 {{(pid=88638) stat_writer /opt/stack/data/venv/lib/python3.12/site-packages/dbcounter.py:115}}
May 13 02:05:24.735676 np0000000660 neutron-periodic-workers[88623]: DEBUG dbcounter [-] [88623] Writing DB stats neutron:SELECT=3 {{(pid=88623) stat_writer /opt/stack/data/venv/lib/python3.12/site-packages/dbcounter.py:115}}
May 13 02:05:36.771210 np0000000660 neutron-periodic-workers[88630]: DEBUG neutron.db.agents_db [None req-72958731-5164-484d-8d0d-70d07b4994fe None None] Agent healthcheck: found 0 active agents {{(pid=88630) agent_health_check /opt/stack/neutron/neutron/db/agents_db.py:322}}
May 13 02:05:36.771807 np0000000660 neutron-periodic-workers[88630]: DEBUG oslo.service.backend._threading.loopingcall [None req-72958731-5164-484d-8d0d-70d07b4994fe None None] Fixed interval looping call 'neutron.plugins.ml2.plugin.AgentDbMixin.agent_health_check' sleeping for 37.00 seconds {{(pid=88630) _run_loop /opt/stack/data/venv/lib/python3.12/site-packages/oslo_service/backend/_threading/loopingcall.py:125}}
May 13 02:05:46.770340 np0000000660 neutron-periodic-workers[88630]: DEBUG dbcounter [-] [88630] Writing DB stats neutron:SELECT=1 {{(pid=88630) stat_writer /opt/stack/data/venv/lib/python3.12/site-packages/dbcounter.py:115}}
May 13 02:05:51.726293 np0000000660 neutron-periodic-workers[88623]: DEBUG oslo.service.backend._threading.loopingcall [None req-fb558045-2942-4874-a0fa-d51afd81d696 None None] Fixed interval looping call 'neutron.plugins.ml2.plugin.DhcpAgentSchedulerDbMixin.remove_networks_from_down_agents' sleeping for 36.99 seconds {{(pid=88623) _run_loop /opt/stack/data/venv/lib/python3.12/site-packages/oslo_service/backend/_threading/loopingcall.py:125}}
May 13 02:06:01.724825 np0000000660 neutron-periodic-workers[88623]: DEBUG dbcounter [-] [88623] Writing DB stats neutron:SELECT=3 {{(pid=88623) stat_writer /opt/stack/data/venv/lib/python3.12/site-packages/dbcounter.py:115}}
May 13 02:06:13.775487 np0000000660 neutron-periodic-workers[88630]: DEBUG neutron.db.agents_db [None req-72958731-5164-484d-8d0d-70d07b4994fe None None] Agent healthcheck: found 0 active agents {{(pid=88630) agent_health_check /opt/stack/neutron/neutron/db/agents_db.py:322}}
May 13 02:06:13.775976 np0000000660 neutron-periodic-workers[88630]: DEBUG oslo.service.backend._threading.loopingcall [None req-72958731-5164-484d-8d0d-70d07b4994fe None None] Fixed interval looping call 'neutron.plugins.ml2.plugin.AgentDbMixin.agent_health_check' sleeping for 37.00 seconds {{(pid=88630) _run_loop /opt/stack/data/venv/lib/python3.12/site-packages/oslo_service/backend/_threading/loopingcall.py:125}}
May 13 02:06:23.773846 np0000000660 neutron-periodic-workers[88630]: DEBUG dbcounter [-] [88630] Writing DB stats neutron:SELECT=1 {{(pid=88630) stat_writer /opt/stack/data/venv/lib/python3.12/site-packages/dbcounter.py:115}}
May 13 02:06:28.722709 np0000000660 neutron-periodic-workers[88623]: DEBUG oslo.service.backend._threading.loopingcall [None req-fb558045-2942-4874-a0fa-d51afd81d696 None None] Fixed interval looping call 'neutron.plugins.ml2.plugin.DhcpAgentSchedulerDbMixin.remove_networks_from_down_agents' sleeping for 36.99 seconds {{(pid=88623) _run_loop /opt/stack/data/venv/lib/python3.12/site-packages/oslo_service/backend/_threading/loopingcall.py:125}}
May 13 02:06:38.721812 np0000000660 neutron-periodic-workers[88623]: DEBUG dbcounter [-] [88623] Writing DB stats neutron:SELECT=3 {{(pid=88623) stat_writer /opt/stack/data/venv/lib/python3.12/site-packages/dbcounter.py:115}}
May 13 02:06:50.778770 np0000000660 neutron-periodic-workers[88630]: DEBUG neutron.db.agents_db [None req-72958731-5164-484d-8d0d-70d07b4994fe None None] Agent healthcheck: found 0 active agents {{(pid=88630) agent_health_check /opt/stack/neutron/neutron/db/agents_db.py:322}}
May 13 02:06:50.779600 np0000000660 neutron-periodic-workers[88630]: DEBUG oslo.service.backend._threading.loopingcall [None req-72958731-5164-484d-8d0d-70d07b4994fe None None] Fixed interval looping call 'neutron.plugins.ml2.plugin.AgentDbMixin.agent_health_check' sleeping for 37.00 seconds {{(pid=88630) _run_loop /opt/stack/data/venv/lib/python3.12/site-packages/oslo_service/backend/_threading/loopingcall.py:125}}
May 13 02:06:51.802310 np0000000660 neutron-periodic-workers[88654]: DEBUG oslo.service.backend._threading.loopingcall [None req-ae815fb3-6e0c-4593-aac7-6ffbb73fe855 None None] Fixed interval looping call 'neutron.services.ovn_l3.plugin.L3_NAT_dbonly_mixin._clean_garbage' sleeping for 299.99 seconds {{(pid=88654) _run_loop /opt/stack/data/venv/lib/python3.12/site-packages/oslo_service/backend/_threading/loopingcall.py:125}}
May 13 02:07:00.777964 np0000000660 neutron-periodic-workers[88630]: DEBUG dbcounter [-] [88630] Writing DB stats neutron:SELECT=1 {{(pid=88630) stat_writer /opt/stack/data/venv/lib/python3.12/site-packages/dbcounter.py:115}}
May 13 02:07:01.796996 np0000000660 neutron-periodic-workers[88654]: DEBUG dbcounter [-] [88654] Writing DB stats neutron:SELECT=1 {{(pid=88654) stat_writer /opt/stack/data/venv/lib/python3.12/site-packages/dbcounter.py:115}}
May 13 02:07:05.721995 np0000000660 neutron-periodic-workers[88623]: DEBUG oslo.service.backend._threading.loopingcall [None req-fb558045-2942-4874-a0fa-d51afd81d696 None None] Fixed interval looping call 'neutron.plugins.ml2.plugin.DhcpAgentSchedulerDbMixin.remove_networks_from_down_agents' sleeping for 36.99 seconds {{(pid=88623) _run_loop /opt/stack/data/venv/lib/python3.12/site-packages/oslo_service/backend/_threading/loopingcall.py:125}}
May 13 02:07:10.774891 np0000000660 neutron-periodic-workers[88638]: DEBUG oslo.service.backend._threading.loopingcall [None req-5e2f447f-e774-441d-9337-2ce4ded9d412 None None] Fixed interval looping call 'neutron.db.quota.driver_nolock.DbQuotaNoLockDriver._remove_expired_reservations' sleeping for 120.00 seconds {{(pid=88638) _run_loop /opt/stack/data/venv/lib/python3.12/site-packages/oslo_service/backend/_threading/loopingcall.py:125}}
May 13 02:07:15.720027 np0000000660 neutron-periodic-workers[88623]: DEBUG dbcounter [-] [88623] Writing DB stats neutron:SELECT=3 {{(pid=88623) stat_writer /opt/stack/data/venv/lib/python3.12/site-packages/dbcounter.py:115}}
May 13 02:07:20.775250 np0000000660 neutron-periodic-workers[88638]: DEBUG dbcounter [-] [88638] Writing DB stats neutron:DELETE=1 {{(pid=88638) stat_writer /opt/stack/data/venv/lib/python3.12/site-packages/dbcounter.py:115}}
May 13 02:07:27.784157 np0000000660 neutron-periodic-workers[88630]: DEBUG neutron.db.agents_db [None req-72958731-5164-484d-8d0d-70d07b4994fe None None] Agent healthcheck: found 0 active agents {{(pid=88630) agent_health_check /opt/stack/neutron/neutron/db/agents_db.py:322}}
May 13 02:07:27.784157 np0000000660 neutron-periodic-workers[88630]: DEBUG oslo.service.backend._threading.loopingcall [None req-72958731-5164-484d-8d0d-70d07b4994fe None None] Fixed interval looping call 'neutron.plugins.ml2.plugin.AgentDbMixin.agent_health_check' sleeping for 37.00 seconds {{(pid=88630) _run_loop /opt/stack/data/venv/lib/python3.12/site-packages/oslo_service/backend/_threading/loopingcall.py:125}}
May 13 02:07:37.783098 np0000000660 neutron-periodic-workers[88630]: DEBUG dbcounter [-] [88630] Writing DB stats neutron:SELECT=1 {{(pid=88630) stat_writer /opt/stack/data/venv/lib/python3.12/site-packages/dbcounter.py:115}}
May 13 02:07:42.716327 np0000000660 neutron-periodic-workers[88623]: DEBUG oslo.service.backend._threading.loopingcall [None req-fb558045-2942-4874-a0fa-d51afd81d696 None None] Fixed interval looping call 'neutron.plugins.ml2.plugin.DhcpAgentSchedulerDbMixin.remove_networks_from_down_agents' sleeping for 36.99 seconds {{(pid=88623) _run_loop /opt/stack/data/venv/lib/python3.12/site-packages/oslo_service/backend/_threading/loopingcall.py:125}}
May 13 02:07:52.715628 np0000000660 neutron-periodic-workers[88623]: DEBUG dbcounter [-] [88623] Writing DB stats neutron:SELECT=3 {{(pid=88623) stat_writer /opt/stack/data/venv/lib/python3.12/site-packages/dbcounter.py:115}}
May 13 02:08:04.787362 np0000000660 neutron-periodic-workers[88630]: DEBUG neutron.db.agents_db [None req-72958731-5164-484d-8d0d-70d07b4994fe None None] Agent healthcheck: found 0 active agents {{(pid=88630) agent_health_check /opt/stack/neutron/neutron/db/agents_db.py:322}}
May 13 02:08:04.788015 np0000000660 neutron-periodic-workers[88630]: DEBUG oslo.service.backend._threading.loopingcall [None req-72958731-5164-484d-8d0d-70d07b4994fe None None] Fixed interval looping call 'neutron.plugins.ml2.plugin.AgentDbMixin.agent_health_check' sleeping for 37.00 seconds {{(pid=88630) _run_loop /opt/stack/data/venv/lib/python3.12/site-packages/oslo_service/backend/_threading/loopingcall.py:125}}
May 13 02:08:14.786669 np0000000660 neutron-periodic-workers[88630]: DEBUG dbcounter [-] [88630] Writing DB stats neutron:SELECT=1 {{(pid=88630) stat_writer /opt/stack/data/venv/lib/python3.12/site-packages/dbcounter.py:115}}
May 13 02:08:19.720434 np0000000660 neutron-periodic-workers[88623]: DEBUG oslo.service.backend._threading.loopingcall [None req-fb558045-2942-4874-a0fa-d51afd81d696 None None] Fixed interval looping call 'neutron.plugins.ml2.plugin.DhcpAgentSchedulerDbMixin.remove_networks_from_down_agents' sleeping for 36.99 seconds {{(pid=88623) _run_loop /opt/stack/data/venv/lib/python3.12/site-packages/oslo_service/backend/_threading/loopingcall.py:125}}
May 13 02:08:29.718037 np0000000660 neutron-periodic-workers[88623]: DEBUG dbcounter [-] [88623] Writing DB stats neutron:SELECT=3 {{(pid=88623) stat_writer /opt/stack/data/venv/lib/python3.12/site-packages/dbcounter.py:115}}
May 13 02:08:41.790802 np0000000660 neutron-periodic-workers[88630]: DEBUG neutron.db.agents_db [None req-72958731-5164-484d-8d0d-70d07b4994fe None None] Agent healthcheck: found 0 active agents {{(pid=88630) agent_health_check /opt/stack/neutron/neutron/db/agents_db.py:322}}
May 13 02:08:41.791261 np0000000660 neutron-periodic-workers[88630]: DEBUG oslo.service.backend._threading.loopingcall [None req-72958731-5164-484d-8d0d-70d07b4994fe None None] Fixed interval looping call 'neutron.plugins.ml2.plugin.AgentDbMixin.agent_health_check' sleeping for 37.00 seconds {{(pid=88630) _run_loop /opt/stack/data/venv/lib/python3.12/site-packages/oslo_service/backend/_threading/loopingcall.py:125}}
May 13 02:08:51.790150 np0000000660 neutron-periodic-workers[88630]: DEBUG dbcounter [-] [88630] Writing DB stats neutron:SELECT=1 {{(pid=88630) stat_writer /opt/stack/data/venv/lib/python3.12/site-packages/dbcounter.py:115}}
May 13 02:08:56.723199 np0000000660 neutron-periodic-workers[88623]: DEBUG oslo.service.backend._threading.loopingcall [None req-fb558045-2942-4874-a0fa-d51afd81d696 None None] Fixed interval looping call 'neutron.plugins.ml2.plugin.DhcpAgentSchedulerDbMixin.remove_networks_from_down_agents' sleeping for 36.99 seconds {{(pid=88623) _run_loop /opt/stack/data/venv/lib/python3.12/site-packages/oslo_service/backend/_threading/loopingcall.py:125}}
May 13 02:09:06.721405 np0000000660 neutron-periodic-workers[88623]: DEBUG dbcounter [-] [88623] Writing DB stats neutron:SELECT=3 {{(pid=88623) stat_writer /opt/stack/data/venv/lib/python3.12/site-packages/dbcounter.py:115}}
May 13 02:09:10.783472 np0000000660 neutron-periodic-workers[88638]: DEBUG oslo.service.backend._threading.loopingcall [None req-5e2f447f-e774-441d-9337-2ce4ded9d412 None None] Fixed interval looping call 'neutron.db.quota.driver_nolock.DbQuotaNoLockDriver._remove_expired_reservations' sleeping for 119.99 seconds {{(pid=88638) _run_loop /opt/stack/data/venv/lib/python3.12/site-packages/oslo_service/backend/_threading/loopingcall.py:125}}
May 13 02:09:18.799397 np0000000660 neutron-periodic-workers[88630]: DEBUG neutron.db.agents_db [None req-72958731-5164-484d-8d0d-70d07b4994fe None None] Agent healthcheck: found 0 active agents {{(pid=88630) agent_health_check /opt/stack/neutron/neutron/db/agents_db.py:322}}
May 13 02:09:18.800307 np0000000660 neutron-periodic-workers[88630]: DEBUG oslo.service.backend._threading.loopingcall [None req-72958731-5164-484d-8d0d-70d07b4994fe None None] Fixed interval looping call 'neutron.plugins.ml2.plugin.AgentDbMixin.agent_health_check' sleeping for 36.99 seconds {{(pid=88630) _run_loop /opt/stack/data/venv/lib/python3.12/site-packages/oslo_service/backend/_threading/loopingcall.py:125}}
May 13 02:09:20.782781 np0000000660 neutron-periodic-workers[88638]: DEBUG dbcounter [-] [88638] Writing DB stats neutron:DELETE=1 {{(pid=88638) stat_writer /opt/stack/data/venv/lib/python3.12/site-packages/dbcounter.py:115}}
May 13 02:09:28.794955 np0000000660 neutron-periodic-workers[88630]: DEBUG dbcounter [-] [88630] Writing DB stats neutron:SELECT=1 {{(pid=88630) stat_writer /opt/stack/data/venv/lib/python3.12/site-packages/dbcounter.py:115}}
May 13 02:09:33.720722 np0000000660 neutron-periodic-workers[88623]: DEBUG oslo.service.backend._threading.loopingcall [None req-fb558045-2942-4874-a0fa-d51afd81d696 None None] Fixed interval looping call 'neutron.plugins.ml2.plugin.DhcpAgentSchedulerDbMixin.remove_networks_from_down_agents' sleeping for 36.99 seconds {{(pid=88623) _run_loop /opt/stack/data/venv/lib/python3.12/site-packages/oslo_service/backend/_threading/loopingcall.py:125}}
May 13 02:09:43.719670 np0000000660 neutron-periodic-workers[88623]: DEBUG dbcounter [-] [88623] Writing DB stats neutron:SELECT=3 {{(pid=88623) stat_writer /opt/stack/data/venv/lib/python3.12/site-packages/dbcounter.py:115}}
May 13 02:09:55.795958 np0000000660 neutron-periodic-workers[88630]: DEBUG neutron.db.agents_db [None req-72958731-5164-484d-8d0d-70d07b4994fe None None] Agent healthcheck: found 0 active agents {{(pid=88630) agent_health_check /opt/stack/neutron/neutron/db/agents_db.py:322}}
May 13 02:09:55.796589 np0000000660 neutron-periodic-workers[88630]: DEBUG oslo.service.backend._threading.loopingcall [None req-72958731-5164-484d-8d0d-70d07b4994fe None None] Fixed interval looping call 'neutron.plugins.ml2.plugin.AgentDbMixin.agent_health_check' sleeping for 37.00 seconds {{(pid=88630) _run_loop /opt/stack/data/venv/lib/python3.12/site-packages/oslo_service/backend/_threading/loopingcall.py:125}}
May 13 02:10:05.798137 np0000000660 neutron-periodic-workers[88630]: DEBUG dbcounter [-] [88630] Writing DB stats neutron:SELECT=1 {{(pid=88630) stat_writer /opt/stack/data/venv/lib/python3.12/site-packages/dbcounter.py:115}}
May 13 02:10:10.724319 np0000000660 neutron-periodic-workers[88623]: DEBUG oslo.service.backend._threading.loopingcall [None req-fb558045-2942-4874-a0fa-d51afd81d696 None None] Fixed interval looping call 'neutron.plugins.ml2.plugin.DhcpAgentSchedulerDbMixin.remove_networks_from_down_agents' sleeping for 36.99 seconds {{(pid=88623) _run_loop /opt/stack/data/venv/lib/python3.12/site-packages/oslo_service/backend/_threading/loopingcall.py:125}}
May 13 02:10:20.722982 np0000000660 neutron-periodic-workers[88623]: DEBUG dbcounter [-] [88623] Writing DB stats neutron:SELECT=3 {{(pid=88623) stat_writer /opt/stack/data/venv/lib/python3.12/site-packages/dbcounter.py:115}}
May 13 02:10:32.803256 np0000000660 neutron-periodic-workers[88630]: DEBUG neutron.db.agents_db [None req-72958731-5164-484d-8d0d-70d07b4994fe None None] Agent healthcheck: found 0 active agents {{(pid=88630) agent_health_check /opt/stack/neutron/neutron/db/agents_db.py:322}}
May 13 02:10:32.803690 np0000000660 neutron-periodic-workers[88630]: DEBUG oslo.service.backend._threading.loopingcall [None req-72958731-5164-484d-8d0d-70d07b4994fe None None] Fixed interval looping call 'neutron.plugins.ml2.plugin.AgentDbMixin.agent_health_check' sleeping for 36.99 seconds {{(pid=88630) _run_loop /opt/stack/data/venv/lib/python3.12/site-packages/oslo_service/backend/_threading/loopingcall.py:125}}
May 13 02:10:42.802266 np0000000660 neutron-periodic-workers[88630]: DEBUG dbcounter [-] [88630] Writing DB stats neutron:SELECT=1 {{(pid=88630) stat_writer /opt/stack/data/venv/lib/python3.12/site-packages/dbcounter.py:115}}
May 13 02:10:47.724797 np0000000660 neutron-periodic-workers[88623]: DEBUG oslo.service.backend._threading.loopingcall [None req-fb558045-2942-4874-a0fa-d51afd81d696 None None] Fixed interval looping call 'neutron.plugins.ml2.plugin.DhcpAgentSchedulerDbMixin.remove_networks_from_down_agents' sleeping for 36.99 seconds {{(pid=88623) _run_loop /opt/stack/data/venv/lib/python3.12/site-packages/oslo_service/backend/_threading/loopingcall.py:125}}
May 13 02:10:57.723956 np0000000660 neutron-periodic-workers[88623]: DEBUG dbcounter [-] [88623] Writing DB stats neutron:SELECT=3 {{(pid=88623) stat_writer /opt/stack/data/venv/lib/python3.12/site-packages/dbcounter.py:115}}
May 13 02:11:09.797438 np0000000660 neutron-periodic-workers[88630]: DEBUG neutron.db.agents_db [None req-72958731-5164-484d-8d0d-70d07b4994fe None None] Agent healthcheck: found 0 active agents {{(pid=88630) agent_health_check /opt/stack/neutron/neutron/db/agents_db.py:322}}
May 13 02:11:09.797438 np0000000660 neutron-periodic-workers[88630]: DEBUG oslo.service.backend._threading.loopingcall [None req-72958731-5164-484d-8d0d-70d07b4994fe None None] Fixed interval looping call 'neutron.plugins.ml2.plugin.AgentDbMixin.agent_health_check' sleeping for 37.00 seconds {{(pid=88630) _run_loop /opt/stack/data/venv/lib/python3.12/site-packages/oslo_service/backend/_threading/loopingcall.py:125}}
May 13 02:11:10.779050 np0000000660 neutron-periodic-workers[88638]: DEBUG oslo.service.backend._threading.loopingcall [None req-5e2f447f-e774-441d-9337-2ce4ded9d412 None None] Fixed interval looping call 'neutron.db.quota.driver_nolock.DbQuotaNoLockDriver._remove_expired_reservations' sleeping for 119.99 seconds {{(pid=88638) _run_loop /opt/stack/data/venv/lib/python3.12/site-packages/oslo_service/backend/_threading/loopingcall.py:125}}
May 13 02:11:19.795650 np0000000660 neutron-periodic-workers[88630]: DEBUG dbcounter [-] [88630] Writing DB stats neutron:SELECT=1 {{(pid=88630) stat_writer /opt/stack/data/venv/lib/python3.12/site-packages/dbcounter.py:115}}
May 13 02:11:20.777511 np0000000660 neutron-periodic-workers[88638]: DEBUG dbcounter [-] [88638] Writing DB stats neutron:DELETE=1 {{(pid=88638) stat_writer /opt/stack/data/venv/lib/python3.12/site-packages/dbcounter.py:115}}
May 13 02:11:24.731442 np0000000660 neutron-periodic-workers[88623]: DEBUG oslo.service.backend._threading.loopingcall [None req-fb558045-2942-4874-a0fa-d51afd81d696 None None] Fixed interval looping call 'neutron.plugins.ml2.plugin.DhcpAgentSchedulerDbMixin.remove_networks_from_down_agents' sleeping for 36.99 seconds {{(pid=88623) _run_loop /opt/stack/data/venv/lib/python3.12/site-packages/oslo_service/backend/_threading/loopingcall.py:125}}
May 13 02:11:34.728367 np0000000660 neutron-periodic-workers[88623]: DEBUG dbcounter [-] [88623] Writing DB stats neutron:SELECT=3 {{(pid=88623) stat_writer /opt/stack/data/venv/lib/python3.12/site-packages/dbcounter.py:115}}
May 13 02:11:46.800100 np0000000660 neutron-periodic-workers[88630]: DEBUG neutron.db.agents_db [None req-72958731-5164-484d-8d0d-70d07b4994fe None None] Agent healthcheck: found 0 active agents {{(pid=88630) agent_health_check /opt/stack/neutron/neutron/db/agents_db.py:322}}
May 13 02:11:46.800739 np0000000660 neutron-periodic-workers[88630]: DEBUG oslo.service.backend._threading.loopingcall [None req-72958731-5164-484d-8d0d-70d07b4994fe None None] Fixed interval looping call 'neutron.plugins.ml2.plugin.AgentDbMixin.agent_health_check' sleeping for 37.00 seconds {{(pid=88630) _run_loop /opt/stack/data/venv/lib/python3.12/site-packages/oslo_service/backend/_threading/loopingcall.py:125}}
May 13 02:11:51.803325 np0000000660 neutron-periodic-workers[88654]: DEBUG oslo.service.backend._threading.loopingcall [None req-ae815fb3-6e0c-4593-aac7-6ffbb73fe855 None None] Fixed interval looping call 'neutron.services.ovn_l3.plugin.L3_NAT_dbonly_mixin._clean_garbage' sleeping for 299.99 seconds {{(pid=88654) _run_loop /opt/stack/data/venv/lib/python3.12/site-packages/oslo_service/backend/_threading/loopingcall.py:125}}
May 13 02:11:56.801408 np0000000660 neutron-periodic-workers[88630]: DEBUG dbcounter [-] [88630] Writing DB stats neutron:SELECT=1 {{(pid=88630) stat_writer /opt/stack/data/venv/lib/python3.12/site-packages/dbcounter.py:115}}
May 13 02:12:01.740466 np0000000660 neutron-periodic-workers[88623]: DEBUG oslo.service.backend._threading.loopingcall [None req-fb558045-2942-4874-a0fa-d51afd81d696 None None] Fixed interval looping call 'neutron.plugins.ml2.plugin.DhcpAgentSchedulerDbMixin.remove_networks_from_down_agents' sleeping for 36.98 seconds {{(pid=88623) _run_loop /opt/stack/data/venv/lib/python3.12/site-packages/oslo_service/backend/_threading/loopingcall.py:125}}
