Jul 20 09:21:10.403181 np0000005486 devstack@g-api.service[102946]: INFO glance.api.v2.image_data [None req-cfd87eb4-afbf-4db0-a8e9-5ad5625e25db tempest-VolumesActionsTest-977121675 tempest-VolumesActionsTest-977121675-project-member] Unable to create trust: no such option collect_timing in group [keystone_authtoken] Use the existing user token.
Jul 20 09:21:11.138627 np0000005486 devstack@g-api.service[102946]: DEBUG glance.location [None req-cfd87eb4-afbf-4db0-a8e9-5ad5625e25db tempest-VolumesActionsTest-977121675 tempest-VolumesActionsTest-977121675-project-member] Enabling in-flight format inspection for raw {{(pid=102946) set_data /opt/stack/glance/glance/location.py:596}}
Jul 20 09:21:11.139589 np0000005486 devstack@g-api.service[102946]: DEBUG glance_store.backend [None req-cfd87eb4-afbf-4db0-a8e9-5ad5625e25db tempest-VolumesActionsTest-977121675 tempest-VolumesActionsTest-977121675-project-member] Attempting to import store swift {{(pid=102946) _load_store /opt/stack/data/venv/lib/python3.12/site-packages/glance_store/backend.py:215}}
Jul 20 09:21:11.142205 np0000005486 devstack@g-api.service[102946]: DEBUG glance_store.capabilities [None req-cfd87eb4-afbf-4db0-a8e9-5ad5625e25db tempest-VolumesActionsTest-977121675 tempest-VolumesActionsTest-977121675-project-member] Store glance_store._drivers.swift.store.SingleTenantStore doesn't support updating dynamic storage capabilities. Please overwrite 'update_capabilities' method of the store to implement updating logics if needed. {{(pid=102946) update_capabilities /opt/stack/data/venv/lib/python3.12/site-packages/glance_store/capabilities.py:91}}
Jul 20 09:21:11.142205 np0000005486 devstack@g-api.service[102946]: DEBUG glance_store.driver [None req-cfd87eb4-afbf-4db0-a8e9-5ad5625e25db tempest-VolumesActionsTest-977121675 tempest-VolumesActionsTest-977121675-project-member] Late loading location class glance_store._drivers.swift.store.StoreLocation {{(pid=102946) get_store_location_class /opt/stack/data/venv/lib/python3.12/site-packages/glance_store/driver.py:134}}
Jul 20 09:21:11.143495 np0000005486 devstack@g-api.service[102946]: DEBUG glance_store.location [None req-cfd87eb4-afbf-4db0-a8e9-5ad5625e25db tempest-VolumesActionsTest-977121675 tempest-VolumesActionsTest-977121675-project-member] Registering scheme swift+https with {'store': , 'location_class': , 'store_entry': 'swift'} {{(pid=102946) register_scheme_map /opt/stack/data/venv/lib/python3.12/site-packages/glance_store/location.py:146}}
Jul 20 09:21:11.143495 np0000005486 devstack@g-api.service[102946]: DEBUG glance_store.location [None req-cfd87eb4-afbf-4db0-a8e9-5ad5625e25db tempest-VolumesActionsTest-977121675 tempest-VolumesActionsTest-977121675-project-member] Registering scheme swift+https with {'store': , 'location_class': , 'store_entry': 'swift'} {{(pid=102946) register_scheme_map /opt/stack/data/venv/lib/python3.12/site-packages/glance_store/location.py:146}}
Jul 20 09:21:11.143495 np0000005486 devstack@g-api.service[102946]: DEBUG glance_store.location [None req-cfd87eb4-afbf-4db0-a8e9-5ad5625e25db tempest-VolumesActionsTest-977121675 tempest-VolumesActionsTest-977121675-project-member] Registering scheme swift with {'store': , 'location_class': , 'store_entry': 'swift'} {{(pid=102946) register_scheme_map /opt/stack/data/venv/lib/python3.12/site-packages/glance_store/location.py:146}}
Jul 20 09:21:11.143495 np0000005486 devstack@g-api.service[102946]: DEBUG glance_store.location [None req-cfd87eb4-afbf-4db0-a8e9-5ad5625e25db tempest-VolumesActionsTest-977121675 tempest-VolumesActionsTest-977121675-project-member] Registering scheme swift+https with {'store': , 'location_class': , 'store_entry': 'swift'} {{(pid=102946) register_scheme_map /opt/stack/data/venv/lib/python3.12/site-packages/glance_store/location.py:146}}
Jul 20 09:21:11.143495 np0000005486 devstack@g-api.service[102946]: DEBUG glance_store.location [None req-cfd87eb4-afbf-4db0-a8e9-5ad5625e25db tempest-VolumesActionsTest-977121675 tempest-VolumesActionsTest-977121675-project-member] Registering scheme swift with {'store': , 'location_class': , 'store_entry': 'swift'} {{(pid=102946) register_scheme_map /opt/stack/data/venv/lib/python3.12/site-packages/glance_store/location.py:146}}
Jul 20 09:21:11.143495 np0000005486 devstack@g-api.service[102946]: DEBUG glance_store.location [None req-cfd87eb4-afbf-4db0-a8e9-5ad5625e25db tempest-VolumesActionsTest-977121675 tempest-VolumesActionsTest-977121675-project-member] Registering scheme swift+http with {'store': , 'location_class': , 'store_entry': 'swift'} {{(pid=102946) register_scheme_map /opt/stack/data/venv/lib/python3.12/site-packages/glance_store/location.py:146}}
Jul 20 09:21:11.143495 np0000005486 devstack@g-api.service[102946]: DEBUG glance_store.location [None req-cfd87eb4-afbf-4db0-a8e9-5ad5625e25db tempest-VolumesActionsTest-977121675 tempest-VolumesActionsTest-977121675-project-member] Registering scheme swift+https with {'store': , 'location_class': , 'store_entry': 'swift'} {{(pid=102946) register_scheme_map /opt/stack/data/venv/lib/python3.12/site-packages/glance_store/location.py:146}}
Jul 20 09:21:11.143495 np0000005486 devstack@g-api.service[102946]: DEBUG glance_store.location [None req-cfd87eb4-afbf-4db0-a8e9-5ad5625e25db tempest-VolumesActionsTest-977121675 tempest-VolumesActionsTest-977121675-project-member] Registering scheme swift with {'store': , 'location_class': , 'store_entry': 'swift'} {{(pid=102946) register_scheme_map /opt/stack/data/venv/lib/python3.12/site-packages/glance_store/location.py:146}}
Jul 20 09:21:11.143495 np0000005486 devstack@g-api.service[102946]: DEBUG glance_store.location [None req-cfd87eb4-afbf-4db0-a8e9-5ad5625e25db tempest-VolumesActionsTest-977121675 tempest-VolumesActionsTest-977121675-project-member] Registering scheme swift+http with {'store': , 'location_class': , 'store_entry': 'swift'} {{(pid=102946) register_scheme_map /opt/stack/data/venv/lib/python3.12/site-packages/glance_store/location.py:146}}
Jul 20 09:21:11.143495 np0000005486 devstack@g-api.service[102946]: DEBUG glance_store.location [None req-cfd87eb4-afbf-4db0-a8e9-5ad5625e25db tempest-VolumesActionsTest-977121675 tempest-VolumesActionsTest-977121675-project-member] Registering scheme swift+config with {'store': , 'location_class': , 'store_entry': 'swift'} {{(pid=102946) register_scheme_map /opt/stack/data/venv/lib/python3.12/site-packages/glance_store/location.py:146}}
Jul 20 09:21:11.398647 np0000005486 devstack@g-api.service[102945]: DEBUG glance.api.middleware.version_negotiation [None req-61286bb7-359f-4a4e-9305-b4e8e7118d6e tempest-ServersNegativeTestJSON-1326251880 tempest-ServersNegativeTestJSON-1326251880-project-member] Determining version of request: GET /v2/images/b20ff17c-367b-42b4-ae37-f26a4db06a25 Accept: application/json {{(pid=102945) process_request /opt/stack/glance/glance/api/middleware/version_negotiation.py:44}}
Jul 20 09:21:11.398647 np0000005486 devstack@g-api.service[102945]: DEBUG glance.api.middleware.version_negotiation [None req-61286bb7-359f-4a4e-9305-b4e8e7118d6e tempest-ServersNegativeTestJSON-1326251880 tempest-ServersNegativeTestJSON-1326251880-project-member] Using url versioning {{(pid=102945) process_request /opt/stack/glance/glance/api/middleware/version_negotiation.py:57}}
Jul 20 09:21:11.398647 np0000005486 devstack@g-api.service[102945]: DEBUG glance.api.middleware.version_negotiation [None req-61286bb7-359f-4a4e-9305-b4e8e7118d6e tempest-ServersNegativeTestJSON-1326251880 tempest-ServersNegativeTestJSON-1326251880-project-member] Matched version: v2 {{(pid=102945) process_request /opt/stack/glance/glance/api/middleware/version_negotiation.py:69}}
Jul 20 09:21:11.399372 np0000005486 devstack@g-api.service[102945]: DEBUG glance.api.middleware.version_negotiation [None req-61286bb7-359f-4a4e-9305-b4e8e7118d6e tempest-ServersNegativeTestJSON-1326251880 tempest-ServersNegativeTestJSON-1326251880-project-member] new path /v2/images/b20ff17c-367b-42b4-ae37-f26a4db06a25 {{(pid=102945) process_request /opt/stack/glance/glance/api/middleware/version_negotiation.py:70}}
Jul 20 09:21:11.414787 np0000005486 devstack@g-api.service[102945]: [pid: 102945|app: 0|req: 100/392] 127.0.0.1 () {40 vars in 834 bytes} [Mon Jul 20 09:21:11 2026] GET /v2/images/b20ff17c-367b-42b4-ae37-f26a4db06a25 => generated 649 bytes in 16 msecs (HTTP/1.1 200) 4 headers in 157 bytes (1 switches on core 0)
Jul 20 09:21:11.460502 np0000005486 devstack@g-api.service[102946]: DEBUG swiftclient [None req-cfd87eb4-afbf-4db0-a8e9-5ad5625e25db tempest-VolumesActionsTest-977121675 tempest-VolumesActionsTest-977121675-project-member] REQ: curl -i https://10.4.3.78:8080/v1/AUTH_61220f095a3946b0932027d8f26a2d72/glance -I -H "X-Auth-Token: gAAAAABqXeiHjxMK..." {{(pid=102946) http_log /opt/stack/data/venv/lib/python3.12/site-packages/swiftclient/client.py:160}}
Jul 20 09:21:11.460502 np0000005486 devstack@g-api.service[102946]: DEBUG swiftclient [None req-cfd87eb4-afbf-4db0-a8e9-5ad5625e25db tempest-VolumesActionsTest-977121675 tempest-VolumesActionsTest-977121675-project-member] RESP STATUS: 204 No Content {{(pid=102946) http_log /opt/stack/data/venv/lib/python3.12/site-packages/swiftclient/client.py:161}}
Jul 20 09:21:11.461061 np0000005486 devstack@g-api.service[102946]: DEBUG swiftclient [None req-cfd87eb4-afbf-4db0-a8e9-5ad5625e25db tempest-VolumesActionsTest-977121675 tempest-VolumesActionsTest-977121675-project-member] RESP HEADERS: {'Date': 'Mon, 20 Jul 2026 09:21:11 GMT', 'Server': 'Apache/2.4.58 (Ubuntu)', 'Content-Type': 'text/plain; charset=utf-8', 'X-Container-Object-Count': '3', 'X-Container-Bytes-Used': '64356352', 'X-Timestamp': '1784538920.93320', 'Last-Modified': 'Mon, 20 Jul 2026 09:15:21 GMT', 'Accept-Ranges': 'bytes', 'X-Storage-Policy': 'Policy-0', 'X-Container-Sharding': 'False', 'Vary': 'Accept', 'X-Trans-Id': 'tx2d10f2b4b14c455296e36-006a5de887', 'X-Openstack-Request-Id': 'tx2d10f2b4b14c455296e36-006a5de887', 'Connection': 'close'} {{(pid=102946) http_log /opt/stack/data/venv/lib/python3.12/site-packages/swiftclient/client.py:162}}
Jul 20 09:21:11.461061 np0000005486 devstack@g-api.service[102946]: DEBUG glance_store._drivers.swift.store [None req-cfd87eb4-afbf-4db0-a8e9-5ad5625e25db tempest-VolumesActionsTest-977121675 tempest-VolumesActionsTest-977121675-project-member] Adding image object 'b20ff17c-367b-42b4-ae37-f26a4db06a25' to Swift {{(pid=102946) add /opt/stack/data/venv/lib/python3.12/site-packages/glance_store/_drivers/swift/store.py:970}}
Jul 20 09:21:11.461213 np0000005486 devstack@g-api.service[102946]: DEBUG glance_store._drivers.swift.store [None req-cfd87eb4-afbf-4db0-a8e9-5ad5625e25db tempest-VolumesActionsTest-977121675 tempest-VolumesActionsTest-977121675-project-member] Cannot determine image size because it is either not provided in the request or chunked-transfer encoding is used. Adding image as a segmented object to Swift. {{(pid=102946) add /opt/stack/data/venv/lib/python3.12/site-packages/glance_store/_drivers/swift/store.py:994}}
Jul 20 09:21:11.471560 np0000005486 devstack@g-api.service[102946]: DEBUG oslo_utils.imageutils.format_inspector [None req-cfd87eb4-afbf-4db0-a8e9-5ad5625e25db tempest-VolumesActionsTest-977121675 tempest-VolumesActionsTest-977121675-project-member] Format inspector for vmdk does not match, excluding from consideration (Signature KDMV not found: b'\x00\x00\x00\x00') {{(pid=102946) _process_chunk /opt/stack/data/venv/lib/python3.12/site-packages/oslo_utils/imageutils/format_inspector.py:1758}}
Jul 20 09:21:11.476536 np0000005486 devstack@g-api.service[102946]: DEBUG oslo_utils.imageutils.format_inspector [None req-cfd87eb4-afbf-4db0-a8e9-5ad5625e25db tempest-VolumesActionsTest-977121675 tempest-VolumesActionsTest-977121675-project-member] Format inspector for vhdx does not match, excluding from consideration (Region signature not found at 30000) {{(pid=102946) _process_chunk /opt/stack/data/venv/lib/python3.12/site-packages/oslo_utils/imageutils/format_inspector.py:1758}}
Jul 20 09:21:11.479708 np0000005486 devstack@g-api.service[102948]: DEBUG glance.api.middleware.version_negotiation [None req-c734fa8f-30df-4eff-8ab7-01786e14185a tempest-VolumesActionsTest-977121675 tempest-VolumesActionsTest-977121675-project-member] Determining version of request: GET /v2/images/b36ccdd5-eb16-48d0-88ac-637c28c3a99b Accept: */* {{(pid=102948) process_request /opt/stack/glance/glance/api/middleware/version_negotiation.py:44}}
Jul 20 09:21:11.479708 np0000005486 devstack@g-api.service[102948]: DEBUG glance.api.middleware.version_negotiation [None req-c734fa8f-30df-4eff-8ab7-01786e14185a tempest-VolumesActionsTest-977121675 tempest-VolumesActionsTest-977121675-project-member] Using url versioning {{(pid=102948) process_request /opt/stack/glance/glance/api/middleware/version_negotiation.py:57}}
Jul 20 09:21:11.479708 np0000005486 devstack@g-api.service[102948]: DEBUG glance.api.middleware.version_negotiation [None req-c734fa8f-30df-4eff-8ab7-01786e14185a tempest-VolumesActionsTest-977121675 tempest-VolumesActionsTest-977121675-project-member] Matched version: v2 {{(pid=102948) process_request /opt/stack/glance/glance/api/middleware/version_negotiation.py:69}}
Jul 20 09:21:11.479708 np0000005486 devstack@g-api.service[102948]: DEBUG glance.api.middleware.version_negotiation [None req-c734fa8f-30df-4eff-8ab7-01786e14185a tempest-VolumesActionsTest-977121675 tempest-VolumesActionsTest-977121675-project-member] new path /v2/images/b36ccdd5-eb16-48d0-88ac-637c28c3a99b {{(pid=102948) process_request /opt/stack/glance/glance/api/middleware/version_negotiation.py:70}}
Jul 20 09:21:11.503958 np0000005486 devstack@g-api.service[102948]: [pid: 102948|app: 0|req: 99/393] 127.0.0.1 () {44 vars in 1111 bytes} [Mon Jul 20 09:21:11 2026] GET /v2/images/b36ccdd5-eb16-48d0-88ac-637c28c3a99b => generated 1044 bytes in 26 msecs (HTTP/1.1 200) 4 headers in 158 bytes (1 switches on core 0)
Jul 20 09:21:11.563958 np0000005486 devstack@g-api.service[102947]: DEBUG glance.api.middleware.version_negotiation [None req-1bf07bc0-76ef-4bb6-92a9-2820fdeb6087 tempest-VolumesActionsTest-977121675 tempest-VolumesActionsTest-977121675-project-member] Determining version of request: GET /v2/schemas/image Accept: */* {{(pid=102947) process_request /opt/stack/glance/glance/api/middleware/version_negotiation.py:44}}
Jul 20 09:21:11.564491 np0000005486 devstack@g-api.service[102947]: DEBUG glance.api.middleware.version_negotiation [None req-1bf07bc0-76ef-4bb6-92a9-2820fdeb6087 tempest-VolumesActionsTest-977121675 tempest-VolumesActionsTest-977121675-project-member] Using url versioning {{(pid=102947) process_request /opt/stack/glance/glance/api/middleware/version_negotiation.py:57}}
Jul 20 09:21:11.564491 np0000005486 devstack@g-api.service[102947]: DEBUG glance.api.middleware.version_negotiation [None req-1bf07bc0-76ef-4bb6-92a9-2820fdeb6087 tempest-VolumesActionsTest-977121675 tempest-VolumesActionsTest-977121675-project-member] Matched version: v2 {{(pid=102947) process_request /opt/stack/glance/glance/api/middleware/version_negotiation.py:69}}
Jul 20 09:21:11.564491 np0000005486 devstack@g-api.service[102947]: DEBUG glance.api.middleware.version_negotiation [None req-1bf07bc0-76ef-4bb6-92a9-2820fdeb6087 tempest-VolumesActionsTest-977121675 tempest-VolumesActionsTest-977121675-project-member] new path /v2/schemas/image {{(pid=102947) process_request /opt/stack/glance/glance/api/middleware/version_negotiation.py:70}}
Jul 20 09:21:11.568007 np0000005486 devstack@g-api.service[102947]: [pid: 102947|app: 0|req: 98/394] 127.0.0.1 () {44 vars in 1051 bytes} [Mon Jul 20 09:21:11 2026] GET /v2/schemas/image => generated 6083 bytes in 4 msecs (HTTP/1.1 200) 4 headers in 158 bytes (1 switches on core 0)
Jul 20 09:21:12.425577 np0000005486 devstack@g-api.service[102945]: DEBUG glance.api.middleware.version_negotiation [None req-d7dbda0e-e40d-451a-82d8-e34447379c55 tempest-VolumesActionsTest-977121675 tempest-VolumesActionsTest-977121675-project-member] Determining version of request: GET /v2/images/b20ff17c-367b-42b4-ae37-f26a4db06a25 Accept: application/json {{(pid=102945) process_request /opt/stack/glance/glance/api/middleware/version_negotiation.py:44}}
Jul 20 09:21:12.425577 np0000005486 devstack@g-api.service[102945]: DEBUG glance.api.middleware.version_negotiation [None req-d7dbda0e-e40d-451a-82d8-e34447379c55 tempest-VolumesActionsTest-977121675 tempest-VolumesActionsTest-977121675-project-member] Using url versioning {{(pid=102945) process_request /opt/stack/glance/glance/api/middleware/version_negotiation.py:57}}
Jul 20 09:21:12.427291 np0000005486 devstack@g-api.service[102945]: DEBUG glance.api.middleware.version_negotiation [None req-d7dbda0e-e40d-451a-82d8-e34447379c55 tempest-VolumesActionsTest-977121675 tempest-VolumesActionsTest-977121675-project-member] Matched version: v2 {{(pid=102945) process_request /opt/stack/glance/glance/api/middleware/version_negotiation.py:69}}
Jul 20 09:21:12.427291 np0000005486 devstack@g-api.service[102945]: DEBUG glance.api.middleware.version_negotiation [None req-d7dbda0e-e40d-451a-82d8-e34447379c55 tempest-VolumesActionsTest-977121675 tempest-VolumesActionsTest-977121675-project-member] new path /v2/images/b20ff17c-367b-42b4-ae37-f26a4db06a25 {{(pid=102945) process_request /opt/stack/glance/glance/api/middleware/version_negotiation.py:70}}
Jul 20 09:21:12.440084 np0000005486 devstack@g-api.service[102945]: [pid: 102945|app: 0|req: 101/395] 127.0.0.1 () {40 vars in 834 bytes} [Mon Jul 20 09:21:12 2026] GET /v2/images/b20ff17c-367b-42b4-ae37-f26a4db06a25 => generated 649 bytes in 15 msecs (HTTP/1.1 200) 4 headers in 157 bytes (1 switches on core 0)
Jul 20 09:21:13.453029 np0000005486 devstack@g-api.service[102948]: DEBUG glance.api.middleware.version_negotiation [None req-d2944a5b-980f-44af-9f47-39662ef241b4 tempest-ServerRescueNegativeTestJSON-451329072 tempest-ServerRescueNegativeTestJSON-451329072-project-member] Determining version of request: GET /v2/images/b20ff17c-367b-42b4-ae37-f26a4db06a25 Accept: application/json {{(pid=102948) process_request /opt/stack/glance/glance/api/middleware/version_negotiation.py:44}}
Jul 20 09:21:13.455012 np0000005486 devstack@g-api.service[102948]: DEBUG glance.api.middleware.version_negotiation [None req-d2944a5b-980f-44af-9f47-39662ef241b4 tempest-ServerRescueNegativeTestJSON-451329072 tempest-ServerRescueNegativeTestJSON-451329072-project-member] Using url versioning {{(pid=102948) process_request /opt/stack/glance/glance/api/middleware/version_negotiation.py:57}}
Jul 20 09:21:13.455012 np0000005486 devstack@g-api.service[102948]: DEBUG glance.api.middleware.version_negotiation [None req-d2944a5b-980f-44af-9f47-39662ef241b4 tempest-ServerRescueNegativeTestJSON-451329072 tempest-ServerRescueNegativeTestJSON-451329072-project-member] Matched version: v2 {{(pid=102948) process_request /opt/stack/glance/glance/api/middleware/version_negotiation.py:69}}
Jul 20 09:21:13.455012 np0000005486 devstack@g-api.service[102948]: DEBUG glance.api.middleware.version_negotiation [None req-d2944a5b-980f-44af-9f47-39662ef241b4 tempest-ServerRescueNegativeTestJSON-451329072 tempest-ServerRescueNegativeTestJSON-451329072-project-member] new path /v2/images/b20ff17c-367b-42b4-ae37-f26a4db06a25 {{(pid=102948) process_request /opt/stack/glance/glance/api/middleware/version_negotiation.py:70}}
Jul 20 09:21:13.481687 np0000005486 devstack@g-api.service[102948]: [pid: 102948|app: 0|req: 100/396] 127.0.0.1 () {40 vars in 834 bytes} [Mon Jul 20 09:21:13 2026] GET /v2/images/b20ff17c-367b-42b4-ae37-f26a4db06a25 => generated 649 bytes in 26 msecs (HTTP/1.1 200) 4 headers in 157 bytes (1 switches on core 0)
Jul 20 09:21:14.330379 np0000005486 devstack@g-api.service[102946]: DEBUG swiftclient [None req-cfd87eb4-afbf-4db0-a8e9-5ad5625e25db tempest-VolumesActionsTest-977121675 tempest-VolumesActionsTest-977121675-project-member] REQ: curl -i https://10.4.3.78:8080/v1/AUTH_61220f095a3946b0932027d8f26a2d72/glance/b20ff17c-367b-42b4-ae37-f26a4db06a25-00001 -X PUT -H "X-Auth-Token: gAAAAABqXeiHjxMK..." {{(pid=102946) http_log /opt/stack/data/venv/lib/python3.12/site-packages/swiftclient/client.py:160}}
Jul 20 09:21:14.330811 np0000005486 devstack@g-api.service[102946]: DEBUG swiftclient [None req-cfd87eb4-afbf-4db0-a8e9-5ad5625e25db tempest-VolumesActionsTest-977121675 tempest-VolumesActionsTest-977121675-project-member] RESP STATUS: 201 Created {{(pid=102946) http_log /opt/stack/data/venv/lib/python3.12/site-packages/swiftclient/client.py:161}}
Jul 20 09:21:14.330811 np0000005486 devstack@g-api.service[102946]: DEBUG swiftclient [None req-cfd87eb4-afbf-4db0-a8e9-5ad5625e25db tempest-VolumesActionsTest-977121675 tempest-VolumesActionsTest-977121675-project-member] RESP HEADERS: {'Date': 'Mon, 20 Jul 2026 09:21:14 GMT', 'Server': 'Apache/2.4.58 (Ubuntu)', 'Content-Type': 'text/html; charset=UTF-8', 'Content-Length': '0', 'Etag': 'eda9a9889837ac4bc81d6387d92c1bec', 'Last-Modified': 'Mon, 20 Jul 2026 09:21:12 GMT', 'X-Trans-Id': 'txba59bd5f9bb34ef482ac0-006a5de887', 'X-Openstack-Request-Id': 'txba59bd5f9bb34ef482ac0-006a5de887', 'Connection': 'close'} {{(pid=102946) http_log /opt/stack/data/venv/lib/python3.12/site-packages/swiftclient/client.py:162}}
Jul 20 09:21:14.330811 np0000005486 devstack@g-api.service[102946]: DEBUG glance_store._drivers.swift.store [None req-cfd87eb4-afbf-4db0-a8e9-5ad5625e25db tempest-VolumesActionsTest-977121675 tempest-VolumesActionsTest-977121675-project-member] Wrote chunk b20ff17c-367b-42b4-ae37-f26a4db06a25-00001 (1/?) of length 204800000 to Swift returning MD5 of content: eda9a9889837ac4bc81d6387d92c1bec {{(pid=102946) add /opt/stack/data/venv/lib/python3.12/site-packages/glance_store/_drivers/swift/store.py:1059}}
Jul 20 09:21:14.491723 np0000005486 devstack@g-api.service[102947]: DEBUG glance.api.middleware.version_negotiation [None req-d2944a5b-980f-44af-9f47-39662ef241b4 tempest-ServerRescueNegativeTestJSON-451329072 tempest-ServerRescueNegativeTestJSON-451329072-project-member] Determining version of request: GET /v2/images/b20ff17c-367b-42b4-ae37-f26a4db06a25 Accept: application/json {{(pid=102947) process_request /opt/stack/glance/glance/api/middleware/version_negotiation.py:44}}
Jul 20 09:21:14.491723 np0000005486 devstack@g-api.service[102947]: DEBUG glance.api.middleware.version_negotiation [None req-d2944a5b-980f-44af-9f47-39662ef241b4 tempest-ServerRescueNegativeTestJSON-451329072 tempest-ServerRescueNegativeTestJSON-451329072-project-member] Using url versioning {{(pid=102947) process_request /opt/stack/glance/glance/api/middleware/version_negotiation.py:57}}
Jul 20 09:21:14.491723 np0000005486 devstack@g-api.service[102947]: DEBUG glance.api.middleware.version_negotiation [None req-d2944a5b-980f-44af-9f47-39662ef241b4 tempest-ServerRescueNegativeTestJSON-451329072 tempest-ServerRescueNegativeTestJSON-451329072-project-member] Matched version: v2 {{(pid=102947) process_request /opt/stack/glance/glance/api/middleware/version_negotiation.py:69}}
Jul 20 09:21:14.491723 np0000005486 devstack@g-api.service[102947]: DEBUG glance.api.middleware.version_negotiation [None req-d2944a5b-980f-44af-9f47-39662ef241b4 tempest-ServerRescueNegativeTestJSON-451329072 tempest-ServerRescueNegativeTestJSON-451329072-project-member] new path /v2/images/b20ff17c-367b-42b4-ae37-f26a4db06a25 {{(pid=102947) process_request /opt/stack/glance/glance/api/middleware/version_negotiation.py:70}}
Jul 20 09:21:14.521919 np0000005486 devstack@g-api.service[102947]: [pid: 102947|app: 0|req: 99/397] 127.0.0.1 () {40 vars in 834 bytes} [Mon Jul 20 09:21:14 2026] GET /v2/images/b20ff17c-367b-42b4-ae37-f26a4db06a25 => generated 649 bytes in 32 msecs (HTTP/1.1 200) 4 headers in 157 bytes (1 switches on core 0)
Jul 20 09:21:15.534845 np0000005486 devstack@g-api.service[102945]: DEBUG glance.api.middleware.version_negotiation [None req-dcbf513b-7fe6-4950-a9e4-fd177f7c29c5 tempest-VolumesActionsTest-977121675 tempest-VolumesActionsTest-977121675-project-member] Determining version of request: GET /v2/images/b20ff17c-367b-42b4-ae37-f26a4db06a25 Accept: application/json {{(pid=102945) process_request /opt/stack/glance/glance/api/middleware/version_negotiation.py:44}}
Jul 20 09:21:15.535286 np0000005486 devstack@g-api.service[102945]: DEBUG glance.api.middleware.version_negotiation [None req-dcbf513b-7fe6-4950-a9e4-fd177f7c29c5 tempest-VolumesActionsTest-977121675 tempest-VolumesActionsTest-977121675-project-member] Using url versioning {{(pid=102945) process_request /opt/stack/glance/glance/api/middleware/version_negotiation.py:57}}
Jul 20 09:21:15.536078 np0000005486 devstack@g-api.service[102945]: DEBUG glance.api.middleware.version_negotiation [None req-dcbf513b-7fe6-4950-a9e4-fd177f7c29c5 tempest-VolumesActionsTest-977121675 tempest-VolumesActionsTest-977121675-project-member] Matched version: v2 {{(pid=102945) process_request /opt/stack/glance/glance/api/middleware/version_negotiation.py:69}}
Jul 20 09:21:15.536078 np0000005486 devstack@g-api.service[102945]: DEBUG glance.api.middleware.version_negotiation [None req-dcbf513b-7fe6-4950-a9e4-fd177f7c29c5 tempest-VolumesActionsTest-977121675 tempest-VolumesActionsTest-977121675-project-member] new path /v2/images/b20ff17c-367b-42b4-ae37-f26a4db06a25 {{(pid=102945) process_request /opt/stack/glance/glance/api/middleware/version_negotiation.py:70}}
Jul 20 09:21:15.559083 np0000005486 devstack@g-api.service[102945]: [pid: 102945|app: 0|req: 102/398] 127.0.0.1 () {40 vars in 834 bytes} [Mon Jul 20 09:21:15 2026] GET /v2/images/b20ff17c-367b-42b4-ae37-f26a4db06a25 => generated 649 bytes in 26 msecs (HTTP/1.1 200) 4 headers in 157 bytes (1 switches on core 0)
Jul 20 09:21:16.575313 np0000005486 devstack@g-api.service[102948]: DEBUG glance.api.middleware.version_negotiation [None req-4ce10a5d-6727-4c1c-9f2c-c390b1da7305 tempest-VolumesActionsTest-977121675 tempest-VolumesActionsTest-977121675-project-member] Determining version of request: GET /v2/images/b20ff17c-367b-42b4-ae37-f26a4db06a25 Accept: application/json {{(pid=102948) process_request /opt/stack/glance/glance/api/middleware/version_negotiation.py:44}}
Jul 20 09:21:16.575313 np0000005486 devstack@g-api.service[102948]: DEBUG glance.api.middleware.version_negotiation [None req-4ce10a5d-6727-4c1c-9f2c-c390b1da7305 tempest-VolumesActionsTest-977121675 tempest-VolumesActionsTest-977121675-project-member] Using url versioning {{(pid=102948) process_request /opt/stack/glance/glance/api/middleware/version_negotiation.py:57}}
Jul 20 09:21:16.575313 np0000005486 devstack@g-api.service[102948]: DEBUG glance.api.middleware.version_negotiation [None req-4ce10a5d-6727-4c1c-9f2c-c390b1da7305 tempest-VolumesActionsTest-977121675 tempest-VolumesActionsTest-977121675-project-member] Matched version: v2 {{(pid=102948) process_request /opt/stack/glance/glance/api/middleware/version_negotiation.py:69}}
Jul 20 09:21:16.575313 np0000005486 devstack@g-api.service[102948]: DEBUG glance.api.middleware.version_negotiation [None req-4ce10a5d-6727-4c1c-9f2c-c390b1da7305 tempest-VolumesActionsTest-977121675 tempest-VolumesActionsTest-977121675-project-member] new path /v2/images/b20ff17c-367b-42b4-ae37-f26a4db06a25 {{(pid=102948) process_request /opt/stack/glance/glance/api/middleware/version_negotiation.py:70}}
Jul 20 09:21:16.593363 np0000005486 devstack@g-api.service[102948]: [pid: 102948|app: 0|req: 101/399] 127.0.0.1 () {40 vars in 834 bytes} [Mon Jul 20 09:21:16 2026] GET /v2/images/b20ff17c-367b-42b4-ae37-f26a4db06a25 => generated 649 bytes in 21 msecs (HTTP/1.1 200) 4 headers in 157 bytes (1 switches on core 0)
Jul 20 09:21:17.241099 np0000005486 devstack@g-api.service[102946]: DEBUG swiftclient [None req-cfd87eb4-afbf-4db0-a8e9-5ad5625e25db tempest-VolumesActionsTest-977121675 tempest-VolumesActionsTest-977121675-project-member] REQ: curl -i https://10.4.3.78:8080/v1/AUTH_61220f095a3946b0932027d8f26a2d72/glance/b20ff17c-367b-42b4-ae37-f26a4db06a25-00002 -X PUT -H "X-Auth-Token: gAAAAABqXeiHjxMK..." {{(pid=102946) http_log /opt/stack/data/venv/lib/python3.12/site-packages/swiftclient/client.py:160}}
Jul 20 09:21:17.242140 np0000005486 devstack@g-api.service[102946]: DEBUG swiftclient [None req-cfd87eb4-afbf-4db0-a8e9-5ad5625e25db tempest-VolumesActionsTest-977121675 tempest-VolumesActionsTest-977121675-project-member] RESP STATUS: 201 Created {{(pid=102946) http_log /opt/stack/data/venv/lib/python3.12/site-packages/swiftclient/client.py:161}}
Jul 20 09:21:17.242140 np0000005486 devstack@g-api.service[102946]: DEBUG swiftclient [None req-cfd87eb4-afbf-4db0-a8e9-5ad5625e25db tempest-VolumesActionsTest-977121675 tempest-VolumesActionsTest-977121675-project-member] RESP HEADERS: {'Date': 'Mon, 20 Jul 2026 09:21:17 GMT', 'Server': 'Apache/2.4.58 (Ubuntu)', 'Content-Type': 'text/html; charset=UTF-8', 'Content-Length': '0', 'Etag': 'eda9a9889837ac4bc81d6387d92c1bec', 'Last-Modified': 'Mon, 20 Jul 2026 09:21:15 GMT', 'X-Trans-Id': 'tx82bcb48a51c443f78ec6a-006a5de88a', 'X-Openstack-Request-Id': 'tx82bcb48a51c443f78ec6a-006a5de88a', 'Connection': 'close'} {{(pid=102946) http_log /opt/stack/data/venv/lib/python3.12/site-packages/swiftclient/client.py:162}}
Jul 20 09:21:17.242140 np0000005486 devstack@g-api.service[102946]: DEBUG glance_store._drivers.swift.store [None req-cfd87eb4-afbf-4db0-a8e9-5ad5625e25db tempest-VolumesActionsTest-977121675 tempest-VolumesActionsTest-977121675-project-member] Wrote chunk b20ff17c-367b-42b4-ae37-f26a4db06a25-00002 (2/?) of length 204800000 to Swift returning MD5 of content: eda9a9889837ac4bc81d6387d92c1bec {{(pid=102946) add /opt/stack/data/venv/lib/python3.12/site-packages/glance_store/_drivers/swift/store.py:1059}}
Jul 20 09:21:17.610365 np0000005486 devstack@g-api.service[102947]: DEBUG glance.api.middleware.version_negotiation [None req-2e49e89c-8122-4bce-acfe-bd0ab3394ba1 tempest-VolumesActionsTest-977121675 tempest-VolumesActionsTest-977121675-project-member] Determining version of request: GET /v2/images/b20ff17c-367b-42b4-ae37-f26a4db06a25 Accept: application/json {{(pid=102947) process_request /opt/stack/glance/glance/api/middleware/version_negotiation.py:44}}
Jul 20 09:21:17.610365 np0000005486 devstack@g-api.service[102947]: DEBUG glance.api.middleware.version_negotiation [None req-2e49e89c-8122-4bce-acfe-bd0ab3394ba1 tempest-VolumesActionsTest-977121675 tempest-VolumesActionsTest-977121675-project-member] Using url versioning {{(pid=102947) process_request /opt/stack/glance/glance/api/middleware/version_negotiation.py:57}}
Jul 20 09:21:17.610365 np0000005486 devstack@g-api.service[102947]: DEBUG glance.api.middleware.version_negotiation [None req-2e49e89c-8122-4bce-acfe-bd0ab3394ba1 tempest-VolumesActionsTest-977121675 tempest-VolumesActionsTest-977121675-project-member] Matched version: v2 {{(pid=102947) process_request /opt/stack/glance/glance/api/middleware/version_negotiation.py:69}}
Jul 20 09:21:17.610365 np0000005486 devstack@g-api.service[102947]: DEBUG glance.api.middleware.version_negotiation [None req-2e49e89c-8122-4bce-acfe-bd0ab3394ba1 tempest-VolumesActionsTest-977121675 tempest-VolumesActionsTest-977121675-project-member] new path /v2/images/b20ff17c-367b-42b4-ae37-f26a4db06a25 {{(pid=102947) process_request /opt/stack/glance/glance/api/middleware/version_negotiation.py:70}}
Jul 20 09:21:17.640191 np0000005486 devstack@g-api.service[102947]: [pid: 102947|app: 0|req: 100/400] 127.0.0.1 () {40 vars in 834 bytes} [Mon Jul 20 09:21:17 2026] GET /v2/images/b20ff17c-367b-42b4-ae37-f26a4db06a25 => generated 649 bytes in 30 msecs (HTTP/1.1 200) 4 headers in 157 bytes (1 switches on core 0)
Jul 20 09:21:18.657932 np0000005486 devstack@g-api.service[102945]: DEBUG glance.api.middleware.version_negotiation [None req-bbabb950-d990-4391-81d7-4cbeb8668455 tempest-VolumesActionsTest-977121675 tempest-VolumesActionsTest-977121675-project-member] Determining version of request: GET /v2/images/b20ff17c-367b-42b4-ae37-f26a4db06a25 Accept: application/json {{(pid=102945) process_request /opt/stack/glance/glance/api/middleware/version_negotiation.py:44}}
Jul 20 09:21:18.658435 np0000005486 devstack@g-api.service[102945]: DEBUG glance.api.middleware.version_negotiation [None req-bbabb950-d990-4391-81d7-4cbeb8668455 tempest-VolumesActionsTest-977121675 tempest-VolumesActionsTest-977121675-project-member] Using url versioning {{(pid=102945) process_request /opt/stack/glance/glance/api/middleware/version_negotiation.py:57}}
Jul 20 09:21:18.658435 np0000005486 devstack@g-api.service[102945]: DEBUG glance.api.middleware.version_negotiation [None req-bbabb950-d990-4391-81d7-4cbeb8668455 tempest-VolumesActionsTest-977121675 tempest-VolumesActionsTest-977121675-project-member] Matched version: v2 {{(pid=102945) process_request /opt/stack/glance/glance/api/middleware/version_negotiation.py:69}}
Jul 20 09:21:18.661859 np0000005486 devstack@g-api.service[102945]: DEBUG glance.api.middleware.version_negotiation [None req-bbabb950-d990-4391-81d7-4cbeb8668455 tempest-VolumesActionsTest-977121675 tempest-VolumesActionsTest-977121675-project-member] new path /v2/images/b20ff17c-367b-42b4-ae37-f26a4db06a25 {{(pid=102945) process_request /opt/stack/glance/glance/api/middleware/version_negotiation.py:70}}
Jul 20 09:21:18.691992 np0000005486 devstack@g-api.service[102945]: [pid: 102945|app: 0|req: 103/401] 127.0.0.1 () {40 vars in 834 bytes} [Mon Jul 20 09:21:18 2026] GET /v2/images/b20ff17c-367b-42b4-ae37-f26a4db06a25 => generated 649 bytes in 34 msecs (HTTP/1.1 200) 4 headers in 157 bytes (1 switches on core 0)
Jul 20 09:21:19.707630 np0000005486 devstack@g-api.service[102948]: DEBUG glance.api.middleware.version_negotiation [None req-9eb02681-3a23-4678-9eb5-1858a9cb5f33 tempest-VolumesActionsTest-977121675 tempest-VolumesActionsTest-977121675-project-member] Determining version of request: GET /v2/images/b20ff17c-367b-42b4-ae37-f26a4db06a25 Accept: application/json {{(pid=102948) process_request /opt/stack/glance/glance/api/middleware/version_negotiation.py:44}}
Jul 20 09:21:19.708006 np0000005486 devstack@g-api.service[102948]: DEBUG glance.api.middleware.version_negotiation [None req-9eb02681-3a23-4678-9eb5-1858a9cb5f33 tempest-VolumesActionsTest-977121675 tempest-VolumesActionsTest-977121675-project-member] Using url versioning {{(pid=102948) process_request /opt/stack/glance/glance/api/middleware/version_negotiation.py:57}}
Jul 20 09:21:19.708006 np0000005486 devstack@g-api.service[102948]: DEBUG glance.api.middleware.version_negotiation [None req-9eb02681-3a23-4678-9eb5-1858a9cb5f33 tempest-VolumesActionsTest-977121675 tempest-VolumesActionsTest-977121675-project-member] Matched version: v2 {{(pid=102948) process_request /opt/stack/glance/glance/api/middleware/version_negotiation.py:69}}
Jul 20 09:21:19.708528 np0000005486 devstack@g-api.service[102948]: DEBUG glance.api.middleware.version_negotiation [None req-9eb02681-3a23-4678-9eb5-1858a9cb5f33 tempest-VolumesActionsTest-977121675 tempest-VolumesActionsTest-977121675-project-member] new path /v2/images/b20ff17c-367b-42b4-ae37-f26a4db06a25 {{(pid=102948) process_request /opt/stack/glance/glance/api/middleware/version_negotiation.py:70}}
Jul 20 09:21:19.722768 np0000005486 devstack@g-api.service[102948]: [pid: 102948|app: 0|req: 102/402] 127.0.0.1 () {40 vars in 834 bytes} [Mon Jul 20 09:21:19 2026] GET /v2/images/b20ff17c-367b-42b4-ae37-f26a4db06a25 => generated 649 bytes in 15 msecs (HTTP/1.1 200) 4 headers in 157 bytes (1 switches on core 0)
Jul 20 09:21:20.111731 np0000005486 devstack@g-api.service[102946]: DEBUG swiftclient [None req-cfd87eb4-afbf-4db0-a8e9-5ad5625e25db tempest-VolumesActionsTest-977121675 tempest-VolumesActionsTest-977121675-project-member] REQ: curl -i https://10.4.3.78:8080/v1/AUTH_61220f095a3946b0932027d8f26a2d72/glance/b20ff17c-367b-42b4-ae37-f26a4db06a25-00003 -X PUT -H "X-Auth-Token: gAAAAABqXeiHjxMK..." {{(pid=102946) http_log /opt/stack/data/venv/lib/python3.12/site-packages/swiftclient/client.py:160}}
Jul 20 09:21:20.112179 np0000005486 devstack@g-api.service[102946]: DEBUG swiftclient [None req-cfd87eb4-afbf-4db0-a8e9-5ad5625e25db tempest-VolumesActionsTest-977121675 tempest-VolumesActionsTest-977121675-project-member] RESP STATUS: 201 Created {{(pid=102946) http_log /opt/stack/data/venv/lib/python3.12/site-packages/swiftclient/client.py:161}}
Jul 20 09:21:20.112179 np0000005486 devstack@g-api.service[102946]: DEBUG swiftclient [None req-cfd87eb4-afbf-4db0-a8e9-5ad5625e25db tempest-VolumesActionsTest-977121675 tempest-VolumesActionsTest-977121675-project-member] RESP HEADERS: {'Date': 'Mon, 20 Jul 2026 09:21:20 GMT', 'Server': 'Apache/2.4.58 (Ubuntu)', 'Content-Type': 'text/html; charset=UTF-8', 'Content-Length': '0', 'Etag': 'eda9a9889837ac4bc81d6387d92c1bec', 'Last-Modified': 'Mon, 20 Jul 2026 09:21:18 GMT', 'X-Trans-Id': 'txb0677964a02847659749e-006a5de88d', 'X-Openstack-Request-Id': 'txb0677964a02847659749e-006a5de88d', 'Connection': 'close'} {{(pid=102946) http_log /opt/stack/data/venv/lib/python3.12/site-packages/swiftclient/client.py:162}}
Jul 20 09:21:20.112179 np0000005486 devstack@g-api.service[102946]: DEBUG glance_store._drivers.swift.store [None req-cfd87eb4-afbf-4db0-a8e9-5ad5625e25db tempest-VolumesActionsTest-977121675 tempest-VolumesActionsTest-977121675-project-member] Wrote chunk b20ff17c-367b-42b4-ae37-f26a4db06a25-00003 (3/?) of length 204800000 to Swift returning MD5 of content: eda9a9889837ac4bc81d6387d92c1bec {{(pid=102946) add /opt/stack/data/venv/lib/python3.12/site-packages/glance_store/_drivers/swift/store.py:1059}}
Jul 20 09:21:20.734743 np0000005486 devstack@g-api.service[102947]: DEBUG glance.api.middleware.version_negotiation [None req-86c168d4-89f6-4a3a-9abd-bbc17ca31692 tempest-VolumesActionsTest-977121675 tempest-VolumesActionsTest-977121675-project-member] Determining version of request: GET /v2/images/b20ff17c-367b-42b4-ae37-f26a4db06a25 Accept: application/json {{(pid=102947) process_request /opt/stack/glance/glance/api/middleware/version_negotiation.py:44}}
Jul 20 09:21:20.735001 np0000005486 devstack@g-api.service[102947]: DEBUG glance.api.middleware.version_negotiation [None req-86c168d4-89f6-4a3a-9abd-bbc17ca31692 tempest-VolumesActionsTest-977121675 tempest-VolumesActionsTest-977121675-project-member] Using url versioning {{(pid=102947) process_request /opt/stack/glance/glance/api/middleware/version_negotiation.py:57}}
Jul 20 09:21:20.735967 np0000005486 devstack@g-api.service[102947]: DEBUG glance.api.middleware.version_negotiation [None req-86c168d4-89f6-4a3a-9abd-bbc17ca31692 tempest-VolumesActionsTest-977121675 tempest-VolumesActionsTest-977121675-project-member] Matched version: v2 {{(pid=102947) process_request /opt/stack/glance/glance/api/middleware/version_negotiation.py:69}}
Jul 20 09:21:20.737243 np0000005486 devstack@g-api.service[102947]: DEBUG glance.api.middleware.version_negotiation [None req-86c168d4-89f6-4a3a-9abd-bbc17ca31692 tempest-VolumesActionsTest-977121675 tempest-VolumesActionsTest-977121675-project-member] new path /v2/images/b20ff17c-367b-42b4-ae37-f26a4db06a25 {{(pid=102947) process_request /opt/stack/glance/glance/api/middleware/version_negotiation.py:70}}
Jul 20 09:21:20.759042 np0000005486 devstack@g-api.service[102947]: [pid: 102947|app: 0|req: 101/403] 127.0.0.1 () {40 vars in 834 bytes} [Mon Jul 20 09:21:20 2026] GET /v2/images/b20ff17c-367b-42b4-ae37-f26a4db06a25 => generated 649 bytes in 23 msecs (HTTP/1.1 200) 4 headers in 157 bytes (1 switches on core 0)
Jul 20 09:21:21.133375 np0000005486 devstack@g-api.service[102946]: DEBUG dbcounter [-] [102946] Writing DB stats glance:SELECT=56,glance:UPDATE=5,glance:INSERT=3 {{(pid=102946) stat_writer /opt/stack/data/venv/lib/python3.12/site-packages/dbcounter.py:115}}
Jul 20 09:21:21.258961 np0000005486 devstack@g-api.service[102945]: DEBUG glance.api.middleware.version_negotiation [None req-57c89a47-22de-47e8-89ce-49a9e068d83c tempest-VolumesActionsTest-977121675 tempest-VolumesActionsTest-977121675-project-member] Determining version of request: GET /v2/images/b36ccdd5-eb16-48d0-88ac-637c28c3a99b Accept: */* {{(pid=102945) process_request /opt/stack/glance/glance/api/middleware/version_negotiation.py:44}}
Jul 20 09:21:21.261558 np0000005486 devstack@g-api.service[102945]: DEBUG glance.api.middleware.version_negotiation [None req-57c89a47-22de-47e8-89ce-49a9e068d83c tempest-VolumesActionsTest-977121675 tempest-VolumesActionsTest-977121675-project-member] Using url versioning {{(pid=102945) process_request /opt/stack/glance/glance/api/middleware/version_negotiation.py:57}}
Jul 20 09:21:21.261558 np0000005486 devstack@g-api.service[102945]: DEBUG glance.api.middleware.version_negotiation [None req-57c89a47-22de-47e8-89ce-49a9e068d83c tempest-VolumesActionsTest-977121675 tempest-VolumesActionsTest-977121675-project-member] Matched version: v2 {{(pid=102945) process_request /opt/stack/glance/glance/api/middleware/version_negotiation.py:69}}
Jul 20 09:21:21.261558 np0000005486 devstack@g-api.service[102945]: DEBUG glance.api.middleware.version_negotiation [None req-57c89a47-22de-47e8-89ce-49a9e068d83c tempest-VolumesActionsTest-977121675 tempest-VolumesActionsTest-977121675-project-member] new path /v2/images/b36ccdd5-eb16-48d0-88ac-637c28c3a99b {{(pid=102945) process_request /opt/stack/glance/glance/api/middleware/version_negotiation.py:70}}
Jul 20 09:21:21.293693 np0000005486 devstack@g-api.service[102945]: [pid: 102945|app: 0|req: 104/404] 127.0.0.1 () {44 vars in 1111 bytes} [Mon Jul 20 09:21:21 2026] GET /v2/images/b36ccdd5-eb16-48d0-88ac-637c28c3a99b => generated 1044 bytes in 35 msecs (HTTP/1.1 200) 4 headers in 158 bytes (1 switches on core 0)
Jul 20 09:21:21.373279 np0000005486 devstack@g-api.service[102948]: DEBUG glance.api.middleware.version_negotiation [None req-d60c054e-d65b-41de-a490-2da96531a162 tempest-VolumesActionsTest-977121675 tempest-VolumesActionsTest-977121675-project-member] Determining version of request: GET /v2/schemas/image Accept: */* {{(pid=102948) process_request /opt/stack/glance/glance/api/middleware/version_negotiation.py:44}}
Jul 20 09:21:21.374371 np0000005486 devstack@g-api.service[102948]: DEBUG glance.api.middleware.version_negotiation [None req-d60c054e-d65b-41de-a490-2da96531a162 tempest-VolumesActionsTest-977121675 tempest-VolumesActionsTest-977121675-project-member] Using url versioning {{(pid=102948) process_request /opt/stack/glance/glance/api/middleware/version_negotiation.py:57}}
Jul 20 09:21:21.374802 np0000005486 devstack@g-api.service[102948]: DEBUG glance.api.middleware.version_negotiation [None req-d60c054e-d65b-41de-a490-2da96531a162 tempest-VolumesActionsTest-977121675 tempest-VolumesActionsTest-977121675-project-member] Matched version: v2 {{(pid=102948) process_request /opt/stack/glance/glance/api/middleware/version_negotiation.py:69}}
Jul 20 09:21:21.374802 np0000005486 devstack@g-api.service[102948]: DEBUG glance.api.middleware.version_negotiation [None req-d60c054e-d65b-41de-a490-2da96531a162 tempest-VolumesActionsTest-977121675 tempest-VolumesActionsTest-977121675-project-member] new path /v2/schemas/image {{(pid=102948) process_request /opt/stack/glance/glance/api/middleware/version_negotiation.py:70}}
Jul 20 09:21:21.380423 np0000005486 devstack@g-api.service[102948]: [pid: 102948|app: 0|req: 103/405] 127.0.0.1 () {44 vars in 1051 bytes} [Mon Jul 20 09:21:21 2026] GET /v2/schemas/image => generated 6083 bytes in 7 msecs (HTTP/1.1 200) 4 headers in 158 bytes (1 switches on core 0)
Jul 20 09:21:21.770892 np0000005486 devstack@g-api.service[102947]: DEBUG glance.api.middleware.version_negotiation [None req-3dfa4b50-5eb5-4983-875e-6532bb332a12 tempest-VolumesActionsTest-977121675 tempest-VolumesActionsTest-977121675-project-member] Determining version of request: GET /v2/images/b20ff17c-367b-42b4-ae37-f26a4db06a25 Accept: application/json {{(pid=102947) process_request /opt/stack/glance/glance/api/middleware/version_negotiation.py:44}}
Jul 20 09:21:21.771336 np0000005486 devstack@g-api.service[102947]: DEBUG glance.api.middleware.version_negotiation [None req-3dfa4b50-5eb5-4983-875e-6532bb332a12 tempest-VolumesActionsTest-977121675 tempest-VolumesActionsTest-977121675-project-member] Using url versioning {{(pid=102947) process_request /opt/stack/glance/glance/api/middleware/version_negotiation.py:57}}
Jul 20 09:21:21.771336 np0000005486 devstack@g-api.service[102947]: DEBUG glance.api.middleware.version_negotiation [None req-3dfa4b50-5eb5-4983-875e-6532bb332a12 tempest-VolumesActionsTest-977121675 tempest-VolumesActionsTest-977121675-project-member] Matched version: v2 {{(pid=102947) process_request /opt/stack/glance/glance/api/middleware/version_negotiation.py:69}}
Jul 20 09:21:21.771607 np0000005486 devstack@g-api.service[102947]: DEBUG glance.api.middleware.version_negotiation [None req-3dfa4b50-5eb5-4983-875e-6532bb332a12 tempest-VolumesActionsTest-977121675 tempest-VolumesActionsTest-977121675-project-member] new path /v2/images/b20ff17c-367b-42b4-ae37-f26a4db06a25 {{(pid=102947) process_request /opt/stack/glance/glance/api/middleware/version_negotiation.py:70}}
Jul 20 09:21:21.793833 np0000005486 devstack@g-api.service[102947]: [pid: 102947|app: 0|req: 102/406] 127.0.0.1 () {40 vars in 834 bytes} [Mon Jul 20 09:21:21 2026] GET /v2/images/b20ff17c-367b-42b4-ae37-f26a4db06a25 => generated 649 bytes in 23 msecs (HTTP/1.1 200) 4 headers in 157 bytes (1 switches on core 0)
Jul 20 09:21:22.808609 np0000005486 devstack@g-api.service[102945]: DEBUG glance.api.middleware.version_negotiation [None req-78006d81-3077-4284-af1b-2ad2825ac3e2 tempest-AttachVolumeShelveTestJSON-522834680 tempest-AttachVolumeShelveTestJSON-522834680-project-member] Determining version of request: GET /v2/images/b20ff17c-367b-42b4-ae37-f26a4db06a25 Accept: application/json {{(pid=102945) process_request /opt/stack/glance/glance/api/middleware/version_negotiation.py:44}}
Jul 20 09:21:22.809181 np0000005486 devstack@g-api.service[102945]: DEBUG glance.api.middleware.version_negotiation [None req-78006d81-3077-4284-af1b-2ad2825ac3e2 tempest-AttachVolumeShelveTestJSON-522834680 tempest-AttachVolumeShelveTestJSON-522834680-project-member] Using url versioning {{(pid=102945) process_request /opt/stack/glance/glance/api/middleware/version_negotiation.py:57}}
Jul 20 09:21:22.809181 np0000005486 devstack@g-api.service[102945]: DEBUG glance.api.middleware.version_negotiation [None req-78006d81-3077-4284-af1b-2ad2825ac3e2 tempest-AttachVolumeShelveTestJSON-522834680 tempest-AttachVolumeShelveTestJSON-522834680-project-member] Matched version: v2 {{(pid=102945) process_request /opt/stack/glance/glance/api/middleware/version_negotiation.py:69}}
Jul 20 09:21:22.809494 np0000005486 devstack@g-api.service[102945]: DEBUG glance.api.middleware.version_negotiation [None req-78006d81-3077-4284-af1b-2ad2825ac3e2 tempest-AttachVolumeShelveTestJSON-522834680 tempest-AttachVolumeShelveTestJSON-522834680-project-member] new path /v2/images/b20ff17c-367b-42b4-ae37-f26a4db06a25 {{(pid=102945) process_request /opt/stack/glance/glance/api/middleware/version_negotiation.py:70}}
Jul 20 09:21:22.826766 np0000005486 devstack@g-api.service[102945]: [pid: 102945|app: 0|req: 105/407] 127.0.0.1 () {40 vars in 834 bytes} [Mon Jul 20 09:21:22 2026] GET /v2/images/b20ff17c-367b-42b4-ae37-f26a4db06a25 => generated 649 bytes in 18 msecs (HTTP/1.1 200) 4 headers in 157 bytes (1 switches on core 0)
Jul 20 09:21:22.866363 np0000005486 devstack@g-api.service[102946]: DEBUG swiftclient [None req-cfd87eb4-afbf-4db0-a8e9-5ad5625e25db tempest-VolumesActionsTest-977121675 tempest-VolumesActionsTest-977121675-project-member] REQ: curl -i https://10.4.3.78:8080/v1/AUTH_61220f095a3946b0932027d8f26a2d72/glance/b20ff17c-367b-42b4-ae37-f26a4db06a25-00004 -X PUT -H "X-Auth-Token: gAAAAABqXeiHjxMK..." {{(pid=102946) http_log /opt/stack/data/venv/lib/python3.12/site-packages/swiftclient/client.py:160}}
Jul 20 09:21:22.866837 np0000005486 devstack@g-api.service[102946]: DEBUG swiftclient [None req-cfd87eb4-afbf-4db0-a8e9-5ad5625e25db tempest-VolumesActionsTest-977121675 tempest-VolumesActionsTest-977121675-project-member] RESP STATUS: 201 Created {{(pid=102946) http_log /opt/stack/data/venv/lib/python3.12/site-packages/swiftclient/client.py:161}}
Jul 20 09:21:22.866837 np0000005486 devstack@g-api.service[102946]: DEBUG swiftclient [None req-cfd87eb4-afbf-4db0-a8e9-5ad5625e25db tempest-VolumesActionsTest-977121675 tempest-VolumesActionsTest-977121675-project-member] RESP HEADERS: {'Date': 'Mon, 20 Jul 2026 09:21:22 GMT', 'Server': 'Apache/2.4.58 (Ubuntu)', 'Content-Type': 'text/html; charset=UTF-8', 'Content-Length': '0', 'Etag': 'eda9a9889837ac4bc81d6387d92c1bec', 'Last-Modified': 'Mon, 20 Jul 2026 09:21:21 GMT', 'X-Trans-Id': 'tx9daf2c19bbe7401ea66d1-006a5de890', 'X-Openstack-Request-Id': 'tx9daf2c19bbe7401ea66d1-006a5de890', 'Connection': 'close'} {{(pid=102946) http_log /opt/stack/data/venv/lib/python3.12/site-packages/swiftclient/client.py:162}}
Jul 20 09:21:22.866837 np0000005486 devstack@g-api.service[102946]: DEBUG glance_store._drivers.swift.store [None req-cfd87eb4-afbf-4db0-a8e9-5ad5625e25db tempest-VolumesActionsTest-977121675 tempest-VolumesActionsTest-977121675-project-member] Wrote chunk b20ff17c-367b-42b4-ae37-f26a4db06a25-00004 (4/?) of length 204800000 to Swift returning MD5 of content: eda9a9889837ac4bc81d6387d92c1bec {{(pid=102946) add /opt/stack/data/venv/lib/python3.12/site-packages/glance_store/_drivers/swift/store.py:1059}}
Jul 20 09:21:23.838522 np0000005486 devstack@g-api.service[102948]: DEBUG glance.api.middleware.version_negotiation [None req-78006d81-3077-4284-af1b-2ad2825ac3e2 tempest-AttachVolumeShelveTestJSON-522834680 tempest-AttachVolumeShelveTestJSON-522834680-project-member] Determining version of request: GET /v2/images/b20ff17c-367b-42b4-ae37-f26a4db06a25 Accept: application/json {{(pid=102948) process_request /opt/stack/glance/glance/api/middleware/version_negotiation.py:44}}
