Jul 20 09:14:51.307544 np0000005486 systemd[1]: Starting devstack@n-api-meta.service - Devstack devstack@n-api-meta.service...
Jul 20 09:14:51.314320 np0000005486 devstack@n-api-meta.service[95933]: [uWSGI] getting INI configuration from /etc/nova/nova-metadata-uwsgi.ini
Jul 20 09:14:51.317212 np0000005486 devstack@n-api-meta.service[95933]: *** Starting uWSGI 2.0.24-debian (64bit) on [Mon Jul 20 09:14:51 2026] ***
Jul 20 09:14:51.317212 np0000005486 devstack@n-api-meta.service[95933]: compiled with version: 13.2.0 on 17 April 2024 16:23:48
Jul 20 09:14:51.317212 np0000005486 devstack@n-api-meta.service[95933]: os: Linux-6.8.0-100-generic #100-Ubuntu SMP PREEMPT_DYNAMIC Tue Jan 13 16:40:06 UTC 2026
Jul 20 09:14:51.317212 np0000005486 devstack@n-api-meta.service[95933]: nodename: np0000005486
Jul 20 09:14:51.317212 np0000005486 devstack@n-api-meta.service[95933]: machine: x86_64
Jul 20 09:14:51.317212 np0000005486 devstack@n-api-meta.service[95933]: clock source: unix
Jul 20 09:14:51.317212 np0000005486 devstack@n-api-meta.service[95933]: pcre jit disabled
Jul 20 09:14:51.317212 np0000005486 devstack@n-api-meta.service[95933]: detected number of CPU cores: 16
Jul 20 09:14:51.317212 np0000005486 devstack@n-api-meta.service[95933]: current working directory: /
Jul 20 09:14:51.317212 np0000005486 devstack@n-api-meta.service[95933]: detected binary path: /usr/bin/uwsgi-core
Jul 20 09:14:51.317212 np0000005486 devstack@n-api-meta.service[95933]: your processes number limit is 257052
Jul 20 09:14:51.317212 np0000005486 devstack@n-api-meta.service[95933]: your memory page size is 4096 bytes
Jul 20 09:14:51.317212 np0000005486 devstack@n-api-meta.service[95933]: detected max file descriptor number: 2048
Jul 20 09:14:51.317212 np0000005486 devstack@n-api-meta.service[95933]: lock engine: pthread robust mutexes
Jul 20 09:14:51.317739 np0000005486 devstack@n-api-meta.service[95933]: thunder lock: enabled
Jul 20 09:14:51.317739 np0000005486 devstack@n-api-meta.service[95933]: uWSGI http bound on 0.0.0.0:8775 fd 5
Jul 20 09:14:51.317833 np0000005486 devstack@n-api-meta.service[95933]: uwsgi socket 0 bound to TCP address 127.0.0.1:33511 (port auto-assigned) fd 4
Jul 20 09:14:51.317833 np0000005486 devstack@n-api-meta.service[95933]: Python version: 3.12.3 (main, Jun 19 2026, 12:46:00) [GCC 13.3.0]
Jul 20 09:14:51.317833 np0000005486 devstack@n-api-meta.service[95933]: PEP 405 virtualenv detected: /opt/stack/data/venv
Jul 20 09:14:51.317833 np0000005486 devstack@n-api-meta.service[95933]: Set PythonHome to /opt/stack/data/venv
Jul 20 09:14:51.357871 np0000005486 devstack@n-api-meta.service[95933]: Python main interpreter initialized at 0x7b42748a4668
Jul 20 09:14:51.357871 np0000005486 devstack@n-api-meta.service[95933]: python threads support enabled
Jul 20 09:14:51.357871 np0000005486 devstack@n-api-meta.service[95933]: your server socket listen backlog is limited to 100 connections
Jul 20 09:14:51.357871 np0000005486 devstack@n-api-meta.service[95933]: your mercy for graceful operations on workers is 80 seconds
Jul 20 09:14:51.358419 np0000005486 devstack@n-api-meta.service[95933]: mapped 671795 bytes (656 KB) for 4 cores
Jul 20 09:14:51.358555 np0000005486 devstack@n-api-meta.service[95933]: *** Operational MODE: preforking ***
Jul 20 09:14:51.358740 np0000005486 devstack@n-api-meta.service[95933]: *** uWSGI is running in multiple interpreter mode ***
Jul 20 09:14:51.358740 np0000005486 devstack@n-api-meta.service[95933]: spawned uWSGI master process (pid: 95933)
Jul 20 09:14:51.358906 np0000005486 systemd[1]: Started devstack@n-api-meta.service - Devstack devstack@n-api-meta.service.
Jul 20 09:14:51.359313 np0000005486 devstack@n-api-meta.service[95933]: spawned uWSGI worker 1 (pid: 95934, cores: 1)
Jul 20 09:14:51.359808 np0000005486 devstack@n-api-meta.service[95933]: spawned uWSGI worker 2 (pid: 95935, cores: 1)
Jul 20 09:14:51.360259 np0000005486 devstack@n-api-meta.service[95933]: spawned uWSGI worker 3 (pid: 95936, cores: 1)
Jul 20 09:14:51.360669 np0000005486 devstack@n-api-meta.service[95933]: spawned uWSGI worker 4 (pid: 95937, cores: 1)
Jul 20 09:14:51.361138 np0000005486 devstack@n-api-meta.service[95933]: spawned uWSGI http 1 (pid: 95938)
Jul 20 09:14:51.361138 np0000005486 devstack@n-api-meta.service[95933]: running "unix_signal:15 gracefully_kill_them_all" (master-start)...
Jul 20 09:14:53.005725 np0000005486 devstack@n-api-meta.service[95934]: INFO dbcounter [None req-ea8ce138-6b4a-46bf-af21-f30708946717 None None] Registered counter for database nova_api
Jul 20 09:14:53.023268 np0000005486 devstack@n-api-meta.service[95935]: INFO dbcounter [None req-62f0a6e8-83e0-41cd-9bdc-ce235137084e None None] Registered counter for database nova_api
Jul 20 09:14:53.037766 np0000005486 devstack@n-api-meta.service[95936]: INFO dbcounter [None req-d31f4ee0-79f8-4ac4-af48-42df6decbe2f None None] Registered counter for database nova_api
Jul 20 09:14:53.044136 np0000005486 devstack@n-api-meta.service[95937]: INFO dbcounter [None req-ba18548c-08ee-4db0-80e6-869e4acab267 None None] Registered counter for database nova_api
Jul 20 09:14:53.062143 np0000005486 devstack@n-api-meta.service[95934]: DEBUG oslo_db.sqlalchemy.engines [None req-ea8ce138-6b4a-46bf-af21-f30708946717 None None] MySQL server mode set to STRICT_TRANS_TABLES,STRICT_ALL_TABLES,NO_ZERO_IN_DATE,NO_ZERO_DATE,ERROR_FOR_DIVISION_BY_ZERO,TRADITIONAL,NO_ENGINE_SUBSTITUTION {{(pid=95934) _check_effective_sql_mode /opt/stack/data/venv/lib/python3.12/site-packages/oslo_db/sqlalchemy/engines.py:325}}
Jul 20 09:14:53.072734 np0000005486 devstack@n-api-meta.service[95935]: DEBUG oslo_db.sqlalchemy.engines [None req-62f0a6e8-83e0-41cd-9bdc-ce235137084e None None] MySQL server mode set to STRICT_TRANS_TABLES,STRICT_ALL_TABLES,NO_ZERO_IN_DATE,NO_ZERO_DATE,ERROR_FOR_DIVISION_BY_ZERO,TRADITIONAL,NO_ENGINE_SUBSTITUTION {{(pid=95935) _check_effective_sql_mode /opt/stack/data/venv/lib/python3.12/site-packages/oslo_db/sqlalchemy/engines.py:325}}
Jul 20 09:14:53.084162 np0000005486 devstack@n-api-meta.service[95936]: DEBUG oslo_db.sqlalchemy.engines [None req-d31f4ee0-79f8-4ac4-af48-42df6decbe2f None None] MySQL server mode set to STRICT_TRANS_TABLES,STRICT_ALL_TABLES,NO_ZERO_IN_DATE,NO_ZERO_DATE,ERROR_FOR_DIVISION_BY_ZERO,TRADITIONAL,NO_ENGINE_SUBSTITUTION {{(pid=95936) _check_effective_sql_mode /opt/stack/data/venv/lib/python3.12/site-packages/oslo_db/sqlalchemy/engines.py:325}}
Jul 20 09:14:53.089627 np0000005486 devstack@n-api-meta.service[95937]: DEBUG oslo_db.sqlalchemy.engines [None req-ba18548c-08ee-4db0-80e6-869e4acab267 None None] MySQL server mode set to STRICT_TRANS_TABLES,STRICT_ALL_TABLES,NO_ZERO_IN_DATE,NO_ZERO_DATE,ERROR_FOR_DIVISION_BY_ZERO,TRADITIONAL,NO_ENGINE_SUBSTITUTION {{(pid=95937) _check_effective_sql_mode /opt/stack/data/venv/lib/python3.12/site-packages/oslo_db/sqlalchemy/engines.py:325}}
Jul 20 09:14:53.094481 np0000005486 devstack@n-api-meta.service[95934]: DEBUG dbcounter [-] [95934] Writer thread running {{(pid=95934) stat_writer /opt/stack/data/venv/lib/python3.12/site-packages/dbcounter.py:102}}
Jul 20 09:14:53.097446 np0000005486 devstack@n-api-meta.service[95934]: DEBUG nova.context [None req-ea8ce138-6b4a-46bf-af21-f30708946717 None None] Found 2 cells: 00000000-0000-0000-0000-000000000000(cell0),44bd0644-52d7-4f9c-8437-4ca4f3590347(cell1) {{(pid=95934) load_cells /opt/stack/nova/nova/context.py:509}}
Jul 20 09:14:53.097569 np0000005486 devstack@n-api-meta.service[95934]: INFO nova.utils [None req-ea8ce138-6b4a-46bf-af21-f30708946717 None None] The cell worker thread pool MainProcess.cell_worker is initialized
Jul 20 09:14:53.099624 np0000005486 devstack@n-api-meta.service[95934]: DEBUG oslo_concurrency.lockutils [None req-ea8ce138-6b4a-46bf-af21-f30708946717 None None] Acquiring lock "00000000-0000-0000-0000-000000000000" by "nova.context.set_target_cell..get_or_set_cached_cell_and_set_connections" {{(pid=95934) inner /opt/stack/data/venv/lib/python3.12/site-packages/oslo_concurrency/lockutils.py:512}}
Jul 20 09:14:53.099624 np0000005486 devstack@n-api-meta.service[95934]: DEBUG oslo_concurrency.lockutils [None req-ea8ce138-6b4a-46bf-af21-f30708946717 None None] Lock "00000000-0000-0000-0000-000000000000" acquired by "nova.context.set_target_cell..get_or_set_cached_cell_and_set_connections" :: waited 0.000s {{(pid=95934) inner /opt/stack/data/venv/lib/python3.12/site-packages/oslo_concurrency/lockutils.py:525}}
Jul 20 09:14:53.100386 np0000005486 devstack@n-api-meta.service[95934]: DEBUG oslo_concurrency.lockutils [None req-ea8ce138-6b4a-46bf-af21-f30708946717 None None] Lock "00000000-0000-0000-0000-000000000000" "released" by "nova.context.set_target_cell..get_or_set_cached_cell_and_set_connections" :: held 0.000s {{(pid=95934) inner /opt/stack/data/venv/lib/python3.12/site-packages/oslo_concurrency/lockutils.py:544}}
Jul 20 09:14:53.100820 np0000005486 devstack@n-api-meta.service[95934]: DEBUG oslo_concurrency.lockutils [None req-ea8ce138-6b4a-46bf-af21-f30708946717 None None] Acquiring lock "44bd0644-52d7-4f9c-8437-4ca4f3590347" by "nova.context.set_target_cell..get_or_set_cached_cell_and_set_connections" {{(pid=95934) inner /opt/stack/data/venv/lib/python3.12/site-packages/oslo_concurrency/lockutils.py:512}}
Jul 20 09:14:53.102492 np0000005486 devstack@n-api-meta.service[95934]: INFO dbcounter [None req-ea8ce138-6b4a-46bf-af21-f30708946717 None None] Registered counter for database nova_cell0
Jul 20 09:14:53.104145 np0000005486 devstack@n-api-meta.service[95935]: DEBUG dbcounter [-] [95935] Writer thread running {{(pid=95935) stat_writer /opt/stack/data/venv/lib/python3.12/site-packages/dbcounter.py:102}}
Jul 20 09:14:53.104367 np0000005486 devstack@n-api-meta.service[95934]: DEBUG oslo_concurrency.lockutils [None req-ea8ce138-6b4a-46bf-af21-f30708946717 None None] Lock "44bd0644-52d7-4f9c-8437-4ca4f3590347" acquired by "nova.context.set_target_cell..get_or_set_cached_cell_and_set_connections" :: waited 0.002s {{(pid=95934) inner /opt/stack/data/venv/lib/python3.12/site-packages/oslo_concurrency/lockutils.py:525}}
Jul 20 09:14:53.105877 np0000005486 devstack@n-api-meta.service[95934]: DEBUG oslo_concurrency.lockutils [None req-ea8ce138-6b4a-46bf-af21-f30708946717 None None] Lock "44bd0644-52d7-4f9c-8437-4ca4f3590347" "released" by "nova.context.set_target_cell..get_or_set_cached_cell_and_set_connections" :: held 0.003s {{(pid=95934) inner /opt/stack/data/venv/lib/python3.12/site-packages/oslo_concurrency/lockutils.py:544}}
Jul 20 09:14:53.107021 np0000005486 devstack@n-api-meta.service[95935]: DEBUG nova.context [None req-62f0a6e8-83e0-41cd-9bdc-ce235137084e None None] Found 2 cells: 00000000-0000-0000-0000-000000000000(cell0),44bd0644-52d7-4f9c-8437-4ca4f3590347(cell1) {{(pid=95935) load_cells /opt/stack/nova/nova/context.py:509}}
Jul 20 09:14:53.107869 np0000005486 devstack@n-api-meta.service[95935]: INFO nova.utils [None req-62f0a6e8-83e0-41cd-9bdc-ce235137084e None None] The cell worker thread pool MainProcess.cell_worker is initialized
Jul 20 09:14:53.107979 np0000005486 devstack@n-api-meta.service[95934]: INFO dbcounter [None req-ea8ce138-6b4a-46bf-af21-f30708946717 None None] Registered counter for database nova_cell1
Jul 20 09:14:53.109943 np0000005486 devstack@n-api-meta.service[95935]: DEBUG oslo_concurrency.lockutils [None req-62f0a6e8-83e0-41cd-9bdc-ce235137084e None None] Acquiring lock "00000000-0000-0000-0000-000000000000" by "nova.context.set_target_cell..get_or_set_cached_cell_and_set_connections" {{(pid=95935) inner /opt/stack/data/venv/lib/python3.12/site-packages/oslo_concurrency/lockutils.py:512}}
Jul 20 09:14:53.109943 np0000005486 devstack@n-api-meta.service[95935]: DEBUG oslo_concurrency.lockutils [None req-62f0a6e8-83e0-41cd-9bdc-ce235137084e None None] Lock "00000000-0000-0000-0000-000000000000" acquired by "nova.context.set_target_cell..get_or_set_cached_cell_and_set_connections" :: waited 0.000s {{(pid=95935) inner /opt/stack/data/venv/lib/python3.12/site-packages/oslo_concurrency/lockutils.py:525}}
Jul 20 09:14:53.109943 np0000005486 devstack@n-api-meta.service[95935]: DEBUG oslo_concurrency.lockutils [None req-62f0a6e8-83e0-41cd-9bdc-ce235137084e None None] Lock "00000000-0000-0000-0000-000000000000" "released" by "nova.context.set_target_cell..get_or_set_cached_cell_and_set_connections" :: held 0.000s {{(pid=95935) inner /opt/stack/data/venv/lib/python3.12/site-packages/oslo_concurrency/lockutils.py:544}}
Jul 20 09:14:53.110438 np0000005486 devstack@n-api-meta.service[95935]: DEBUG oslo_concurrency.lockutils [None req-62f0a6e8-83e0-41cd-9bdc-ce235137084e None None] Acquiring lock "44bd0644-52d7-4f9c-8437-4ca4f3590347" by "nova.context.set_target_cell..get_or_set_cached_cell_and_set_connections" {{(pid=95935) inner /opt/stack/data/venv/lib/python3.12/site-packages/oslo_concurrency/lockutils.py:512}}
Jul 20 09:14:53.110658 np0000005486 devstack@n-api-meta.service[95935]: DEBUG oslo_concurrency.lockutils [None req-62f0a6e8-83e0-41cd-9bdc-ce235137084e None None] Lock "44bd0644-52d7-4f9c-8437-4ca4f3590347" acquired by "nova.context.set_target_cell..get_or_set_cached_cell_and_set_connections" :: waited 0.000s {{(pid=95935) inner /opt/stack/data/venv/lib/python3.12/site-packages/oslo_concurrency/lockutils.py:525}}
Jul 20 09:14:53.111632 np0000005486 devstack@n-api-meta.service[95935]: DEBUG oslo_concurrency.lockutils [None req-62f0a6e8-83e0-41cd-9bdc-ce235137084e None None] Lock "44bd0644-52d7-4f9c-8437-4ca4f3590347" "released" by "nova.context.set_target_cell..get_or_set_cached_cell_and_set_connections" :: held 0.001s {{(pid=95935) inner /opt/stack/data/venv/lib/python3.12/site-packages/oslo_concurrency/lockutils.py:544}}
Jul 20 09:14:53.113459 np0000005486 devstack@n-api-meta.service[95935]: INFO dbcounter [None req-62f0a6e8-83e0-41cd-9bdc-ce235137084e None None] Registered counter for database nova_cell0
Jul 20 09:14:53.115963 np0000005486 devstack@n-api-meta.service[95936]: DEBUG dbcounter [-] [95936] Writer thread running {{(pid=95936) stat_writer /opt/stack/data/venv/lib/python3.12/site-packages/dbcounter.py:102}}
Jul 20 09:14:53.116178 np0000005486 devstack@n-api-meta.service[95935]: INFO dbcounter [None req-62f0a6e8-83e0-41cd-9bdc-ce235137084e None None] Registered counter for database nova_cell1
Jul 20 09:14:53.119254 np0000005486 devstack@n-api-meta.service[95936]: DEBUG nova.context [None req-d31f4ee0-79f8-4ac4-af48-42df6decbe2f None None] Found 2 cells: 00000000-0000-0000-0000-000000000000(cell0),44bd0644-52d7-4f9c-8437-4ca4f3590347(cell1) {{(pid=95936) load_cells /opt/stack/nova/nova/context.py:509}}
Jul 20 09:14:53.119254 np0000005486 devstack@n-api-meta.service[95936]: INFO nova.utils [None req-d31f4ee0-79f8-4ac4-af48-42df6decbe2f None None] The cell worker thread pool MainProcess.cell_worker is initialized
Jul 20 09:14:53.120615 np0000005486 devstack@n-api-meta.service[95936]: DEBUG oslo_concurrency.lockutils [None req-d31f4ee0-79f8-4ac4-af48-42df6decbe2f None None] Acquiring lock "00000000-0000-0000-0000-000000000000" by "nova.context.set_target_cell..get_or_set_cached_cell_and_set_connections" {{(pid=95936) inner /opt/stack/data/venv/lib/python3.12/site-packages/oslo_concurrency/lockutils.py:512}}
Jul 20 09:14:53.120799 np0000005486 devstack@n-api-meta.service[95937]: DEBUG dbcounter [-] [95937] Writer thread running {{(pid=95937) stat_writer /opt/stack/data/venv/lib/python3.12/site-packages/dbcounter.py:102}}
Jul 20 09:14:53.120885 np0000005486 devstack@n-api-meta.service[95936]: DEBUG oslo_concurrency.lockutils [None req-d31f4ee0-79f8-4ac4-af48-42df6decbe2f None None] Lock "00000000-0000-0000-0000-000000000000" acquired by "nova.context.set_target_cell..get_or_set_cached_cell_and_set_connections" :: waited 0.000s {{(pid=95936) inner /opt/stack/data/venv/lib/python3.12/site-packages/oslo_concurrency/lockutils.py:525}}
Jul 20 09:14:53.120927 np0000005486 devstack@n-api-meta.service[95936]: DEBUG oslo_concurrency.lockutils [None req-d31f4ee0-79f8-4ac4-af48-42df6decbe2f None None] Lock "00000000-0000-0000-0000-000000000000" "released" by "nova.context.set_target_cell..get_or_set_cached_cell_and_set_connections" :: held 0.000s {{(pid=95936) inner /opt/stack/data/venv/lib/python3.12/site-packages/oslo_concurrency/lockutils.py:544}}
Jul 20 09:14:53.121567 np0000005486 devstack@n-api-meta.service[95936]: DEBUG oslo_concurrency.lockutils [None req-d31f4ee0-79f8-4ac4-af48-42df6decbe2f None None] Acquiring lock "44bd0644-52d7-4f9c-8437-4ca4f3590347" by "nova.context.set_target_cell..get_or_set_cached_cell_and_set_connections" {{(pid=95936) inner /opt/stack/data/venv/lib/python3.12/site-packages/oslo_concurrency/lockutils.py:512}}
Jul 20 09:14:53.125264 np0000005486 devstack@n-api-meta.service[95937]: DEBUG nova.context [None req-ba18548c-08ee-4db0-80e6-869e4acab267 None None] Found 2 cells: 00000000-0000-0000-0000-000000000000(cell0),44bd0644-52d7-4f9c-8437-4ca4f3590347(cell1) {{(pid=95937) load_cells /opt/stack/nova/nova/context.py:509}}
Jul 20 09:14:53.125369 np0000005486 devstack@n-api-meta.service[95936]: INFO dbcounter [None req-d31f4ee0-79f8-4ac4-af48-42df6decbe2f None None] Registered counter for database nova_cell0
Jul 20 09:14:53.125411 np0000005486 devstack@n-api-meta.service[95937]: INFO nova.utils [None req-ba18548c-08ee-4db0-80e6-869e4acab267 None None] The cell worker thread pool MainProcess.cell_worker is initialized
Jul 20 09:14:53.125449 np0000005486 devstack@n-api-meta.service[95936]: DEBUG oslo_concurrency.lockutils [None req-d31f4ee0-79f8-4ac4-af48-42df6decbe2f None None] Lock "44bd0644-52d7-4f9c-8437-4ca4f3590347" acquired by "nova.context.set_target_cell..get_or_set_cached_cell_and_set_connections" :: waited 0.002s {{(pid=95936) inner /opt/stack/data/venv/lib/python3.12/site-packages/oslo_concurrency/lockutils.py:525}}
Jul 20 09:14:53.126445 np0000005486 devstack@n-api-meta.service[95937]: DEBUG oslo_concurrency.lockutils [None req-ba18548c-08ee-4db0-80e6-869e4acab267 None None] Acquiring lock "00000000-0000-0000-0000-000000000000" by "nova.context.set_target_cell..get_or_set_cached_cell_and_set_connections" {{(pid=95937) inner /opt/stack/data/venv/lib/python3.12/site-packages/oslo_concurrency/lockutils.py:512}}
Jul 20 09:14:53.126445 np0000005486 devstack@n-api-meta.service[95937]: DEBUG oslo_concurrency.lockutils [None req-ba18548c-08ee-4db0-80e6-869e4acab267 None None] Lock "00000000-0000-0000-0000-000000000000" acquired by "nova.context.set_target_cell..get_or_set_cached_cell_and_set_connections" :: waited 0.000s {{(pid=95937) inner /opt/stack/data/venv/lib/python3.12/site-packages/oslo_concurrency/lockutils.py:525}}
Jul 20 09:14:53.126577 np0000005486 devstack@n-api-meta.service[95936]: DEBUG oslo_concurrency.lockutils [None req-d31f4ee0-79f8-4ac4-af48-42df6decbe2f None None] Lock "44bd0644-52d7-4f9c-8437-4ca4f3590347" "released" by "nova.context.set_target_cell..get_or_set_cached_cell_and_set_connections" :: held 0.003s {{(pid=95936) inner /opt/stack/data/venv/lib/python3.12/site-packages/oslo_concurrency/lockutils.py:544}}
Jul 20 09:14:53.126641 np0000005486 devstack@n-api-meta.service[95937]: DEBUG oslo_concurrency.lockutils [None req-ba18548c-08ee-4db0-80e6-869e4acab267 None None] Lock "00000000-0000-0000-0000-000000000000" "released" by "nova.context.set_target_cell..get_or_set_cached_cell_and_set_connections" :: held 0.000s {{(pid=95937) inner /opt/stack/data/venv/lib/python3.12/site-packages/oslo_concurrency/lockutils.py:544}}
Jul 20 09:14:53.127034 np0000005486 devstack@n-api-meta.service[95937]: DEBUG oslo_concurrency.lockutils [None req-ba18548c-08ee-4db0-80e6-869e4acab267 None None] Acquiring lock "44bd0644-52d7-4f9c-8437-4ca4f3590347" by "nova.context.set_target_cell..get_or_set_cached_cell_and_set_connections" {{(pid=95937) inner /opt/stack/data/venv/lib/python3.12/site-packages/oslo_concurrency/lockutils.py:512}}
Jul 20 09:14:53.127315 np0000005486 devstack@n-api-meta.service[95937]: DEBUG oslo_concurrency.lockutils [None req-ba18548c-08ee-4db0-80e6-869e4acab267 None None] Lock "44bd0644-52d7-4f9c-8437-4ca4f3590347" acquired by "nova.context.set_target_cell..get_or_set_cached_cell_and_set_connections" :: waited 0.000s {{(pid=95937) inner /opt/stack/data/venv/lib/python3.12/site-packages/oslo_concurrency/lockutils.py:525}}
Jul 20 09:14:53.128497 np0000005486 devstack@n-api-meta.service[95937]: DEBUG oslo_concurrency.lockutils [None req-ba18548c-08ee-4db0-80e6-869e4acab267 None None] Lock "44bd0644-52d7-4f9c-8437-4ca4f3590347" "released" by "nova.context.set_target_cell..get_or_set_cached_cell_and_set_connections" :: held 0.001s {{(pid=95937) inner /opt/stack/data/venv/lib/python3.12/site-packages/oslo_concurrency/lockutils.py:544}}
Jul 20 09:14:53.128577 np0000005486 devstack@n-api-meta.service[95936]: INFO dbcounter [None req-d31f4ee0-79f8-4ac4-af48-42df6decbe2f None None] Registered counter for database nova_cell1
Jul 20 09:14:53.130277 np0000005486 devstack@n-api-meta.service[95937]: INFO dbcounter [None req-ba18548c-08ee-4db0-80e6-869e4acab267 None None] Registered counter for database nova_cell0
Jul 20 09:14:53.133015 np0000005486 devstack@n-api-meta.service[95937]: INFO dbcounter [None req-ba18548c-08ee-4db0-80e6-869e4acab267 None None] Registered counter for database nova_cell1
Jul 20 09:14:53.152651 np0000005486 devstack@n-api-meta.service[95934]: DEBUG oslo_db.sqlalchemy.engines [None req-ea8ce138-6b4a-46bf-af21-f30708946717 None None] MySQL server mode set to STRICT_TRANS_TABLES,STRICT_ALL_TABLES,NO_ZERO_IN_DATE,NO_ZERO_DATE,ERROR_FOR_DIVISION_BY_ZERO,TRADITIONAL,NO_ENGINE_SUBSTITUTION {{(pid=95934) _check_effective_sql_mode /opt/stack/data/venv/lib/python3.12/site-packages/oslo_db/sqlalchemy/engines.py:325}}
Jul 20 09:14:53.155003 np0000005486 devstack@n-api-meta.service[95934]: DEBUG oslo_db.sqlalchemy.engines [None req-ea8ce138-6b4a-46bf-af21-f30708946717 None None] MySQL server mode set to STRICT_TRANS_TABLES,STRICT_ALL_TABLES,NO_ZERO_IN_DATE,NO_ZERO_DATE,ERROR_FOR_DIVISION_BY_ZERO,TRADITIONAL,NO_ENGINE_SUBSTITUTION {{(pid=95934) _check_effective_sql_mode /opt/stack/data/venv/lib/python3.12/site-packages/oslo_db/sqlalchemy/engines.py:325}}
Jul 20 09:14:53.168678 np0000005486 devstack@n-api-meta.service[95935]: DEBUG oslo_db.sqlalchemy.engines [None req-62f0a6e8-83e0-41cd-9bdc-ce235137084e None None] MySQL server mode set to STRICT_TRANS_TABLES,STRICT_ALL_TABLES,NO_ZERO_IN_DATE,NO_ZERO_DATE,ERROR_FOR_DIVISION_BY_ZERO,TRADITIONAL,NO_ENGINE_SUBSTITUTION {{(pid=95935) _check_effective_sql_mode /opt/stack/data/venv/lib/python3.12/site-packages/oslo_db/sqlalchemy/engines.py:325}}
Jul 20 09:14:53.171638 np0000005486 devstack@n-api-meta.service[95935]: DEBUG oslo_db.sqlalchemy.engines [None req-62f0a6e8-83e0-41cd-9bdc-ce235137084e None None] MySQL server mode set to STRICT_TRANS_TABLES,STRICT_ALL_TABLES,NO_ZERO_IN_DATE,NO_ZERO_DATE,ERROR_FOR_DIVISION_BY_ZERO,TRADITIONAL,NO_ENGINE_SUBSTITUTION {{(pid=95935) _check_effective_sql_mode /opt/stack/data/venv/lib/python3.12/site-packages/oslo_db/sqlalchemy/engines.py:325}}
Jul 20 09:14:53.179098 np0000005486 devstack@n-api-meta.service[95936]: DEBUG oslo_db.sqlalchemy.engines [None req-d31f4ee0-79f8-4ac4-af48-42df6decbe2f None None] MySQL server mode set to STRICT_TRANS_TABLES,STRICT_ALL_TABLES,NO_ZERO_IN_DATE,NO_ZERO_DATE,ERROR_FOR_DIVISION_BY_ZERO,TRADITIONAL,NO_ENGINE_SUBSTITUTION {{(pid=95936) _check_effective_sql_mode /opt/stack/data/venv/lib/python3.12/site-packages/oslo_db/sqlalchemy/engines.py:325}}
Jul 20 09:14:53.182736 np0000005486 devstack@n-api-meta.service[95936]: DEBUG oslo_db.sqlalchemy.engines [None req-d31f4ee0-79f8-4ac4-af48-42df6decbe2f None None] MySQL server mode set to STRICT_TRANS_TABLES,STRICT_ALL_TABLES,NO_ZERO_IN_DATE,NO_ZERO_DATE,ERROR_FOR_DIVISION_BY_ZERO,TRADITIONAL,NO_ENGINE_SUBSTITUTION {{(pid=95936) _check_effective_sql_mode /opt/stack/data/venv/lib/python3.12/site-packages/oslo_db/sqlalchemy/engines.py:325}}
Jul 20 09:14:53.185533 np0000005486 devstack@n-api-meta.service[95937]: DEBUG oslo_db.sqlalchemy.engines [None req-ba18548c-08ee-4db0-80e6-869e4acab267 None None] MySQL server mode set to STRICT_TRANS_TABLES,STRICT_ALL_TABLES,NO_ZERO_IN_DATE,NO_ZERO_DATE,ERROR_FOR_DIVISION_BY_ZERO,TRADITIONAL,NO_ENGINE_SUBSTITUTION {{(pid=95937) _check_effective_sql_mode /opt/stack/data/venv/lib/python3.12/site-packages/oslo_db/sqlalchemy/engines.py:325}}
Jul 20 09:14:53.189108 np0000005486 devstack@n-api-meta.service[95937]: DEBUG oslo_db.sqlalchemy.engines [None req-ba18548c-08ee-4db0-80e6-869e4acab267 None None] MySQL server mode set to STRICT_TRANS_TABLES,STRICT_ALL_TABLES,NO_ZERO_IN_DATE,NO_ZERO_DATE,ERROR_FOR_DIVISION_BY_ZERO,TRADITIONAL,NO_ENGINE_SUBSTITUTION {{(pid=95937) _check_effective_sql_mode /opt/stack/data/venv/lib/python3.12/site-packages/oslo_db/sqlalchemy/engines.py:325}}
Jul 20 09:14:53.242615 np0000005486 devstack@n-api-meta.service[95934]: DEBUG dbcounter [-] [95934] Writer thread running {{(pid=95934) stat_writer /opt/stack/data/venv/lib/python3.12/site-packages/dbcounter.py:102}}
Jul 20 09:14:53.243187 np0000005486 devstack@n-api-meta.service[95934]: DEBUG dbcounter [-] [95934] Writer thread running {{(pid=95934) stat_writer /opt/stack/data/venv/lib/python3.12/site-packages/dbcounter.py:102}}
Jul 20 09:14:53.249244 np0000005486 devstack@n-api-meta.service[95934]: INFO dbcounter [None req-ea8ce138-6b4a-46bf-af21-f30708946717 None None] Registered counter for database nova_cell0
Jul 20 09:14:53.259134 np0000005486 devstack@n-api-meta.service[95935]: DEBUG dbcounter [-] [95935] Writer thread running {{(pid=95935) stat_writer /opt/stack/data/venv/lib/python3.12/site-packages/dbcounter.py:102}}
Jul 20 09:14:53.260939 np0000005486 devstack@n-api-meta.service[95935]: DEBUG dbcounter [-] [95935] Writer thread running {{(pid=95935) stat_writer /opt/stack/data/venv/lib/python3.12/site-packages/dbcounter.py:102}}
Jul 20 09:14:53.265843 np0000005486 devstack@n-api-meta.service[95935]: INFO dbcounter [None req-62f0a6e8-83e0-41cd-9bdc-ce235137084e None None] Registered counter for database nova_cell0
Jul 20 09:14:53.280643 np0000005486 devstack@n-api-meta.service[95936]: DEBUG dbcounter [-] [95936] Writer thread running {{(pid=95936) stat_writer /opt/stack/data/venv/lib/python3.12/site-packages/dbcounter.py:102}}
Jul 20 09:14:53.282746 np0000005486 devstack@n-api-meta.service[95936]: DEBUG dbcounter [-] [95936] Writer thread running {{(pid=95936) stat_writer /opt/stack/data/venv/lib/python3.12/site-packages/dbcounter.py:102}}
Jul 20 09:14:53.285570 np0000005486 devstack@n-api-meta.service[95936]: INFO dbcounter [None req-d31f4ee0-79f8-4ac4-af48-42df6decbe2f None None] Registered counter for database nova_cell0
Jul 20 09:14:53.291664 np0000005486 devstack@n-api-meta.service[95934]: DEBUG oslo_db.sqlalchemy.engines [None req-ea8ce138-6b4a-46bf-af21-f30708946717 None None] MySQL server mode set to STRICT_TRANS_TABLES,STRICT_ALL_TABLES,NO_ZERO_IN_DATE,NO_ZERO_DATE,ERROR_FOR_DIVISION_BY_ZERO,TRADITIONAL,NO_ENGINE_SUBSTITUTION {{(pid=95934) _check_effective_sql_mode /opt/stack/data/venv/lib/python3.12/site-packages/oslo_db/sqlalchemy/engines.py:325}}
Jul 20 09:14:53.298117 np0000005486 devstack@n-api-meta.service[95934]: DEBUG dbcounter [-] [95934] Writer thread running {{(pid=95934) stat_writer /opt/stack/data/venv/lib/python3.12/site-packages/dbcounter.py:102}}
Jul 20 09:14:53.299598 np0000005486 devstack@n-api-meta.service[95937]: DEBUG dbcounter [-] [95937] Writer thread running {{(pid=95937) stat_writer /opt/stack/data/venv/lib/python3.12/site-packages/dbcounter.py:102}}
Jul 20 09:14:53.299999 np0000005486 devstack@n-api-meta.service[95937]: DEBUG dbcounter [-] [95937] Writer thread running {{(pid=95937) stat_writer /opt/stack/data/venv/lib/python3.12/site-packages/dbcounter.py:102}}
Jul 20 09:14:53.304834 np0000005486 devstack@n-api-meta.service[95937]: INFO dbcounter [None req-ba18548c-08ee-4db0-80e6-869e4acab267 None None] Registered counter for database nova_cell0
Jul 20 09:14:53.317716 np0000005486 devstack@n-api-meta.service[95935]: DEBUG oslo_db.sqlalchemy.engines [None req-62f0a6e8-83e0-41cd-9bdc-ce235137084e None None] MySQL server mode set to STRICT_TRANS_TABLES,STRICT_ALL_TABLES,NO_ZERO_IN_DATE,NO_ZERO_DATE,ERROR_FOR_DIVISION_BY_ZERO,TRADITIONAL,NO_ENGINE_SUBSTITUTION {{(pid=95935) _check_effective_sql_mode /opt/stack/data/venv/lib/python3.12/site-packages/oslo_db/sqlalchemy/engines.py:325}}
Jul 20 09:14:53.321468 np0000005486 devstack@n-api-meta.service[95936]: DEBUG oslo_db.sqlalchemy.engines [None req-d31f4ee0-79f8-4ac4-af48-42df6decbe2f None None] MySQL server mode set to STRICT_TRANS_TABLES,STRICT_ALL_TABLES,NO_ZERO_IN_DATE,NO_ZERO_DATE,ERROR_FOR_DIVISION_BY_ZERO,TRADITIONAL,NO_ENGINE_SUBSTITUTION {{(pid=95936) _check_effective_sql_mode /opt/stack/data/venv/lib/python3.12/site-packages/oslo_db/sqlalchemy/engines.py:325}}
Jul 20 09:14:53.325348 np0000005486 devstack@n-api-meta.service[95935]: DEBUG dbcounter [-] [95935] Writer thread running {{(pid=95935) stat_writer /opt/stack/data/venv/lib/python3.12/site-packages/dbcounter.py:102}}
Jul 20 09:14:53.328090 np0000005486 devstack@n-api-meta.service[95936]: DEBUG dbcounter [-] [95936] Writer thread running {{(pid=95936) stat_writer /opt/stack/data/venv/lib/python3.12/site-packages/dbcounter.py:102}}
Jul 20 09:14:53.340293 np0000005486 devstack@n-api-meta.service[95934]: WARNING nova.api.metadata.handler [None req-ea8ce138-6b4a-46bf-af21-f30708946717 None None] metadata_proxy_shared_secret is not configured, the metadata information returned by the proxy cannot be trusted
Jul 20 09:14:53.341476 np0000005486 devstack@n-api-meta.service[95937]: DEBUG oslo_db.sqlalchemy.engines [None req-ba18548c-08ee-4db0-80e6-869e4acab267 None None] MySQL server mode set to STRICT_TRANS_TABLES,STRICT_ALL_TABLES,NO_ZERO_IN_DATE,NO_ZERO_DATE,ERROR_FOR_DIVISION_BY_ZERO,TRADITIONAL,NO_ENGINE_SUBSTITUTION {{(pid=95937) _check_effective_sql_mode /opt/stack/data/venv/lib/python3.12/site-packages/oslo_db/sqlalchemy/engines.py:325}}
Jul 20 09:14:53.341908 np0000005486 devstack@n-api-meta.service[95934]: DEBUG nova.api.openstack.wsgi_app [None req-ea8ce138-6b4a-46bf-af21-f30708946717 None None] ******************************************************************************** {{(pid=95934) log_opt_values /opt/stack/data/venv/lib/python3.12/site-packages/oslo_config/cfg.py:3226}}
Jul 20 09:14:53.342159 np0000005486 devstack@n-api-meta.service[95934]: DEBUG nova.api.openstack.wsgi_app [None req-ea8ce138-6b4a-46bf-af21-f30708946717 None None] Configuration options gathered from: {{(pid=95934) log_opt_values /opt/stack/data/venv/lib/python3.12/site-packages/oslo_config/cfg.py:3227}}
Jul 20 09:14:53.342381 np0000005486 devstack@n-api-meta.service[95934]: DEBUG nova.api.openstack.wsgi_app [None req-ea8ce138-6b4a-46bf-af21-f30708946717 None None] command line args: [] {{(pid=95934) log_opt_values /opt/stack/data/venv/lib/python3.12/site-packages/oslo_config/cfg.py:3228}}
Jul 20 09:14:53.342664 np0000005486 devstack@n-api-meta.service[95934]: DEBUG nova.api.openstack.wsgi_app [None req-ea8ce138-6b4a-46bf-af21-f30708946717 None None] config files: ['/etc/nova/api-paste.ini', '/etc/nova/nova.conf'] {{(pid=95934) log_opt_values /opt/stack/data/venv/lib/python3.12/site-packages/oslo_config/cfg.py:3229}}
Jul 20 09:14:53.342881 np0000005486 devstack@n-api-meta.service[95934]: DEBUG nova.api.openstack.wsgi_app [None req-ea8ce138-6b4a-46bf-af21-f30708946717 None None] ================================================================================ {{(pid=95934) log_opt_values /opt/stack/data/venv/lib/python3.12/site-packages/oslo_config/cfg.py:3234}}
Jul 20 09:14:53.343130 np0000005486 devstack@n-api-meta.service[95934]: DEBUG nova.api.openstack.wsgi_app [None req-ea8ce138-6b4a-46bf-af21-f30708946717 None None] allow_resize_to_same_host = True {{(pid=95934) log_opt_values /opt/stack/data/venv/lib/python3.12/site-packages/oslo_config/cfg.py:3242}}
Jul 20 09:14:53.343402 np0000005486 devstack@n-api-meta.service[95934]: DEBUG nova.api.openstack.wsgi_app [None req-ea8ce138-6b4a-46bf-af21-f30708946717 None None] arq_binding_timeout = 300 {{(pid=95934) log_opt_values /opt/stack/data/venv/lib/python3.12/site-packages/oslo_config/cfg.py:3242}}
Jul 20 09:14:53.343630 np0000005486 devstack@n-api-meta.service[95934]: DEBUG nova.api.openstack.wsgi_app [None req-ea8ce138-6b4a-46bf-af21-f30708946717 None None] block_device_allocate_retries = 60 {{(pid=95934) log_opt_values /opt/stack/data/venv/lib/python3.12/site-packages/oslo_config/cfg.py:3242}}
Jul 20 09:14:53.343873 np0000005486 devstack@n-api-meta.service[95934]: DEBUG nova.api.openstack.wsgi_app [None req-ea8ce138-6b4a-46bf-af21-f30708946717 None None] block_device_allocate_retries_interval = 3 {{(pid=95934) log_opt_values /opt/stack/data/venv/lib/python3.12/site-packages/oslo_config/cfg.py:3242}}
Jul 20 09:14:53.344122 np0000005486 devstack@n-api-meta.service[95934]: DEBUG nova.api.openstack.wsgi_app [None req-ea8ce138-6b4a-46bf-af21-f30708946717 None None] cell_worker_thread_pool_size = 5 {{(pid=95934) log_opt_values /opt/stack/data/venv/lib/python3.12/site-packages/oslo_config/cfg.py:3242}}
Jul 20 09:14:53.344383 np0000005486 devstack@n-api-meta.service[95934]: DEBUG nova.api.openstack.wsgi_app [None req-ea8ce138-6b4a-46bf-af21-f30708946717 None None] cert = self.pem {{(pid=95934) log_opt_values /opt/stack/data/venv/lib/python3.12/site-packages/oslo_config/cfg.py:3242}}
Jul 20 09:14:53.344659 np0000005486 devstack@n-api-meta.service[95934]: DEBUG nova.api.openstack.wsgi_app [None req-ea8ce138-6b4a-46bf-af21-f30708946717 None None] compute_driver = libvirt.LibvirtDriver {{(pid=95934) log_opt_values /opt/stack/data/venv/lib/python3.12/site-packages/oslo_config/cfg.py:3242}}
Jul 20 09:14:53.344947 np0000005486 devstack@n-api-meta.service[95934]: DEBUG nova.api.openstack.wsgi_app [None req-ea8ce138-6b4a-46bf-af21-f30708946717 None None] compute_monitors = [] {{(pid=95934) log_opt_values /opt/stack/data/venv/lib/python3.12/site-packages/oslo_config/cfg.py:3242}}
Jul 20 09:14:53.347236 np0000005486 devstack@n-api-meta.service[95934]: DEBUG nova.api.openstack.wsgi_app [None req-ea8ce138-6b4a-46bf-af21-f30708946717 None None] concurrency_backend = auto {{(pid=95934) log_opt_values /opt/stack/data/venv/lib/python3.12/site-packages/oslo_config/cfg.py:3242}}
Jul 20 09:14:53.347236 np0000005486 devstack@n-api-meta.service[95934]: DEBUG nova.api.openstack.wsgi_app [None req-ea8ce138-6b4a-46bf-af21-f30708946717 None None] config_dir = [] {{(pid=95934) log_opt_values /opt/stack/data/venv/lib/python3.12/site-packages/oslo_config/cfg.py:3242}}
Jul 20 09:14:53.347236 np0000005486 devstack@n-api-meta.service[95934]: DEBUG nova.api.openstack.wsgi_app [None req-ea8ce138-6b4a-46bf-af21-f30708946717 None None] config_drive_format = iso9660 {{(pid=95934) log_opt_values /opt/stack/data/venv/lib/python3.12/site-packages/oslo_config/cfg.py:3242}}
Jul 20 09:14:53.347236 np0000005486 devstack@n-api-meta.service[95934]: DEBUG nova.api.openstack.wsgi_app [None req-ea8ce138-6b4a-46bf-af21-f30708946717 None None] config_file = ['/etc/nova/api-paste.ini', '/etc/nova/nova.conf'] {{(pid=95934) log_opt_values /opt/stack/data/venv/lib/python3.12/site-packages/oslo_config/cfg.py:3242}}
Jul 20 09:14:53.347236 np0000005486 devstack@n-api-meta.service[95934]: DEBUG nova.api.openstack.wsgi_app [None req-ea8ce138-6b4a-46bf-af21-f30708946717 None None] config_source = [] {{(pid=95934) log_opt_values /opt/stack/data/venv/lib/python3.12/site-packages/oslo_config/cfg.py:3242}}
Jul 20 09:14:53.347236 np0000005486 devstack@n-api-meta.service[95934]: DEBUG nova.api.openstack.wsgi_app [None req-ea8ce138-6b4a-46bf-af21-f30708946717 None None] console_host = np0000005486 {{(pid=95934) log_opt_values /opt/stack/data/venv/lib/python3.12/site-packages/oslo_config/cfg.py:3242}}
Jul 20 09:14:53.347236 np0000005486 devstack@n-api-meta.service[95934]: DEBUG nova.api.openstack.wsgi_app [None req-ea8ce138-6b4a-46bf-af21-f30708946717 None None] control_exchange = nova {{(pid=95934) log_opt_values /opt/stack/data/venv/lib/python3.12/site-packages/oslo_config/cfg.py:3242}}
Jul 20 09:14:53.347453 np0000005486 devstack@n-api-meta.service[95934]: DEBUG nova.api.openstack.wsgi_app [None req-ea8ce138-6b4a-46bf-af21-f30708946717 None None] cpu_allocation_ratio = None {{(pid=95934) log_opt_values /opt/stack/data/venv/lib/python3.12/site-packages/oslo_config/cfg.py:3242}}
Jul 20 09:14:53.347453 np0000005486 devstack@n-api-meta.service[95934]: DEBUG nova.api.openstack.wsgi_app [None req-ea8ce138-6b4a-46bf-af21-f30708946717 None None] daemon = False {{(pid=95934) log_opt_values /opt/stack/data/venv/lib/python3.12/site-packages/oslo_config/cfg.py:3242}}
Jul 20 09:14:53.347453 np0000005486 devstack@n-api-meta.service[95934]: DEBUG nova.api.openstack.wsgi_app [None req-ea8ce138-6b4a-46bf-af21-f30708946717 None None] debug = True {{(pid=95934) log_opt_values /opt/stack/data/venv/lib/python3.12/site-packages/oslo_config/cfg.py:3242}}
Jul 20 09:14:53.347453 np0000005486 devstack@n-api-meta.service[95934]: DEBUG nova.api.openstack.wsgi_app [None req-ea8ce138-6b4a-46bf-af21-f30708946717 None None] default_access_ip_network_name = None {{(pid=95934) log_opt_values /opt/stack/data/venv/lib/python3.12/site-packages/oslo_config/cfg.py:3242}}
Jul 20 09:14:53.347453 np0000005486 devstack@n-api-meta.service[95934]: DEBUG nova.api.openstack.wsgi_app [None req-ea8ce138-6b4a-46bf-af21-f30708946717 None None] default_availability_zone = nova {{(pid=95934) log_opt_values /opt/stack/data/venv/lib/python3.12/site-packages/oslo_config/cfg.py:3242}}
Jul 20 09:14:53.347453 np0000005486 devstack@n-api-meta.service[95934]: DEBUG nova.api.openstack.wsgi_app [None req-ea8ce138-6b4a-46bf-af21-f30708946717 None None] default_ephemeral_format = ext4 {{(pid=95934) log_opt_values /opt/stack/data/venv/lib/python3.12/site-packages/oslo_config/cfg.py:3242}}
Jul 20 09:14:53.347453 np0000005486 devstack@n-api-meta.service[95934]: DEBUG nova.api.openstack.wsgi_app [None req-ea8ce138-6b4a-46bf-af21-f30708946717 None None] default_green_pool_size = 1000 {{(pid=95934) log_opt_values /opt/stack/data/venv/lib/python3.12/site-packages/oslo_config/cfg.py:3242}}
Jul 20 09:14:53.347585 np0000005486 devstack@n-api-meta.service[95934]: DEBUG nova.api.openstack.wsgi_app [None req-ea8ce138-6b4a-46bf-af21-f30708946717 None None] default_log_levels = ['amqp=WARN', 'boto=WARN', 'sqlalchemy=WARN', 'suds=INFO', 'oslo.messaging=INFO', 'oslo_messaging=INFO', 'iso8601=WARN', 'requests.packages.urllib3.connectionpool=WARN', 'urllib3.connectionpool=WARN', 'websocket=WARN', 'requests.packages.urllib3.util.retry=WARN', 'urllib3.util.retry=WARN', 'keystonemiddleware=WARN', 'routes.middleware=WARN', 'stevedore=WARN', 'taskflow=WARN', 'keystoneauth=WARN', 'oslo.cache=INFO', 'oslo_policy=INFO', 'dogpile.core.dogpile=INFO', 'glanceclient=WARN', 'oslo.privsep.daemon=INFO'] {{(pid=95934) log_opt_values /opt/stack/data/venv/lib/python3.12/site-packages/oslo_config/cfg.py:3242}}
Jul 20 09:14:53.347646 np0000005486 devstack@n-api-meta.service[95937]: DEBUG dbcounter [-] [95937] Writer thread running {{(pid=95937) stat_writer /opt/stack/data/venv/lib/python3.12/site-packages/dbcounter.py:102}}
Jul 20 09:14:53.347779 np0000005486 devstack@n-api-meta.service[95934]: DEBUG nova.api.openstack.wsgi_app [None req-ea8ce138-6b4a-46bf-af21-f30708946717 None None] default_schedule_zone = None {{(pid=95934) log_opt_values /opt/stack/data/venv/lib/python3.12/site-packages/oslo_config/cfg.py:3242}}
Jul 20 09:14:53.348030 np0000005486 devstack@n-api-meta.service[95934]: DEBUG nova.api.openstack.wsgi_app [None req-ea8ce138-6b4a-46bf-af21-f30708946717 None None] default_thread_pool_size = 10 {{(pid=95934) log_opt_values /opt/stack/data/venv/lib/python3.12/site-packages/oslo_config/cfg.py:3242}}
Jul 20 09:14:53.348285 np0000005486 devstack@n-api-meta.service[95934]: DEBUG nova.api.openstack.wsgi_app [None req-ea8ce138-6b4a-46bf-af21-f30708946717 None None] disk_allocation_ratio = None {{(pid=95934) log_opt_values /opt/stack/data/venv/lib/python3.12/site-packages/oslo_config/cfg.py:3242}}
Jul 20 09:14:53.348528 np0000005486 devstack@n-api-meta.service[95934]: DEBUG nova.api.openstack.wsgi_app [None req-ea8ce138-6b4a-46bf-af21-f30708946717 None None] enable_new_services = True {{(pid=95934) log_opt_values /opt/stack/data/venv/lib/python3.12/site-packages/oslo_config/cfg.py:3242}}
Jul 20 09:14:53.348763 np0000005486 devstack@n-api-meta.service[95934]: DEBUG nova.api.openstack.wsgi_app [None req-ea8ce138-6b4a-46bf-af21-f30708946717 None None] flat_injected = False {{(pid=95934) log_opt_values /opt/stack/data/venv/lib/python3.12/site-packages/oslo_config/cfg.py:3242}}
Jul 20 09:14:53.349002 np0000005486 devstack@n-api-meta.service[95934]: DEBUG nova.api.openstack.wsgi_app [None req-ea8ce138-6b4a-46bf-af21-f30708946717 None None] force_config_drive = True {{(pid=95934) log_opt_values /opt/stack/data/venv/lib/python3.12/site-packages/oslo_config/cfg.py:3242}}
Jul 20 09:14:53.349212 np0000005486 devstack@n-api-meta.service[95934]: DEBUG nova.api.openstack.wsgi_app [None req-ea8ce138-6b4a-46bf-af21-f30708946717 None None] force_raw_images = True {{(pid=95934) log_opt_values /opt/stack/data/venv/lib/python3.12/site-packages/oslo_config/cfg.py:3242}}
Jul 20 09:14:53.349496 np0000005486 devstack@n-api-meta.service[95934]: DEBUG nova.api.openstack.wsgi_app [None req-ea8ce138-6b4a-46bf-af21-f30708946717 None None] graceful_shutdown_timeout = 5 {{(pid=95934) log_opt_values /opt/stack/data/venv/lib/python3.12/site-packages/oslo_config/cfg.py:3242}}
Jul 20 09:14:53.349712 np0000005486 devstack@n-api-meta.service[95934]: DEBUG nova.api.openstack.wsgi_app [None req-ea8ce138-6b4a-46bf-af21-f30708946717 None None] heal_instance_info_cache_interval = -1 {{(pid=95934) log_opt_values /opt/stack/data/venv/lib/python3.12/site-packages/oslo_config/cfg.py:3242}}
Jul 20 09:14:53.350008 np0000005486 devstack@n-api-meta.service[95934]: DEBUG nova.api.openstack.wsgi_app [None req-ea8ce138-6b4a-46bf-af21-f30708946717 None None] host = np0000005486 {{(pid=95934) log_opt_values /opt/stack/data/venv/lib/python3.12/site-packages/oslo_config/cfg.py:3242}}
Jul 20 09:14:53.351349 np0000005486 devstack@n-api-meta.service[95934]: DEBUG nova.api.openstack.wsgi_app [None req-ea8ce138-6b4a-46bf-af21-f30708946717 None None] initial_cpu_allocation_ratio = 4.0 {{(pid=95934) log_opt_values /opt/stack/data/venv/lib/python3.12/site-packages/oslo_config/cfg.py:3242}}
Jul 20 09:14:53.351349 np0000005486 devstack@n-api-meta.service[95934]: DEBUG nova.api.openstack.wsgi_app [None req-ea8ce138-6b4a-46bf-af21-f30708946717 None None] initial_disk_allocation_ratio = 1.0 {{(pid=95934) log_opt_values /opt/stack/data/venv/lib/python3.12/site-packages/oslo_config/cfg.py:3242}}
Jul 20 09:14:53.351349 np0000005486 devstack@n-api-meta.service[95934]: DEBUG nova.api.openstack.wsgi_app [None req-ea8ce138-6b4a-46bf-af21-f30708946717 None None] initial_ram_allocation_ratio = 1.0 {{(pid=95934) log_opt_values /opt/stack/data/venv/lib/python3.12/site-packages/oslo_config/cfg.py:3242}}
Jul 20 09:14:53.351349 np0000005486 devstack@n-api-meta.service[95934]: DEBUG nova.api.openstack.wsgi_app [None req-ea8ce138-6b4a-46bf-af21-f30708946717 None None] injected_network_template = /opt/stack/nova/nova/virt/interfaces.template {{(pid=95934) log_opt_values /opt/stack/data/venv/lib/python3.12/site-packages/oslo_config/cfg.py:3242}}
Jul 20 09:14:53.351349 np0000005486 devstack@n-api-meta.service[95934]: DEBUG nova.api.openstack.wsgi_app [None req-ea8ce138-6b4a-46bf-af21-f30708946717 None None] instance_build_timeout = 0 {{(pid=95934) log_opt_values /opt/stack/data/venv/lib/python3.12/site-packages/oslo_config/cfg.py:3242}}
Jul 20 09:14:53.351349 np0000005486 devstack@n-api-meta.service[95934]: DEBUG nova.api.openstack.wsgi_app [None req-ea8ce138-6b4a-46bf-af21-f30708946717 None None] instance_delete_interval = 300 {{(pid=95934) log_opt_values /opt/stack/data/venv/lib/python3.12/site-packages/oslo_config/cfg.py:3242}}
Jul 20 09:14:53.351349 np0000005486 devstack@n-api-meta.service[95934]: DEBUG nova.api.openstack.wsgi_app [None req-ea8ce138-6b4a-46bf-af21-f30708946717 None None] instance_format = [instance: %(uuid)s] {{(pid=95934) log_opt_values /opt/stack/data/venv/lib/python3.12/site-packages/oslo_config/cfg.py:3242}}
Jul 20 09:14:53.351905 np0000005486 devstack@n-api-meta.service[95934]: DEBUG nova.api.openstack.wsgi_app [None req-ea8ce138-6b4a-46bf-af21-f30708946717 None None] instance_name_template = instance-%08x {{(pid=95934) log_opt_values /opt/stack/data/venv/lib/python3.12/site-packages/oslo_config/cfg.py:3242}}
Jul 20 09:14:53.351905 np0000005486 devstack@n-api-meta.service[95934]: DEBUG nova.api.openstack.wsgi_app [None req-ea8ce138-6b4a-46bf-af21-f30708946717 None None] instance_usage_audit = False {{(pid=95934) log_opt_values /opt/stack/data/venv/lib/python3.12/site-packages/oslo_config/cfg.py:3242}}
Jul 20 09:14:53.351905 np0000005486 devstack@n-api-meta.service[95934]: DEBUG nova.api.openstack.wsgi_app [None req-ea8ce138-6b4a-46bf-af21-f30708946717 None None] instance_usage_audit_period = month {{(pid=95934) log_opt_values /opt/stack/data/venv/lib/python3.12/site-packages/oslo_config/cfg.py:3242}}
Jul 20 09:14:53.351905 np0000005486 devstack@n-api-meta.service[95934]: DEBUG nova.api.openstack.wsgi_app [None req-ea8ce138-6b4a-46bf-af21-f30708946717 None None] instance_uuid_format = [instance: %(uuid)s] {{(pid=95934) log_opt_values /opt/stack/data/venv/lib/python3.12/site-packages/oslo_config/cfg.py:3242}}
Jul 20 09:14:53.351905 np0000005486 devstack@n-api-meta.service[95934]: DEBUG nova.api.openstack.wsgi_app [None req-ea8ce138-6b4a-46bf-af21-f30708946717 None None] instances_path = /opt/stack/data/nova/instances {{(pid=95934) log_opt_values /opt/stack/data/venv/lib/python3.12/site-packages/oslo_config/cfg.py:3242}}
Jul 20 09:14:53.351905 np0000005486 devstack@n-api-meta.service[95934]: DEBUG nova.api.openstack.wsgi_app [None req-ea8ce138-6b4a-46bf-af21-f30708946717 None None] internal_service_availability_zone = internal {{(pid=95934) log_opt_values /opt/stack/data/venv/lib/python3.12/site-packages/oslo_config/cfg.py:3242}}
Jul 20 09:14:53.352264 np0000005486 devstack@n-api-meta.service[95934]: DEBUG nova.api.openstack.wsgi_app [None req-ea8ce138-6b4a-46bf-af21-f30708946717 None None] key = None {{(pid=95934) log_opt_values /opt/stack/data/venv/lib/python3.12/site-packages/oslo_config/cfg.py:3242}}
Jul 20 09:14:53.352264 np0000005486 devstack@n-api-meta.service[95934]: DEBUG nova.api.openstack.wsgi_app [None req-ea8ce138-6b4a-46bf-af21-f30708946717 None None] live_migration_retry_count = 30 {{(pid=95934) log_opt_values /opt/stack/data/venv/lib/python3.12/site-packages/oslo_config/cfg.py:3242}}
Jul 20 09:14:53.352264 np0000005486 devstack@n-api-meta.service[95934]: DEBUG nova.api.openstack.wsgi_app [None req-ea8ce138-6b4a-46bf-af21-f30708946717 None None] log_color = False {{(pid=95934) log_opt_values /opt/stack/data/venv/lib/python3.12/site-packages/oslo_config/cfg.py:3242}}
Jul 20 09:14:53.352448 np0000005486 devstack@n-api-meta.service[95934]: DEBUG nova.api.openstack.wsgi_app [None req-ea8ce138-6b4a-46bf-af21-f30708946717 None None] log_config_append = None {{(pid=95934) log_opt_values /opt/stack/data/venv/lib/python3.12/site-packages/oslo_config/cfg.py:3242}}
Jul 20 09:14:53.352523 np0000005486 devstack@n-api-meta.service[95934]: DEBUG nova.api.openstack.wsgi_app [None req-ea8ce138-6b4a-46bf-af21-f30708946717 None None] log_date_format = %Y-%m-%d %H:%M:%S {{(pid=95934) log_opt_values /opt/stack/data/venv/lib/python3.12/site-packages/oslo_config/cfg.py:3242}}
Jul 20 09:14:53.352645 np0000005486 devstack@n-api-meta.service[95934]: DEBUG nova.api.openstack.wsgi_app [None req-ea8ce138-6b4a-46bf-af21-f30708946717 None None] log_dir = None {{(pid=95934) log_opt_values /opt/stack/data/venv/lib/python3.12/site-packages/oslo_config/cfg.py:3242}}
Jul 20 09:14:53.355253 np0000005486 devstack@n-api-meta.service[95934]: DEBUG nova.api.openstack.wsgi_app [None req-ea8ce138-6b4a-46bf-af21-f30708946717 None None] log_file = None {{(pid=95934) log_opt_values /opt/stack/data/venv/lib/python3.12/site-packages/oslo_config/cfg.py:3242}}
Jul 20 09:14:53.355253 np0000005486 devstack@n-api-meta.service[95934]: DEBUG nova.api.openstack.wsgi_app [None req-ea8ce138-6b4a-46bf-af21-f30708946717 None None] log_options = True {{(pid=95934) log_opt_values /opt/stack/data/venv/lib/python3.12/site-packages/oslo_config/cfg.py:3242}}
Jul 20 09:14:53.355253 np0000005486 devstack@n-api-meta.service[95934]: DEBUG nova.api.openstack.wsgi_app [None req-ea8ce138-6b4a-46bf-af21-f30708946717 None None] log_rotate_interval = 1 {{(pid=95934) log_opt_values /opt/stack/data/venv/lib/python3.12/site-packages/oslo_config/cfg.py:3242}}
Jul 20 09:14:53.355253 np0000005486 devstack@n-api-meta.service[95934]: DEBUG nova.api.openstack.wsgi_app [None req-ea8ce138-6b4a-46bf-af21-f30708946717 None None] log_rotate_interval_type = days {{(pid=95934) log_opt_values /opt/stack/data/venv/lib/python3.12/site-packages/oslo_config/cfg.py:3242}}
Jul 20 09:14:53.355253 np0000005486 devstack@n-api-meta.service[95934]: DEBUG nova.api.openstack.wsgi_app [None req-ea8ce138-6b4a-46bf-af21-f30708946717 None None] log_rotation_type = none {{(pid=95934) log_opt_values /opt/stack/data/venv/lib/python3.12/site-packages/oslo_config/cfg.py:3242}}
Jul 20 09:14:53.355253 np0000005486 devstack@n-api-meta.service[95934]: DEBUG nova.api.openstack.wsgi_app [None req-ea8ce138-6b4a-46bf-af21-f30708946717 None None] logging_context_format_string = %(color)s%(levelname)s %(name)s [%(global_request_id)s %(request_id)s %(project_name)s %(user_name)s%(color)s] %(instance)s%(color)s%(message)s {{(pid=95934) log_opt_values /opt/stack/data/venv/lib/python3.12/site-packages/oslo_config/cfg.py:3242}}
