Jul 06 13:42:46.966014 np0000004640 nova-scheduler[96347]: DEBUG cotyledon.oslo_config_glue [-] profiler.es_doc_type = notification {{(pid=96347) log_opt_values /opt/stack/data/venv/lib/python3.12/site-packages/oslo_config/cfg.py:3253}}
Jul 06 13:42:46.966014 np0000004640 nova-scheduler[96347]: DEBUG cotyledon.oslo_config_glue [-] profiler.es_scroll_size = 10000 {{(pid=96347) log_opt_values /opt/stack/data/venv/lib/python3.12/site-packages/oslo_config/cfg.py:3253}}
Jul 06 13:42:46.966014 np0000004640 nova-scheduler[96347]: DEBUG cotyledon.oslo_config_glue [-] profiler.es_scroll_time = 2m {{(pid=96347) log_opt_values /opt/stack/data/venv/lib/python3.12/site-packages/oslo_config/cfg.py:3253}}
Jul 06 13:42:46.966014 np0000004640 nova-scheduler[96347]: DEBUG cotyledon.oslo_config_glue [-] profiler.filter_error_trace = False {{(pid=96347) log_opt_values /opt/stack/data/venv/lib/python3.12/site-packages/oslo_config/cfg.py:3253}}
Jul 06 13:42:46.966014 np0000004640 nova-scheduler[96347]: DEBUG cotyledon.oslo_config_glue [-] profiler.hmac_keys = **** {{(pid=96347) log_opt_values /opt/stack/data/venv/lib/python3.12/site-packages/oslo_config/cfg.py:3253}}
Jul 06 13:42:46.966014 np0000004640 nova-scheduler[96347]: DEBUG cotyledon.oslo_config_glue [-] profiler.sentinel_service_name = mymaster {{(pid=96347) log_opt_values /opt/stack/data/venv/lib/python3.12/site-packages/oslo_config/cfg.py:3253}}
Jul 06 13:42:46.966210 np0000004640 nova-scheduler[96347]: DEBUG cotyledon.oslo_config_glue [-] profiler.socket_timeout = 0.1 {{(pid=96347) log_opt_values /opt/stack/data/venv/lib/python3.12/site-packages/oslo_config/cfg.py:3253}}
Jul 06 13:42:46.966210 np0000004640 nova-scheduler[96347]: DEBUG cotyledon.oslo_config_glue [-] profiler.trace_requests = False {{(pid=96347) log_opt_values /opt/stack/data/venv/lib/python3.12/site-packages/oslo_config/cfg.py:3253}}
Jul 06 13:42:46.966210 np0000004640 nova-scheduler[96347]: DEBUG cotyledon.oslo_config_glue [-] profiler.trace_sqlalchemy = False {{(pid=96347) log_opt_values /opt/stack/data/venv/lib/python3.12/site-packages/oslo_config/cfg.py:3253}}
Jul 06 13:42:46.966210 np0000004640 nova-scheduler[96347]: DEBUG cotyledon.oslo_config_glue [-] profiler_jaeger.process_tags = {} {{(pid=96347) log_opt_values /opt/stack/data/venv/lib/python3.12/site-packages/oslo_config/cfg.py:3253}}
Jul 06 13:42:46.966210 np0000004640 nova-scheduler[96347]: DEBUG cotyledon.oslo_config_glue [-] profiler_jaeger.service_name_prefix = None {{(pid=96347) log_opt_values /opt/stack/data/venv/lib/python3.12/site-packages/oslo_config/cfg.py:3253}}
Jul 06 13:42:46.966210 np0000004640 nova-scheduler[96347]: DEBUG cotyledon.oslo_config_glue [-] profiler_otlp.service_name_prefix = None {{(pid=96347) log_opt_values /opt/stack/data/venv/lib/python3.12/site-packages/oslo_config/cfg.py:3253}}
Jul 06 13:42:46.966210 np0000004640 nova-scheduler[96347]: DEBUG cotyledon.oslo_config_glue [-] oslo_messaging_rabbit.amqp_auto_delete = False {{(pid=96347) log_opt_values /opt/stack/data/venv/lib/python3.12/site-packages/oslo_config/cfg.py:3253}}
Jul 06 13:42:46.966210 np0000004640 nova-scheduler[96347]: DEBUG cotyledon.oslo_config_glue [-] oslo_messaging_rabbit.amqp_durable_queues = False {{(pid=96347) log_opt_values /opt/stack/data/venv/lib/python3.12/site-packages/oslo_config/cfg.py:3253}}
Jul 06 13:42:46.966210 np0000004640 nova-scheduler[96347]: DEBUG cotyledon.oslo_config_glue [-] oslo_messaging_rabbit.conn_pool_min_size = 2 {{(pid=96347) log_opt_values /opt/stack/data/venv/lib/python3.12/site-packages/oslo_config/cfg.py:3253}}
Jul 06 13:42:46.966381 np0000004640 nova-scheduler[96347]: DEBUG cotyledon.oslo_config_glue [-] oslo_messaging_rabbit.conn_pool_ttl = 1200 {{(pid=96347) log_opt_values /opt/stack/data/venv/lib/python3.12/site-packages/oslo_config/cfg.py:3253}}
Jul 06 13:42:46.966381 np0000004640 nova-scheduler[96347]: DEBUG cotyledon.oslo_config_glue [-] oslo_messaging_rabbit.direct_mandatory_flag = True {{(pid=96347) log_opt_values /opt/stack/data/venv/lib/python3.12/site-packages/oslo_config/cfg.py:3253}}
Jul 06 13:42:46.966381 np0000004640 nova-scheduler[96347]: DEBUG cotyledon.oslo_config_glue [-] oslo_messaging_rabbit.enable_cancel_on_failover = False {{(pid=96347) log_opt_values /opt/stack/data/venv/lib/python3.12/site-packages/oslo_config/cfg.py:3253}}
Jul 06 13:42:46.966381 np0000004640 nova-scheduler[96347]: DEBUG cotyledon.oslo_config_glue [-] oslo_messaging_rabbit.heartbeat_rate = 3 {{(pid=96347) log_opt_values /opt/stack/data/venv/lib/python3.12/site-packages/oslo_config/cfg.py:3253}}
Jul 06 13:42:46.966381 np0000004640 nova-scheduler[96347]: DEBUG cotyledon.oslo_config_glue [-] oslo_messaging_rabbit.heartbeat_timeout_threshold = 60 {{(pid=96347) log_opt_values /opt/stack/data/venv/lib/python3.12/site-packages/oslo_config/cfg.py:3253}}
Jul 06 13:42:46.966381 np0000004640 nova-scheduler[96347]: DEBUG cotyledon.oslo_config_glue [-] oslo_messaging_rabbit.hostname = np0000004640 {{(pid=96347) log_opt_values /opt/stack/data/venv/lib/python3.12/site-packages/oslo_config/cfg.py:3253}}
Jul 06 13:42:46.966381 np0000004640 nova-scheduler[96347]: DEBUG cotyledon.oslo_config_glue [-] oslo_messaging_rabbit.kombu_compression = None {{(pid=96347) log_opt_values /opt/stack/data/venv/lib/python3.12/site-packages/oslo_config/cfg.py:3253}}
Jul 06 13:42:46.966381 np0000004640 nova-scheduler[96347]: DEBUG cotyledon.oslo_config_glue [-] oslo_messaging_rabbit.kombu_failover_strategy = round-robin {{(pid=96347) log_opt_values /opt/stack/data/venv/lib/python3.12/site-packages/oslo_config/cfg.py:3253}}
Jul 06 13:42:46.966381 np0000004640 nova-scheduler[96347]: DEBUG cotyledon.oslo_config_glue [-] oslo_messaging_rabbit.kombu_missing_consumer_retry_timeout = 60 {{(pid=96347) log_opt_values /opt/stack/data/venv/lib/python3.12/site-packages/oslo_config/cfg.py:3253}}
Jul 06 13:42:46.966597 np0000004640 nova-scheduler[96347]: DEBUG cotyledon.oslo_config_glue [-] oslo_messaging_rabbit.kombu_reconnect_delay = 1.0 {{(pid=96347) log_opt_values /opt/stack/data/venv/lib/python3.12/site-packages/oslo_config/cfg.py:3253}}
Jul 06 13:42:46.966597 np0000004640 nova-scheduler[96347]: DEBUG cotyledon.oslo_config_glue [-] oslo_messaging_rabbit.kombu_reconnect_splay = 0.0 {{(pid=96347) log_opt_values /opt/stack/data/venv/lib/python3.12/site-packages/oslo_config/cfg.py:3253}}
Jul 06 13:42:46.966597 np0000004640 nova-scheduler[96347]: DEBUG cotyledon.oslo_config_glue [-] oslo_messaging_rabbit.processname = nova-scheduler {{(pid=96347) log_opt_values /opt/stack/data/venv/lib/python3.12/site-packages/oslo_config/cfg.py:3253}}
Jul 06 13:42:46.966597 np0000004640 nova-scheduler[96347]: DEBUG cotyledon.oslo_config_glue [-] oslo_messaging_rabbit.rabbit_ha_queues = False {{(pid=96347) log_opt_values /opt/stack/data/venv/lib/python3.12/site-packages/oslo_config/cfg.py:3253}}
Jul 06 13:42:46.966597 np0000004640 nova-scheduler[96347]: DEBUG cotyledon.oslo_config_glue [-] oslo_messaging_rabbit.rabbit_interval_max = 30 {{(pid=96347) log_opt_values /opt/stack/data/venv/lib/python3.12/site-packages/oslo_config/cfg.py:3253}}
Jul 06 13:42:46.966597 np0000004640 nova-scheduler[96347]: DEBUG cotyledon.oslo_config_glue [-] oslo_messaging_rabbit.rabbit_login_method = AMQPLAIN {{(pid=96347) log_opt_values /opt/stack/data/venv/lib/python3.12/site-packages/oslo_config/cfg.py:3253}}
Jul 06 13:42:46.966597 np0000004640 nova-scheduler[96347]: DEBUG cotyledon.oslo_config_glue [-] oslo_messaging_rabbit.rabbit_qos_prefetch_count = 0 {{(pid=96347) log_opt_values /opt/stack/data/venv/lib/python3.12/site-packages/oslo_config/cfg.py:3253}}
Jul 06 13:42:46.966597 np0000004640 nova-scheduler[96347]: DEBUG cotyledon.oslo_config_glue [-] oslo_messaging_rabbit.rabbit_quorum_delivery_limit = 0 {{(pid=96347) log_opt_values /opt/stack/data/venv/lib/python3.12/site-packages/oslo_config/cfg.py:3253}}
Jul 06 13:42:46.966597 np0000004640 nova-scheduler[96347]: DEBUG cotyledon.oslo_config_glue [-] oslo_messaging_rabbit.rabbit_quorum_max_memory_bytes = 0 {{(pid=96347) log_opt_values /opt/stack/data/venv/lib/python3.12/site-packages/oslo_config/cfg.py:3253}}
Jul 06 13:42:46.966784 np0000004640 nova-scheduler[96347]: DEBUG cotyledon.oslo_config_glue [-] oslo_messaging_rabbit.rabbit_quorum_max_memory_length = 0 {{(pid=96347) log_opt_values /opt/stack/data/venv/lib/python3.12/site-packages/oslo_config/cfg.py:3253}}
Jul 06 13:42:46.966784 np0000004640 nova-scheduler[96347]: DEBUG cotyledon.oslo_config_glue [-] oslo_messaging_rabbit.rabbit_quorum_queue = False {{(pid=96347) log_opt_values /opt/stack/data/venv/lib/python3.12/site-packages/oslo_config/cfg.py:3253}}
Jul 06 13:42:46.966784 np0000004640 nova-scheduler[96347]: DEBUG cotyledon.oslo_config_glue [-] oslo_messaging_rabbit.rabbit_retry_backoff = 2 {{(pid=96347) log_opt_values /opt/stack/data/venv/lib/python3.12/site-packages/oslo_config/cfg.py:3253}}
Jul 06 13:42:46.966784 np0000004640 nova-scheduler[96347]: DEBUG cotyledon.oslo_config_glue [-] oslo_messaging_rabbit.rabbit_retry_interval = 1 {{(pid=96347) log_opt_values /opt/stack/data/venv/lib/python3.12/site-packages/oslo_config/cfg.py:3253}}
Jul 06 13:42:46.966784 np0000004640 nova-scheduler[96347]: DEBUG cotyledon.oslo_config_glue [-] oslo_messaging_rabbit.rabbit_stream_fanout = False {{(pid=96347) log_opt_values /opt/stack/data/venv/lib/python3.12/site-packages/oslo_config/cfg.py:3253}}
Jul 06 13:42:46.966784 np0000004640 nova-scheduler[96347]: DEBUG cotyledon.oslo_config_glue [-] oslo_messaging_rabbit.rabbit_transient_queues_ttl = 1800 {{(pid=96347) log_opt_values /opt/stack/data/venv/lib/python3.12/site-packages/oslo_config/cfg.py:3253}}
Jul 06 13:42:46.966784 np0000004640 nova-scheduler[96347]: DEBUG cotyledon.oslo_config_glue [-] oslo_messaging_rabbit.rabbit_transient_quorum_queue = False {{(pid=96347) log_opt_values /opt/stack/data/venv/lib/python3.12/site-packages/oslo_config/cfg.py:3253}}
Jul 06 13:42:46.966784 np0000004640 nova-scheduler[96347]: DEBUG cotyledon.oslo_config_glue [-] oslo_messaging_rabbit.rpc_conn_pool_size = 30 {{(pid=96347) log_opt_values /opt/stack/data/venv/lib/python3.12/site-packages/oslo_config/cfg.py:3253}}
Jul 06 13:42:46.966784 np0000004640 nova-scheduler[96347]: DEBUG cotyledon.oslo_config_glue [-] oslo_messaging_rabbit.ssl = False {{(pid=96347) log_opt_values /opt/stack/data/venv/lib/python3.12/site-packages/oslo_config/cfg.py:3253}}
Jul 06 13:42:46.966992 np0000004640 nova-scheduler[96347]: DEBUG cotyledon.oslo_config_glue [-] oslo_messaging_rabbit.ssl_ca_file = {{(pid=96347) log_opt_values /opt/stack/data/venv/lib/python3.12/site-packages/oslo_config/cfg.py:3253}}
Jul 06 13:42:46.966992 np0000004640 nova-scheduler[96347]: DEBUG cotyledon.oslo_config_glue [-] oslo_messaging_rabbit.ssl_cert_file = {{(pid=96347) log_opt_values /opt/stack/data/venv/lib/python3.12/site-packages/oslo_config/cfg.py:3253}}
Jul 06 13:42:46.966992 np0000004640 nova-scheduler[96347]: DEBUG cotyledon.oslo_config_glue [-] oslo_messaging_rabbit.ssl_enforce_fips_mode = False {{(pid=96347) log_opt_values /opt/stack/data/venv/lib/python3.12/site-packages/oslo_config/cfg.py:3253}}
Jul 06 13:42:46.966992 np0000004640 nova-scheduler[96347]: DEBUG cotyledon.oslo_config_glue [-] oslo_messaging_rabbit.ssl_enforce_hostname_verification = True {{(pid=96347) log_opt_values /opt/stack/data/venv/lib/python3.12/site-packages/oslo_config/cfg.py:3253}}
Jul 06 13:42:46.966992 np0000004640 nova-scheduler[96347]: DEBUG cotyledon.oslo_config_glue [-] oslo_messaging_rabbit.ssl_key_file = {{(pid=96347) log_opt_values /opt/stack/data/venv/lib/python3.12/site-packages/oslo_config/cfg.py:3253}}
Jul 06 13:42:46.966992 np0000004640 nova-scheduler[96347]: DEBUG cotyledon.oslo_config_glue [-] oslo_messaging_rabbit.ssl_version = {{(pid=96347) log_opt_values /opt/stack/data/venv/lib/python3.12/site-packages/oslo_config/cfg.py:3253}}
Jul 06 13:42:46.966992 np0000004640 nova-scheduler[96347]: DEBUG cotyledon.oslo_config_glue [-] oslo_messaging_rabbit.use_queue_manager = False {{(pid=96347) log_opt_values /opt/stack/data/venv/lib/python3.12/site-packages/oslo_config/cfg.py:3253}}
Jul 06 13:42:46.966992 np0000004640 nova-scheduler[96347]: DEBUG cotyledon.oslo_config_glue [-] oslo_messaging_notifications.driver = ['messagingv2'] {{(pid=96347) log_opt_values /opt/stack/data/venv/lib/python3.12/site-packages/oslo_config/cfg.py:3253}}
Jul 06 13:42:46.966992 np0000004640 nova-scheduler[96347]: DEBUG cotyledon.oslo_config_glue [-] oslo_messaging_notifications.retry = -1 {{(pid=96347) log_opt_values /opt/stack/data/venv/lib/python3.12/site-packages/oslo_config/cfg.py:3253}}
Jul 06 13:42:46.967168 np0000004640 nova-scheduler[96347]: DEBUG cotyledon.oslo_config_glue [-] oslo_messaging_notifications.topics = ['notifications'] {{(pid=96347) log_opt_values /opt/stack/data/venv/lib/python3.12/site-packages/oslo_config/cfg.py:3253}}
Jul 06 13:42:46.967168 np0000004640 nova-scheduler[96347]: DEBUG cotyledon.oslo_config_glue [-] oslo_messaging_notifications.transport_url = **** {{(pid=96347) log_opt_values /opt/stack/data/venv/lib/python3.12/site-packages/oslo_config/cfg.py:3253}}
Jul 06 13:42:46.967168 np0000004640 nova-scheduler[96347]: DEBUG cotyledon.oslo_config_glue [-] oslo_limit.auth_section = None {{(pid=96347) log_opt_values /opt/stack/data/venv/lib/python3.12/site-packages/oslo_config/cfg.py:3253}}
Jul 06 13:42:46.967168 np0000004640 nova-scheduler[96347]: DEBUG cotyledon.oslo_config_glue [-] oslo_limit.auth_type = None {{(pid=96347) log_opt_values /opt/stack/data/venv/lib/python3.12/site-packages/oslo_config/cfg.py:3253}}
Jul 06 13:42:46.967168 np0000004640 nova-scheduler[96347]: DEBUG cotyledon.oslo_config_glue [-] oslo_limit.cafile = None {{(pid=96347) log_opt_values /opt/stack/data/venv/lib/python3.12/site-packages/oslo_config/cfg.py:3253}}
Jul 06 13:42:46.967168 np0000004640 nova-scheduler[96347]: DEBUG cotyledon.oslo_config_glue [-] oslo_limit.certfile = None {{(pid=96347) log_opt_values /opt/stack/data/venv/lib/python3.12/site-packages/oslo_config/cfg.py:3253}}
Jul 06 13:42:46.967168 np0000004640 nova-scheduler[96347]: DEBUG cotyledon.oslo_config_glue [-] oslo_limit.collect_timing = False {{(pid=96347) log_opt_values /opt/stack/data/venv/lib/python3.12/site-packages/oslo_config/cfg.py:3253}}
Jul 06 13:42:46.967168 np0000004640 nova-scheduler[96347]: DEBUG cotyledon.oslo_config_glue [-] oslo_limit.connect_retries = None {{(pid=96347) log_opt_values /opt/stack/data/venv/lib/python3.12/site-packages/oslo_config/cfg.py:3253}}
Jul 06 13:42:46.967168 np0000004640 nova-scheduler[96347]: DEBUG cotyledon.oslo_config_glue [-] oslo_limit.connect_retry_delay = None {{(pid=96347) log_opt_values /opt/stack/data/venv/lib/python3.12/site-packages/oslo_config/cfg.py:3253}}
Jul 06 13:42:46.967349 np0000004640 nova-scheduler[96347]: DEBUG cotyledon.oslo_config_glue [-] oslo_limit.endpoint_id = None {{(pid=96347) log_opt_values /opt/stack/data/venv/lib/python3.12/site-packages/oslo_config/cfg.py:3253}}
Jul 06 13:42:46.967349 np0000004640 nova-scheduler[96347]: DEBUG cotyledon.oslo_config_glue [-] oslo_limit.endpoint_interface = public {{(pid=96347) log_opt_values /opt/stack/data/venv/lib/python3.12/site-packages/oslo_config/cfg.py:3253}}
Jul 06 13:42:46.967349 np0000004640 nova-scheduler[96347]: DEBUG cotyledon.oslo_config_glue [-] oslo_limit.endpoint_override = None {{(pid=96347) log_opt_values /opt/stack/data/venv/lib/python3.12/site-packages/oslo_config/cfg.py:3253}}
Jul 06 13:42:46.967349 np0000004640 nova-scheduler[96347]: DEBUG cotyledon.oslo_config_glue [-] oslo_limit.endpoint_region_name = None {{(pid=96347) log_opt_values /opt/stack/data/venv/lib/python3.12/site-packages/oslo_config/cfg.py:3253}}
Jul 06 13:42:46.967349 np0000004640 nova-scheduler[96347]: DEBUG cotyledon.oslo_config_glue [-] oslo_limit.endpoint_service_name = None {{(pid=96347) log_opt_values /opt/stack/data/venv/lib/python3.12/site-packages/oslo_config/cfg.py:3253}}
Jul 06 13:42:46.967349 np0000004640 nova-scheduler[96347]: DEBUG cotyledon.oslo_config_glue [-] oslo_limit.endpoint_service_type = None {{(pid=96347) log_opt_values /opt/stack/data/venv/lib/python3.12/site-packages/oslo_config/cfg.py:3253}}
Jul 06 13:42:46.967349 np0000004640 nova-scheduler[96347]: DEBUG cotyledon.oslo_config_glue [-] oslo_limit.insecure = False {{(pid=96347) log_opt_values /opt/stack/data/venv/lib/python3.12/site-packages/oslo_config/cfg.py:3253}}
Jul 06 13:42:46.967349 np0000004640 nova-scheduler[96347]: DEBUG cotyledon.oslo_config_glue [-] oslo_limit.keyfile = None {{(pid=96347) log_opt_values /opt/stack/data/venv/lib/python3.12/site-packages/oslo_config/cfg.py:3253}}
Jul 06 13:42:46.967349 np0000004640 nova-scheduler[96347]: DEBUG cotyledon.oslo_config_glue [-] oslo_limit.max_version = None {{(pid=96347) log_opt_values /opt/stack/data/venv/lib/python3.12/site-packages/oslo_config/cfg.py:3253}}
Jul 06 13:42:46.967554 np0000004640 nova-scheduler[96347]: DEBUG cotyledon.oslo_config_glue [-] oslo_limit.min_version = None {{(pid=96347) log_opt_values /opt/stack/data/venv/lib/python3.12/site-packages/oslo_config/cfg.py:3253}}
Jul 06 13:42:46.967554 np0000004640 nova-scheduler[96347]: DEBUG cotyledon.oslo_config_glue [-] oslo_limit.region_name = None {{(pid=96347) log_opt_values /opt/stack/data/venv/lib/python3.12/site-packages/oslo_config/cfg.py:3253}}
Jul 06 13:42:46.967554 np0000004640 nova-scheduler[96347]: DEBUG cotyledon.oslo_config_glue [-] oslo_limit.retriable_status_codes = None {{(pid=96347) log_opt_values /opt/stack/data/venv/lib/python3.12/site-packages/oslo_config/cfg.py:3253}}
Jul 06 13:42:46.967554 np0000004640 nova-scheduler[96347]: DEBUG cotyledon.oslo_config_glue [-] oslo_limit.service_name = None {{(pid=96347) log_opt_values /opt/stack/data/venv/lib/python3.12/site-packages/oslo_config/cfg.py:3253}}
Jul 06 13:42:46.967554 np0000004640 nova-scheduler[96347]: DEBUG cotyledon.oslo_config_glue [-] oslo_limit.service_type = None {{(pid=96347) log_opt_values /opt/stack/data/venv/lib/python3.12/site-packages/oslo_config/cfg.py:3253}}
Jul 06 13:42:46.967554 np0000004640 nova-scheduler[96347]: DEBUG cotyledon.oslo_config_glue [-] oslo_limit.split_loggers = False {{(pid=96347) log_opt_values /opt/stack/data/venv/lib/python3.12/site-packages/oslo_config/cfg.py:3253}}
Jul 06 13:42:46.967554 np0000004640 nova-scheduler[96347]: DEBUG cotyledon.oslo_config_glue [-] oslo_limit.status_code_retries = None {{(pid=96347) log_opt_values /opt/stack/data/venv/lib/python3.12/site-packages/oslo_config/cfg.py:3253}}
Jul 06 13:42:46.967554 np0000004640 nova-scheduler[96347]: DEBUG cotyledon.oslo_config_glue [-] oslo_limit.status_code_retry_delay = None {{(pid=96347) log_opt_values /opt/stack/data/venv/lib/python3.12/site-packages/oslo_config/cfg.py:3253}}
Jul 06 13:42:46.967554 np0000004640 nova-scheduler[96347]: DEBUG cotyledon.oslo_config_glue [-] oslo_limit.timeout = None {{(pid=96347) log_opt_values /opt/stack/data/venv/lib/python3.12/site-packages/oslo_config/cfg.py:3253}}
Jul 06 13:42:46.967730 np0000004640 nova-scheduler[96347]: DEBUG cotyledon.oslo_config_glue [-] oslo_limit.valid_interfaces = None {{(pid=96347) log_opt_values /opt/stack/data/venv/lib/python3.12/site-packages/oslo_config/cfg.py:3253}}
Jul 06 13:42:46.967730 np0000004640 nova-scheduler[96347]: DEBUG cotyledon.oslo_config_glue [-] oslo_limit.version = None {{(pid=96347) log_opt_values /opt/stack/data/venv/lib/python3.12/site-packages/oslo_config/cfg.py:3253}}
Jul 06 13:42:46.967730 np0000004640 nova-scheduler[96347]: DEBUG cotyledon.oslo_config_glue [-] oslo_reports.file_event_handler = None {{(pid=96347) log_opt_values /opt/stack/data/venv/lib/python3.12/site-packages/oslo_config/cfg.py:3253}}
Jul 06 13:42:46.967730 np0000004640 nova-scheduler[96347]: DEBUG cotyledon.oslo_config_glue [-] oslo_reports.file_event_handler_interval = 1 {{(pid=96347) log_opt_values /opt/stack/data/venv/lib/python3.12/site-packages/oslo_config/cfg.py:3253}}
Jul 06 13:42:46.967730 np0000004640 nova-scheduler[96347]: DEBUG cotyledon.oslo_config_glue [-] oslo_reports.log_dir = None {{(pid=96347) log_opt_values /opt/stack/data/venv/lib/python3.12/site-packages/oslo_config/cfg.py:3253}}
Jul 06 13:42:46.967730 np0000004640 nova-scheduler[96347]: DEBUG cotyledon.oslo_config_glue [-] ******************************************************************************** {{(pid=96347) log_opt_values /opt/stack/data/venv/lib/python3.12/site-packages/oslo_config/cfg.py:3260}}
Jul 06 13:42:46.967730 np0000004640 nova-scheduler[96347]: DEBUG cotyledon._service_worker [-] Run service ServiceWrapper(3) [96347] {{(pid=96347) wait_forever /opt/stack/data/venv/lib/python3.12/site-packages/cotyledon/_service_worker.py:218}}
Jul 06 13:42:46.967730 np0000004640 nova-scheduler[96347]: INFO nova.service [-] Starting scheduler node (version 33.1.0)
Jul 06 13:42:46.967730 np0000004640 nova-scheduler[96347]: INFO dbcounter [None req-0a848817-47c5-4bfb-a43f-2268844fe8ed None None] Registered counter for database nova_cell0
Jul 06 13:42:46.967957 np0000004640 nova-scheduler[96334]: DEBUG oslo_db.sqlalchemy.engines [None req-89bce6fa-4189-4864-b8a1-67cbb330007e None None] MySQL server mode set to STRICT_TRANS_TABLES,STRICT_ALL_TABLES,NO_ZERO_IN_DATE,NO_ZERO_DATE,ERROR_FOR_DIVISION_BY_ZERO,TRADITIONAL,NO_ENGINE_SUBSTITUTION {{(pid=96334) _check_effective_sql_mode /opt/stack/data/venv/lib/python3.12/site-packages/oslo_db/sqlalchemy/engines.py:325}}
Jul 06 13:42:46.967995 np0000004640 nova-scheduler[96345]: DEBUG oslo_db.sqlalchemy.engines [None req-9a583755-531c-4d95-ba95-6bb4a9094f11 None None] MySQL server mode set to STRICT_TRANS_TABLES,STRICT_ALL_TABLES,NO_ZERO_IN_DATE,NO_ZERO_DATE,ERROR_FOR_DIVISION_BY_ZERO,TRADITIONAL,NO_ENGINE_SUBSTITUTION {{(pid=96345) _check_effective_sql_mode /opt/stack/data/venv/lib/python3.12/site-packages/oslo_db/sqlalchemy/engines.py:325}}
Jul 06 13:42:46.968029 np0000004640 nova-scheduler[96343]: DEBUG oslo_db.sqlalchemy.engines [None req-14ebc5f1-1939-4fa1-9ece-10a9a0d91ad1 None None] MySQL server mode set to STRICT_TRANS_TABLES,STRICT_ALL_TABLES,NO_ZERO_IN_DATE,NO_ZERO_DATE,ERROR_FOR_DIVISION_BY_ZERO,TRADITIONAL,NO_ENGINE_SUBSTITUTION {{(pid=96343) _check_effective_sql_mode /opt/stack/data/venv/lib/python3.12/site-packages/oslo_db/sqlalchemy/engines.py:325}}
Jul 06 13:42:46.970290 np0000004640 nova-scheduler[96334]: DEBUG dbcounter [-] [96334] Writer thread running {{(pid=96334) stat_writer /opt/stack/data/venv/lib/python3.12/site-packages/dbcounter.py:102}}
Jul 06 13:42:46.974116 np0000004640 nova-scheduler[96345]: DEBUG dbcounter [-] [96345] Writer thread running {{(pid=96345) stat_writer /opt/stack/data/venv/lib/python3.12/site-packages/dbcounter.py:102}}
Jul 06 13:42:46.975518 np0000004640 nova-scheduler[96343]: DEBUG dbcounter [-] [96343] Writer thread running {{(pid=96343) stat_writer /opt/stack/data/venv/lib/python3.12/site-packages/dbcounter.py:102}}
Jul 06 13:42:46.980093 np0000004640 nova-scheduler[96347]: DEBUG oslo_db.sqlalchemy.engines [None req-0a848817-47c5-4bfb-a43f-2268844fe8ed None None] MySQL server mode set to STRICT_TRANS_TABLES,STRICT_ALL_TABLES,NO_ZERO_IN_DATE,NO_ZERO_DATE,ERROR_FOR_DIVISION_BY_ZERO,TRADITIONAL,NO_ENGINE_SUBSTITUTION {{(pid=96347) _check_effective_sql_mode /opt/stack/data/venv/lib/python3.12/site-packages/oslo_db/sqlalchemy/engines.py:325}}
Jul 06 13:42:46.986311 np0000004640 nova-scheduler[96334]: DEBUG nova.service [None req-89bce6fa-4189-4864-b8a1-67cbb330007e None None] Creating RPC server for service: nova-scheduler on topic: scheduler {{(pid=96334) start /opt/stack/nova/nova/service.py:196}}
Jul 06 13:42:46.990772 np0000004640 nova-scheduler[96345]: DEBUG nova.service [None req-9a583755-531c-4d95-ba95-6bb4a9094f11 None None] Creating RPC server for service: nova-scheduler on topic: scheduler {{(pid=96345) start /opt/stack/nova/nova/service.py:196}}
Jul 06 13:42:46.990918 np0000004640 nova-scheduler[96347]: DEBUG dbcounter [-] [96347] Writer thread running {{(pid=96347) stat_writer /opt/stack/data/venv/lib/python3.12/site-packages/dbcounter.py:102}}
Jul 06 13:42:46.990969 np0000004640 nova-scheduler[96343]: DEBUG nova.service [None req-14ebc5f1-1939-4fa1-9ece-10a9a0d91ad1 None None] Creating RPC server for service: nova-scheduler on topic: scheduler {{(pid=96343) start /opt/stack/nova/nova/service.py:196}}
Jul 06 13:42:46.993681 np0000004640 nova-scheduler[96347]: DEBUG nova.service [None req-0a848817-47c5-4bfb-a43f-2268844fe8ed None None] Creating RPC server for service: nova-scheduler on topic: scheduler {{(pid=96347) start /opt/stack/nova/nova/service.py:196}}
Jul 06 13:42:47.014308 np0000004640 nova-scheduler[96343]: DEBUG nova.service [None req-14ebc5f1-1939-4fa1-9ece-10a9a0d91ad1 None None] Join ServiceGroup membership for this service scheduler {{(pid=96343) start /opt/stack/nova/nova/service.py:222}}
Jul 06 13:42:47.014436 np0000004640 nova-scheduler[96343]: DEBUG nova.servicegroup.drivers.db [None req-14ebc5f1-1939-4fa1-9ece-10a9a0d91ad1 None None] DB_Driver: join new ServiceGroup member np0000004640 to the scheduler group, service = {{(pid=96343) join /opt/stack/nova/nova/servicegroup/drivers/db.py:44}}
Jul 06 13:42:47.014518 np0000004640 nova-scheduler[96347]: DEBUG nova.service [None req-0a848817-47c5-4bfb-a43f-2268844fe8ed None None] Join ServiceGroup membership for this service scheduler {{(pid=96347) start /opt/stack/nova/nova/service.py:222}}
Jul 06 13:42:47.014712 np0000004640 nova-scheduler[96347]: DEBUG nova.servicegroup.drivers.db [None req-0a848817-47c5-4bfb-a43f-2268844fe8ed None None] DB_Driver: join new ServiceGroup member np0000004640 to the scheduler group, service = {{(pid=96347) join /opt/stack/nova/nova/servicegroup/drivers/db.py:44}}
Jul 06 13:42:47.019578 np0000004640 nova-scheduler[96345]: DEBUG nova.service [None req-9a583755-531c-4d95-ba95-6bb4a9094f11 None None] Join ServiceGroup membership for this service scheduler {{(pid=96345) start /opt/stack/nova/nova/service.py:222}}
Jul 06 13:42:47.019740 np0000004640 nova-scheduler[96345]: DEBUG nova.servicegroup.drivers.db [None req-9a583755-531c-4d95-ba95-6bb4a9094f11 None None] DB_Driver: join new ServiceGroup member np0000004640 to the scheduler group, service = {{(pid=96345) join /opt/stack/nova/nova/servicegroup/drivers/db.py:44}}
Jul 06 13:42:47.022063 np0000004640 nova-scheduler[96334]: DEBUG nova.service [None req-89bce6fa-4189-4864-b8a1-67cbb330007e None None] Join ServiceGroup membership for this service scheduler {{(pid=96334) start /opt/stack/nova/nova/service.py:222}}
Jul 06 13:42:47.022400 np0000004640 nova-scheduler[96334]: DEBUG nova.servicegroup.drivers.db [None req-89bce6fa-4189-4864-b8a1-67cbb330007e None None] DB_Driver: join new ServiceGroup member np0000004640 to the scheduler group, service = {{(pid=96334) join /opt/stack/nova/nova/servicegroup/drivers/db.py:44}}
Jul 06 13:42:52.030757 np0000004640 nova-scheduler[96343]: DEBUG oslo.service.backend._threading.loopingcall [-] Fixed interval looping call 'nova.servicegroup.drivers.db.DbDriver._report_state' sleeping for 119.99 seconds {{(pid=96343) _run_loop /opt/stack/data/venv/lib/python3.12/site-packages/oslo_service/backend/_threading/loopingcall.py:125}}
Jul 06 13:42:52.031799 np0000004640 nova-scheduler[96347]: DEBUG oslo.service.backend._threading.loopingcall [-] Fixed interval looping call 'nova.servicegroup.drivers.db.DbDriver._report_state' sleeping for 119.98 seconds {{(pid=96347) _run_loop /opt/stack/data/venv/lib/python3.12/site-packages/oslo_service/backend/_threading/loopingcall.py:125}}
Jul 06 13:42:52.032880 np0000004640 nova-scheduler[96334]: DEBUG oslo.service.backend._threading.loopingcall [-] Fixed interval looping call 'nova.servicegroup.drivers.db.DbDriver._report_state' sleeping for 119.99 seconds {{(pid=96334) _run_loop /opt/stack/data/venv/lib/python3.12/site-packages/oslo_service/backend/_threading/loopingcall.py:125}}
Jul 06 13:42:52.033405 np0000004640 nova-scheduler[96345]: DEBUG oslo.service.backend._threading.loopingcall [-] Fixed interval looping call 'nova.servicegroup.drivers.db.DbDriver._report_state' sleeping for 119.99 seconds {{(pid=96345) _run_loop /opt/stack/data/venv/lib/python3.12/site-packages/oslo_service/backend/_threading/loopingcall.py:125}}
Jul 06 13:42:55.541352 np0000004640 nova-scheduler[95063]: DEBUG dbcounter [-] [95063] Writing DB stats nova_api:SELECT=3 {{(pid=95063) stat_writer /opt/stack/data/venv/lib/python3.12/site-packages/dbcounter.py:115}}
Jul 06 13:42:55.691144 np0000004640 nova-scheduler[95063]: DEBUG dbcounter [-] [95063] Writing DB stats nova_cell0:SELECT=1 {{(pid=95063) stat_writer /opt/stack/data/venv/lib/python3.12/site-packages/dbcounter.py:115}}
Jul 06 13:42:55.695205 np0000004640 nova-scheduler[95063]: DEBUG dbcounter [-] [95063] Writing DB stats nova_cell1:SELECT=1 {{(pid=95063) stat_writer /opt/stack/data/venv/lib/python3.12/site-packages/dbcounter.py:115}}
Jul 06 13:43:02.025694 np0000004640 nova-scheduler[96343]: DEBUG dbcounter [-] [96343] Writing DB stats nova_cell0:SELECT=5,nova_cell0:INSERT=1,nova_cell0:UPDATE=1 {{(pid=96343) stat_writer /opt/stack/data/venv/lib/python3.12/site-packages/dbcounter.py:115}}
Jul 06 13:43:02.029071 np0000004640 nova-scheduler[96347]: DEBUG dbcounter [-] [96347] Writing DB stats nova_cell0:SELECT=3,nova_cell0:UPDATE=1 {{(pid=96347) stat_writer /opt/stack/data/venv/lib/python3.12/site-packages/dbcounter.py:115}}
Jul 06 13:43:02.030802 np0000004640 nova-scheduler[96334]: DEBUG dbcounter [-] [96334] Writing DB stats nova_cell0:SELECT=4,nova_cell0:INSERT=1 {{(pid=96334) stat_writer /opt/stack/data/venv/lib/python3.12/site-packages/dbcounter.py:115}}
Jul 06 13:43:02.031952 np0000004640 nova-scheduler[96345]: DEBUG dbcounter [-] [96345] Writing DB stats nova_cell0:SELECT=5,nova_cell0:INSERT=1,nova_cell0:UPDATE=1 {{(pid=96345) stat_writer /opt/stack/data/venv/lib/python3.12/site-packages/dbcounter.py:115}}
Jul 06 13:43:10.021491 np0000004640 nova-scheduler[96345]: DEBUG oslo.service.backend._threading.loopingcall [None req-8d7fc280-2489-43b1-8441-7b8506d463ab None None] Dynamic interval looping call 'nova.service.Service.periodic_tasks' sleeping for 60.00 seconds {{(pid=96345) _run_loop /opt/stack/data/venv/lib/python3.12/site-packages/oslo_service/backend/_threading/loopingcall.py:125}}
Jul 06 13:43:24.016382 np0000004640 nova-scheduler[96343]: DEBUG oslo.service.backend._threading.loopingcall [None req-3f2801d2-a691-47b0-af5d-88460ca5d7dc None None] Dynamic interval looping call 'nova.service.Service.periodic_tasks' sleeping for 60.00 seconds {{(pid=96343) _run_loop /opt/stack/data/venv/lib/python3.12/site-packages/oslo_service/backend/_threading/loopingcall.py:125}}
Jul 06 13:43:42.016455 np0000004640 nova-scheduler[96347]: DEBUG oslo.service.backend._threading.loopingcall [None req-419ffe9b-8e26-4c40-b477-3e4b191d01ab None None] Dynamic interval looping call 'nova.service.Service.periodic_tasks' sleeping for 60.00 seconds {{(pid=96347) _run_loop /opt/stack/data/venv/lib/python3.12/site-packages/oslo_service/backend/_threading/loopingcall.py:125}}
Jul 06 13:43:46.024193 np0000004640 nova-scheduler[96334]: DEBUG oslo.service.backend._threading.loopingcall [None req-533a1f46-4c0b-4906-90aa-d33a5069fe95 None None] Dynamic interval looping call 'nova.service.Service.periodic_tasks' sleeping for 60.00 seconds {{(pid=96334) _run_loop /opt/stack/data/venv/lib/python3.12/site-packages/oslo_service/backend/_threading/loopingcall.py:125}}
Jul 06 13:44:10.021913 np0000004640 nova-scheduler[96345]: DEBUG oslo.service.backend._threading.loopingcall [None req-8d7fc280-2489-43b1-8441-7b8506d463ab None None] Dynamic interval looping call 'nova.service.Service.periodic_tasks' sleeping for 60.00 seconds {{(pid=96345) _run_loop /opt/stack/data/venv/lib/python3.12/site-packages/oslo_service/backend/_threading/loopingcall.py:125}}
Jul 06 13:44:24.016932 np0000004640 nova-scheduler[96343]: DEBUG oslo.service.backend._threading.loopingcall [None req-3f2801d2-a691-47b0-af5d-88460ca5d7dc None None] Dynamic interval looping call 'nova.service.Service.periodic_tasks' sleeping for 60.00 seconds {{(pid=96343) _run_loop /opt/stack/data/venv/lib/python3.12/site-packages/oslo_service/backend/_threading/loopingcall.py:125}}
Jul 06 13:44:42.017277 np0000004640 nova-scheduler[96347]: DEBUG oslo.service.backend._threading.loopingcall [None req-419ffe9b-8e26-4c40-b477-3e4b191d01ab None None] Dynamic interval looping call 'nova.service.Service.periodic_tasks' sleeping for 60.00 seconds {{(pid=96347) _run_loop /opt/stack/data/venv/lib/python3.12/site-packages/oslo_service/backend/_threading/loopingcall.py:125}}
Jul 06 13:44:46.024841 np0000004640 nova-scheduler[96334]: DEBUG oslo.service.backend._threading.loopingcall [None req-533a1f46-4c0b-4906-90aa-d33a5069fe95 None None] Dynamic interval looping call 'nova.service.Service.periodic_tasks' sleeping for 60.00 seconds {{(pid=96334) _run_loop /opt/stack/data/venv/lib/python3.12/site-packages/oslo_service/backend/_threading/loopingcall.py:125}}
Jul 06 13:44:52.023861 np0000004640 nova-scheduler[96347]: DEBUG oslo.service.backend._threading.loopingcall [-] Fixed interval looping call 'nova.servicegroup.drivers.db.DbDriver._report_state' sleeping for 119.99 seconds {{(pid=96347) _run_loop /opt/stack/data/venv/lib/python3.12/site-packages/oslo_service/backend/_threading/loopingcall.py:125}}
Jul 06 13:44:52.027227 np0000004640 nova-scheduler[96343]: DEBUG oslo.service.backend._threading.loopingcall [-] Fixed interval looping call 'nova.servicegroup.drivers.db.DbDriver._report_state' sleeping for 119.99 seconds {{(pid=96343) _run_loop /opt/stack/data/venv/lib/python3.12/site-packages/oslo_service/backend/_threading/loopingcall.py:125}}
Jul 06 13:44:52.027851 np0000004640 nova-scheduler[96334]: DEBUG oslo.service.backend._threading.loopingcall [-] Fixed interval looping call 'nova.servicegroup.drivers.db.DbDriver._report_state' sleeping for 120.00 seconds {{(pid=96334) _run_loop /opt/stack/data/venv/lib/python3.12/site-packages/oslo_service/backend/_threading/loopingcall.py:125}}
Jul 06 13:44:52.030264 np0000004640 nova-scheduler[96345]: DEBUG oslo.service.backend._threading.loopingcall [-] Fixed interval looping call 'nova.servicegroup.drivers.db.DbDriver._report_state' sleeping for 119.99 seconds {{(pid=96345) _run_loop /opt/stack/data/venv/lib/python3.12/site-packages/oslo_service/backend/_threading/loopingcall.py:125}}
Jul 06 13:45:02.016778 np0000004640 nova-scheduler[96347]: DEBUG dbcounter [-] [96347] Writing DB stats nova_cell0:SELECT=1,nova_cell0:UPDATE=1 {{(pid=96347) stat_writer /opt/stack/data/venv/lib/python3.12/site-packages/dbcounter.py:115}}
Jul 06 13:45:02.024003 np0000004640 nova-scheduler[96343]: DEBUG dbcounter [-] [96343] Writing DB stats nova_cell0:SELECT=1 {{(pid=96343) stat_writer /opt/stack/data/venv/lib/python3.12/site-packages/dbcounter.py:115}}
Jul 06 13:45:02.025294 np0000004640 nova-scheduler[96334]: DEBUG dbcounter [-] [96334] Writing DB stats nova_cell0:SELECT=1 {{(pid=96334) stat_writer /opt/stack/data/venv/lib/python3.12/site-packages/dbcounter.py:115}}
Jul 06 13:45:02.027426 np0000004640 nova-scheduler[96345]: DEBUG dbcounter [-] [96345] Writing DB stats nova_cell0:SELECT=1 {{(pid=96345) stat_writer /opt/stack/data/venv/lib/python3.12/site-packages/dbcounter.py:115}}
Jul 06 13:45:05.559463 np0000004640 nova-scheduler[96343]: DEBUG nova.scheduler.manager [None req-dd7c8936-44d0-4f29-8481-459fba9f50dd tempest-ServerActionsTestOtherB-1581949369 tempest-ServerActionsTestOtherB-1581949369-project-member] Starting to schedule for instances: ['25909c58-8bae-4ce3-ac40-da8677e27ab3'] {{(pid=96343) select_destinations /opt/stack/nova/nova/scheduler/manager.py:209}}
Jul 06 13:45:05.560418 np0000004640 nova-scheduler[96343]: DEBUG nova.scheduler.request_filter [None req-dd7c8936-44d0-4f29-8481-459fba9f50dd tempest-ServerActionsTestOtherB-1581949369 tempest-ServerActionsTestOtherB-1581949369-project-member] compute_status_filter request filter added forbidden trait COMPUTE_STATUS_DISABLED {{(pid=96343) compute_status_filter /opt/stack/nova/nova/scheduler/request_filter.py:253}}
Jul 06 13:45:05.560575 np0000004640 nova-scheduler[96343]: DEBUG nova.scheduler.request_filter [None req-dd7c8936-44d0-4f29-8481-459fba9f50dd tempest-ServerActionsTestOtherB-1581949369 tempest-ServerActionsTestOtherB-1581949369-project-member] Request filter 'compute_status_filter' took 0.0 seconds {{(pid=96343) wrapper /opt/stack/nova/nova/scheduler/request_filter.py:46}}
Jul 06 13:45:05.560844 np0000004640 nova-scheduler[96343]: DEBUG nova.scheduler.request_filter [None req-dd7c8936-44d0-4f29-8481-459fba9f50dd tempest-ServerActionsTestOtherB-1581949369 tempest-ServerActionsTestOtherB-1581949369-project-member] Request filter 'accelerators_filter' took 0.0 seconds {{(pid=96343) wrapper /opt/stack/nova/nova/scheduler/request_filter.py:46}}
Jul 06 13:45:05.562366 np0000004640 nova-scheduler[96343]: DEBUG nova.scheduler.request_filter [None req-dd7c8936-44d0-4f29-8481-459fba9f50dd tempest-ServerActionsTestOtherB-1581949369 tempest-ServerActionsTestOtherB-1581949369-project-member] Request filter 'packed_virtqueue_filter' took 0.0 seconds {{(pid=96343) wrapper /opt/stack/nova/nova/scheduler/request_filter.py:46}}
Jul 06 13:45:05.562366 np0000004640 nova-scheduler[96343]: DEBUG nova.scheduler.request_filter [None req-dd7c8936-44d0-4f29-8481-459fba9f50dd tempest-ServerActionsTestOtherB-1581949369 tempest-ServerActionsTestOtherB-1581949369-project-member] Request filter 'remote_managed_ports_filter' took 0.0 seconds {{(pid=96343) wrapper /opt/stack/nova/nova/scheduler/request_filter.py:46}}
Jul 06 13:45:05.562366 np0000004640 nova-scheduler[96343]: DEBUG nova.scheduler.request_filter [None req-dd7c8936-44d0-4f29-8481-459fba9f50dd tempest-ServerActionsTestOtherB-1581949369 tempest-ServerActionsTestOtherB-1581949369-project-member] ephemeral_encryption_filter skipped {{(pid=96343) ephemeral_encryption_filter /opt/stack/nova/nova/scheduler/request_filter.py:426}}
Jul 06 13:45:05.562366 np0000004640 nova-scheduler[96343]: DEBUG nova.scheduler.request_filter [None req-dd7c8936-44d0-4f29-8481-459fba9f50dd tempest-ServerActionsTestOtherB-1581949369 tempest-ServerActionsTestOtherB-1581949369-project-member] virtio_sound_filter skipped {{(pid=96343) virtio_sound_filter /opt/stack/nova/nova/scheduler/request_filter.py:460}}
Jul 06 13:45:05.562366 np0000004640 nova-scheduler[96343]: DEBUG nova.scheduler.request_filter [None req-dd7c8936-44d0-4f29-8481-459fba9f50dd tempest-ServerActionsTestOtherB-1581949369 tempest-ServerActionsTestOtherB-1581949369-project-member] tpm_secret_security_filter skipped {{(pid=96343) tpm_secret_security_filter /opt/stack/nova/nova/scheduler/request_filter.py:477}}
Jul 06 13:45:06.179092 np0000004640 nova-scheduler[96343]: INFO nova.utils [None req-dd7c8936-44d0-4f29-8481-459fba9f50dd tempest-ServerActionsTestOtherB-1581949369 tempest-ServerActionsTestOtherB-1581949369-project-member] The cell worker thread pool ForkProcess-2.cell_worker is initialized
Jul 06 13:45:06.179305 np0000004640 nova-scheduler[96343]: DEBUG oslo_concurrency.lockutils [None req-dd7c8936-44d0-4f29-8481-459fba9f50dd tempest-ServerActionsTestOtherB-1581949369 tempest-ServerActionsTestOtherB-1581949369-project-member] Acquiring lock "6429d7e2-9ea9-454e-b78f-4e3e81ee58fc" by "nova.context.set_target_cell..get_or_set_cached_cell_and_set_connections" {{(pid=96343) inner /opt/stack/data/venv/lib/python3.12/site-packages/oslo_concurrency/lockutils.py:511}}
Jul 06 13:45:06.179477 np0000004640 nova-scheduler[96343]: DEBUG oslo_concurrency.lockutils [None req-dd7c8936-44d0-4f29-8481-459fba9f50dd tempest-ServerActionsTestOtherB-1581949369 tempest-ServerActionsTestOtherB-1581949369-project-member] Lock "6429d7e2-9ea9-454e-b78f-4e3e81ee58fc" acquired by "nova.context.set_target_cell..get_or_set_cached_cell_and_set_connections" :: waited 0.000s {{(pid=96343) inner /opt/stack/data/venv/lib/python3.12/site-packages/oslo_concurrency/lockutils.py:524}}
Jul 06 13:45:06.181586 np0000004640 nova-scheduler[96343]: DEBUG oslo_concurrency.lockutils [None req-dd7c8936-44d0-4f29-8481-459fba9f50dd tempest-ServerActionsTestOtherB-1581949369 tempest-ServerActionsTestOtherB-1581949369-project-member] Lock "6429d7e2-9ea9-454e-b78f-4e3e81ee58fc" "released" by "nova.context.set_target_cell..get_or_set_cached_cell_and_set_connections" :: held 0.001s {{(pid=96343) inner /opt/stack/data/venv/lib/python3.12/site-packages/oslo_concurrency/lockutils.py:543}}
Jul 06 13:45:06.184013 np0000004640 nova-scheduler[96343]: INFO dbcounter [None req-dd7c8936-44d0-4f29-8481-459fba9f50dd tempest-ServerActionsTestOtherB-1581949369 tempest-ServerActionsTestOtherB-1581949369-project-member] Registered counter for database nova_cell1
Jul 06 13:45:06.236999 np0000004640 nova-scheduler[96343]: DEBUG oslo_db.sqlalchemy.engines [None req-dd7c8936-44d0-4f29-8481-459fba9f50dd tempest-ServerActionsTestOtherB-1581949369 tempest-ServerActionsTestOtherB-1581949369-project-member] MySQL server mode set to STRICT_TRANS_TABLES,STRICT_ALL_TABLES,NO_ZERO_IN_DATE,NO_ZERO_DATE,ERROR_FOR_DIVISION_BY_ZERO,TRADITIONAL,NO_ENGINE_SUBSTITUTION {{(pid=96343) _check_effective_sql_mode /opt/stack/data/venv/lib/python3.12/site-packages/oslo_db/sqlalchemy/engines.py:325}}
Jul 06 13:45:06.244234 np0000004640 nova-scheduler[96343]: DEBUG dbcounter [-] [96343] Writer thread running {{(pid=96343) stat_writer /opt/stack/data/venv/lib/python3.12/site-packages/dbcounter.py:102}}
Jul 06 13:45:06.264846 np0000004640 nova-scheduler[96343]: DEBUG oslo_db.sqlalchemy.engines [None req-dd7c8936-44d0-4f29-8481-459fba9f50dd tempest-ServerActionsTestOtherB-1581949369 tempest-ServerActionsTestOtherB-1581949369-project-member] Parent process 95063 forked (96343) with an open database connection, which is being discarded and recreated. {{(pid=96343) checkout /opt/stack/data/venv/lib/python3.12/site-packages/oslo_db/sqlalchemy/engines.py:402}}
Jul 06 13:45:06.317945 np0000004640 nova-scheduler[96343]: DEBUG dbcounter [-] [96343] Writer thread running {{(pid=96343) stat_writer /opt/stack/data/venv/lib/python3.12/site-packages/dbcounter.py:102}}
Jul 06 13:45:06.321176 np0000004640 nova-scheduler[96343]: DEBUG oslo_concurrency.lockutils [None req-dd7c8936-44d0-4f29-8481-459fba9f50dd tempest-ServerActionsTestOtherB-1581949369 tempest-ServerActionsTestOtherB-1581949369-project-member] Acquiring lock "6429d7e2-9ea9-454e-b78f-4e3e81ee58fc" by "nova.context.set_target_cell..get_or_set_cached_cell_and_set_connections" {{(pid=96343) inner /opt/stack/data/venv/lib/python3.12/site-packages/oslo_concurrency/lockutils.py:511}}
Jul 06 13:45:06.321348 np0000004640 nova-scheduler[96343]: DEBUG oslo_concurrency.lockutils [None req-dd7c8936-44d0-4f29-8481-459fba9f50dd tempest-ServerActionsTestOtherB-1581949369 tempest-ServerActionsTestOtherB-1581949369-project-member] Lock "6429d7e2-9ea9-454e-b78f-4e3e81ee58fc" acquired by "nova.context.set_target_cell..get_or_set_cached_cell_and_set_connections" :: waited 0.000s {{(pid=96343) inner /opt/stack/data/venv/lib/python3.12/site-packages/oslo_concurrency/lockutils.py:524}}
Jul 06 13:45:06.321480 np0000004640 nova-scheduler[96343]: DEBUG oslo_concurrency.lockutils [None req-dd7c8936-44d0-4f29-8481-459fba9f50dd tempest-ServerActionsTestOtherB-1581949369 tempest-ServerActionsTestOtherB-1581949369-project-member] Lock "6429d7e2-9ea9-454e-b78f-4e3e81ee58fc" "released" by "nova.context.set_target_cell..get_or_set_cached_cell_and_set_connections" :: held 0.000s {{(pid=96343) inner /opt/stack/data/venv/lib/python3.12/site-packages/oslo_concurrency/lockutils.py:543}}
Jul 06 13:45:06.326991 np0000004640 nova-scheduler[96343]: DEBUG oslo_concurrency.lockutils [None req-dd7c8936-44d0-4f29-8481-459fba9f50dd tempest-ServerActionsTestOtherB-1581949369 tempest-ServerActionsTestOtherB-1581949369-project-member] Acquiring lock "np0000004640-np0000004640" by "nova.scheduler.host_manager.HostState.update.._locked_update" {{(pid=96343) inner /opt/stack/data/venv/lib/python3.12/site-packages/oslo_concurrency/lockutils.py:511}}
Jul 06 13:45:06.327171 np0000004640 nova-scheduler[96343]: DEBUG oslo_concurrency.lockutils [None req-dd7c8936-44d0-4f29-8481-459fba9f50dd tempest-ServerActionsTestOtherB-1581949369 tempest-ServerActionsTestOtherB-1581949369-project-member] Lock "np0000004640-np0000004640" acquired by "nova.scheduler.host_manager.HostState.update.._locked_update" :: waited 0.000s {{(pid=96343) inner /opt/stack/data/venv/lib/python3.12/site-packages/oslo_concurrency/lockutils.py:524}}
Jul 06 13:45:06.328264 np0000004640 nova-scheduler[96343]: DEBUG nova.scheduler.host_manager [None req-dd7c8936-44d0-4f29-8481-459fba9f50dd tempest-ServerActionsTestOtherB-1581949369 tempest-ServerActionsTestOtherB-1581949369-project-member] Update host state from compute node: ComputeNode(cpu_allocation_ratio=4.0,cpu_info='{"arch": "x86_64", "model": "EPYC-Milan", "vendor": "AMD", "topology": {"cells": 1, "sockets": 16, "cores": 1, "threads": 1}, "maxphysaddr": {"mode": "emulate", "bits": 40}, "features": ["vmcb-clean", "null-sel-clr-base", "hypervisor", "sse2", "spec-ctrl", "fxsr_opt", "pause-filter", "vme", "arch-capabilities", "aes", "pse", "misalignsse", "sep", "xgetbv1", "amd-psfd", "sse4.1", "clwb", "fsrm", "pku", "fpu", "amd-ssbd", "mca", "sse4.2", "mmxext", "clflushopt", "de", "apic", "xsave", "cmov", "lahf_lm", "perfctr_core", "tsc_adjust", "mtrr", "3dnowprefetch", "nx", "smep", "flushbyasid", "sse", "no-nested-data-bp", "tsc-scale", "rdrand", "umip", "stibp", "cmp_legacy", "adx", "cx8", "ibrs", "popcnt", "wbnoinvd", "stibp-always-on", "abm", "arat", "avx", "pfthreshold", "mmx", "nrip-save", "pcid", "clflush", "xsaveopt", "rdseed", "vpclmulqdq", "pclmuldq", "tsc-deadline", "ibpb", "virt-ssbd", "ssbd", "svme-addr-chk", "pschange-mc-no", "clzero", "smap", "pdpe1gb", "topoext", "erms", "invpcid", "cx16", "lbrv", "mce", "xsavec", "svm", "v-vmsave-vmload", "ssse3", "npt", "lm", "rdtscp", "xsaves", "fsgsbase", "rdctl-no", "pae", "bmi1", "avx2", "movbe", "pat", "pge", "lfence-always-serializing", "syscall", "fma", "x2apic", "msr", "osvw", "pse36", "skip-l1dfl-vmentry", "rdpid", "sha-ni", "vgif", "bmi2", "xsaveerptr", "mds-no", "pni", "tsc", "f16c", "vaes", "gds-no", "sse4a", "cr8legacy", "fxsr", "amd-stibp"]}',created_at=2026-07-06T13:43:12Z,current_workload=0,deleted=False,deleted_at=None,disk_allocation_ratio=1.0,disk_available_least=74,free_disk_gb=95,free_ram_mb=63789,host='np0000004640',host_ip=10.4.3.160,hypervisor_hostname='np0000004640',hypervisor_type='QEMU',hypervisor_version=8002002,id=1,local_gb=95,local_gb_used=0,mapped=1,memory_mb=64301,memory_mb_used=512,metrics='[]',numa_topology='{"nova_object.name": "NUMATopology", "nova_object.namespace": "nova", "nova_object.version": "1.2", "nova_object.data": {"cells": [{"nova_object.name": "NUMACell", "nova_object.namespace": "nova", "nova_object.version": "1.5", "nova_object.data": {"id": 0, "cpuset": [0, 1, 2, 3, 4, 5, 6, 7, 8, 9, 10, 11, 12, 13, 14, 15], "pcpuset": [0, 1, 2, 3, 4, 5, 6, 7, 8, 9, 10, 11, 12, 13, 14, 15], "memory": 64301, "cpu_usage": 0, "memory_usage": 0, "pinned_cpus": [], "siblings": [[6], [12], [2], [15], [5], [11], [8], [14], [4], [1], [7], [10], [0], [13], [3], [9]], "mempages": [{"nova_object.name": "NUMAPagesTopology", "nova_object.namespace": "nova", "nova_object.version": "1.1", "nova_object.data": {"size_kb": 4, "total": 16461069, "used": 0, "reserved": 0}, "nova_object.changes": ["size_kb", "used", "total", "reserved"]}, {"nova_object.name": "NUMAPagesTopology", "nova_object.namespace": "nova", "nova_object.version": "1.1", "nova_object.data": {"size_kb": 2048, "total": 0, "used": 0, "reserved": 0}, "nova_object.changes": ["size_kb", "used", "total", "reserved"]}, {"nova_object.name": "NUMAPagesTopology", "nova_object.namespace": "nova", "nova_object.version": "1.1", "nova_object.data": {"size_kb": 1048576, "total": 0, "used": 0, "reserved": 0}, "nova_object.changes": ["size_kb", "used", "total", "reserved"]}], "network_metadata": {"nova_object.name": "NetworkMetadata", "nova_object.namespace": "nova", "nova_object.version": "1.0", "nova_object.data": {"physnets": [], "tunneled": false}, "nova_object.changes": ["tunneled", "physnets"]}, "socket": null}, "nova_object.changes": ["mempages", "memory", "memory_usage", "cpuset", "cpu_usage", "pinned_cpus", "network_metadata", "id", "pcpuset", "siblings", "socket"]}]}, "nova_object.changes": ["cells"]}',pci_device_pools=PciDevicePoolList,ram_allocation_ratio=1.0,running_vms=0,service_id=3,stats={failed_builds='0',uptime=' 13:44:58 up 26 min, 2 users, load average: 3.18, 1.96, 1.05
Jul 06 13:45:06.328264 np0000004640 nova-scheduler[96343]: '},supported_hv_specs=[HVSpec,HVSpec,HVSpec,HVSpec,HVSpec,HVSpec,HVSpec,HVSpec,HVSpec,HVSpec,HVSpec,HVSpec,HVSpec,HVSpec,HVSpec,HVSpec,HVSpec,HVSpec,HVSpec,HVSpec,HVSpec,HVSpec,HVSpec,HVSpec,HVSpec],updated_at=2026-07-06T13:45:00Z,uuid=74930331-b2ec-41bd-a578-0c9f1820eaef,vcpus=16,vcpus_used=0) {{(pid=96343) _locked_update /opt/stack/nova/nova/scheduler/host_manager.py:168}}
Jul 06 13:45:06.329128 np0000004640 nova-scheduler[96343]: DEBUG nova.scheduler.host_manager [None req-dd7c8936-44d0-4f29-8481-459fba9f50dd tempest-ServerActionsTestOtherB-1581949369 tempest-ServerActionsTestOtherB-1581949369-project-member] Update host state with aggregates: [] {{(pid=96343) _locked_update /opt/stack/nova/nova/scheduler/host_manager.py:171}}
