May 22 10:16:54.003760 np0000001250 systemd[1]: Starting devstack@n-api.service - Devstack devstack@n-api.service...
May 22 10:16:54.008732 np0000001250 devstack@n-api.service[86631]: [uWSGI] getting INI configuration from /etc/nova/nova-api-uwsgi.ini
May 22 10:16:54.010929 np0000001250 devstack@n-api.service[86631]: *** Starting uWSGI 2.0.24-debian (64bit) on [Fri May 22 10:16:54 2026] ***
May 22 10:16:54.010929 np0000001250 devstack@n-api.service[86631]: compiled with version: 13.2.0 on 17 April 2024 16:23:48
May 22 10:16:54.010929 np0000001250 devstack@n-api.service[86631]: os: Linux-6.8.0-100-generic #100-Ubuntu SMP PREEMPT_DYNAMIC Tue Jan 13 16:40:06 UTC 2026
May 22 10:16:54.010929 np0000001250 devstack@n-api.service[86631]: nodename: np0000001250
May 22 10:16:54.010929 np0000001250 devstack@n-api.service[86631]: machine: x86_64
May 22 10:16:54.010929 np0000001250 devstack@n-api.service[86631]: clock source: unix
May 22 10:16:54.010929 np0000001250 devstack@n-api.service[86631]: pcre jit disabled
May 22 10:16:54.010929 np0000001250 devstack@n-api.service[86631]: detected number of CPU cores: 12
May 22 10:16:54.010929 np0000001250 devstack@n-api.service[86631]: current working directory: /
May 22 10:16:54.010929 np0000001250 devstack@n-api.service[86631]: detected binary path: /usr/bin/uwsgi-core
May 22 10:16:54.010929 np0000001250 devstack@n-api.service[86631]: your processes number limit is 95969
May 22 10:16:54.010929 np0000001250 devstack@n-api.service[86631]: your memory page size is 4096 bytes
May 22 10:16:54.010929 np0000001250 devstack@n-api.service[86631]: detected max file descriptor number: 2048
May 22 10:16:54.010929 np0000001250 devstack@n-api.service[86631]: lock engine: pthread robust mutexes
May 22 10:16:54.011221 np0000001250 devstack@n-api.service[86631]: thunder lock: enabled
May 22 10:16:54.011336 np0000001250 devstack@n-api.service[86631]: uwsgi socket 0 bound to UNIX address /var/run/uwsgi/nova-api.socket fd 4
May 22 10:16:54.011370 np0000001250 devstack@n-api.service[86631]: Python version: 3.12.3 (main, Mar 23 2026, 19:04:32) [GCC 13.3.0]
May 22 10:16:54.011392 np0000001250 devstack@n-api.service[86631]: PEP 405 virtualenv detected: /opt/stack/data/venv
May 22 10:16:54.011392 np0000001250 devstack@n-api.service[86631]: Set PythonHome to /opt/stack/data/venv
May 22 10:16:54.043101 np0000001250 devstack@n-api.service[86631]: Python main interpreter initialized at 0x7f80ac4a3668
May 22 10:16:54.043101 np0000001250 devstack@n-api.service[86631]: python threads support enabled
May 22 10:16:54.043101 np0000001250 devstack@n-api.service[86631]: your server socket listen backlog is limited to 100 connections
May 22 10:16:54.043101 np0000001250 devstack@n-api.service[86631]: your mercy for graceful operations on workers is 80 seconds
May 22 10:16:54.043580 np0000001250 devstack@n-api.service[86631]: mapped 537436 bytes (524 KB) for 3 cores
May 22 10:16:54.043695 np0000001250 devstack@n-api.service[86631]: *** Operational MODE: preforking ***
May 22 10:16:54.043886 np0000001250 devstack@n-api.service[86631]: *** uWSGI is running in multiple interpreter mode ***
May 22 10:16:54.043886 np0000001250 devstack@n-api.service[86631]: spawned uWSGI master process (pid: 86631)
May 22 10:16:54.044025 np0000001250 systemd[1]: Started devstack@n-api.service - Devstack devstack@n-api.service.
May 22 10:16:54.044689 np0000001250 devstack@n-api.service[86631]: spawned uWSGI worker 1 (pid: 86632, cores: 1)
May 22 10:16:54.044930 np0000001250 devstack@n-api.service[86631]: spawned uWSGI worker 2 (pid: 86633, cores: 1)
May 22 10:16:54.045502 np0000001250 devstack@n-api.service[86631]: spawned uWSGI worker 3 (pid: 86634, cores: 1)
May 22 10:16:54.045631 np0000001250 devstack@n-api.service[86631]: running "unix_signal:15 gracefully_kill_them_all" (master-start)...
May 22 10:16:55.724827 np0000001250 devstack@n-api.service[86634]: INFO dbcounter [None req-a2424dce-4036-4b1a-b99b-b59df89cb4fe None None] Registered counter for database nova_api
May 22 10:16:55.727132 np0000001250 devstack@n-api.service[86633]: INFO dbcounter [None req-e67a204d-a15d-40ba-812f-ae973f40aae4 None None] Registered counter for database nova_api
May 22 10:16:55.734851 np0000001250 devstack@n-api.service[86634]: DEBUG oslo_db.sqlalchemy.engines [None req-a2424dce-4036-4b1a-b99b-b59df89cb4fe None None] MySQL server mode set to STRICT_TRANS_TABLES,STRICT_ALL_TABLES,NO_ZERO_IN_DATE,NO_ZERO_DATE,ERROR_FOR_DIVISION_BY_ZERO,TRADITIONAL,NO_ENGINE_SUBSTITUTION {{(pid=86634) _check_effective_sql_mode /opt/stack/data/venv/lib/python3.12/site-packages/oslo_db/sqlalchemy/engines.py:325}}
May 22 10:16:55.737672 np0000001250 devstack@n-api.service[86633]: DEBUG oslo_db.sqlalchemy.engines [None req-e67a204d-a15d-40ba-812f-ae973f40aae4 None None] MySQL server mode set to STRICT_TRANS_TABLES,STRICT_ALL_TABLES,NO_ZERO_IN_DATE,NO_ZERO_DATE,ERROR_FOR_DIVISION_BY_ZERO,TRADITIONAL,NO_ENGINE_SUBSTITUTION {{(pid=86633) _check_effective_sql_mode /opt/stack/data/venv/lib/python3.12/site-packages/oslo_db/sqlalchemy/engines.py:325}}
May 22 10:16:55.750221 np0000001250 devstack@n-api.service[86632]: INFO dbcounter [None req-8572b3fb-fe53-4a2e-96e9-cb478131be37 None None] Registered counter for database nova_api
May 22 10:16:55.761025 np0000001250 devstack@n-api.service[86632]: DEBUG oslo_db.sqlalchemy.engines [None req-8572b3fb-fe53-4a2e-96e9-cb478131be37 None None] MySQL server mode set to STRICT_TRANS_TABLES,STRICT_ALL_TABLES,NO_ZERO_IN_DATE,NO_ZERO_DATE,ERROR_FOR_DIVISION_BY_ZERO,TRADITIONAL,NO_ENGINE_SUBSTITUTION {{(pid=86632) _check_effective_sql_mode /opt/stack/data/venv/lib/python3.12/site-packages/oslo_db/sqlalchemy/engines.py:325}}
May 22 10:16:55.762970 np0000001250 devstack@n-api.service[86634]: DEBUG dbcounter [-] [86634] Writer thread running {{(pid=86634) stat_writer /opt/stack/data/venv/lib/python3.12/site-packages/dbcounter.py:102}}
May 22 10:16:55.764018 np0000001250 devstack@n-api.service[86633]: DEBUG dbcounter [-] [86633] Writer thread running {{(pid=86633) stat_writer /opt/stack/data/venv/lib/python3.12/site-packages/dbcounter.py:102}}
May 22 10:16:55.764980 np0000001250 devstack@n-api.service[86634]: DEBUG nova.context [None req-a2424dce-4036-4b1a-b99b-b59df89cb4fe None None] Found 2 cells: 00000000-0000-0000-0000-000000000000(cell0),85b1399c-7bb3-491b-9c29-ad49972fcec5(cell1) {{(pid=86634) load_cells /opt/stack/nova/nova/context.py:509}}
May 22 10:16:55.765199 np0000001250 devstack@n-api.service[86634]: INFO nova.utils [None req-a2424dce-4036-4b1a-b99b-b59df89cb4fe None None] The cell worker thread pool MainProcess.cell_worker is initialized
May 22 10:16:55.766081 np0000001250 devstack@n-api.service[86633]: DEBUG nova.context [None req-e67a204d-a15d-40ba-812f-ae973f40aae4 None None] Found 2 cells: 00000000-0000-0000-0000-000000000000(cell0),85b1399c-7bb3-491b-9c29-ad49972fcec5(cell1) {{(pid=86633) load_cells /opt/stack/nova/nova/context.py:509}}
May 22 10:16:55.766308 np0000001250 devstack@n-api.service[86633]: INFO nova.utils [None req-e67a204d-a15d-40ba-812f-ae973f40aae4 None None] The cell worker thread pool MainProcess.cell_worker is initialized
May 22 10:16:55.766748 np0000001250 devstack@n-api.service[86634]: DEBUG oslo_concurrency.lockutils [None req-a2424dce-4036-4b1a-b99b-b59df89cb4fe None None] Acquiring lock "00000000-0000-0000-0000-000000000000" by "nova.context.set_target_cell..get_or_set_cached_cell_and_set_connections" {{(pid=86634) inner /opt/stack/data/venv/lib/python3.12/site-packages/oslo_concurrency/lockutils.py:511}}
May 22 10:16:55.766907 np0000001250 devstack@n-api.service[86634]: DEBUG oslo_concurrency.lockutils [None req-a2424dce-4036-4b1a-b99b-b59df89cb4fe None None] Lock "00000000-0000-0000-0000-000000000000" acquired by "nova.context.set_target_cell..get_or_set_cached_cell_and_set_connections" :: waited 0.000s {{(pid=86634) inner /opt/stack/data/venv/lib/python3.12/site-packages/oslo_concurrency/lockutils.py:524}}
May 22 10:16:55.767227 np0000001250 devstack@n-api.service[86634]: DEBUG oslo_concurrency.lockutils [None req-a2424dce-4036-4b1a-b99b-b59df89cb4fe None None] Lock "00000000-0000-0000-0000-000000000000" "released" by "nova.context.set_target_cell..get_or_set_cached_cell_and_set_connections" :: held 0.000s {{(pid=86634) inner /opt/stack/data/venv/lib/python3.12/site-packages/oslo_concurrency/lockutils.py:543}}
May 22 10:16:55.767839 np0000001250 devstack@n-api.service[86634]: DEBUG oslo_concurrency.lockutils [None req-a2424dce-4036-4b1a-b99b-b59df89cb4fe None None] Acquiring lock "85b1399c-7bb3-491b-9c29-ad49972fcec5" by "nova.context.set_target_cell..get_or_set_cached_cell_and_set_connections" {{(pid=86634) inner /opt/stack/data/venv/lib/python3.12/site-packages/oslo_concurrency/lockutils.py:511}}
May 22 10:16:55.767891 np0000001250 devstack@n-api.service[86633]: DEBUG oslo_concurrency.lockutils [None req-e67a204d-a15d-40ba-812f-ae973f40aae4 None None] Acquiring lock "00000000-0000-0000-0000-000000000000" by "nova.context.set_target_cell..get_or_set_cached_cell_and_set_connections" {{(pid=86633) inner /opt/stack/data/venv/lib/python3.12/site-packages/oslo_concurrency/lockutils.py:511}}
May 22 10:16:55.767964 np0000001250 devstack@n-api.service[86634]: DEBUG oslo_concurrency.lockutils [None req-a2424dce-4036-4b1a-b99b-b59df89cb4fe None None] Lock "85b1399c-7bb3-491b-9c29-ad49972fcec5" acquired by "nova.context.set_target_cell..get_or_set_cached_cell_and_set_connections" :: waited 0.000s {{(pid=86634) inner /opt/stack/data/venv/lib/python3.12/site-packages/oslo_concurrency/lockutils.py:524}}
May 22 10:16:55.768008 np0000001250 devstack@n-api.service[86633]: DEBUG oslo_concurrency.lockutils [None req-e67a204d-a15d-40ba-812f-ae973f40aae4 None None] Lock "00000000-0000-0000-0000-000000000000" acquired by "nova.context.set_target_cell..get_or_set_cached_cell_and_set_connections" :: waited 0.000s {{(pid=86633) inner /opt/stack/data/venv/lib/python3.12/site-packages/oslo_concurrency/lockutils.py:524}}
May 22 10:16:55.768334 np0000001250 devstack@n-api.service[86633]: DEBUG oslo_concurrency.lockutils [None req-e67a204d-a15d-40ba-812f-ae973f40aae4 None None] Lock "00000000-0000-0000-0000-000000000000" "released" by "nova.context.set_target_cell..get_or_set_cached_cell_and_set_connections" :: held 0.000s {{(pid=86633) inner /opt/stack/data/venv/lib/python3.12/site-packages/oslo_concurrency/lockutils.py:543}}
May 22 10:16:55.768707 np0000001250 devstack@n-api.service[86634]: DEBUG oslo_concurrency.lockutils [None req-a2424dce-4036-4b1a-b99b-b59df89cb4fe None None] Lock "85b1399c-7bb3-491b-9c29-ad49972fcec5" "released" by "nova.context.set_target_cell..get_or_set_cached_cell_and_set_connections" :: held 0.001s {{(pid=86634) inner /opt/stack/data/venv/lib/python3.12/site-packages/oslo_concurrency/lockutils.py:543}}
May 22 10:16:55.769013 np0000001250 devstack@n-api.service[86633]: DEBUG oslo_concurrency.lockutils [None req-e67a204d-a15d-40ba-812f-ae973f40aae4 None None] Acquiring lock "85b1399c-7bb3-491b-9c29-ad49972fcec5" by "nova.context.set_target_cell..get_or_set_cached_cell_and_set_connections" {{(pid=86633) inner /opt/stack/data/venv/lib/python3.12/site-packages/oslo_concurrency/lockutils.py:511}}
May 22 10:16:55.769146 np0000001250 devstack@n-api.service[86633]: DEBUG oslo_concurrency.lockutils [None req-e67a204d-a15d-40ba-812f-ae973f40aae4 None None] Lock "85b1399c-7bb3-491b-9c29-ad49972fcec5" acquired by "nova.context.set_target_cell..get_or_set_cached_cell_and_set_connections" :: waited 0.000s {{(pid=86633) inner /opt/stack/data/venv/lib/python3.12/site-packages/oslo_concurrency/lockutils.py:524}}
May 22 10:16:55.769912 np0000001250 devstack@n-api.service[86633]: DEBUG oslo_concurrency.lockutils [None req-e67a204d-a15d-40ba-812f-ae973f40aae4 None None] Lock "85b1399c-7bb3-491b-9c29-ad49972fcec5" "released" by "nova.context.set_target_cell..get_or_set_cached_cell_and_set_connections" :: held 0.001s {{(pid=86633) inner /opt/stack/data/venv/lib/python3.12/site-packages/oslo_concurrency/lockutils.py:543}}
May 22 10:16:55.770237 np0000001250 devstack@n-api.service[86634]: INFO dbcounter [None req-a2424dce-4036-4b1a-b99b-b59df89cb4fe None None] Registered counter for database nova_cell0
May 22 10:16:55.771921 np0000001250 devstack@n-api.service[86633]: INFO dbcounter [None req-e67a204d-a15d-40ba-812f-ae973f40aae4 None None] Registered counter for database nova_cell0
May 22 10:16:55.773108 np0000001250 devstack@n-api.service[86634]: INFO dbcounter [None req-a2424dce-4036-4b1a-b99b-b59df89cb4fe None None] Registered counter for database nova_cell1
May 22 10:16:55.775843 np0000001250 devstack@n-api.service[86633]: INFO dbcounter [None req-e67a204d-a15d-40ba-812f-ae973f40aae4 None None] Registered counter for database nova_cell1
May 22 10:16:55.779679 np0000001250 devstack@n-api.service[86634]: DEBUG oslo_db.sqlalchemy.engines [None req-a2424dce-4036-4b1a-b99b-b59df89cb4fe None None] MySQL server mode set to STRICT_TRANS_TABLES,STRICT_ALL_TABLES,NO_ZERO_IN_DATE,NO_ZERO_DATE,ERROR_FOR_DIVISION_BY_ZERO,TRADITIONAL,NO_ENGINE_SUBSTITUTION {{(pid=86634) _check_effective_sql_mode /opt/stack/data/venv/lib/python3.12/site-packages/oslo_db/sqlalchemy/engines.py:325}}
May 22 10:16:55.785943 np0000001250 devstack@n-api.service[86633]: DEBUG oslo_db.sqlalchemy.engines [None req-e67a204d-a15d-40ba-812f-ae973f40aae4 None None] MySQL server mode set to STRICT_TRANS_TABLES,STRICT_ALL_TABLES,NO_ZERO_IN_DATE,NO_ZERO_DATE,ERROR_FOR_DIVISION_BY_ZERO,TRADITIONAL,NO_ENGINE_SUBSTITUTION {{(pid=86633) _check_effective_sql_mode /opt/stack/data/venv/lib/python3.12/site-packages/oslo_db/sqlalchemy/engines.py:325}}
May 22 10:16:55.788589 np0000001250 devstack@n-api.service[86632]: DEBUG dbcounter [-] [86632] Writer thread running {{(pid=86632) stat_writer /opt/stack/data/venv/lib/python3.12/site-packages/dbcounter.py:102}}
May 22 10:16:55.789272 np0000001250 devstack@n-api.service[86634]: DEBUG oslo_db.sqlalchemy.engines [None req-a2424dce-4036-4b1a-b99b-b59df89cb4fe None None] MySQL server mode set to STRICT_TRANS_TABLES,STRICT_ALL_TABLES,NO_ZERO_IN_DATE,NO_ZERO_DATE,ERROR_FOR_DIVISION_BY_ZERO,TRADITIONAL,NO_ENGINE_SUBSTITUTION {{(pid=86634) _check_effective_sql_mode /opt/stack/data/venv/lib/python3.12/site-packages/oslo_db/sqlalchemy/engines.py:325}}
May 22 10:16:55.790174 np0000001250 devstack@n-api.service[86633]: DEBUG oslo_db.sqlalchemy.engines [None req-e67a204d-a15d-40ba-812f-ae973f40aae4 None None] MySQL server mode set to STRICT_TRANS_TABLES,STRICT_ALL_TABLES,NO_ZERO_IN_DATE,NO_ZERO_DATE,ERROR_FOR_DIVISION_BY_ZERO,TRADITIONAL,NO_ENGINE_SUBSTITUTION {{(pid=86633) _check_effective_sql_mode /opt/stack/data/venv/lib/python3.12/site-packages/oslo_db/sqlalchemy/engines.py:325}}
May 22 10:16:55.791318 np0000001250 devstack@n-api.service[86632]: DEBUG nova.context [None req-8572b3fb-fe53-4a2e-96e9-cb478131be37 None None] Found 2 cells: 00000000-0000-0000-0000-000000000000(cell0),85b1399c-7bb3-491b-9c29-ad49972fcec5(cell1) {{(pid=86632) load_cells /opt/stack/nova/nova/context.py:509}}
May 22 10:16:55.791581 np0000001250 devstack@n-api.service[86632]: INFO nova.utils [None req-8572b3fb-fe53-4a2e-96e9-cb478131be37 None None] The cell worker thread pool MainProcess.cell_worker is initialized
May 22 10:16:55.793145 np0000001250 devstack@n-api.service[86632]: DEBUG oslo_concurrency.lockutils [None req-8572b3fb-fe53-4a2e-96e9-cb478131be37 None None] Acquiring lock "00000000-0000-0000-0000-000000000000" by "nova.context.set_target_cell..get_or_set_cached_cell_and_set_connections" {{(pid=86632) inner /opt/stack/data/venv/lib/python3.12/site-packages/oslo_concurrency/lockutils.py:511}}
May 22 10:16:55.793305 np0000001250 devstack@n-api.service[86632]: DEBUG oslo_concurrency.lockutils [None req-8572b3fb-fe53-4a2e-96e9-cb478131be37 None None] Lock "00000000-0000-0000-0000-000000000000" acquired by "nova.context.set_target_cell..get_or_set_cached_cell_and_set_connections" :: waited 0.000s {{(pid=86632) inner /opt/stack/data/venv/lib/python3.12/site-packages/oslo_concurrency/lockutils.py:524}}
May 22 10:16:55.793661 np0000001250 devstack@n-api.service[86632]: DEBUG oslo_concurrency.lockutils [None req-8572b3fb-fe53-4a2e-96e9-cb478131be37 None None] Lock "00000000-0000-0000-0000-000000000000" "released" by "nova.context.set_target_cell..get_or_set_cached_cell_and_set_connections" :: held 0.000s {{(pid=86632) inner /opt/stack/data/venv/lib/python3.12/site-packages/oslo_concurrency/lockutils.py:543}}
May 22 10:16:55.794255 np0000001250 devstack@n-api.service[86632]: DEBUG oslo_concurrency.lockutils [None req-8572b3fb-fe53-4a2e-96e9-cb478131be37 None None] Acquiring lock "85b1399c-7bb3-491b-9c29-ad49972fcec5" by "nova.context.set_target_cell..get_or_set_cached_cell_and_set_connections" {{(pid=86632) inner /opt/stack/data/venv/lib/python3.12/site-packages/oslo_concurrency/lockutils.py:511}}
May 22 10:16:55.795853 np0000001250 devstack@n-api.service[86632]: INFO dbcounter [None req-8572b3fb-fe53-4a2e-96e9-cb478131be37 None None] Registered counter for database nova_cell0
May 22 10:16:55.797049 np0000001250 devstack@n-api.service[86632]: DEBUG oslo_concurrency.lockutils [None req-8572b3fb-fe53-4a2e-96e9-cb478131be37 None None] Lock "85b1399c-7bb3-491b-9c29-ad49972fcec5" acquired by "nova.context.set_target_cell..get_or_set_cached_cell_and_set_connections" :: waited 0.001s {{(pid=86632) inner /opt/stack/data/venv/lib/python3.12/site-packages/oslo_concurrency/lockutils.py:524}}
May 22 10:16:55.798147 np0000001250 devstack@n-api.service[86632]: DEBUG oslo_concurrency.lockutils [None req-8572b3fb-fe53-4a2e-96e9-cb478131be37 None None] Lock "85b1399c-7bb3-491b-9c29-ad49972fcec5" "released" by "nova.context.set_target_cell..get_or_set_cached_cell_and_set_connections" :: held 0.002s {{(pid=86632) inner /opt/stack/data/venv/lib/python3.12/site-packages/oslo_concurrency/lockutils.py:543}}
May 22 10:16:55.800463 np0000001250 devstack@n-api.service[86632]: INFO dbcounter [None req-8572b3fb-fe53-4a2e-96e9-cb478131be37 None None] Registered counter for database nova_cell1
May 22 10:16:55.807880 np0000001250 devstack@n-api.service[86632]: DEBUG oslo_db.sqlalchemy.engines [None req-8572b3fb-fe53-4a2e-96e9-cb478131be37 None None] MySQL server mode set to STRICT_TRANS_TABLES,STRICT_ALL_TABLES,NO_ZERO_IN_DATE,NO_ZERO_DATE,ERROR_FOR_DIVISION_BY_ZERO,TRADITIONAL,NO_ENGINE_SUBSTITUTION {{(pid=86632) _check_effective_sql_mode /opt/stack/data/venv/lib/python3.12/site-packages/oslo_db/sqlalchemy/engines.py:325}}
May 22 10:16:55.811830 np0000001250 devstack@n-api.service[86632]: DEBUG oslo_db.sqlalchemy.engines [None req-8572b3fb-fe53-4a2e-96e9-cb478131be37 None None] MySQL server mode set to STRICT_TRANS_TABLES,STRICT_ALL_TABLES,NO_ZERO_IN_DATE,NO_ZERO_DATE,ERROR_FOR_DIVISION_BY_ZERO,TRADITIONAL,NO_ENGINE_SUBSTITUTION {{(pid=86632) _check_effective_sql_mode /opt/stack/data/venv/lib/python3.12/site-packages/oslo_db/sqlalchemy/engines.py:325}}
May 22 10:16:55.870075 np0000001250 devstack@n-api.service[86634]: DEBUG dbcounter [-] [86634] Writer thread running {{(pid=86634) stat_writer /opt/stack/data/venv/lib/python3.12/site-packages/dbcounter.py:102}}
May 22 10:16:55.873872 np0000001250 devstack@n-api.service[86634]: DEBUG dbcounter [-] [86634] Writer thread running {{(pid=86634) stat_writer /opt/stack/data/venv/lib/python3.12/site-packages/dbcounter.py:102}}
May 22 10:16:55.876969 np0000001250 devstack@n-api.service[86634]: INFO dbcounter [None req-a2424dce-4036-4b1a-b99b-b59df89cb4fe None None] Registered counter for database nova_cell0
May 22 10:16:55.884182 np0000001250 devstack@n-api.service[86634]: DEBUG oslo_db.sqlalchemy.engines [None req-a2424dce-4036-4b1a-b99b-b59df89cb4fe None None] MySQL server mode set to STRICT_TRANS_TABLES,STRICT_ALL_TABLES,NO_ZERO_IN_DATE,NO_ZERO_DATE,ERROR_FOR_DIVISION_BY_ZERO,TRADITIONAL,NO_ENGINE_SUBSTITUTION {{(pid=86634) _check_effective_sql_mode /opt/stack/data/venv/lib/python3.12/site-packages/oslo_db/sqlalchemy/engines.py:325}}
May 22 10:16:55.890006 np0000001250 devstack@n-api.service[86634]: DEBUG dbcounter [-] [86634] Writer thread running {{(pid=86634) stat_writer /opt/stack/data/venv/lib/python3.12/site-packages/dbcounter.py:102}}
May 22 10:16:55.900282 np0000001250 devstack@n-api.service[86633]: DEBUG dbcounter [-] [86633] Writer thread running {{(pid=86633) stat_writer /opt/stack/data/venv/lib/python3.12/site-packages/dbcounter.py:102}}
May 22 10:16:55.900706 np0000001250 devstack@n-api.service[86633]: DEBUG dbcounter [-] [86633] Writer thread running {{(pid=86633) stat_writer /opt/stack/data/venv/lib/python3.12/site-packages/dbcounter.py:102}}
May 22 10:16:55.903927 np0000001250 devstack@n-api.service[86632]: DEBUG dbcounter [-] [86632] Writer thread running {{(pid=86632) stat_writer /opt/stack/data/venv/lib/python3.12/site-packages/dbcounter.py:102}}
May 22 10:16:55.904385 np0000001250 devstack@n-api.service[86633]: INFO dbcounter [None req-e67a204d-a15d-40ba-812f-ae973f40aae4 None None] Registered counter for database nova_cell0
May 22 10:16:55.905859 np0000001250 devstack@n-api.service[86632]: DEBUG dbcounter [-] [86632] Writer thread running {{(pid=86632) stat_writer /opt/stack/data/venv/lib/python3.12/site-packages/dbcounter.py:102}}
May 22 10:16:55.911717 np0000001250 devstack@n-api.service[86633]: DEBUG oslo_db.sqlalchemy.engines [None req-e67a204d-a15d-40ba-812f-ae973f40aae4 None None] MySQL server mode set to STRICT_TRANS_TABLES,STRICT_ALL_TABLES,NO_ZERO_IN_DATE,NO_ZERO_DATE,ERROR_FOR_DIVISION_BY_ZERO,TRADITIONAL,NO_ENGINE_SUBSTITUTION {{(pid=86633) _check_effective_sql_mode /opt/stack/data/venv/lib/python3.12/site-packages/oslo_db/sqlalchemy/engines.py:325}}
May 22 10:16:55.918727 np0000001250 devstack@n-api.service[86633]: DEBUG dbcounter [-] [86633] Writer thread running {{(pid=86633) stat_writer /opt/stack/data/venv/lib/python3.12/site-packages/dbcounter.py:102}}
May 22 10:16:55.968897 np0000001250 devstack@n-api.service[86632]: INFO dbcounter [None req-8572b3fb-fe53-4a2e-96e9-cb478131be37 None None] Registered counter for database nova_cell0
May 22 10:16:55.976995 np0000001250 devstack@n-api.service[86632]: DEBUG oslo_db.sqlalchemy.engines [None req-8572b3fb-fe53-4a2e-96e9-cb478131be37 None None] MySQL server mode set to STRICT_TRANS_TABLES,STRICT_ALL_TABLES,NO_ZERO_IN_DATE,NO_ZERO_DATE,ERROR_FOR_DIVISION_BY_ZERO,TRADITIONAL,NO_ENGINE_SUBSTITUTION {{(pid=86632) _check_effective_sql_mode /opt/stack/data/venv/lib/python3.12/site-packages/oslo_db/sqlalchemy/engines.py:325}}
May 22 10:16:55.983030 np0000001250 devstack@n-api.service[86632]: DEBUG dbcounter [-] [86632] Writer thread running {{(pid=86632) stat_writer /opt/stack/data/venv/lib/python3.12/site-packages/dbcounter.py:102}}
May 22 10:16:56.323633 np0000001250 devstack@n-api.service[86634]: DEBUG oslo_concurrency.processutils [None req-a2424dce-4036-4b1a-b99b-b59df89cb4fe None None] Running cmd (subprocess): grep -F node.session.scan /sbin/iscsiadm {{(pid=86634) execute /opt/stack/data/venv/lib/python3.12/site-packages/oslo_concurrency/processutils.py:440}}
May 22 10:16:56.337470 np0000001250 devstack@n-api.service[86634]: DEBUG oslo_concurrency.processutils [None req-a2424dce-4036-4b1a-b99b-b59df89cb4fe None None] CMD "grep -F node.session.scan /sbin/iscsiadm" returned: 0 in 0.014s {{(pid=86634) execute /opt/stack/data/venv/lib/python3.12/site-packages/oslo_concurrency/processutils.py:468}}
May 22 10:16:56.343009 np0000001250 devstack@n-api.service[86633]: DEBUG oslo_concurrency.processutils [None req-e67a204d-a15d-40ba-812f-ae973f40aae4 None None] Running cmd (subprocess): grep -F node.session.scan /sbin/iscsiadm {{(pid=86633) execute /opt/stack/data/venv/lib/python3.12/site-packages/oslo_concurrency/processutils.py:440}}
May 22 10:16:56.354154 np0000001250 devstack@n-api.service[86633]: DEBUG oslo_concurrency.processutils [None req-e67a204d-a15d-40ba-812f-ae973f40aae4 None None] CMD "grep -F node.session.scan /sbin/iscsiadm" returned: 0 in 0.011s {{(pid=86633) execute /opt/stack/data/venv/lib/python3.12/site-packages/oslo_concurrency/processutils.py:468}}
May 22 10:16:56.407332 np0000001250 devstack@n-api.service[86632]: DEBUG oslo_concurrency.processutils [None req-8572b3fb-fe53-4a2e-96e9-cb478131be37 None None] Running cmd (subprocess): grep -F node.session.scan /sbin/iscsiadm {{(pid=86632) execute /opt/stack/data/venv/lib/python3.12/site-packages/oslo_concurrency/processutils.py:440}}
May 22 10:16:56.419584 np0000001250 devstack@n-api.service[86632]: DEBUG oslo_concurrency.processutils [None req-8572b3fb-fe53-4a2e-96e9-cb478131be37 None None] CMD "grep -F node.session.scan /sbin/iscsiadm" returned: 0 in 0.012s {{(pid=86632) execute /opt/stack/data/venv/lib/python3.12/site-packages/oslo_concurrency/processutils.py:468}}
May 22 10:16:56.924299 np0000001250 devstack@n-api.service[86633]: DEBUG nova.api.openstack.wsgi_app [None req-e67a204d-a15d-40ba-812f-ae973f40aae4 None None] ******************************************************************************** {{(pid=86633) log_opt_values /opt/stack/data/venv/lib/python3.12/site-packages/oslo_config/cfg.py:3229}}
May 22 10:16:56.924809 np0000001250 devstack@n-api.service[86633]: DEBUG nova.api.openstack.wsgi_app [None req-e67a204d-a15d-40ba-812f-ae973f40aae4 None None] Configuration options gathered from: {{(pid=86633) log_opt_values /opt/stack/data/venv/lib/python3.12/site-packages/oslo_config/cfg.py:3230}}
May 22 10:16:56.924809 np0000001250 devstack@n-api.service[86633]: DEBUG nova.api.openstack.wsgi_app [None req-e67a204d-a15d-40ba-812f-ae973f40aae4 None None] command line args: [] {{(pid=86633) log_opt_values /opt/stack/data/venv/lib/python3.12/site-packages/oslo_config/cfg.py:3231}}
May 22 10:16:56.924988 np0000001250 devstack@n-api.service[86633]: DEBUG nova.api.openstack.wsgi_app [None req-e67a204d-a15d-40ba-812f-ae973f40aae4 None None] config files: ['/etc/nova/api-paste.ini', '/etc/nova/nova.conf'] {{(pid=86633) log_opt_values /opt/stack/data/venv/lib/python3.12/site-packages/oslo_config/cfg.py:3232}}
May 22 10:16:56.924988 np0000001250 devstack@n-api.service[86633]: DEBUG nova.api.openstack.wsgi_app [None req-e67a204d-a15d-40ba-812f-ae973f40aae4 None None] ================================================================================ {{(pid=86633) log_opt_values /opt/stack/data/venv/lib/python3.12/site-packages/oslo_config/cfg.py:3237}}
May 22 10:16:56.925127 np0000001250 devstack@n-api.service[86633]: DEBUG nova.api.openstack.wsgi_app [None req-e67a204d-a15d-40ba-812f-ae973f40aae4 None None] allow_resize_to_same_host = True {{(pid=86633) log_opt_values /opt/stack/data/venv/lib/python3.12/site-packages/oslo_config/cfg.py:3245}}
May 22 10:16:56.925261 np0000001250 devstack@n-api.service[86633]: DEBUG nova.api.openstack.wsgi_app [None req-e67a204d-a15d-40ba-812f-ae973f40aae4 None None] arq_binding_timeout = 300 {{(pid=86633) log_opt_values /opt/stack/data/venv/lib/python3.12/site-packages/oslo_config/cfg.py:3245}}
May 22 10:16:56.925396 np0000001250 devstack@n-api.service[86633]: DEBUG nova.api.openstack.wsgi_app [None req-e67a204d-a15d-40ba-812f-ae973f40aae4 None None] block_device_allocate_retries = 60 {{(pid=86633) log_opt_values /opt/stack/data/venv/lib/python3.12/site-packages/oslo_config/cfg.py:3245}}
May 22 10:16:56.925531 np0000001250 devstack@n-api.service[86633]: DEBUG nova.api.openstack.wsgi_app [None req-e67a204d-a15d-40ba-812f-ae973f40aae4 None None] block_device_allocate_retries_interval = 3 {{(pid=86633) log_opt_values /opt/stack/data/venv/lib/python3.12/site-packages/oslo_config/cfg.py:3245}}
May 22 10:16:56.925671 np0000001250 devstack@n-api.service[86633]: DEBUG nova.api.openstack.wsgi_app [None req-e67a204d-a15d-40ba-812f-ae973f40aae4 None None] cell_worker_thread_pool_size = 5 {{(pid=86633) log_opt_values /opt/stack/data/venv/lib/python3.12/site-packages/oslo_config/cfg.py:3245}}
May 22 10:16:56.925798 np0000001250 devstack@n-api.service[86633]: DEBUG nova.api.openstack.wsgi_app [None req-e67a204d-a15d-40ba-812f-ae973f40aae4 None None] cert = self.pem {{(pid=86633) log_opt_values /opt/stack/data/venv/lib/python3.12/site-packages/oslo_config/cfg.py:3245}}
May 22 10:16:56.925949 np0000001250 devstack@n-api.service[86633]: DEBUG nova.api.openstack.wsgi_app [None req-e67a204d-a15d-40ba-812f-ae973f40aae4 None None] compute_driver = libvirt.LibvirtDriver {{(pid=86633) log_opt_values /opt/stack/data/venv/lib/python3.12/site-packages/oslo_config/cfg.py:3245}}
May 22 10:16:56.926077 np0000001250 devstack@n-api.service[86633]: DEBUG nova.api.openstack.wsgi_app [None req-e67a204d-a15d-40ba-812f-ae973f40aae4 None None] compute_monitors = [] {{(pid=86633) log_opt_values /opt/stack/data/venv/lib/python3.12/site-packages/oslo_config/cfg.py:3245}}
May 22 10:16:56.926221 np0000001250 devstack@n-api.service[86633]: DEBUG nova.api.openstack.wsgi_app [None req-e67a204d-a15d-40ba-812f-ae973f40aae4 None None] config_dir = [] {{(pid=86633) log_opt_values /opt/stack/data/venv/lib/python3.12/site-packages/oslo_config/cfg.py:3245}}
May 22 10:16:56.926369 np0000001250 devstack@n-api.service[86633]: DEBUG nova.api.openstack.wsgi_app [None req-e67a204d-a15d-40ba-812f-ae973f40aae4 None None] config_drive_format = iso9660 {{(pid=86633) log_opt_values /opt/stack/data/venv/lib/python3.12/site-packages/oslo_config/cfg.py:3245}}
May 22 10:16:56.926495 np0000001250 devstack@n-api.service[86633]: DEBUG nova.api.openstack.wsgi_app [None req-e67a204d-a15d-40ba-812f-ae973f40aae4 None None] config_file = ['/etc/nova/api-paste.ini', '/etc/nova/nova.conf'] {{(pid=86633) log_opt_values /opt/stack/data/venv/lib/python3.12/site-packages/oslo_config/cfg.py:3245}}
May 22 10:16:56.926626 np0000001250 devstack@n-api.service[86633]: DEBUG nova.api.openstack.wsgi_app [None req-e67a204d-a15d-40ba-812f-ae973f40aae4 None None] config_source = [] {{(pid=86633) log_opt_values /opt/stack/data/venv/lib/python3.12/site-packages/oslo_config/cfg.py:3245}}
May 22 10:16:56.926749 np0000001250 devstack@n-api.service[86633]: DEBUG nova.api.openstack.wsgi_app [None req-e67a204d-a15d-40ba-812f-ae973f40aae4 None None] console_host = np0000001250 {{(pid=86633) log_opt_values /opt/stack/data/venv/lib/python3.12/site-packages/oslo_config/cfg.py:3245}}
May 22 10:16:56.926869 np0000001250 devstack@n-api.service[86633]: DEBUG nova.api.openstack.wsgi_app [None req-e67a204d-a15d-40ba-812f-ae973f40aae4 None None] control_exchange = nova {{(pid=86633) log_opt_values /opt/stack/data/venv/lib/python3.12/site-packages/oslo_config/cfg.py:3245}}
May 22 10:16:56.926986 np0000001250 devstack@n-api.service[86633]: DEBUG nova.api.openstack.wsgi_app [None req-e67a204d-a15d-40ba-812f-ae973f40aae4 None None] cpu_allocation_ratio = None {{(pid=86633) log_opt_values /opt/stack/data/venv/lib/python3.12/site-packages/oslo_config/cfg.py:3245}}
May 22 10:16:56.927100 np0000001250 devstack@n-api.service[86633]: DEBUG nova.api.openstack.wsgi_app [None req-e67a204d-a15d-40ba-812f-ae973f40aae4 None None] daemon = False {{(pid=86633) log_opt_values /opt/stack/data/venv/lib/python3.12/site-packages/oslo_config/cfg.py:3245}}
May 22 10:16:56.927218 np0000001250 devstack@n-api.service[86633]: DEBUG nova.api.openstack.wsgi_app [None req-e67a204d-a15d-40ba-812f-ae973f40aae4 None None] debug = True {{(pid=86633) log_opt_values /opt/stack/data/venv/lib/python3.12/site-packages/oslo_config/cfg.py:3245}}
May 22 10:16:56.927330 np0000001250 devstack@n-api.service[86633]: DEBUG nova.api.openstack.wsgi_app [None req-e67a204d-a15d-40ba-812f-ae973f40aae4 None None] default_access_ip_network_name = None {{(pid=86633) log_opt_values /opt/stack/data/venv/lib/python3.12/site-packages/oslo_config/cfg.py:3245}}
May 22 10:16:56.927481 np0000001250 devstack@n-api.service[86633]: DEBUG nova.api.openstack.wsgi_app [None req-e67a204d-a15d-40ba-812f-ae973f40aae4 None None] default_availability_zone = nova {{(pid=86633) log_opt_values /opt/stack/data/venv/lib/python3.12/site-packages/oslo_config/cfg.py:3245}}
May 22 10:16:56.927615 np0000001250 devstack@n-api.service[86633]: DEBUG nova.api.openstack.wsgi_app [None req-e67a204d-a15d-40ba-812f-ae973f40aae4 None None] default_ephemeral_format = ext4 {{(pid=86633) log_opt_values /opt/stack/data/venv/lib/python3.12/site-packages/oslo_config/cfg.py:3245}}
May 22 10:16:56.927737 np0000001250 devstack@n-api.service[86633]: DEBUG nova.api.openstack.wsgi_app [None req-e67a204d-a15d-40ba-812f-ae973f40aae4 None None] default_green_pool_size = 1000 {{(pid=86633) log_opt_values /opt/stack/data/venv/lib/python3.12/site-packages/oslo_config/cfg.py:3245}}
May 22 10:16:56.927960 np0000001250 devstack@n-api.service[86633]: DEBUG nova.api.openstack.wsgi_app [None req-e67a204d-a15d-40ba-812f-ae973f40aae4 None None] default_log_levels = ['amqp=WARN', 'boto=WARN', 'sqlalchemy=WARN', 'suds=INFO', 'oslo.messaging=INFO', 'oslo_messaging=INFO', 'iso8601=WARN', 'requests.packages.urllib3.connectionpool=WARN', 'urllib3.connectionpool=WARN', 'websocket=WARN', 'requests.packages.urllib3.util.retry=WARN', 'urllib3.util.retry=WARN', 'keystonemiddleware=WARN', 'routes.middleware=WARN', 'stevedore=WARN', 'taskflow=WARN', 'keystoneauth=WARN', 'oslo.cache=INFO', 'oslo_policy=INFO', 'dogpile.core.dogpile=INFO', 'glanceclient=WARN', 'oslo.privsep.daemon=INFO'] {{(pid=86633) log_opt_values /opt/stack/data/venv/lib/python3.12/site-packages/oslo_config/cfg.py:3245}}
May 22 10:16:56.928075 np0000001250 devstack@n-api.service[86633]: DEBUG nova.api.openstack.wsgi_app [None req-e67a204d-a15d-40ba-812f-ae973f40aae4 None None] default_schedule_zone = None {{(pid=86633) log_opt_values /opt/stack/data/venv/lib/python3.12/site-packages/oslo_config/cfg.py:3245}}
May 22 10:16:56.928216 np0000001250 devstack@n-api.service[86633]: DEBUG nova.api.openstack.wsgi_app [None req-e67a204d-a15d-40ba-812f-ae973f40aae4 None None] default_thread_pool_size = 10 {{(pid=86633) log_opt_values /opt/stack/data/venv/lib/python3.12/site-packages/oslo_config/cfg.py:3245}}
May 22 10:16:56.928327 np0000001250 devstack@n-api.service[86633]: DEBUG nova.api.openstack.wsgi_app [None req-e67a204d-a15d-40ba-812f-ae973f40aae4 None None] disk_allocation_ratio = None {{(pid=86633) log_opt_values /opt/stack/data/venv/lib/python3.12/site-packages/oslo_config/cfg.py:3245}}
May 22 10:16:56.928474 np0000001250 devstack@n-api.service[86633]: DEBUG nova.api.openstack.wsgi_app [None req-e67a204d-a15d-40ba-812f-ae973f40aae4 None None] enable_new_services = True {{(pid=86633) log_opt_values /opt/stack/data/venv/lib/python3.12/site-packages/oslo_config/cfg.py:3245}}
May 22 10:16:56.928605 np0000001250 devstack@n-api.service[86633]: DEBUG nova.api.openstack.wsgi_app [None req-e67a204d-a15d-40ba-812f-ae973f40aae4 None None] flat_injected = False {{(pid=86633) log_opt_values /opt/stack/data/venv/lib/python3.12/site-packages/oslo_config/cfg.py:3245}}
May 22 10:16:56.928722 np0000001250 devstack@n-api.service[86633]: DEBUG nova.api.openstack.wsgi_app [None req-e67a204d-a15d-40ba-812f-ae973f40aae4 None None] force_config_drive = True {{(pid=86633) log_opt_values /opt/stack/data/venv/lib/python3.12/site-packages/oslo_config/cfg.py:3245}}
May 22 10:16:56.928835 np0000001250 devstack@n-api.service[86633]: DEBUG nova.api.openstack.wsgi_app [None req-e67a204d-a15d-40ba-812f-ae973f40aae4 None None] force_raw_images = True {{(pid=86633) log_opt_values /opt/stack/data/venv/lib/python3.12/site-packages/oslo_config/cfg.py:3245}}
May 22 10:16:56.928960 np0000001250 devstack@n-api.service[86633]: DEBUG nova.api.openstack.wsgi_app [None req-e67a204d-a15d-40ba-812f-ae973f40aae4 None None] graceful_shutdown_timeout = 5 {{(pid=86633) log_opt_values /opt/stack/data/venv/lib/python3.12/site-packages/oslo_config/cfg.py:3245}}
May 22 10:16:56.929075 np0000001250 devstack@n-api.service[86633]: DEBUG nova.api.openstack.wsgi_app [None req-e67a204d-a15d-40ba-812f-ae973f40aae4 None None] heal_instance_info_cache_interval = -1 {{(pid=86633) log_opt_values /opt/stack/data/venv/lib/python3.12/site-packages/oslo_config/cfg.py:3245}}
May 22 10:16:56.929221 np0000001250 devstack@n-api.service[86633]: DEBUG nova.api.openstack.wsgi_app [None req-e67a204d-a15d-40ba-812f-ae973f40aae4 None None] host = np0000001250 {{(pid=86633) log_opt_values /opt/stack/data/venv/lib/python3.12/site-packages/oslo_config/cfg.py:3245}}
May 22 10:16:56.929347 np0000001250 devstack@n-api.service[86633]: DEBUG nova.api.openstack.wsgi_app [None req-e67a204d-a15d-40ba-812f-ae973f40aae4 None None] initial_cpu_allocation_ratio = 4.0 {{(pid=86633) log_opt_values /opt/stack/data/venv/lib/python3.12/site-packages/oslo_config/cfg.py:3245}}
May 22 10:16:56.929495 np0000001250 devstack@n-api.service[86633]: DEBUG nova.api.openstack.wsgi_app [None req-e67a204d-a15d-40ba-812f-ae973f40aae4 None None] initial_disk_allocation_ratio = 1.0 {{(pid=86633) log_opt_values /opt/stack/data/venv/lib/python3.12/site-packages/oslo_config/cfg.py:3245}}
May 22 10:16:56.929626 np0000001250 devstack@n-api.service[86633]: DEBUG nova.api.openstack.wsgi_app [None req-e67a204d-a15d-40ba-812f-ae973f40aae4 None None] initial_ram_allocation_ratio = 1.0 {{(pid=86633) log_opt_values /opt/stack/data/venv/lib/python3.12/site-packages/oslo_config/cfg.py:3245}}
May 22 10:16:56.929787 np0000001250 devstack@n-api.service[86633]: DEBUG nova.api.openstack.wsgi_app [None req-e67a204d-a15d-40ba-812f-ae973f40aae4 None None] injected_network_template = /opt/stack/nova/nova/virt/interfaces.template {{(pid=86633) log_opt_values /opt/stack/data/venv/lib/python3.12/site-packages/oslo_config/cfg.py:3245}}
May 22 10:16:56.929929 np0000001250 devstack@n-api.service[86633]: DEBUG nova.api.openstack.wsgi_app [None req-e67a204d-a15d-40ba-812f-ae973f40aae4 None None] instance_build_timeout = 0 {{(pid=86633) log_opt_values /opt/stack/data/venv/lib/python3.12/site-packages/oslo_config/cfg.py:3245}}
May 22 10:16:56.930047 np0000001250 devstack@n-api.service[86633]: DEBUG nova.api.openstack.wsgi_app [None req-e67a204d-a15d-40ba-812f-ae973f40aae4 None None] instance_delete_interval = 300 {{(pid=86633) log_opt_values /opt/stack/data/venv/lib/python3.12/site-packages/oslo_config/cfg.py:3245}}
May 22 10:16:56.930190 np0000001250 devstack@n-api.service[86633]: DEBUG nova.api.openstack.wsgi_app [None req-e67a204d-a15d-40ba-812f-ae973f40aae4 None None] instance_format = [instance: %(uuid)s] {{(pid=86633) log_opt_values /opt/stack/data/venv/lib/python3.12/site-packages/oslo_config/cfg.py:3245}}
May 22 10:16:56.930314 np0000001250 devstack@n-api.service[86633]: DEBUG nova.api.openstack.wsgi_app [None req-e67a204d-a15d-40ba-812f-ae973f40aae4 None None] instance_name_template = instance-%08x {{(pid=86633) log_opt_values /opt/stack/data/venv/lib/python3.12/site-packages/oslo_config/cfg.py:3245}}
May 22 10:16:56.930456 np0000001250 devstack@n-api.service[86633]: DEBUG nova.api.openstack.wsgi_app [None req-e67a204d-a15d-40ba-812f-ae973f40aae4 None None] instance_usage_audit = False {{(pid=86633) log_opt_values /opt/stack/data/venv/lib/python3.12/site-packages/oslo_config/cfg.py:3245}}
May 22 10:16:56.930595 np0000001250 devstack@n-api.service[86633]: DEBUG nova.api.openstack.wsgi_app [None req-e67a204d-a15d-40ba-812f-ae973f40aae4 None None] instance_usage_audit_period = month {{(pid=86633) log_opt_values /opt/stack/data/venv/lib/python3.12/site-packages/oslo_config/cfg.py:3245}}
May 22 10:16:56.930716 np0000001250 devstack@n-api.service[86633]: DEBUG nova.api.openstack.wsgi_app [None req-e67a204d-a15d-40ba-812f-ae973f40aae4 None None] instance_uuid_format = [instance: %(uuid)s] {{(pid=86633) log_opt_values /opt/stack/data/venv/lib/python3.12/site-packages/oslo_config/cfg.py:3245}}
May 22 10:16:56.930832 np0000001250 devstack@n-api.service[86633]: DEBUG nova.api.openstack.wsgi_app [None req-e67a204d-a15d-40ba-812f-ae973f40aae4 None None] instances_path = /opt/stack/data/nova/instances {{(pid=86633) log_opt_values /opt/stack/data/venv/lib/python3.12/site-packages/oslo_config/cfg.py:3245}}
May 22 10:16:56.930948 np0000001250 devstack@n-api.service[86633]: DEBUG nova.api.openstack.wsgi_app [None req-e67a204d-a15d-40ba-812f-ae973f40aae4 None None] internal_service_availability_zone = internal {{(pid=86633) log_opt_values /opt/stack/data/venv/lib/python3.12/site-packages/oslo_config/cfg.py:3245}}
May 22 10:16:56.931058 np0000001250 devstack@n-api.service[86633]: DEBUG nova.api.openstack.wsgi_app [None req-e67a204d-a15d-40ba-812f-ae973f40aae4 None None] key = None {{(pid=86633) log_opt_values /opt/stack/data/venv/lib/python3.12/site-packages/oslo_config/cfg.py:3245}}
May 22 10:16:56.931168 np0000001250 devstack@n-api.service[86633]: DEBUG nova.api.openstack.wsgi_app [None req-e67a204d-a15d-40ba-812f-ae973f40aae4 None None] live_migration_retry_count = 30 {{(pid=86633) log_opt_values /opt/stack/data/venv/lib/python3.12/site-packages/oslo_config/cfg.py:3245}}
May 22 10:16:56.931302 np0000001250 devstack@n-api.service[86633]: DEBUG nova.api.openstack.wsgi_app [None req-e67a204d-a15d-40ba-812f-ae973f40aae4 None None] log_color = False {{(pid=86633) log_opt_values /opt/stack/data/venv/lib/python3.12/site-packages/oslo_config/cfg.py:3245}}
May 22 10:16:56.931486 np0000001250 devstack@n-api.service[86633]: DEBUG nova.api.openstack.wsgi_app [None req-e67a204d-a15d-40ba-812f-ae973f40aae4 None None] log_config_append = None {{(pid=86633) log_opt_values /opt/stack/data/venv/lib/python3.12/site-packages/oslo_config/cfg.py:3245}}
May 22 10:16:56.931623 np0000001250 devstack@n-api.service[86633]: DEBUG nova.api.openstack.wsgi_app [None req-e67a204d-a15d-40ba-812f-ae973f40aae4 None None] log_date_format = %Y-%m-%d %H:%M:%S {{(pid=86633) log_opt_values /opt/stack/data/venv/lib/python3.12/site-packages/oslo_config/cfg.py:3245}}
May 22 10:16:56.931739 np0000001250 devstack@n-api.service[86633]: DEBUG nova.api.openstack.wsgi_app [None req-e67a204d-a15d-40ba-812f-ae973f40aae4 None None] log_dir = None {{(pid=86633) log_opt_values /opt/stack/data/venv/lib/python3.12/site-packages/oslo_config/cfg.py:3245}}
May 22 10:16:56.931855 np0000001250 devstack@n-api.service[86633]: DEBUG nova.api.openstack.wsgi_app [None req-e67a204d-a15d-40ba-812f-ae973f40aae4 None None] log_file = None {{(pid=86633) log_opt_values /opt/stack/data/venv/lib/python3.12/site-packages/oslo_config/cfg.py:3245}}
May 22 10:16:56.931969 np0000001250 devstack@n-api.service[86633]: DEBUG nova.api.openstack.wsgi_app [None req-e67a204d-a15d-40ba-812f-ae973f40aae4 None None] log_options = True {{(pid=86633) log_opt_values /opt/stack/data/venv/lib/python3.12/site-packages/oslo_config/cfg.py:3245}}
May 22 10:16:56.932086 np0000001250 devstack@n-api.service[86633]: DEBUG nova.api.openstack.wsgi_app [None req-e67a204d-a15d-40ba-812f-ae973f40aae4 None None] log_rotate_interval = 1 {{(pid=86633) log_opt_values /opt/stack/data/venv/lib/python3.12/site-packages/oslo_config/cfg.py:3245}}
May 22 10:16:56.932234 np0000001250 devstack@n-api.service[86633]: DEBUG nova.api.openstack.wsgi_app [None req-e67a204d-a15d-40ba-812f-ae973f40aae4 None None] log_rotate_interval_type = days {{(pid=86633) log_opt_values /opt/stack/data/venv/lib/python3.12/site-packages/oslo_config/cfg.py:3245}}
May 22 10:16:56.932352 np0000001250 devstack@n-api.service[86633]: DEBUG nova.api.openstack.wsgi_app [None req-e67a204d-a15d-40ba-812f-ae973f40aae4 None None] log_rotation_type = none {{(pid=86633) log_opt_values /opt/stack/data/venv/lib/python3.12/site-packages/oslo_config/cfg.py:3245}}
May 22 10:16:56.932468 np0000001250 devstack@n-api.service[86633]: DEBUG nova.api.openstack.wsgi_app [None req-e67a204d-a15d-40ba-812f-ae973f40aae4 None None] logging_context_format_string = %(color)s%(levelname)s %(name)s [%(global_request_id)s %(request_id)s %(project_name)s %(user_name)s%(color)s] %(instance)s%(color)s%(message)s {{(pid=86633) log_opt_values /opt/stack/data/venv/lib/python3.12/site-packages/oslo_config/cfg.py:3245}}
May 22 10:16:56.932570 np0000001250 devstack@n-api.service[86633]: DEBUG nova.api.openstack.wsgi_app [None req-e67a204d-a15d-40ba-812f-ae973f40aae4 None None] logging_debug_format_suffix = {{(pid=%(process)d) %(funcName)s %(pathname)s:%(lineno)d}} {{(pid=86633) log_opt_values /opt/stack/data/venv/lib/python3.12/site-packages/oslo_config/cfg.py:3245}}
May 22 10:16:56.932702 np0000001250 devstack@n-api.service[86633]: DEBUG nova.api.openstack.wsgi_app [None req-e67a204d-a15d-40ba-812f-ae973f40aae4 None None] logging_default_format_string = %(color)s%(levelname)s %(name)s [-%(color)s] %(instance)s%(color)s%(message)s {{(pid=86633) log_opt_values /opt/stack/data/venv/lib/python3.12/site-packages/oslo_config/cfg.py:3245}}
May 22 10:16:56.932818 np0000001250 devstack@n-api.service[86633]: DEBUG nova.api.openstack.wsgi_app [None req-e67a204d-a15d-40ba-812f-ae973f40aae4 None None] logging_exception_prefix = ERROR %(name)s %(instance)s {{(pid=86633) log_opt_values /opt/stack/data/venv/lib/python3.12/site-packages/oslo_config/cfg.py:3245}}
May 22 10:16:56.932910 np0000001250 devstack@n-api.service[86633]: DEBUG nova.api.openstack.wsgi_app [None req-e67a204d-a15d-40ba-812f-ae973f40aae4 None None] logging_user_identity_format = %(user)s %(project)s %(domain)s %(system_scope)s %(user_domain)s %(project_domain)s {{(pid=86633) log_opt_values /opt/stack/data/venv/lib/python3.12/site-packages/oslo_config/cfg.py:3245}}
May 22 10:16:56.933025 np0000001250 devstack@n-api.service[86633]: DEBUG nova.api.openstack.wsgi_app [None req-e67a204d-a15d-40ba-812f-ae973f40aae4 None None] long_rpc_timeout = 1800 {{(pid=86633) log_opt_values /opt/stack/data/venv/lib/python3.12/site-packages/oslo_config/cfg.py:3245}}
May 22 10:16:56.933139 np0000001250 devstack@n-api.service[86633]: DEBUG nova.api.openstack.wsgi_app [None req-e67a204d-a15d-40ba-812f-ae973f40aae4 None None] manager_shutdown_timeout = 160 {{(pid=86633) log_opt_values /opt/stack/data/venv/lib/python3.12/site-packages/oslo_config/cfg.py:3245}}
May 22 10:16:56.933247 np0000001250 devstack@n-api.service[86633]: DEBUG nova.api.openstack.wsgi_app [None req-e67a204d-a15d-40ba-812f-ae973f40aae4 None None] max_concurrent_builds = 10 {{(pid=86633) log_opt_values /opt/stack/data/venv/lib/python3.12/site-packages/oslo_config/cfg.py:3245}}
May 22 10:16:56.933356 np0000001250 devstack@n-api.service[86633]: DEBUG nova.api.openstack.wsgi_app [None req-e67a204d-a15d-40ba-812f-ae973f40aae4 None None] max_concurrent_live_migrations = 1 {{(pid=86633) log_opt_values /opt/stack/data/venv/lib/python3.12/site-packages/oslo_config/cfg.py:3245}}
May 22 10:16:56.933496 np0000001250 devstack@n-api.service[86633]: DEBUG nova.api.openstack.wsgi_app [None req-e67a204d-a15d-40ba-812f-ae973f40aae4 None None] max_concurrent_snapshots = 5 {{(pid=86633) log_opt_values /opt/stack/data/venv/lib/python3.12/site-packages/oslo_config/cfg.py:3245}}
May 22 10:16:56.933626 np0000001250 devstack@n-api.service[86633]: DEBUG nova.api.openstack.wsgi_app [None req-e67a204d-a15d-40ba-812f-ae973f40aae4 None None] max_local_block_devices = 3 {{(pid=86633) log_opt_values /opt/stack/data/venv/lib/python3.12/site-packages/oslo_config/cfg.py:3245}}
May 22 10:16:56.933737 np0000001250 devstack@n-api.service[86633]: DEBUG nova.api.openstack.wsgi_app [None req-e67a204d-a15d-40ba-812f-ae973f40aae4 None None] max_logfile_count = 30 {{(pid=86633) log_opt_values /opt/stack/data/venv/lib/python3.12/site-packages/oslo_config/cfg.py:3245}}
May 22 10:16:56.933845 np0000001250 devstack@n-api.service[86633]: DEBUG nova.api.openstack.wsgi_app [None req-e67a204d-a15d-40ba-812f-ae973f40aae4 None None] max_logfile_size_mb = 200 {{(pid=86633) log_opt_values /opt/stack/data/venv/lib/python3.12/site-packages/oslo_config/cfg.py:3245}}
May 22 10:16:56.933982 np0000001250 devstack@n-api.service[86633]: DEBUG nova.api.openstack.wsgi_app [None req-e67a204d-a15d-40ba-812f-ae973f40aae4 None None] maximum_instance_delete_attempts = 5 {{(pid=86633) log_opt_values /opt/stack/data/venv/lib/python3.12/site-packages/oslo_config/cfg.py:3245}}
May 22 10:16:56.934104 np0000001250 devstack@n-api.service[86633]: DEBUG nova.api.openstack.wsgi_app [None req-e67a204d-a15d-40ba-812f-ae973f40aae4 None None] migrate_max_retries = -1 {{(pid=86633) log_opt_values /opt/stack/data/venv/lib/python3.12/site-packages/oslo_config/cfg.py:3245}}
May 22 10:16:56.934150 np0000001250 devstack@n-api.service[86632]: DEBUG nova.api.openstack.wsgi_app [None req-8572b3fb-fe53-4a2e-96e9-cb478131be37 None None] ******************************************************************************** {{(pid=86632) log_opt_values /opt/stack/data/venv/lib/python3.12/site-packages/oslo_config/cfg.py:3229}}
May 22 10:16:56.934338 np0000001250 devstack@n-api.service[86633]: DEBUG nova.api.openstack.wsgi_app [None req-e67a204d-a15d-40ba-812f-ae973f40aae4 None None] mkisofs_cmd = genisoimage {{(pid=86633) log_opt_values /opt/stack/data/venv/lib/python3.12/site-packages/oslo_config/cfg.py:3245}}
May 22 10:16:56.934369 np0000001250 devstack@n-api.service[86632]: DEBUG nova.api.openstack.wsgi_app [None req-8572b3fb-fe53-4a2e-96e9-cb478131be37 None None] Configuration options gathered from: {{(pid=86632) log_opt_values /opt/stack/data/venv/lib/python3.12/site-packages/oslo_config/cfg.py:3230}}
May 22 10:16:56.934396 np0000001250 devstack@n-api.service[86633]: DEBUG nova.api.openstack.wsgi_app [None req-e67a204d-a15d-40ba-812f-ae973f40aae4 None None] my_block_storage_ip = 10.4.3.145 {{(pid=86633) log_opt_values /opt/stack/data/venv/lib/python3.12/site-packages/oslo_config/cfg.py:3245}}
May 22 10:16:56.934515 np0000001250 devstack@n-api.service[86633]: DEBUG nova.api.openstack.wsgi_app [None req-e67a204d-a15d-40ba-812f-ae973f40aae4 None None] my_ip = 10.4.3.145 {{(pid=86633) log_opt_values /opt/stack/data/venv/lib/python3.12/site-packages/oslo_config/cfg.py:3245}}
May 22 10:16:56.934648 np0000001250 devstack@n-api.service[86632]: DEBUG nova.api.openstack.wsgi_app [None req-8572b3fb-fe53-4a2e-96e9-cb478131be37 None None] command line args: [] {{(pid=86632) log_opt_values /opt/stack/data/venv/lib/python3.12/site-packages/oslo_config/cfg.py:3231}}
