Aug 09 17:41:50.200522 np0000006839 nova-scheduler[96508]: DEBUG cotyledon.oslo_config_glue [-] workarounds.handle_virt_lifecycle_events = True {{(pid=96508) log_opt_values /opt/stack/data/venv/lib/python3.12/site-packages/oslo_config/cfg.py:3545}}
Aug 09 17:41:50.200522 np0000006839 nova-scheduler[96508]: DEBUG cotyledon.oslo_config_glue [-] workarounds.libvirt_disable_apic = False {{(pid=96508) log_opt_values /opt/stack/data/venv/lib/python3.12/site-packages/oslo_config/cfg.py:3545}}
Aug 09 17:41:50.200522 np0000006839 nova-scheduler[96508]: DEBUG cotyledon.oslo_config_glue [-] workarounds.never_download_image_if_on_rbd = False {{(pid=96508) log_opt_values /opt/stack/data/venv/lib/python3.12/site-packages/oslo_config/cfg.py:3545}}
Aug 09 17:41:50.200522 np0000006839 nova-scheduler[96508]: DEBUG cotyledon.oslo_config_glue [-] workarounds.qemu_monitor_announce_self_count = 3 {{(pid=96508) log_opt_values /opt/stack/data/venv/lib/python3.12/site-packages/oslo_config/cfg.py:3545}}
Aug 09 17:41:50.200788 np0000006839 nova-scheduler[96508]: DEBUG cotyledon.oslo_config_glue [-] workarounds.qemu_monitor_announce_self_interval = 1 {{(pid=96508) log_opt_values /opt/stack/data/venv/lib/python3.12/site-packages/oslo_config/cfg.py:3545}}
Aug 09 17:41:50.200788 np0000006839 nova-scheduler[96508]: DEBUG cotyledon.oslo_config_glue [-] workarounds.reserve_disk_resource_for_image_cache = False {{(pid=96508) log_opt_values /opt/stack/data/venv/lib/python3.12/site-packages/oslo_config/cfg.py:3545}}
Aug 09 17:41:50.200788 np0000006839 nova-scheduler[96508]: DEBUG cotyledon.oslo_config_glue [-] workarounds.skip_cpu_compare_at_startup = False {{(pid=96508) log_opt_values /opt/stack/data/venv/lib/python3.12/site-packages/oslo_config/cfg.py:3545}}
Aug 09 17:41:50.200788 np0000006839 nova-scheduler[96508]: DEBUG cotyledon.oslo_config_glue [-] workarounds.skip_cpu_compare_on_dest = False {{(pid=96508) log_opt_values /opt/stack/data/venv/lib/python3.12/site-packages/oslo_config/cfg.py:3545}}
Aug 09 17:41:50.200788 np0000006839 nova-scheduler[96508]: DEBUG cotyledon.oslo_config_glue [-] workarounds.skip_hypervisor_version_check_on_lm = False {{(pid=96508) log_opt_values /opt/stack/data/venv/lib/python3.12/site-packages/oslo_config/cfg.py:3545}}
Aug 09 17:41:50.200788 np0000006839 nova-scheduler[96508]: DEBUG cotyledon.oslo_config_glue [-] workarounds.skip_reserve_in_use_ironic_nodes = False {{(pid=96508) log_opt_values /opt/stack/data/venv/lib/python3.12/site-packages/oslo_config/cfg.py:3545}}
Aug 09 17:41:50.200788 np0000006839 nova-scheduler[96508]: DEBUG cotyledon.oslo_config_glue [-] workarounds.unified_limits_count_pcpu_as_vcpu = False {{(pid=96508) log_opt_values /opt/stack/data/venv/lib/python3.12/site-packages/oslo_config/cfg.py:3545}}
Aug 09 17:41:50.200788 np0000006839 nova-scheduler[96508]: DEBUG cotyledon.oslo_config_glue [-] workarounds.wait_for_vif_plugged_event_during_hard_reboot = [] {{(pid=96508) log_opt_values /opt/stack/data/venv/lib/python3.12/site-packages/oslo_config/cfg.py:3545}}
Aug 09 17:41:50.201259 np0000006839 nova-scheduler[96508]: DEBUG cotyledon.oslo_config_glue [-] wsgi.api_paste_config = /etc/nova/api-paste.ini {{(pid=96508) log_opt_values /opt/stack/data/venv/lib/python3.12/site-packages/oslo_config/cfg.py:3545}}
Aug 09 17:41:50.201259 np0000006839 nova-scheduler[96508]: DEBUG cotyledon.oslo_config_glue [-] wsgi.secure_proxy_ssl_header = None {{(pid=96508) log_opt_values /opt/stack/data/venv/lib/python3.12/site-packages/oslo_config/cfg.py:3545}}
Aug 09 17:41:50.201259 np0000006839 nova-scheduler[96508]: DEBUG cotyledon.oslo_config_glue [-] zvm.ca_file = None {{(pid=96508) log_opt_values /opt/stack/data/venv/lib/python3.12/site-packages/oslo_config/cfg.py:3545}}
Aug 09 17:41:50.201259 np0000006839 nova-scheduler[96508]: DEBUG cotyledon.oslo_config_glue [-] zvm.cloud_connector_url = None {{(pid=96508) log_opt_values /opt/stack/data/venv/lib/python3.12/site-packages/oslo_config/cfg.py:3545}}
Aug 09 17:41:50.201259 np0000006839 nova-scheduler[96508]: DEBUG cotyledon.oslo_config_glue [-] zvm.image_tmp_path = /opt/stack/data/nova/images {{(pid=96508) log_opt_values /opt/stack/data/venv/lib/python3.12/site-packages/oslo_config/cfg.py:3545}}
Aug 09 17:41:50.201259 np0000006839 nova-scheduler[96508]: DEBUG cotyledon.oslo_config_glue [-] zvm.reachable_timeout = 300 {{(pid=96508) log_opt_values /opt/stack/data/venv/lib/python3.12/site-packages/oslo_config/cfg.py:3545}}
Aug 09 17:41:50.201259 np0000006839 nova-scheduler[96508]: DEBUG cotyledon.oslo_config_glue [-] oslo_versionedobjects.fatal_exception_format_errors = False {{(pid=96508) log_opt_values /opt/stack/data/venv/lib/python3.12/site-packages/oslo_config/cfg.py:3545}}
Aug 09 17:41:50.201259 np0000006839 nova-scheduler[96508]: DEBUG cotyledon.oslo_config_glue [-] oslo_middleware.http_basic_auth_user_file = /etc/htpasswd {{(pid=96508) log_opt_values /opt/stack/data/venv/lib/python3.12/site-packages/oslo_config/cfg.py:3545}}
Aug 09 17:41:50.201259 np0000006839 nova-scheduler[96508]: DEBUG cotyledon.oslo_config_glue [-] oslo_messaging_metrics.metrics_buffer_size = 1000 {{(pid=96508) log_opt_values /opt/stack/data/venv/lib/python3.12/site-packages/oslo_config/cfg.py:3545}}
Aug 09 17:41:50.201541 np0000006839 nova-scheduler[96508]: DEBUG cotyledon.oslo_config_glue [-] oslo_messaging_metrics.metrics_enabled = False {{(pid=96508) log_opt_values /opt/stack/data/venv/lib/python3.12/site-packages/oslo_config/cfg.py:3545}}
Aug 09 17:41:50.201541 np0000006839 nova-scheduler[96508]: DEBUG cotyledon.oslo_config_glue [-] oslo_messaging_metrics.metrics_process_name = {{(pid=96508) log_opt_values /opt/stack/data/venv/lib/python3.12/site-packages/oslo_config/cfg.py:3545}}
Aug 09 17:41:50.201541 np0000006839 nova-scheduler[96508]: DEBUG cotyledon.oslo_config_glue [-] oslo_messaging_metrics.metrics_socket_file = /var/tmp/metrics_collector.sock {{(pid=96508) log_opt_values /opt/stack/data/venv/lib/python3.12/site-packages/oslo_config/cfg.py:3545}}
Aug 09 17:41:50.201541 np0000006839 nova-scheduler[96508]: DEBUG cotyledon.oslo_config_glue [-] oslo_messaging_metrics.metrics_thread_stop_timeout = 10 {{(pid=96508) log_opt_values /opt/stack/data/venv/lib/python3.12/site-packages/oslo_config/cfg.py:3545}}
Aug 09 17:41:50.201541 np0000006839 nova-scheduler[96508]: DEBUG cotyledon.oslo_config_glue [-] profiler.connection_string = messaging:// {{(pid=96508) log_opt_values /opt/stack/data/venv/lib/python3.12/site-packages/oslo_config/cfg.py:3545}}
Aug 09 17:41:50.201541 np0000006839 nova-scheduler[96508]: DEBUG cotyledon.oslo_config_glue [-] profiler.enabled = False {{(pid=96508) log_opt_values /opt/stack/data/venv/lib/python3.12/site-packages/oslo_config/cfg.py:3545}}
Aug 09 17:41:50.201541 np0000006839 nova-scheduler[96508]: DEBUG cotyledon.oslo_config_glue [-] profiler.es_doc_type = notification {{(pid=96508) log_opt_values /opt/stack/data/venv/lib/python3.12/site-packages/oslo_config/cfg.py:3545}}
Aug 09 17:41:50.201541 np0000006839 nova-scheduler[96508]: DEBUG cotyledon.oslo_config_glue [-] profiler.es_scroll_size = 10000 {{(pid=96508) log_opt_values /opt/stack/data/venv/lib/python3.12/site-packages/oslo_config/cfg.py:3545}}
Aug 09 17:41:50.201541 np0000006839 nova-scheduler[96508]: DEBUG cotyledon.oslo_config_glue [-] profiler.es_scroll_time = 2m {{(pid=96508) log_opt_values /opt/stack/data/venv/lib/python3.12/site-packages/oslo_config/cfg.py:3545}}
Aug 09 17:41:50.201713 np0000006839 nova-scheduler[96508]: DEBUG cotyledon.oslo_config_glue [-] profiler.filter_error_trace = False {{(pid=96508) log_opt_values /opt/stack/data/venv/lib/python3.12/site-packages/oslo_config/cfg.py:3545}}
Aug 09 17:41:50.201713 np0000006839 nova-scheduler[96508]: DEBUG cotyledon.oslo_config_glue [-] profiler.hmac_keys = **** {{(pid=96508) log_opt_values /opt/stack/data/venv/lib/python3.12/site-packages/oslo_config/cfg.py:3545}}
Aug 09 17:41:50.201713 np0000006839 nova-scheduler[96508]: DEBUG cotyledon.oslo_config_glue [-] profiler.sentinel_service_name = mymaster {{(pid=96508) log_opt_values /opt/stack/data/venv/lib/python3.12/site-packages/oslo_config/cfg.py:3545}}
Aug 09 17:41:50.201713 np0000006839 nova-scheduler[96508]: DEBUG cotyledon.oslo_config_glue [-] profiler.socket_timeout = 0.1 {{(pid=96508) log_opt_values /opt/stack/data/venv/lib/python3.12/site-packages/oslo_config/cfg.py:3545}}
Aug 09 17:41:50.201713 np0000006839 nova-scheduler[96508]: DEBUG cotyledon.oslo_config_glue [-] profiler.trace_requests = False {{(pid=96508) log_opt_values /opt/stack/data/venv/lib/python3.12/site-packages/oslo_config/cfg.py:3545}}
Aug 09 17:41:50.201713 np0000006839 nova-scheduler[96508]: DEBUG cotyledon.oslo_config_glue [-] profiler.trace_sqlalchemy = False {{(pid=96508) log_opt_values /opt/stack/data/venv/lib/python3.12/site-packages/oslo_config/cfg.py:3545}}
Aug 09 17:41:50.201713 np0000006839 nova-scheduler[96508]: DEBUG cotyledon.oslo_config_glue [-] profiler_jaeger.process_tags = {} {{(pid=96508) log_opt_values /opt/stack/data/venv/lib/python3.12/site-packages/oslo_config/cfg.py:3545}}
Aug 09 17:41:50.201713 np0000006839 nova-scheduler[96508]: DEBUG cotyledon.oslo_config_glue [-] profiler_jaeger.service_name_prefix = None {{(pid=96508) log_opt_values /opt/stack/data/venv/lib/python3.12/site-packages/oslo_config/cfg.py:3545}}
Aug 09 17:41:50.201713 np0000006839 nova-scheduler[96508]: DEBUG cotyledon.oslo_config_glue [-] profiler_otlp.service_name_prefix = None {{(pid=96508) log_opt_values /opt/stack/data/venv/lib/python3.12/site-packages/oslo_config/cfg.py:3545}}
Aug 09 17:41:50.202005 np0000006839 nova-scheduler[96508]: DEBUG cotyledon.oslo_config_glue [-] oslo_messaging_rabbit.amqp_auto_delete = False {{(pid=96508) log_opt_values /opt/stack/data/venv/lib/python3.12/site-packages/oslo_config/cfg.py:3545}}
Aug 09 17:41:50.202005 np0000006839 nova-scheduler[96508]: DEBUG cotyledon.oslo_config_glue [-] oslo_messaging_rabbit.amqp_durable_queues = False {{(pid=96508) log_opt_values /opt/stack/data/venv/lib/python3.12/site-packages/oslo_config/cfg.py:3545}}
Aug 09 17:41:50.202005 np0000006839 nova-scheduler[96508]: DEBUG cotyledon.oslo_config_glue [-] oslo_messaging_rabbit.conn_pool_min_size = 2 {{(pid=96508) log_opt_values /opt/stack/data/venv/lib/python3.12/site-packages/oslo_config/cfg.py:3545}}
Aug 09 17:41:50.202005 np0000006839 nova-scheduler[96508]: DEBUG cotyledon.oslo_config_glue [-] oslo_messaging_rabbit.conn_pool_ttl = 1200 {{(pid=96508) log_opt_values /opt/stack/data/venv/lib/python3.12/site-packages/oslo_config/cfg.py:3545}}
Aug 09 17:41:50.202005 np0000006839 nova-scheduler[96508]: DEBUG cotyledon.oslo_config_glue [-] oslo_messaging_rabbit.direct_mandatory_flag = True {{(pid=96508) log_opt_values /opt/stack/data/venv/lib/python3.12/site-packages/oslo_config/cfg.py:3545}}
Aug 09 17:41:50.202005 np0000006839 nova-scheduler[96508]: DEBUG cotyledon.oslo_config_glue [-] oslo_messaging_rabbit.enable_cancel_on_failover = False {{(pid=96508) log_opt_values /opt/stack/data/venv/lib/python3.12/site-packages/oslo_config/cfg.py:3545}}
Aug 09 17:41:50.202005 np0000006839 nova-scheduler[96508]: DEBUG cotyledon.oslo_config_glue [-] oslo_messaging_rabbit.heartbeat_rate = 3 {{(pid=96508) log_opt_values /opt/stack/data/venv/lib/python3.12/site-packages/oslo_config/cfg.py:3545}}
Aug 09 17:41:50.202005 np0000006839 nova-scheduler[96508]: DEBUG cotyledon.oslo_config_glue [-] oslo_messaging_rabbit.heartbeat_timeout_threshold = 60 {{(pid=96508) log_opt_values /opt/stack/data/venv/lib/python3.12/site-packages/oslo_config/cfg.py:3545}}
Aug 09 17:41:50.202005 np0000006839 nova-scheduler[96508]: DEBUG cotyledon.oslo_config_glue [-] oslo_messaging_rabbit.hostname = np0000006839 {{(pid=96508) log_opt_values /opt/stack/data/venv/lib/python3.12/site-packages/oslo_config/cfg.py:3545}}
Aug 09 17:41:50.202306 np0000006839 nova-scheduler[96508]: DEBUG cotyledon.oslo_config_glue [-] oslo_messaging_rabbit.kombu_compression = None {{(pid=96508) log_opt_values /opt/stack/data/venv/lib/python3.12/site-packages/oslo_config/cfg.py:3545}}
Aug 09 17:41:50.202306 np0000006839 nova-scheduler[96508]: DEBUG cotyledon.oslo_config_glue [-] oslo_messaging_rabbit.kombu_failover_strategy = round-robin {{(pid=96508) log_opt_values /opt/stack/data/venv/lib/python3.12/site-packages/oslo_config/cfg.py:3545}}
Aug 09 17:41:50.202306 np0000006839 nova-scheduler[96508]: DEBUG cotyledon.oslo_config_glue [-] oslo_messaging_rabbit.kombu_missing_consumer_retry_timeout = 60 {{(pid=96508) log_opt_values /opt/stack/data/venv/lib/python3.12/site-packages/oslo_config/cfg.py:3545}}
Aug 09 17:41:50.202306 np0000006839 nova-scheduler[96508]: DEBUG cotyledon.oslo_config_glue [-] oslo_messaging_rabbit.kombu_reconnect_delay = 1.0 {{(pid=96508) log_opt_values /opt/stack/data/venv/lib/python3.12/site-packages/oslo_config/cfg.py:3545}}
Aug 09 17:41:50.202306 np0000006839 nova-scheduler[96508]: DEBUG cotyledon.oslo_config_glue [-] oslo_messaging_rabbit.kombu_reconnect_splay = 0.0 {{(pid=96508) log_opt_values /opt/stack/data/venv/lib/python3.12/site-packages/oslo_config/cfg.py:3545}}
Aug 09 17:41:50.202306 np0000006839 nova-scheduler[96508]: DEBUG cotyledon.oslo_config_glue [-] oslo_messaging_rabbit.processname = nova-scheduler {{(pid=96508) log_opt_values /opt/stack/data/venv/lib/python3.12/site-packages/oslo_config/cfg.py:3545}}
Aug 09 17:41:50.202306 np0000006839 nova-scheduler[96508]: DEBUG cotyledon.oslo_config_glue [-] oslo_messaging_rabbit.rabbit_ha_queues = False {{(pid=96508) log_opt_values /opt/stack/data/venv/lib/python3.12/site-packages/oslo_config/cfg.py:3545}}
Aug 09 17:41:50.202306 np0000006839 nova-scheduler[96508]: DEBUG cotyledon.oslo_config_glue [-] oslo_messaging_rabbit.rabbit_interval_max = 30 {{(pid=96508) log_opt_values /opt/stack/data/venv/lib/python3.12/site-packages/oslo_config/cfg.py:3545}}
Aug 09 17:41:50.202306 np0000006839 nova-scheduler[96508]: DEBUG cotyledon.oslo_config_glue [-] oslo_messaging_rabbit.rabbit_login_method = AMQPLAIN {{(pid=96508) log_opt_values /opt/stack/data/venv/lib/python3.12/site-packages/oslo_config/cfg.py:3545}}
Aug 09 17:41:50.202604 np0000006839 nova-scheduler[96508]: DEBUG cotyledon.oslo_config_glue [-] oslo_messaging_rabbit.rabbit_qos_prefetch_count = 0 {{(pid=96508) log_opt_values /opt/stack/data/venv/lib/python3.12/site-packages/oslo_config/cfg.py:3545}}
Aug 09 17:41:50.202604 np0000006839 nova-scheduler[96508]: DEBUG cotyledon.oslo_config_glue [-] oslo_messaging_rabbit.rabbit_quorum_delivery_limit = 0 {{(pid=96508) log_opt_values /opt/stack/data/venv/lib/python3.12/site-packages/oslo_config/cfg.py:3545}}
Aug 09 17:41:50.202604 np0000006839 nova-scheduler[96508]: DEBUG cotyledon.oslo_config_glue [-] oslo_messaging_rabbit.rabbit_quorum_max_memory_bytes = 0 {{(pid=96508) log_opt_values /opt/stack/data/venv/lib/python3.12/site-packages/oslo_config/cfg.py:3545}}
Aug 09 17:41:50.202604 np0000006839 nova-scheduler[96508]: DEBUG cotyledon.oslo_config_glue [-] oslo_messaging_rabbit.rabbit_quorum_max_memory_length = 0 {{(pid=96508) log_opt_values /opt/stack/data/venv/lib/python3.12/site-packages/oslo_config/cfg.py:3545}}
Aug 09 17:41:50.202604 np0000006839 nova-scheduler[96508]: DEBUG cotyledon.oslo_config_glue [-] oslo_messaging_rabbit.rabbit_quorum_queue = False {{(pid=96508) log_opt_values /opt/stack/data/venv/lib/python3.12/site-packages/oslo_config/cfg.py:3545}}
Aug 09 17:41:50.202604 np0000006839 nova-scheduler[96508]: DEBUG cotyledon.oslo_config_glue [-] oslo_messaging_rabbit.rabbit_retry_backoff = 2 {{(pid=96508) log_opt_values /opt/stack/data/venv/lib/python3.12/site-packages/oslo_config/cfg.py:3545}}
Aug 09 17:41:50.202604 np0000006839 nova-scheduler[96508]: DEBUG cotyledon.oslo_config_glue [-] oslo_messaging_rabbit.rabbit_retry_interval = 1 {{(pid=96508) log_opt_values /opt/stack/data/venv/lib/python3.12/site-packages/oslo_config/cfg.py:3545}}
Aug 09 17:41:50.202604 np0000006839 nova-scheduler[96508]: DEBUG cotyledon.oslo_config_glue [-] oslo_messaging_rabbit.rabbit_stream_fanout = False {{(pid=96508) log_opt_values /opt/stack/data/venv/lib/python3.12/site-packages/oslo_config/cfg.py:3545}}
Aug 09 17:41:50.202872 np0000006839 nova-scheduler[96508]: DEBUG cotyledon.oslo_config_glue [-] oslo_messaging_rabbit.rabbit_transient_queues_ttl = 1800 {{(pid=96508) log_opt_values /opt/stack/data/venv/lib/python3.12/site-packages/oslo_config/cfg.py:3545}}
Aug 09 17:41:50.202872 np0000006839 nova-scheduler[96508]: DEBUG cotyledon.oslo_config_glue [-] oslo_messaging_rabbit.rabbit_transient_quorum_queue = False {{(pid=96508) log_opt_values /opt/stack/data/venv/lib/python3.12/site-packages/oslo_config/cfg.py:3545}}
Aug 09 17:41:50.202872 np0000006839 nova-scheduler[96508]: DEBUG cotyledon.oslo_config_glue [-] oslo_messaging_rabbit.rpc_conn_pool_size = 30 {{(pid=96508) log_opt_values /opt/stack/data/venv/lib/python3.12/site-packages/oslo_config/cfg.py:3545}}
Aug 09 17:41:50.202872 np0000006839 nova-scheduler[96508]: DEBUG cotyledon.oslo_config_glue [-] oslo_messaging_rabbit.ssl = False {{(pid=96508) log_opt_values /opt/stack/data/venv/lib/python3.12/site-packages/oslo_config/cfg.py:3545}}
Aug 09 17:41:50.202872 np0000006839 nova-scheduler[96508]: DEBUG cotyledon.oslo_config_glue [-] oslo_messaging_rabbit.ssl_ca_file = {{(pid=96508) log_opt_values /opt/stack/data/venv/lib/python3.12/site-packages/oslo_config/cfg.py:3545}}
Aug 09 17:41:50.202872 np0000006839 nova-scheduler[96508]: DEBUG cotyledon.oslo_config_glue [-] oslo_messaging_rabbit.ssl_cert_file = {{(pid=96508) log_opt_values /opt/stack/data/venv/lib/python3.12/site-packages/oslo_config/cfg.py:3545}}
Aug 09 17:41:50.202872 np0000006839 nova-scheduler[96508]: DEBUG cotyledon.oslo_config_glue [-] oslo_messaging_rabbit.ssl_enforce_fips_mode = False {{(pid=96508) log_opt_values /opt/stack/data/venv/lib/python3.12/site-packages/oslo_config/cfg.py:3545}}
Aug 09 17:41:50.202872 np0000006839 nova-scheduler[96508]: DEBUG cotyledon.oslo_config_glue [-] oslo_messaging_rabbit.ssl_enforce_hostname_verification = True {{(pid=96508) log_opt_values /opt/stack/data/venv/lib/python3.12/site-packages/oslo_config/cfg.py:3545}}
Aug 09 17:41:50.202872 np0000006839 nova-scheduler[96508]: DEBUG cotyledon.oslo_config_glue [-] oslo_messaging_rabbit.ssl_key_file = {{(pid=96508) log_opt_values /opt/stack/data/venv/lib/python3.12/site-packages/oslo_config/cfg.py:3545}}
Aug 09 17:41:50.203217 np0000006839 nova-scheduler[96508]: DEBUG cotyledon.oslo_config_glue [-] oslo_messaging_rabbit.ssl_version = {{(pid=96508) log_opt_values /opt/stack/data/venv/lib/python3.12/site-packages/oslo_config/cfg.py:3545}}
Aug 09 17:41:50.203217 np0000006839 nova-scheduler[96508]: DEBUG cotyledon.oslo_config_glue [-] oslo_messaging_rabbit.use_queue_manager = False {{(pid=96508) log_opt_values /opt/stack/data/venv/lib/python3.12/site-packages/oslo_config/cfg.py:3545}}
Aug 09 17:41:50.203217 np0000006839 nova-scheduler[96508]: DEBUG cotyledon.oslo_config_glue [-] oslo_messaging_notifications.driver = ['messagingv2'] {{(pid=96508) log_opt_values /opt/stack/data/venv/lib/python3.12/site-packages/oslo_config/cfg.py:3545}}
Aug 09 17:41:50.203217 np0000006839 nova-scheduler[96508]: DEBUG cotyledon.oslo_config_glue [-] oslo_messaging_notifications.retry = -1 {{(pid=96508) log_opt_values /opt/stack/data/venv/lib/python3.12/site-packages/oslo_config/cfg.py:3545}}
Aug 09 17:41:50.203217 np0000006839 nova-scheduler[96508]: DEBUG cotyledon.oslo_config_glue [-] oslo_messaging_notifications.topics = ['notifications'] {{(pid=96508) log_opt_values /opt/stack/data/venv/lib/python3.12/site-packages/oslo_config/cfg.py:3545}}
Aug 09 17:41:50.203217 np0000006839 nova-scheduler[96508]: DEBUG cotyledon.oslo_config_glue [-] oslo_messaging_notifications.transport_url = **** {{(pid=96508) log_opt_values /opt/stack/data/venv/lib/python3.12/site-packages/oslo_config/cfg.py:3545}}
Aug 09 17:41:50.203217 np0000006839 nova-scheduler[96508]: DEBUG cotyledon.oslo_config_glue [-] oslo_limit.auth_section = None {{(pid=96508) log_opt_values /opt/stack/data/venv/lib/python3.12/site-packages/oslo_config/cfg.py:3545}}
Aug 09 17:41:50.203217 np0000006839 nova-scheduler[96508]: DEBUG cotyledon.oslo_config_glue [-] oslo_limit.auth_type = None {{(pid=96508) log_opt_values /opt/stack/data/venv/lib/python3.12/site-packages/oslo_config/cfg.py:3545}}
Aug 09 17:41:50.203217 np0000006839 nova-scheduler[96508]: DEBUG cotyledon.oslo_config_glue [-] oslo_limit.cafile = None {{(pid=96508) log_opt_values /opt/stack/data/venv/lib/python3.12/site-packages/oslo_config/cfg.py:3545}}
Aug 09 17:41:50.203522 np0000006839 nova-scheduler[96508]: DEBUG cotyledon.oslo_config_glue [-] oslo_limit.certfile = None {{(pid=96508) log_opt_values /opt/stack/data/venv/lib/python3.12/site-packages/oslo_config/cfg.py:3545}}
Aug 09 17:41:50.203522 np0000006839 nova-scheduler[96508]: DEBUG cotyledon.oslo_config_glue [-] oslo_limit.collect_timing = False {{(pid=96508) log_opt_values /opt/stack/data/venv/lib/python3.12/site-packages/oslo_config/cfg.py:3545}}
Aug 09 17:41:50.203522 np0000006839 nova-scheduler[96508]: DEBUG cotyledon.oslo_config_glue [-] oslo_limit.connect_retries = None {{(pid=96508) log_opt_values /opt/stack/data/venv/lib/python3.12/site-packages/oslo_config/cfg.py:3545}}
Aug 09 17:41:50.203522 np0000006839 nova-scheduler[96508]: DEBUG cotyledon.oslo_config_glue [-] oslo_limit.connect_retry_delay = None {{(pid=96508) log_opt_values /opt/stack/data/venv/lib/python3.12/site-packages/oslo_config/cfg.py:3545}}
Aug 09 17:41:50.203522 np0000006839 nova-scheduler[96508]: DEBUG cotyledon.oslo_config_glue [-] oslo_limit.endpoint_id = None {{(pid=96508) log_opt_values /opt/stack/data/venv/lib/python3.12/site-packages/oslo_config/cfg.py:3545}}
Aug 09 17:41:50.203522 np0000006839 nova-scheduler[96508]: DEBUG cotyledon.oslo_config_glue [-] oslo_limit.endpoint_interface = public {{(pid=96508) log_opt_values /opt/stack/data/venv/lib/python3.12/site-packages/oslo_config/cfg.py:3545}}
Aug 09 17:41:50.203522 np0000006839 nova-scheduler[96508]: DEBUG cotyledon.oslo_config_glue [-] oslo_limit.endpoint_override = None {{(pid=96508) log_opt_values /opt/stack/data/venv/lib/python3.12/site-packages/oslo_config/cfg.py:3545}}
Aug 09 17:41:50.203522 np0000006839 nova-scheduler[96508]: DEBUG cotyledon.oslo_config_glue [-] oslo_limit.endpoint_region_name = None {{(pid=96508) log_opt_values /opt/stack/data/venv/lib/python3.12/site-packages/oslo_config/cfg.py:3545}}
Aug 09 17:41:50.203522 np0000006839 nova-scheduler[96508]: DEBUG cotyledon.oslo_config_glue [-] oslo_limit.endpoint_service_name = None {{(pid=96508) log_opt_values /opt/stack/data/venv/lib/python3.12/site-packages/oslo_config/cfg.py:3545}}
Aug 09 17:41:50.203833 np0000006839 nova-scheduler[96508]: DEBUG cotyledon.oslo_config_glue [-] oslo_limit.endpoint_service_type = None {{(pid=96508) log_opt_values /opt/stack/data/venv/lib/python3.12/site-packages/oslo_config/cfg.py:3545}}
Aug 09 17:41:50.203833 np0000006839 nova-scheduler[96508]: DEBUG cotyledon.oslo_config_glue [-] oslo_limit.insecure = False {{(pid=96508) log_opt_values /opt/stack/data/venv/lib/python3.12/site-packages/oslo_config/cfg.py:3545}}
Aug 09 17:41:50.203833 np0000006839 nova-scheduler[96508]: DEBUG cotyledon.oslo_config_glue [-] oslo_limit.keyfile = None {{(pid=96508) log_opt_values /opt/stack/data/venv/lib/python3.12/site-packages/oslo_config/cfg.py:3545}}
Aug 09 17:41:50.203833 np0000006839 nova-scheduler[96508]: DEBUG cotyledon.oslo_config_glue [-] oslo_limit.max_version = None {{(pid=96508) log_opt_values /opt/stack/data/venv/lib/python3.12/site-packages/oslo_config/cfg.py:3545}}
Aug 09 17:41:50.203833 np0000006839 nova-scheduler[96508]: DEBUG cotyledon.oslo_config_glue [-] oslo_limit.min_version = None {{(pid=96508) log_opt_values /opt/stack/data/venv/lib/python3.12/site-packages/oslo_config/cfg.py:3545}}
Aug 09 17:41:50.203833 np0000006839 nova-scheduler[96508]: DEBUG cotyledon.oslo_config_glue [-] oslo_limit.region_name = None {{(pid=96508) log_opt_values /opt/stack/data/venv/lib/python3.12/site-packages/oslo_config/cfg.py:3545}}
Aug 09 17:41:50.203833 np0000006839 nova-scheduler[96508]: DEBUG cotyledon.oslo_config_glue [-] oslo_limit.retriable_status_codes = None {{(pid=96508) log_opt_values /opt/stack/data/venv/lib/python3.12/site-packages/oslo_config/cfg.py:3545}}
Aug 09 17:41:50.203833 np0000006839 nova-scheduler[96508]: DEBUG cotyledon.oslo_config_glue [-] oslo_limit.service_name = None {{(pid=96508) log_opt_values /opt/stack/data/venv/lib/python3.12/site-packages/oslo_config/cfg.py:3545}}
Aug 09 17:41:50.203833 np0000006839 nova-scheduler[96508]: DEBUG cotyledon.oslo_config_glue [-] oslo_limit.service_type = None {{(pid=96508) log_opt_values /opt/stack/data/venv/lib/python3.12/site-packages/oslo_config/cfg.py:3545}}
Aug 09 17:41:50.204148 np0000006839 nova-scheduler[96508]: DEBUG cotyledon.oslo_config_glue [-] oslo_limit.split_loggers = False {{(pid=96508) log_opt_values /opt/stack/data/venv/lib/python3.12/site-packages/oslo_config/cfg.py:3545}}
Aug 09 17:41:50.204148 np0000006839 nova-scheduler[96508]: DEBUG cotyledon.oslo_config_glue [-] oslo_limit.status_code_retries = None {{(pid=96508) log_opt_values /opt/stack/data/venv/lib/python3.12/site-packages/oslo_config/cfg.py:3545}}
Aug 09 17:41:50.204148 np0000006839 nova-scheduler[96508]: DEBUG cotyledon.oslo_config_glue [-] oslo_limit.status_code_retry_delay = None {{(pid=96508) log_opt_values /opt/stack/data/venv/lib/python3.12/site-packages/oslo_config/cfg.py:3545}}
Aug 09 17:41:50.204148 np0000006839 nova-scheduler[96508]: DEBUG cotyledon.oslo_config_glue [-] oslo_limit.timeout = None {{(pid=96508) log_opt_values /opt/stack/data/venv/lib/python3.12/site-packages/oslo_config/cfg.py:3545}}
Aug 09 17:41:50.204148 np0000006839 nova-scheduler[96508]: DEBUG cotyledon.oslo_config_glue [-] oslo_limit.valid_interfaces = None {{(pid=96508) log_opt_values /opt/stack/data/venv/lib/python3.12/site-packages/oslo_config/cfg.py:3545}}
Aug 09 17:41:50.204148 np0000006839 nova-scheduler[96508]: DEBUG cotyledon.oslo_config_glue [-] oslo_limit.version = None {{(pid=96508) log_opt_values /opt/stack/data/venv/lib/python3.12/site-packages/oslo_config/cfg.py:3545}}
Aug 09 17:41:50.204148 np0000006839 nova-scheduler[96508]: DEBUG cotyledon.oslo_config_glue [-] oslo_reports.file_event_handler = None {{(pid=96508) log_opt_values /opt/stack/data/venv/lib/python3.12/site-packages/oslo_config/cfg.py:3545}}
Aug 09 17:41:50.204148 np0000006839 nova-scheduler[96508]: DEBUG cotyledon.oslo_config_glue [-] oslo_reports.file_event_handler_interval = 1 {{(pid=96508) log_opt_values /opt/stack/data/venv/lib/python3.12/site-packages/oslo_config/cfg.py:3545}}
Aug 09 17:41:50.204148 np0000006839 nova-scheduler[96508]: DEBUG cotyledon.oslo_config_glue [-] oslo_reports.log_dir = None {{(pid=96508) log_opt_values /opt/stack/data/venv/lib/python3.12/site-packages/oslo_config/cfg.py:3545}}
Aug 09 17:41:50.204452 np0000006839 nova-scheduler[96508]: DEBUG cotyledon.oslo_config_glue [-] ******************************************************************************** {{(pid=96508) log_opt_values /opt/stack/data/venv/lib/python3.12/site-packages/oslo_config/cfg.py:3552}}
Aug 09 17:41:50.204452 np0000006839 nova-scheduler[96508]: DEBUG cotyledon._service_worker [-] Run service ServiceWrapper(3) [96508] {{(pid=96508) wait_forever /opt/stack/data/venv/lib/python3.12/site-packages/cotyledon/_service_worker.py:218}}
Aug 09 17:41:50.204530 np0000006839 nova-scheduler[96502]: DEBUG dbcounter [-] [96502] Writer thread running {{(pid=96502) stat_writer /opt/stack/data/venv/lib/python3.12/site-packages/dbcounter.py:102}}
Aug 09 17:41:50.204575 np0000006839 nova-scheduler[96508]: INFO nova.service [-] Starting scheduler node (version 33.1.0)
Aug 09 17:41:50.204575 np0000006839 nova-scheduler[96508]: INFO dbcounter [None req-191bef61-796d-4b4f-94df-1feb726a6c30 None None] Registered counter for database nova_cell0
Aug 09 17:41:50.209152 np0000006839 nova-scheduler[96502]: DEBUG nova.service [None req-97ac00b6-54b1-4bed-9b8c-37bcb305e1fc None None] Creating RPC server for service: nova-scheduler on topic: scheduler {{(pid=96502) start /opt/stack/nova/nova/service.py:196}}
Aug 09 17:41:50.219628 np0000006839 nova-scheduler[96504]: DEBUG oslo_db.sqlalchemy.engines [None req-edddf5f5-e034-42fa-8fa1-3b958fe3c49b None None] MySQL server mode set to STRICT_TRANS_TABLES,STRICT_ALL_TABLES,NO_ZERO_IN_DATE,NO_ZERO_DATE,ERROR_FOR_DIVISION_BY_ZERO,TRADITIONAL,NO_ENGINE_SUBSTITUTION {{(pid=96504) _check_effective_sql_mode /opt/stack/data/venv/lib/python3.12/site-packages/oslo_db/sqlalchemy/engines.py:325}}
Aug 09 17:41:50.232895 np0000006839 nova-scheduler[96504]: DEBUG dbcounter [-] [96504] Writer thread running {{(pid=96504) stat_writer /opt/stack/data/venv/lib/python3.12/site-packages/dbcounter.py:102}}
Aug 09 17:41:50.236780 np0000006839 nova-scheduler[96506]: DEBUG oslo_db.sqlalchemy.engines [None req-fd67681f-c956-4b1f-9518-757ca41f41d7 None None] MySQL server mode set to STRICT_TRANS_TABLES,STRICT_ALL_TABLES,NO_ZERO_IN_DATE,NO_ZERO_DATE,ERROR_FOR_DIVISION_BY_ZERO,TRADITIONAL,NO_ENGINE_SUBSTITUTION {{(pid=96506) _check_effective_sql_mode /opt/stack/data/venv/lib/python3.12/site-packages/oslo_db/sqlalchemy/engines.py:325}}
Aug 09 17:41:50.240364 np0000006839 nova-scheduler[96504]: DEBUG nova.service [None req-edddf5f5-e034-42fa-8fa1-3b958fe3c49b None None] Creating RPC server for service: nova-scheduler on topic: scheduler {{(pid=96504) start /opt/stack/nova/nova/service.py:196}}
Aug 09 17:41:50.240911 np0000006839 nova-scheduler[96508]: DEBUG oslo_db.sqlalchemy.engines [None req-191bef61-796d-4b4f-94df-1feb726a6c30 None None] MySQL server mode set to STRICT_TRANS_TABLES,STRICT_ALL_TABLES,NO_ZERO_IN_DATE,NO_ZERO_DATE,ERROR_FOR_DIVISION_BY_ZERO,TRADITIONAL,NO_ENGINE_SUBSTITUTION {{(pid=96508) _check_effective_sql_mode /opt/stack/data/venv/lib/python3.12/site-packages/oslo_db/sqlalchemy/engines.py:325}}
Aug 09 17:41:50.246690 np0000006839 nova-scheduler[96506]: DEBUG dbcounter [-] [96506] Writer thread running {{(pid=96506) stat_writer /opt/stack/data/venv/lib/python3.12/site-packages/dbcounter.py:102}}
Aug 09 17:41:50.251688 np0000006839 nova-scheduler[96506]: DEBUG nova.service [None req-fd67681f-c956-4b1f-9518-757ca41f41d7 None None] Creating RPC server for service: nova-scheduler on topic: scheduler {{(pid=96506) start /opt/stack/nova/nova/service.py:196}}
Aug 09 17:41:50.252820 np0000006839 nova-scheduler[96502]: DEBUG nova.service [None req-97ac00b6-54b1-4bed-9b8c-37bcb305e1fc None None] Join ServiceGroup membership for this service scheduler {{(pid=96502) start /opt/stack/nova/nova/service.py:222}}
Aug 09 17:41:50.253200 np0000006839 nova-scheduler[96502]: DEBUG nova.servicegroup.drivers.db [None req-97ac00b6-54b1-4bed-9b8c-37bcb305e1fc None None] DB_Driver: join new ServiceGroup member np0000006839 to the scheduler group, service = {{(pid=96502) join /opt/stack/nova/nova/servicegroup/drivers/db.py:44}}
Aug 09 17:41:50.257254 np0000006839 nova-scheduler[96508]: DEBUG dbcounter [-] [96508] Writer thread running {{(pid=96508) stat_writer /opt/stack/data/venv/lib/python3.12/site-packages/dbcounter.py:102}}
Aug 09 17:41:50.261941 np0000006839 nova-scheduler[96508]: DEBUG nova.service [None req-191bef61-796d-4b4f-94df-1feb726a6c30 None None] Creating RPC server for service: nova-scheduler on topic: scheduler {{(pid=96508) start /opt/stack/nova/nova/service.py:196}}
Aug 09 17:41:50.265371 np0000006839 nova-scheduler[96504]: DEBUG nova.service [None req-edddf5f5-e034-42fa-8fa1-3b958fe3c49b None None] Join ServiceGroup membership for this service scheduler {{(pid=96504) start /opt/stack/nova/nova/service.py:222}}
Aug 09 17:41:50.265619 np0000006839 nova-scheduler[96504]: DEBUG nova.servicegroup.drivers.db [None req-edddf5f5-e034-42fa-8fa1-3b958fe3c49b None None] DB_Driver: join new ServiceGroup member np0000006839 to the scheduler group, service = {{(pid=96504) join /opt/stack/nova/nova/servicegroup/drivers/db.py:44}}
Aug 09 17:41:50.272346 np0000006839 nova-scheduler[96506]: DEBUG nova.service [None req-fd67681f-c956-4b1f-9518-757ca41f41d7 None None] Join ServiceGroup membership for this service scheduler {{(pid=96506) start /opt/stack/nova/nova/service.py:222}}
Aug 09 17:41:50.272641 np0000006839 nova-scheduler[96506]: DEBUG nova.servicegroup.drivers.db [None req-fd67681f-c956-4b1f-9518-757ca41f41d7 None None] DB_Driver: join new ServiceGroup member np0000006839 to the scheduler group, service = {{(pid=96506) join /opt/stack/nova/nova/servicegroup/drivers/db.py:44}}
Aug 09 17:41:50.284485 np0000006839 nova-scheduler[96508]: DEBUG nova.service [None req-191bef61-796d-4b4f-94df-1feb726a6c30 None None] Join ServiceGroup membership for this service scheduler {{(pid=96508) start /opt/stack/nova/nova/service.py:222}}
Aug 09 17:41:50.284830 np0000006839 nova-scheduler[96508]: DEBUG nova.servicegroup.drivers.db [None req-191bef61-796d-4b4f-94df-1feb726a6c30 None None] DB_Driver: join new ServiceGroup member np0000006839 to the scheduler group, service = {{(pid=96508) join /opt/stack/nova/nova/servicegroup/drivers/db.py:44}}
Aug 09 17:41:52.275069 np0000006839 nova-scheduler[96506]: DEBUG oslo.service.backend._threading.loopingcall [None req-824a1283-9b48-47fe-acd0-2123b6919fa6 None None] Dynamic interval looping call 'nova.service.Service.periodic_tasks' sleeping for 60.00 seconds {{(pid=96506) _run_loop /opt/stack/data/venv/lib/python3.12/site-packages/oslo_service/backend/_threading/loopingcall.py:125}}
Aug 09 17:41:55.267084 np0000006839 nova-scheduler[96502]: DEBUG oslo.service.backend._threading.loopingcall [-] Fixed interval looping call 'nova.servicegroup.drivers.db.DbDriver._report_state' sleeping for 119.99 seconds {{(pid=96502) _run_loop /opt/stack/data/venv/lib/python3.12/site-packages/oslo_service/backend/_threading/loopingcall.py:125}}
Aug 09 17:41:55.278990 np0000006839 nova-scheduler[96504]: DEBUG oslo.service.backend._threading.loopingcall [-] Fixed interval looping call 'nova.servicegroup.drivers.db.DbDriver._report_state' sleeping for 119.99 seconds {{(pid=96504) _run_loop /opt/stack/data/venv/lib/python3.12/site-packages/oslo_service/backend/_threading/loopingcall.py:125}}
Aug 09 17:41:55.285584 np0000006839 nova-scheduler[96506]: DEBUG oslo.service.backend._threading.loopingcall [-] Fixed interval looping call 'nova.servicegroup.drivers.db.DbDriver._report_state' sleeping for 119.99 seconds {{(pid=96506) _run_loop /opt/stack/data/venv/lib/python3.12/site-packages/oslo_service/backend/_threading/loopingcall.py:125}}
Aug 09 17:41:55.297304 np0000006839 nova-scheduler[96508]: DEBUG oslo.service.backend._threading.loopingcall [-] Fixed interval looping call 'nova.servicegroup.drivers.db.DbDriver._report_state' sleeping for 119.99 seconds {{(pid=96508) _run_loop /opt/stack/data/venv/lib/python3.12/site-packages/oslo_service/backend/_threading/loopingcall.py:125}}
Aug 09 17:41:58.815124 np0000006839 nova-scheduler[95310]: DEBUG dbcounter [-] [95310] Writing DB stats nova_api:SELECT=3 {{(pid=95310) stat_writer /opt/stack/data/venv/lib/python3.12/site-packages/dbcounter.py:115}}
Aug 09 17:41:58.948997 np0000006839 nova-scheduler[95310]: DEBUG dbcounter [-] [95310] Writing DB stats nova_cell0:SELECT=1 {{(pid=95310) stat_writer /opt/stack/data/venv/lib/python3.12/site-packages/dbcounter.py:115}}
Aug 09 17:41:58.954062 np0000006839 nova-scheduler[95310]: DEBUG dbcounter [-] [95310] Writing DB stats nova_cell1:SELECT=1 {{(pid=95310) stat_writer /opt/stack/data/venv/lib/python3.12/site-packages/dbcounter.py:115}}
Aug 09 17:42:05.262615 np0000006839 nova-scheduler[96502]: DEBUG dbcounter [-] [96502] Writing DB stats nova_cell0:SELECT=4,nova_cell0:INSERT=1,nova_cell0:UPDATE=1 {{(pid=96502) stat_writer /opt/stack/data/venv/lib/python3.12/site-packages/dbcounter.py:115}}
Aug 09 17:42:05.275431 np0000006839 nova-scheduler[96504]: DEBUG dbcounter [-] [96504] Writing DB stats nova_cell0:SELECT=3 {{(pid=96504) stat_writer /opt/stack/data/venv/lib/python3.12/site-packages/dbcounter.py:115}}
Aug 09 17:42:05.282408 np0000006839 nova-scheduler[96506]: DEBUG dbcounter [-] [96506] Writing DB stats nova_cell0:SELECT=3 {{(pid=96506) stat_writer /opt/stack/data/venv/lib/python3.12/site-packages/dbcounter.py:115}}
Aug 09 17:42:05.294083 np0000006839 nova-scheduler[96508]: DEBUG dbcounter [-] [96508] Writing DB stats nova_cell0:SELECT=3 {{(pid=96508) stat_writer /opt/stack/data/venv/lib/python3.12/site-packages/dbcounter.py:115}}
Aug 09 17:42:07.255452 np0000006839 nova-scheduler[96502]: DEBUG oslo.service.backend._threading.loopingcall [None req-66c07b71-3952-4fc6-9524-70a3de86f3f9 None None] Dynamic interval looping call 'nova.service.Service.periodic_tasks' sleeping for 60.00 seconds {{(pid=96502) _run_loop /opt/stack/data/venv/lib/python3.12/site-packages/oslo_service/backend/_threading/loopingcall.py:125}}
Aug 09 17:42:27.268444 np0000006839 nova-scheduler[96504]: DEBUG oslo.service.backend._threading.loopingcall [None req-0791c033-537f-4893-ade8-557d8acff41f None None] Dynamic interval looping call 'nova.service.Service.periodic_tasks' sleeping for 60.00 seconds {{(pid=96504) _run_loop /opt/stack/data/venv/lib/python3.12/site-packages/oslo_service/backend/_threading/loopingcall.py:125}}
Aug 09 17:42:42.287144 np0000006839 nova-scheduler[96508]: DEBUG oslo.service.backend._threading.loopingcall [None req-09c523f7-2f50-4840-a8d9-232b900553cc None None] Dynamic interval looping call 'nova.service.Service.periodic_tasks' sleeping for 60.00 seconds {{(pid=96508) _run_loop /opt/stack/data/venv/lib/python3.12/site-packages/oslo_service/backend/_threading/loopingcall.py:125}}
Aug 09 17:42:52.275727 np0000006839 nova-scheduler[96506]: DEBUG oslo.service.backend._threading.loopingcall [None req-824a1283-9b48-47fe-acd0-2123b6919fa6 None None] Dynamic interval looping call 'nova.service.Service.periodic_tasks' sleeping for 60.00 seconds {{(pid=96506) _run_loop /opt/stack/data/venv/lib/python3.12/site-packages/oslo_service/backend/_threading/loopingcall.py:125}}
Aug 09 17:43:07.255912 np0000006839 nova-scheduler[96502]: DEBUG oslo.service.backend._threading.loopingcall [None req-66c07b71-3952-4fc6-9524-70a3de86f3f9 None None] Dynamic interval looping call 'nova.service.Service.periodic_tasks' sleeping for 60.00 seconds {{(pid=96502) _run_loop /opt/stack/data/venv/lib/python3.12/site-packages/oslo_service/backend/_threading/loopingcall.py:125}}
Aug 09 17:43:27.268981 np0000006839 nova-scheduler[96504]: DEBUG oslo.service.backend._threading.loopingcall [None req-0791c033-537f-4893-ade8-557d8acff41f None None] Dynamic interval looping call 'nova.service.Service.periodic_tasks' sleeping for 60.00 seconds {{(pid=96504) _run_loop /opt/stack/data/venv/lib/python3.12/site-packages/oslo_service/backend/_threading/loopingcall.py:125}}
Aug 09 17:43:42.287849 np0000006839 nova-scheduler[96508]: DEBUG oslo.service.backend._threading.loopingcall [None req-09c523f7-2f50-4840-a8d9-232b900553cc None None] Dynamic interval looping call 'nova.service.Service.periodic_tasks' sleeping for 60.00 seconds {{(pid=96508) _run_loop /opt/stack/data/venv/lib/python3.12/site-packages/oslo_service/backend/_threading/loopingcall.py:125}}
Aug 09 17:43:52.276316 np0000006839 nova-scheduler[96506]: DEBUG oslo.service.backend._threading.loopingcall [None req-824a1283-9b48-47fe-acd0-2123b6919fa6 None None] Dynamic interval looping call 'nova.service.Service.periodic_tasks' sleeping for 60.00 seconds {{(pid=96506) _run_loop /opt/stack/data/venv/lib/python3.12/site-packages/oslo_service/backend/_threading/loopingcall.py:125}}
Aug 09 17:43:55.264671 np0000006839 nova-scheduler[96502]: DEBUG oslo.service.backend._threading.loopingcall [-] Fixed interval looping call 'nova.servicegroup.drivers.db.DbDriver._report_state' sleeping for 119.99 seconds {{(pid=96502) _run_loop /opt/stack/data/venv/lib/python3.12/site-packages/oslo_service/backend/_threading/loopingcall.py:125}}
Aug 09 17:43:55.273217 np0000006839 nova-scheduler[96504]: DEBUG oslo.service.backend._threading.loopingcall [-] Fixed interval looping call 'nova.servicegroup.drivers.db.DbDriver._report_state' sleeping for 120.00 seconds {{(pid=96504) _run_loop /opt/stack/data/venv/lib/python3.12/site-packages/oslo_service/backend/_threading/loopingcall.py:125}}
Aug 09 17:43:55.280152 np0000006839 nova-scheduler[96506]: DEBUG oslo.service.backend._threading.loopingcall [-] Fixed interval looping call 'nova.servicegroup.drivers.db.DbDriver._report_state' sleeping for 120.00 seconds {{(pid=96506) _run_loop /opt/stack/data/venv/lib/python3.12/site-packages/oslo_service/backend/_threading/loopingcall.py:125}}
Aug 09 17:43:55.293309 np0000006839 nova-scheduler[96508]: DEBUG oslo.service.backend._threading.loopingcall [-] Fixed interval looping call 'nova.servicegroup.drivers.db.DbDriver._report_state' sleeping for 119.99 seconds {{(pid=96508) _run_loop /opt/stack/data/venv/lib/python3.12/site-packages/oslo_service/backend/_threading/loopingcall.py:125}}
Aug 09 17:44:05.260613 np0000006839 nova-scheduler[96502]: DEBUG dbcounter [-] [96502] Writing DB stats nova_cell0:SELECT=1,nova_cell0:UPDATE=1 {{(pid=96502) stat_writer /opt/stack/data/venv/lib/python3.12/site-packages/dbcounter.py:115}}
Aug 09 17:44:05.271715 np0000006839 nova-scheduler[96504]: DEBUG dbcounter [-] [96504] Writing DB stats nova_cell0:SELECT=1 {{(pid=96504) stat_writer /opt/stack/data/venv/lib/python3.12/site-packages/dbcounter.py:115}}
Aug 09 17:44:05.278364 np0000006839 nova-scheduler[96506]: DEBUG dbcounter [-] [96506] Writing DB stats nova_cell0:SELECT=1 {{(pid=96506) stat_writer /opt/stack/data/venv/lib/python3.12/site-packages/dbcounter.py:115}}
Aug 09 17:44:05.290497 np0000006839 nova-scheduler[96508]: DEBUG dbcounter [-] [96508] Writing DB stats nova_cell0:SELECT=1 {{(pid=96508) stat_writer /opt/stack/data/venv/lib/python3.12/site-packages/dbcounter.py:115}}
Aug 09 17:44:07.256838 np0000006839 nova-scheduler[96502]: DEBUG oslo.service.backend._threading.loopingcall [None req-66c07b71-3952-4fc6-9524-70a3de86f3f9 None None] Dynamic interval looping call 'nova.service.Service.periodic_tasks' sleeping for 60.00 seconds {{(pid=96502) _run_loop /opt/stack/data/venv/lib/python3.12/site-packages/oslo_service/backend/_threading/loopingcall.py:125}}
Aug 09 17:44:11.303661 np0000006839 nova-scheduler[96502]: DEBUG nova.scheduler.manager [None req-bb38d291-88b4-45bc-a28a-6569b1f3ecfd tempest-ServerRescueNegativeTestJSON-1866685371 tempest-ServerRescueNegativeTestJSON-1866685371-project-member] Starting to schedule for instances: ['f9ebf27a-5064-4d92-89a2-14e0d95ef89b'] {{(pid=96502) select_destinations /opt/stack/nova/nova/scheduler/manager.py:209}}
Aug 09 17:44:11.304393 np0000006839 nova-scheduler[96502]: DEBUG nova.scheduler.request_filter [None req-bb38d291-88b4-45bc-a28a-6569b1f3ecfd tempest-ServerRescueNegativeTestJSON-1866685371 tempest-ServerRescueNegativeTestJSON-1866685371-project-member] compute_status_filter request filter added forbidden trait COMPUTE_STATUS_DISABLED {{(pid=96502) compute_status_filter /opt/stack/nova/nova/scheduler/request_filter.py:253}}
Aug 09 17:44:11.304441 np0000006839 nova-scheduler[96502]: DEBUG nova.scheduler.request_filter [None req-bb38d291-88b4-45bc-a28a-6569b1f3ecfd tempest-ServerRescueNegativeTestJSON-1866685371 tempest-ServerRescueNegativeTestJSON-1866685371-project-member] Request filter 'compute_status_filter' took 0.0 seconds {{(pid=96502) wrapper /opt/stack/nova/nova/scheduler/request_filter.py:46}}
Aug 09 17:44:11.304811 np0000006839 nova-scheduler[96502]: DEBUG nova.scheduler.request_filter [None req-bb38d291-88b4-45bc-a28a-6569b1f3ecfd tempest-ServerRescueNegativeTestJSON-1866685371 tempest-ServerRescueNegativeTestJSON-1866685371-project-member] Request filter 'accelerators_filter' took 0.0 seconds {{(pid=96502) wrapper /opt/stack/nova/nova/scheduler/request_filter.py:46}}
Aug 09 17:44:11.305778 np0000006839 nova-scheduler[96502]: DEBUG nova.scheduler.request_filter [None req-bb38d291-88b4-45bc-a28a-6569b1f3ecfd tempest-ServerRescueNegativeTestJSON-1866685371 tempest-ServerRescueNegativeTestJSON-1866685371-project-member] Request filter 'packed_virtqueue_filter' took 0.0 seconds {{(pid=96502) wrapper /opt/stack/nova/nova/scheduler/request_filter.py:46}}
Aug 09 17:44:11.305778 np0000006839 nova-scheduler[96502]: DEBUG nova.scheduler.request_filter [None req-bb38d291-88b4-45bc-a28a-6569b1f3ecfd tempest-ServerRescueNegativeTestJSON-1866685371 tempest-ServerRescueNegativeTestJSON-1866685371-project-member] Request filter 'remote_managed_ports_filter' took 0.0 seconds {{(pid=96502) wrapper /opt/stack/nova/nova/scheduler/request_filter.py:46}}
Aug 09 17:44:11.305778 np0000006839 nova-scheduler[96502]: DEBUG nova.scheduler.request_filter [None req-bb38d291-88b4-45bc-a28a-6569b1f3ecfd tempest-ServerRescueNegativeTestJSON-1866685371 tempest-ServerRescueNegativeTestJSON-1866685371-project-member] ephemeral_encryption_filter skipped {{(pid=96502) ephemeral_encryption_filter /opt/stack/nova/nova/scheduler/request_filter.py:426}}
Aug 09 17:44:11.306096 np0000006839 nova-scheduler[96502]: DEBUG nova.scheduler.request_filter [None req-bb38d291-88b4-45bc-a28a-6569b1f3ecfd tempest-ServerRescueNegativeTestJSON-1866685371 tempest-ServerRescueNegativeTestJSON-1866685371-project-member] virtio_sound_filter skipped {{(pid=96502) virtio_sound_filter /opt/stack/nova/nova/scheduler/request_filter.py:460}}
Aug 09 17:44:11.306096 np0000006839 nova-scheduler[96502]: DEBUG nova.scheduler.request_filter [None req-bb38d291-88b4-45bc-a28a-6569b1f3ecfd tempest-ServerRescueNegativeTestJSON-1866685371 tempest-ServerRescueNegativeTestJSON-1866685371-project-member] tpm_secret_security_filter skipped {{(pid=96502) tpm_secret_security_filter /opt/stack/nova/nova/scheduler/request_filter.py:477}}
Aug 09 17:44:11.966406 np0000006839 nova-scheduler[96504]: DEBUG nova.scheduler.manager [None req-f069c583-6d56-4fe2-b1c4-dfd5de8e9bfb tempest-DeleteServersTestJSON-1767248263 tempest-DeleteServersTestJSON-1767248263-project-member] Starting to schedule for instances: ['ca507573-2450-49f4-849c-d77aa481aeee'] {{(pid=96504) select_destinations /opt/stack/nova/nova/scheduler/manager.py:209}}
Aug 09 17:44:11.966863 np0000006839 nova-scheduler[96504]: DEBUG nova.scheduler.request_filter [None req-f069c583-6d56-4fe2-b1c4-dfd5de8e9bfb tempest-DeleteServersTestJSON-1767248263 tempest-DeleteServersTestJSON-1767248263-project-member] compute_status_filter request filter added forbidden trait COMPUTE_STATUS_DISABLED {{(pid=96504) compute_status_filter /opt/stack/nova/nova/scheduler/request_filter.py:253}}
Aug 09 17:44:11.967066 np0000006839 nova-scheduler[96504]: DEBUG nova.scheduler.request_filter [None req-f069c583-6d56-4fe2-b1c4-dfd5de8e9bfb tempest-DeleteServersTestJSON-1767248263 tempest-DeleteServersTestJSON-1767248263-project-member] Request filter 'compute_status_filter' took 0.0 seconds {{(pid=96504) wrapper /opt/stack/nova/nova/scheduler/request_filter.py:46}}
Aug 09 17:44:11.967356 np0000006839 nova-scheduler[96504]: DEBUG nova.scheduler.request_filter [None req-f069c583-6d56-4fe2-b1c4-dfd5de8e9bfb tempest-DeleteServersTestJSON-1767248263 tempest-DeleteServersTestJSON-1767248263-project-member] Request filter 'accelerators_filter' took 0.0 seconds {{(pid=96504) wrapper /opt/stack/nova/nova/scheduler/request_filter.py:46}}
Aug 09 17:44:11.967680 np0000006839 nova-scheduler[96504]: DEBUG nova.scheduler.request_filter [None req-f069c583-6d56-4fe2-b1c4-dfd5de8e9bfb tempest-DeleteServersTestJSON-1767248263 tempest-DeleteServersTestJSON-1767248263-project-member] Request filter 'packed_virtqueue_filter' took 0.0 seconds {{(pid=96504) wrapper /opt/stack/nova/nova/scheduler/request_filter.py:46}}
Aug 09 17:44:11.968395 np0000006839 nova-scheduler[96504]: DEBUG nova.scheduler.request_filter [None req-f069c583-6d56-4fe2-b1c4-dfd5de8e9bfb tempest-DeleteServersTestJSON-1767248263 tempest-DeleteServersTestJSON-1767248263-project-member] Request filter 'remote_managed_ports_filter' took 0.0 seconds {{(pid=96504) wrapper /opt/stack/nova/nova/scheduler/request_filter.py:46}}
Aug 09 17:44:11.968395 np0000006839 nova-scheduler[96504]: DEBUG nova.scheduler.request_filter [None req-f069c583-6d56-4fe2-b1c4-dfd5de8e9bfb tempest-DeleteServersTestJSON-1767248263 tempest-DeleteServersTestJSON-1767248263-project-member] ephemeral_encryption_filter skipped {{(pid=96504) ephemeral_encryption_filter /opt/stack/nova/nova/scheduler/request_filter.py:426}}
Aug 09 17:44:11.968395 np0000006839 nova-scheduler[96504]: DEBUG nova.scheduler.request_filter [None req-f069c583-6d56-4fe2-b1c4-dfd5de8e9bfb tempest-DeleteServersTestJSON-1767248263 tempest-DeleteServersTestJSON-1767248263-project-member] virtio_sound_filter skipped {{(pid=96504) virtio_sound_filter /opt/stack/nova/nova/scheduler/request_filter.py:460}}
Aug 09 17:44:11.968589 np0000006839 nova-scheduler[96504]: DEBUG nova.scheduler.request_filter [None req-f069c583-6d56-4fe2-b1c4-dfd5de8e9bfb tempest-DeleteServersTestJSON-1767248263 tempest-DeleteServersTestJSON-1767248263-project-member] tpm_secret_security_filter skipped {{(pid=96504) tpm_secret_security_filter /opt/stack/nova/nova/scheduler/request_filter.py:477}}
Aug 09 17:44:12.051654 np0000006839 nova-scheduler[96502]: INFO nova.utils [None req-bb38d291-88b4-45bc-a28a-6569b1f3ecfd tempest-ServerRescueNegativeTestJSON-1866685371 tempest-ServerRescueNegativeTestJSON-1866685371-project-member] The cell worker thread pool ForkProcess-1.cell_worker is initialized
Aug 09 17:44:12.051654 np0000006839 nova-scheduler[96502]: DEBUG oslo_concurrency.lockutils [None req-bb38d291-88b4-45bc-a28a-6569b1f3ecfd tempest-ServerRescueNegativeTestJSON-1866685371 tempest-ServerRescueNegativeTestJSON-1866685371-project-member] Acquiring lock "a2186d85-5a9a-47be-8c61-db6f1683091d" by "nova.context.set_target_cell..get_or_set_cached_cell_and_set_connections" {{(pid=96502) inner /opt/stack/data/venv/lib/python3.12/site-packages/oslo_concurrency/lockutils.py:512}}
