Aug 09 17:41:24.910807 np0000006839 devstack@neutron-api.service[90719]: DEBUG oslo_concurrency.processutils [None req-0a68e773-d0fd-4881-bb2c-21487acd81d2 None None] CMD "ovsdb-client transact ssl:10.4.3.227:6641 --timeout 180 -p /opt/stack/data/CA/int-ca/private/devstack-cert.key -c /opt/stack/data/CA/int-ca/devstack-cert.crt -C /opt/stack/data/CA/int-ca/ca-chain.pem ["OVN_Northbound", {"op": "wait", "timeout": 0, "table": "Port_Group", "where": [["name", "==", "pvlan_pg_drop"]], "until": "==", "rows": []}, {"op": "insert", "table": "ACL", "row": {"action": "drop", "direction": "to-lport", "match": "outport == @pvlan_pg_drop && ip", "priority": 1010}, "uuid-name": "pvlandroptoport"}, {"op": "insert", "table": "ACL", "row": {"action": "drop", "direction": "from-lport", "match": "inport == @pvlan_pg_drop && ip", "priority": 1010}, "uuid-name": "pvlandropfromport"}, {"op": "insert", "table": "Port_Group", "row": {"name": "pvlan_pg_drop", "acls": ["set", [["named-uuid", "pvlandroptoport"], ["named-uuid", "pvlandropfromport"]]]}}]" returned: 0 in 0.026s {{(pid=90719) execute /opt/stack/data/venv/lib/python3.12/site-packages/oslo_concurrency/processutils.py:468}}
Aug 09 17:41:24.912672 np0000006839 devstack@neutron-api.service[90719]: WSGI app 0 (mountpoint='') ready in 6 seconds on interpreter 0x7cfadb4a4668 pid: 90719 (default app)
Aug 09 17:41:25.321609 np0000006839 devstack@neutron-api.service[90722]: DEBUG neutron.common.ovn.hash_ring_manager [-] Allow caching, nodes 4>=4 {{(pid=90722) _wait_startup_before_caching /opt/stack/neutron/neutron/common/ovn/hash_ring_manager.py:71}}
Aug 09 17:41:25.321954 np0000006839 devstack@neutron-api.service[90722]: DEBUG neutron.plugins.ml2.drivers.ovn.mech_driver.ovsdb.ovsdb_monitor [-] Hash Ring: Node cec9afcb4b0156dcb8eba297509be67a (host: np0000006839) handling event "update" for row b5a0970e-acfd-450b-92c5-c27a9885356c (table: Connection) {{(pid=90722) notify /opt/stack/neutron/neutron/plugins/ml2/drivers/ovn/mech_driver/ovsdb/ovsdb_monitor.py:1099}}
Aug 09 17:41:27.819323 np0000006839 devstack@neutron-api.service[90722]: DEBUG neutron.plugins.ml2.drivers.ovn.mech_driver.ovsdb.ovsdb_monitor [-] Hash Ring: Node cec9afcb4b0156dcb8eba297509be67a (host: np0000006839) handling event "update" for row b5a0970e-acfd-450b-92c5-c27a9885356c (table: Connection) {{(pid=90722) notify /opt/stack/neutron/neutron/plugins/ml2/drivers/ovn/mech_driver/ovsdb/ovsdb_monitor.py:1099}}
Aug 09 17:41:28.717725 np0000006839 devstack@neutron-api.service[90722]: DEBUG neutron.api.wsgi [None req-c6c187d9-b371-4992-9f37-e2378780d26a admin admin] Missing Content-Type {{(pid=90722) get_content_type /opt/stack/neutron/neutron/api/wsgi.py:80}}
Aug 09 17:41:28.718128 np0000006839 devstack@neutron-api.service[90722]: DEBUG neutron.api.wsgi [None req-c6c187d9-b371-4992-9f37-e2378780d26a admin admin] https://10.4.3.227/networking/v2.0/extensions returned with HTTP 200 {{(pid=90722) __call__ /opt/stack/neutron/neutron/api/wsgi.py:540}}
Aug 09 17:41:28.718477 np0000006839 devstack@neutron-api.service[90722]: [pid: 90722|app: 0|req: 2/2] 10.4.3.227 () {64 vars in 1292 bytes} [Sun Aug 9 17:41:28 2026] GET /networking/v2.0/extensions => generated 16171 bytes in 576 msecs (HTTP/1.1 200) 4 headers in 159 bytes (1 switches on core 0)
Aug 09 17:41:29.069173 np0000006839 devstack@neutron-api.service[90720]: DEBUG neutron.api.v2.base [None req-65e39087-e0ae-46d5-8714-d02b9704bb85 admin admin] Request body: {'subnetpool': {'prefixes': ['10.1.0.0/20'], 'shared': True, 'name': 'shared-default-subnetpool-v4', 'default_prefixlen': 26, 'is_default': True}} {{(pid=90720) prepare_request_body /opt/stack/neutron/neutron/api/v2/base.py:727}}
Aug 09 17:41:29.256746 np0000006839 devstack@neutron-api.service[90720]: DEBUG neutron.policy [None req-65e39087-e0ae-46d5-8714-d02b9704bb85 admin admin] Loaded default policies from ['neutron'] under neutron.policies entry points {{(pid=90720) register_rules /opt/stack/neutron/neutron/policy.py:65}}
Aug 09 17:41:29.377472 np0000006839 devstack@neutron-api.service[90720]: DEBUG neutron_lib.callbacks.manager [None req-65e39087-e0ae-46d5-8714-d02b9704bb85 admin admin] Publish callbacks ['neutron.objects.securitygroup.RbacNeutronDbObjectMixin.validate_rbac_policy_change-2902769919555', 'neutron.objects.address_group.RbacNeutronDbObjectMixin.validate_rbac_policy_change-2902769813978', 'neutron.objects.network.RbacNeutronDbObjectMixin.validate_rbac_policy_change-2902769799398', 'neutron.objects.qos.policy.RbacNeutronDbObjectMixin.validate_rbac_policy_change-2902769797089', 'neutron.objects.subnetpool.RbacNeutronDbObjectMixin.validate_rbac_policy_change-2902769853617', 'neutron.objects.address_scope.RbacNeutronDbObjectMixin.validate_rbac_policy_change-2902769834001', 'neutron.plugins.ml2.plugin.External_net_db_mixin._process_ext_policy_create-122760', 'neutron.plugins.ml2.plugin.NeutronDbPluginV2.validate_network_rbac_policy_change-66260'] for rbac-policy (None), before_create {{(pid=90720) _notify_loop /opt/stack/data/venv/lib/python3.12/site-packages/neutron_lib/callbacks/manager.py:184}}
Aug 09 17:41:29.411084 np0000006839 devstack@neutron-api.service[90720]: DEBUG neutron_lib.callbacks.manager [None req-65e39087-e0ae-46d5-8714-d02b9704bb85 admin admin] Publish callbacks [] for subnetpool (None), before_response {{(pid=90720) _notify_loop /opt/stack/data/venv/lib/python3.12/site-packages/neutron_lib/callbacks/manager.py:184}}
Aug 09 17:41:29.411570 np0000006839 devstack@neutron-api.service[90720]: [pid: 90720|app: 0|req: 1/3] 10.4.3.227 () {68 vars in 1336 bytes} [Sun Aug 9 17:41:28 2026] POST /networking/v2.0/subnetpools => generated 533 bytes in 427 msecs (HTTP/1.1 201) 4 headers in 162 bytes (1 switches on core 0)
Aug 09 17:41:29.743917 np0000006839 devstack@neutron-api.service[90721]: DEBUG neutron.api.v2.base [None req-49cd92e8-7b8f-4e5a-a280-75239b7e2a17 admin admin] Request body: {'subnetpool': {'prefixes': ['fda8:bce3:cb86::/56'], 'shared': True, 'name': 'shared-default-subnetpool-v6', 'default_prefixlen': 64, 'is_default': True}} {{(pid=90721) prepare_request_body /opt/stack/neutron/neutron/api/v2/base.py:727}}
Aug 09 17:41:29.894378 np0000006839 devstack@neutron-api.service[90721]: DEBUG neutron.policy [None req-49cd92e8-7b8f-4e5a-a280-75239b7e2a17 admin admin] Loaded default policies from ['neutron'] under neutron.policies entry points {{(pid=90721) register_rules /opt/stack/neutron/neutron/policy.py:65}}
Aug 09 17:41:30.024362 np0000006839 devstack@neutron-api.service[90721]: DEBUG neutron_lib.callbacks.manager [None req-49cd92e8-7b8f-4e5a-a280-75239b7e2a17 admin admin] Publish callbacks ['neutron.objects.securitygroup.RbacNeutronDbObjectMixin.validate_rbac_policy_change-2902769919555', 'neutron.objects.address_group.RbacNeutronDbObjectMixin.validate_rbac_policy_change-2902769813978', 'neutron.objects.network.RbacNeutronDbObjectMixin.validate_rbac_policy_change-2902769801301', 'neutron.objects.qos.policy.RbacNeutronDbObjectMixin.validate_rbac_policy_change-2902769805074', 'neutron.objects.subnetpool.RbacNeutronDbObjectMixin.validate_rbac_policy_change-2902769835396', 'neutron.objects.address_scope.RbacNeutronDbObjectMixin.validate_rbac_policy_change-2902769853504', 'neutron.plugins.ml2.plugin.External_net_db_mixin._process_ext_policy_create-112984', 'neutron.plugins.ml2.plugin.NeutronDbPluginV2.validate_network_rbac_policy_change-116912'] for rbac-policy (None), before_create {{(pid=90721) _notify_loop /opt/stack/data/venv/lib/python3.12/site-packages/neutron_lib/callbacks/manager.py:184}}
Aug 09 17:41:30.062904 np0000006839 devstack@neutron-api.service[90721]: DEBUG neutron_lib.callbacks.manager [None req-49cd92e8-7b8f-4e5a-a280-75239b7e2a17 admin admin] Publish callbacks [] for subnetpool (None), before_response {{(pid=90721) _notify_loop /opt/stack/data/venv/lib/python3.12/site-packages/neutron_lib/callbacks/manager.py:184}}
Aug 09 17:41:30.063503 np0000006839 devstack@neutron-api.service[90721]: [pid: 90721|app: 0|req: 1/4] 10.4.3.227 () {68 vars in 1336 bytes} [Sun Aug 9 17:41:29 2026] POST /networking/v2.0/subnetpools => generated 543 bytes in 434 msecs (HTTP/1.1 201) 4 headers in 162 bytes (1 switches on core 0)
Aug 09 17:41:30.396873 np0000006839 devstack@neutron-api.service[90719]: DEBUG neutron.api.v2.base [None req-669f7b9b-3c28-4351-93d1-ea553031c073 admin admin] Request body: {'network': {'admin_state_up': True, 'name': 'private'}} {{(pid=90719) prepare_request_body /opt/stack/neutron/neutron/api/v2/base.py:727}}
Aug 09 17:41:30.427144 np0000006839 devstack@neutron-api.service[90719]: DEBUG neutron.pecan_wsgi.hooks.quota_enforcement [None req-669f7b9b-3c28-4351-93d1-ea553031c073 admin admin] Made reservation on behalf of bdc123a536864908b169615a44145d24 for: {'network': 1} {{(pid=90719) before /opt/stack/neutron/neutron/pecan_wsgi/hooks/quota_enforcement.py:66}}
Aug 09 17:41:30.579172 np0000006839 devstack@neutron-api.service[90719]: DEBUG neutron.policy [None req-669f7b9b-3c28-4351-93d1-ea553031c073 admin admin] Loaded default policies from ['neutron'] under neutron.policies entry points {{(pid=90719) register_rules /opt/stack/neutron/neutron/policy.py:65}}
Aug 09 17:41:30.673796 np0000006839 devstack@neutron-api.service[90719]: DEBUG neutron_lib.callbacks.manager [None req-669f7b9b-3c28-4351-93d1-ea553031c073 admin admin] Publish callbacks ['neutron.plugins.ml2.plugin.SecurityGroupDbMixin._ensure_default_security_group_handler-9634'] for network (None), before_create {{(pid=90719) _notify_loop /opt/stack/data/venv/lib/python3.12/site-packages/neutron_lib/callbacks/manager.py:184}}
Aug 09 17:41:30.695136 np0000006839 devstack@neutron-api.service[90719]: DEBUG neutron_lib.callbacks.manager [None req-669f7b9b-3c28-4351-93d1-ea553031c073 admin admin] Publish callbacks [] for security_group (None), before_create {{(pid=90719) _notify_loop /opt/stack/data/venv/lib/python3.12/site-packages/neutron_lib/callbacks/manager.py:184}}
Aug 09 17:41:30.790484 np0000006839 devstack@neutron-api.service[90719]: DEBUG neutron_lib.callbacks.manager [None req-669f7b9b-3c28-4351-93d1-ea553031c073 admin admin] Publish callbacks ['neutron.plugins.ml2.drivers.ovn.mech_driver.mech_driver.OVNMechanismDriver._create_security_group_precommit-348384'] for security_group (015cf7d6-55b2-4a86-a277-921837c0909b), precommit_create {{(pid=90719) _notify_loop /opt/stack/data/venv/lib/python3.12/site-packages/neutron_lib/callbacks/manager.py:184}}
Aug 09 17:41:30.790646 np0000006839 devstack@neutron-api.service[90719]: DEBUG neutron.db.ovn_revision_numbers_db [None req-669f7b9b-3c28-4351-93d1-ea553031c073 admin admin] create_initial_revision uuid=015cf7d6-55b2-4a86-a277-921837c0909b, type=security_groups, rev=-1 {{(pid=90719) create_initial_revision /opt/stack/neutron/neutron/db/ovn_revision_numbers_db.py:98}}
Aug 09 17:41:30.792943 np0000006839 devstack@neutron-api.service[90719]: DEBUG neutron.db.ovn_revision_numbers_db [None req-669f7b9b-3c28-4351-93d1-ea553031c073 admin admin] create_initial_revision uuid=2fddef50-227f-4cbf-9bc1-23556905f1fb, type=security_group_rules, rev=-1 {{(pid=90719) create_initial_revision /opt/stack/neutron/neutron/db/ovn_revision_numbers_db.py:98}}
Aug 09 17:41:30.793840 np0000006839 devstack@neutron-api.service[90719]: DEBUG neutron.db.ovn_revision_numbers_db [None req-669f7b9b-3c28-4351-93d1-ea553031c073 admin admin] create_initial_revision uuid=67ba3efe-6511-4706-8a05-4a5dbc8fd065, type=security_group_rules, rev=-1 {{(pid=90719) create_initial_revision /opt/stack/neutron/neutron/db/ovn_revision_numbers_db.py:98}}
Aug 09 17:41:30.794773 np0000006839 devstack@neutron-api.service[90719]: DEBUG neutron.db.ovn_revision_numbers_db [None req-669f7b9b-3c28-4351-93d1-ea553031c073 admin admin] create_initial_revision uuid=9e6b720a-5c1d-42f2-99e5-c4d21b9d8c67, type=security_group_rules, rev=-1 {{(pid=90719) create_initial_revision /opt/stack/neutron/neutron/db/ovn_revision_numbers_db.py:98}}
Aug 09 17:41:30.795573 np0000006839 devstack@neutron-api.service[90719]: DEBUG neutron.db.ovn_revision_numbers_db [None req-669f7b9b-3c28-4351-93d1-ea553031c073 admin admin] create_initial_revision uuid=a679d6a4-bb9c-4f1d-a77d-53d6424fa040, type=security_group_rules, rev=-1 {{(pid=90719) create_initial_revision /opt/stack/neutron/neutron/db/ovn_revision_numbers_db.py:98}}
Aug 09 17:41:30.798980 np0000006839 devstack@neutron-api.service[90719]: DEBUG neutron_lib.callbacks.manager [None req-669f7b9b-3c28-4351-93d1-ea553031c073 admin admin] Publish callbacks ['neutron.plugins.ml2.drivers.ovn.mech_driver.mech_driver.OVNMechanismDriver._create_security_group-348382', 'neutron.plugins.ml2.ovo_rpc._ObjectChangeHandler.handle_event-7265084'] for security_group (015cf7d6-55b2-4a86-a277-921837c0909b), after_create {{(pid=90719) _notify_loop /opt/stack/data/venv/lib/python3.12/site-packages/neutron_lib/callbacks/manager.py:184}}
Aug 09 17:41:30.799137 np0000006839 devstack@neutron-api.service[90719]: INFO neutron.plugins.ml2.drivers.ovn.mech_driver.ovsdb.extensions.qos [None req-669f7b9b-3c28-4351-93d1-ea553031c073 admin admin] Starting OVNClientQosExtension
Aug 09 17:41:30.799265 np0000006839 devstack@neutron-api.service[90719]: INFO neutron.plugins.ml2.drivers.ovn.mech_driver.ovsdb.extensions.placement [None req-669f7b9b-3c28-4351-93d1-ea553031c073 admin admin] Starting OVNClientPlacementExtension
Aug 09 17:41:30.800319 np0000006839 devstack@neutron-api.service[90719]: DEBUG ovsdbapp.backend.ovs_idl.transaction [-] Running txn n=1 command(idx=0): PgAddCommand(_result=None, name=pg_015cf7d6_55b2_4a86_a277_921837c0909b, may_exist=False, columns={'acls': [], 'external_ids': {'neutron:security_group_id': '015cf7d6-55b2-4a86-a277-921837c0909b'}}) {{(pid=90719) do_commit /opt/stack/data/venv/lib/python3.12/site-packages/ovsdbapp/backend/ovs_idl/transaction.py:89}}
Aug 09 17:41:30.801563 np0000006839 devstack@neutron-api.service[90719]: DEBUG ovsdbapp.backend.ovs_idl.transaction [-] Running txn n=1 command(idx=1): PgAclAddCommand(_result=None, entity=pg_015cf7d6_55b2_4a86_a277_921837c0909b, direction=from-lport, priority=1002, match=inport == @pg_015cf7d6_55b2_4a86_a277_921837c0909b && ip4, action=allow-related, log=False, may_exist=True, severity=[], name=[], meter=[], external_ids={'neutron:security_group_rule_id': '2fddef50-227f-4cbf-9bc1-23556905f1fb'}) {{(pid=90719) do_commit /opt/stack/data/venv/lib/python3.12/site-packages/ovsdbapp/backend/ovs_idl/transaction.py:89}}
Aug 09 17:41:30.801900 np0000006839 devstack@neutron-api.service[90719]: DEBUG ovsdbapp.backend.ovs_idl.transaction [-] Running txn n=1 command(idx=2): PgAclAddCommand(_result=None, entity=pg_015cf7d6_55b2_4a86_a277_921837c0909b, direction=to-lport, priority=1002, match=outport == @pg_015cf7d6_55b2_4a86_a277_921837c0909b && ip4 && ip4.src == $pg_015cf7d6_55b2_4a86_a277_921837c0909b_ip4, action=allow-related, log=False, may_exist=True, severity=[], name=[], meter=[], external_ids={'neutron:security_group_rule_id': '67ba3efe-6511-4706-8a05-4a5dbc8fd065'}) {{(pid=90719) do_commit /opt/stack/data/venv/lib/python3.12/site-packages/ovsdbapp/backend/ovs_idl/transaction.py:89}}
Aug 09 17:41:30.802132 np0000006839 devstack@neutron-api.service[90719]: DEBUG ovsdbapp.backend.ovs_idl.transaction [-] Running txn n=1 command(idx=3): PgAclAddCommand(_result=None, entity=pg_015cf7d6_55b2_4a86_a277_921837c0909b, direction=from-lport, priority=1002, match=inport == @pg_015cf7d6_55b2_4a86_a277_921837c0909b && ip6, action=allow-related, log=False, may_exist=True, severity=[], name=[], meter=[], external_ids={'neutron:security_group_rule_id': '9e6b720a-5c1d-42f2-99e5-c4d21b9d8c67'}) {{(pid=90719) do_commit /opt/stack/data/venv/lib/python3.12/site-packages/ovsdbapp/backend/ovs_idl/transaction.py:89}}
Aug 09 17:41:30.802328 np0000006839 devstack@neutron-api.service[90719]: DEBUG ovsdbapp.backend.ovs_idl.transaction [-] Running txn n=1 command(idx=4): PgAclAddCommand(_result=None, entity=pg_015cf7d6_55b2_4a86_a277_921837c0909b, direction=to-lport, priority=1002, match=outport == @pg_015cf7d6_55b2_4a86_a277_921837c0909b && ip6 && ip6.src == $pg_015cf7d6_55b2_4a86_a277_921837c0909b_ip6, action=allow-related, log=False, may_exist=True, severity=[], name=[], meter=[], external_ids={'neutron:security_group_rule_id': 'a679d6a4-bb9c-4f1d-a77d-53d6424fa040'}) {{(pid=90719) do_commit /opt/stack/data/venv/lib/python3.12/site-packages/ovsdbapp/backend/ovs_idl/transaction.py:89}}
Aug 09 17:41:30.807166 np0000006839 devstack@neutron-api.service[90722]: DEBUG neutron.plugins.ml2.drivers.ovn.mech_driver.ovsdb.ovsdb_monitor [-] Hash Ring: Node cec9afcb4b0156dcb8eba297509be67a (host: np0000006839) handling event "create" for row 03030c0c-f0e5-4a76-9694-fc8b1f0653a2 (table: ACL) {{(pid=90722) notify /opt/stack/neutron/neutron/plugins/ml2/drivers/ovn/mech_driver/ovsdb/ovsdb_monitor.py:1099}}
Aug 09 17:41:30.807538 np0000006839 devstack@neutron-api.service[90722]: DEBUG neutron.plugins.ml2.drivers.ovn.mech_driver.ovsdb.ovsdb_monitor [-] Hash Ring: Node cec9afcb4b0156dcb8eba297509be67a (host: np0000006839) handling event "create" for row 3f1461d7-1739-4ec2-954b-24a236fca3fa (table: ACL) {{(pid=90722) notify /opt/stack/neutron/neutron/plugins/ml2/drivers/ovn/mech_driver/ovsdb/ovsdb_monitor.py:1099}}
Aug 09 17:41:30.807538 np0000006839 devstack@neutron-api.service[90722]: DEBUG neutron.plugins.ml2.drivers.ovn.mech_driver.ovsdb.ovsdb_monitor [-] Hash Ring: Node cec9afcb4b0156dcb8eba297509be67a (host: np0000006839) handling event "create" for row 4e4be0e1-88dc-490a-9219-9dc1be9a3d87 (table: ACL) {{(pid=90722) notify /opt/stack/neutron/neutron/plugins/ml2/drivers/ovn/mech_driver/ovsdb/ovsdb_monitor.py:1099}}
Aug 09 17:41:30.807610 np0000006839 devstack@neutron-api.service[90722]: DEBUG neutron.plugins.ml2.drivers.ovn.mech_driver.ovsdb.ovsdb_monitor [-] Hash Ring: Node cec9afcb4b0156dcb8eba297509be67a (host: np0000006839) handling event "create" for row bf7b1e82-e9a0-4aea-9ce1-502bec733c39 (table: ACL) {{(pid=90722) notify /opt/stack/neutron/neutron/plugins/ml2/drivers/ovn/mech_driver/ovsdb/ovsdb_monitor.py:1099}}
Aug 09 17:41:30.807732 np0000006839 devstack@neutron-api.service[90722]: DEBUG neutron.plugins.ml2.drivers.ovn.mech_driver.ovsdb.ovsdb_monitor [-] Hash Ring: Node cec9afcb4b0156dcb8eba297509be67a (host: np0000006839) handling event "create" for row cbfdb060-49df-4c21-a609-6d873fe33e2c (table: Port_Group) {{(pid=90722) notify /opt/stack/neutron/neutron/plugins/ml2/drivers/ovn/mech_driver/ovsdb/ovsdb_monitor.py:1099}}
Aug 09 17:41:30.807977 np0000006839 devstack@neutron-api.service[90720]: DEBUG neutron.plugins.ml2.drivers.ovn.mech_driver.ovsdb.ovsdb_monitor [-] Hash Ring: Node e6d025a0b1be57da990e502f1c4ae76d (host: np0000006839) handling event "create" for row 3f1461d7-1739-4ec2-954b-24a236fca3fa (table: ACL) {{(pid=90720) notify /opt/stack/neutron/neutron/plugins/ml2/drivers/ovn/mech_driver/ovsdb/ovsdb_monitor.py:1099}}
Aug 09 17:41:30.808314 np0000006839 devstack@neutron-api.service[90720]: DEBUG neutron.plugins.ml2.drivers.ovn.mech_driver.ovsdb.ovsdb_monitor [-] Hash Ring: Node e6d025a0b1be57da990e502f1c4ae76d (host: np0000006839) handling event "create" for row 4e4be0e1-88dc-490a-9219-9dc1be9a3d87 (table: ACL) {{(pid=90720) notify /opt/stack/neutron/neutron/plugins/ml2/drivers/ovn/mech_driver/ovsdb/ovsdb_monitor.py:1099}}
Aug 09 17:41:30.809182 np0000006839 devstack@neutron-api.service[90721]: DEBUG neutron.plugins.ml2.drivers.ovn.mech_driver.ovsdb.ovsdb_monitor [-] Hash Ring: Node f5540e9929de5b77aa64ec16c046eabd (host: np0000006839) handling event "create" for row 03030c0c-f0e5-4a76-9694-fc8b1f0653a2 (table: ACL) {{(pid=90721) notify /opt/stack/neutron/neutron/plugins/ml2/drivers/ovn/mech_driver/ovsdb/ovsdb_monitor.py:1099}}
Aug 09 17:41:30.809528 np0000006839 devstack@neutron-api.service[90721]: DEBUG neutron.plugins.ml2.drivers.ovn.mech_driver.ovsdb.ovsdb_monitor [-] Hash Ring: Node f5540e9929de5b77aa64ec16c046eabd (host: np0000006839) handling event "create" for row bf7b1e82-e9a0-4aea-9ce1-502bec733c39 (table: ACL) {{(pid=90721) notify /opt/stack/neutron/neutron/plugins/ml2/drivers/ovn/mech_driver/ovsdb/ovsdb_monitor.py:1099}}
Aug 09 17:41:30.827636 np0000006839 devstack@neutron-api.service[90719]: INFO neutron.db.ovn_revision_numbers_db [None req-669f7b9b-3c28-4351-93d1-ea553031c073 admin admin] Successfully bumped revision number for resource 015cf7d6-55b2-4a86-a277-921837c0909b (type: security_groups) to 1
Aug 09 17:41:30.838160 np0000006839 devstack@neutron-api.service[90719]: INFO neutron.db.ovn_revision_numbers_db [None req-669f7b9b-3c28-4351-93d1-ea553031c073 admin admin] Successfully bumped revision number for resource 2fddef50-227f-4cbf-9bc1-23556905f1fb (type: security_group_rules) to 0
Aug 09 17:41:30.846103 np0000006839 devstack@neutron-api.service[90719]: INFO neutron.db.ovn_revision_numbers_db [None req-669f7b9b-3c28-4351-93d1-ea553031c073 admin admin] Successfully bumped revision number for resource 67ba3efe-6511-4706-8a05-4a5dbc8fd065 (type: security_group_rules) to 0
Aug 09 17:41:30.854116 np0000006839 devstack@neutron-api.service[90719]: INFO neutron.db.ovn_revision_numbers_db [None req-669f7b9b-3c28-4351-93d1-ea553031c073 admin admin] Successfully bumped revision number for resource 9e6b720a-5c1d-42f2-99e5-c4d21b9d8c67 (type: security_group_rules) to 0
Aug 09 17:41:30.862416 np0000006839 devstack@neutron-api.service[90719]: INFO neutron.db.ovn_revision_numbers_db [None req-669f7b9b-3c28-4351-93d1-ea553031c073 admin admin] Successfully bumped revision number for resource a679d6a4-bb9c-4f1d-a77d-53d6424fa040 (type: security_group_rules) to 0
Aug 09 17:41:30.882198 np0000006839 devstack@neutron-api.service[90719]: DEBUG neutron.api.rpc.handlers.resources_rpc [None req-669f7b9b-3c28-4351-93d1-ea553031c073 admin admin] Pushing event updated for resources: {'SecurityGroup': ['ID=015cf7d6-55b2-4a86-a277-921837c0909b,revision_number=1']} {{(pid=90719) push /opt/stack/neutron/neutron/api/rpc/handlers/resources_rpc.py:237}}
Aug 09 17:41:30.888213 np0000006839 devstack@neutron-api.service[90719]: DEBUG ovsdbapp.backend.ovs_idl.transaction [-] Running txn n=1 command(idx=0): CheckLivenessCommand(_result=None) {{(pid=90719) do_commit /opt/stack/data/venv/lib/python3.12/site-packages/ovsdbapp/backend/ovs_idl/transaction.py:89}}
Aug 09 17:41:30.890719 np0000006839 devstack@neutron-api.service[90722]: DEBUG neutron.plugins.ml2.drivers.ovn.mech_driver.ovsdb.ovsdb_monitor [-] Hash Ring: Node cec9afcb4b0156dcb8eba297509be67a (host: np0000006839) handling event "update" for row 6f4b0268-d947-4d1b-9ee9-8779467ace94 (table: NB_Global) {{(pid=90722) notify /opt/stack/neutron/neutron/plugins/ml2/drivers/ovn/mech_driver/ovsdb/ovsdb_monitor.py:1099}}
Aug 09 17:41:30.891037 np0000006839 devstack@neutron-api.service[90721]: DEBUG neutron.plugins.ml2.drivers.ovn.mech_driver.ovsdb.ovsdb_monitor [-] Hash Ring: Node f5540e9929de5b77aa64ec16c046eabd (host: np0000006839) handling event "update" for row 6f4b0268-d947-4d1b-9ee9-8779467ace94 (table: NB_Global) {{(pid=90721) notify /opt/stack/neutron/neutron/plugins/ml2/drivers/ovn/mech_driver/ovsdb/ovsdb_monitor.py:1099}}
Aug 09 17:41:30.892310 np0000006839 devstack@neutron-api.service[90722]: DEBUG neutron.plugins.ml2.drivers.ovn.mech_driver.ovsdb.ovsdb_monitor [-] Hash Ring: Node cec9afcb4b0156dcb8eba297509be67a (host: np0000006839) handling event "update" for row 6f4b0268-d947-4d1b-9ee9-8779467ace94 (table: NB_Global) {{(pid=90722) notify /opt/stack/neutron/neutron/plugins/ml2/drivers/ovn/mech_driver/ovsdb/ovsdb_monitor.py:1099}}
Aug 09 17:41:30.892457 np0000006839 devstack@neutron-api.service[90721]: DEBUG neutron.plugins.ml2.drivers.ovn.mech_driver.ovsdb.ovsdb_monitor [-] Hash Ring: Node f5540e9929de5b77aa64ec16c046eabd (host: np0000006839) handling event "update" for row 6f4b0268-d947-4d1b-9ee9-8779467ace94 (table: NB_Global) {{(pid=90721) notify /opt/stack/neutron/neutron/plugins/ml2/drivers/ovn/mech_driver/ovsdb/ovsdb_monitor.py:1099}}
Aug 09 17:41:30.892572 np0000006839 devstack@neutron-api.service[90722]: DEBUG neutron.plugins.ml2.drivers.ovn.mech_driver.ovsdb.ovsdb_monitor [-] Hash Ring: Node cec9afcb4b0156dcb8eba297509be67a (host: np0000006839) handling event "update" for row 6f4b0268-d947-4d1b-9ee9-8779467ace94 (table: NB_Global) {{(pid=90722) notify /opt/stack/neutron/neutron/plugins/ml2/drivers/ovn/mech_driver/ovsdb/ovsdb_monitor.py:1099}}
Aug 09 17:41:30.892740 np0000006839 devstack@neutron-api.service[90719]: DEBUG neutron.api.rpc.callbacks.version_manager [None req-669f7b9b-3c28-4351-93d1-ea553031c073 admin admin] Tracked resource versions report:
Aug 09 17:41:30.892740 np0000006839 devstack@neutron-api.service[90719]: pushed versions:
Aug 09 17:41:30.892740 np0000006839 devstack@neutron-api.service[90719]: { 'AddressGroup': {'1.2'},
Aug 09 17:41:30.892740 np0000006839 devstack@neutron-api.service[90719]: 'Agent': {'1.1'},
Aug 09 17:41:30.892740 np0000006839 devstack@neutron-api.service[90719]: 'ConntrackHelper': {'1.0'},
Aug 09 17:41:30.892740 np0000006839 devstack@neutron-api.service[90719]: 'LocalIPAssociation': {'1.0'},
Aug 09 17:41:30.892740 np0000006839 devstack@neutron-api.service[90719]: 'Log': {'1.0'},
Aug 09 17:41:30.892740 np0000006839 devstack@neutron-api.service[90719]: 'NDPProxy': {'1.0'},
Aug 09 17:41:30.892740 np0000006839 devstack@neutron-api.service[90719]: 'Network': {'1.3'},
Aug 09 17:41:30.892740 np0000006839 devstack@neutron-api.service[90719]: 'Port': {'1.11'},
Aug 09 17:41:30.892740 np0000006839 devstack@neutron-api.service[90719]: 'PortForwarding': {'1.3'},
Aug 09 17:41:30.892740 np0000006839 devstack@neutron-api.service[90719]: 'QosPolicy': {'1.10'},
Aug 09 17:41:30.892740 np0000006839 devstack@neutron-api.service[90719]: 'SecurityGroup': {'1.6'},
Aug 09 17:41:30.892740 np0000006839 devstack@neutron-api.service[90719]: 'SecurityGroupRule': {'1.3'},
Aug 09 17:41:30.892740 np0000006839 devstack@neutron-api.service[90719]: 'SubPort': {'1.0'},
Aug 09 17:41:30.892740 np0000006839 devstack@neutron-api.service[90719]: 'Subnet': {'1.2'},
Aug 09 17:41:30.892740 np0000006839 devstack@neutron-api.service[90719]: 'Trunk': {'1.1'}}
Aug 09 17:41:30.892740 np0000006839 devstack@neutron-api.service[90719]: consumer versions:
Aug 09 17:41:30.892740 np0000006839 devstack@neutron-api.service[90719]: {}
Aug 09 17:41:30.892740 np0000006839 devstack@neutron-api.service[90719]: {{(pid=90719) report /opt/stack/neutron/neutron/api/rpc/callbacks/version_manager.py:183}}
Aug 09 17:41:30.893430 np0000006839 devstack@neutron-api.service[90721]: DEBUG neutron.plugins.ml2.drivers.ovn.mech_driver.ovsdb.ovsdb_monitor [-] Hash Ring: Node f5540e9929de5b77aa64ec16c046eabd (host: np0000006839) handling event "update" for row 6f4b0268-d947-4d1b-9ee9-8779467ace94 (table: NB_Global) {{(pid=90721) notify /opt/stack/neutron/neutron/plugins/ml2/drivers/ovn/mech_driver/ovsdb/ovsdb_monitor.py:1099}}
Aug 09 17:41:30.893683 np0000006839 devstack@neutron-api.service[90722]: DEBUG ovsdbapp.backend.ovs_idl.event [-] Matched UPDATE: ChassisAgentWriteEvent(events=('create', 'update'), table='Chassis_Private', conditions=None, old_conditions=None), priority=20 to row=Chassis_Private(uuid=fdedb622-0b65-4d68-a8c2-222e96328078, chassis=1845f0a5-3dbf-4742-8dc7-87f2ce865ffd, external_ids={'neutron:ovn-bridge': 'br-int', 'neutron:ovn-neutron-agent-id': '9cbf5d75-e2da-55a1-841f-d0c5b014d47b', 'neutron:ovn-neutron-agent-sb-cfg': '0'}, name='75cd25dc-2879-49fe-9bbd-4bd9e21c7a0f', nb_cfg=1, nb_cfg_timestamp=1786297290890) old=Chassis_Private(uuid=fdedb622-0b65-4d68-a8c2-222e96328078, nb_cfg=0, nb_cfg_timestamp=0) {{(pid=90722) matches /opt/stack/data/venv/lib/python3.12/site-packages/ovsdbapp/backend/ovs_idl/event.py:55}}
Aug 09 17:41:30.894574 np0000006839 devstack@neutron-api.service[90720]: DEBUG ovsdbapp.backend.ovs_idl.event [-] Matched UPDATE: ChassisAgentWriteEvent(events=('create', 'update'), table='Chassis_Private', conditions=None, old_conditions=None), priority=20 to row=Chassis_Private(uuid=fdedb622-0b65-4d68-a8c2-222e96328078, chassis=1845f0a5-3dbf-4742-8dc7-87f2ce865ffd, external_ids={'neutron:ovn-bridge': 'br-int', 'neutron:ovn-neutron-agent-id': '9cbf5d75-e2da-55a1-841f-d0c5b014d47b', 'neutron:ovn-neutron-agent-sb-cfg': '0'}, name='75cd25dc-2879-49fe-9bbd-4bd9e21c7a0f', nb_cfg=1, nb_cfg_timestamp=1786297290890) old=Chassis_Private(uuid=fdedb622-0b65-4d68-a8c2-222e96328078, nb_cfg=0, nb_cfg_timestamp=0) {{(pid=90720) matches /opt/stack/data/venv/lib/python3.12/site-packages/ovsdbapp/backend/ovs_idl/event.py:55}}
Aug 09 17:41:30.895595 np0000006839 devstack@neutron-api.service[90721]: DEBUG ovsdbapp.backend.ovs_idl.event [-] Matched UPDATE: ChassisAgentWriteEvent(events=('create', 'update'), table='Chassis_Private', conditions=None, old_conditions=None), priority=20 to row=Chassis_Private(uuid=fdedb622-0b65-4d68-a8c2-222e96328078, chassis=1845f0a5-3dbf-4742-8dc7-87f2ce865ffd, external_ids={'neutron:ovn-bridge': 'br-int', 'neutron:ovn-neutron-agent-id': '9cbf5d75-e2da-55a1-841f-d0c5b014d47b', 'neutron:ovn-neutron-agent-sb-cfg': '0'}, name='75cd25dc-2879-49fe-9bbd-4bd9e21c7a0f', nb_cfg=1, nb_cfg_timestamp=1786297290890) old=Chassis_Private(uuid=fdedb622-0b65-4d68-a8c2-222e96328078, nb_cfg=0, nb_cfg_timestamp=0) {{(pid=90721) matches /opt/stack/data/venv/lib/python3.12/site-packages/ovsdbapp/backend/ovs_idl/event.py:55}}
Aug 09 17:41:30.895732 np0000006839 devstack@neutron-api.service[90721]: DEBUG neutron.plugins.ml2.drivers.ovn.mech_driver.ovsdb.ovsdb_monitor [-] Hash Ring: Node f5540e9929de5b77aa64ec16c046eabd (host: np0000006839) handling event "update" for row fdedb622-0b65-4d68-a8c2-222e96328078 (table: Chassis_Private) {{(pid=90721) notify /opt/stack/neutron/neutron/plugins/ml2/drivers/ovn/mech_driver/ovsdb/ovsdb_monitor.py:1099}}
Aug 09 17:41:30.897214 np0000006839 devstack@neutron-api.service[90721]: DEBUG neutron.plugins.ml2.drivers.ovn.mech_driver.ovsdb.ovsdb_monitor [-] Hash Ring: Node f5540e9929de5b77aa64ec16c046eabd (host: np0000006839) handling event "update" for row 6f4b0268-d947-4d1b-9ee9-8779467ace94 (table: NB_Global) {{(pid=90721) notify /opt/stack/neutron/neutron/plugins/ml2/drivers/ovn/mech_driver/ovsdb/ovsdb_monitor.py:1099}}
Aug 09 17:41:30.897872 np0000006839 devstack@neutron-api.service[90720]: DEBUG ovsdbapp.backend.ovs_idl.event [-] Matched UPDATE: ChassisOVNAgentWriteEvent(events=('create', 'update'), table='Chassis_Private', conditions=None, old_conditions=None), priority=20 to row=Chassis_Private(uuid=fdedb622-0b65-4d68-a8c2-222e96328078, chassis=1845f0a5-3dbf-4742-8dc7-87f2ce865ffd, external_ids={'neutron:ovn-bridge': 'br-int', 'neutron:ovn-neutron-agent-id': '9cbf5d75-e2da-55a1-841f-d0c5b014d47b', 'neutron:ovn-neutron-agent-sb-cfg': '1'}, name='75cd25dc-2879-49fe-9bbd-4bd9e21c7a0f', nb_cfg=1, nb_cfg_timestamp=1786297290890) old=Chassis_Private(uuid=fdedb622-0b65-4d68-a8c2-222e96328078, external_ids={'neutron:ovn-bridge': 'br-int', 'neutron:ovn-neutron-agent-id': '9cbf5d75-e2da-55a1-841f-d0c5b014d47b', 'neutron:ovn-neutron-agent-sb-cfg': '0'}) {{(pid=90720) matches /opt/stack/data/venv/lib/python3.12/site-packages/ovsdbapp/backend/ovs_idl/event.py:55}}
Aug 09 17:41:30.897995 np0000006839 devstack@neutron-api.service[90722]: DEBUG neutron.plugins.ml2.drivers.ovn.mech_driver.ovsdb.ovsdb_monitor [-] Hash Ring: Node cec9afcb4b0156dcb8eba297509be67a (host: np0000006839) handling event "update" for row 6f4b0268-d947-4d1b-9ee9-8779467ace94 (table: NB_Global) {{(pid=90722) notify /opt/stack/neutron/neutron/plugins/ml2/drivers/ovn/mech_driver/ovsdb/ovsdb_monitor.py:1099}}
Aug 09 17:41:30.898357 np0000006839 devstack@neutron-api.service[90721]: DEBUG ovsdbapp.backend.ovs_idl.event [-] Matched UPDATE: ChassisOVNAgentWriteEvent(events=('create', 'update'), table='Chassis_Private', conditions=None, old_conditions=None), priority=20 to row=Chassis_Private(uuid=fdedb622-0b65-4d68-a8c2-222e96328078, chassis=1845f0a5-3dbf-4742-8dc7-87f2ce865ffd, external_ids={'neutron:ovn-bridge': 'br-int', 'neutron:ovn-neutron-agent-id': '9cbf5d75-e2da-55a1-841f-d0c5b014d47b', 'neutron:ovn-neutron-agent-sb-cfg': '1'}, name='75cd25dc-2879-49fe-9bbd-4bd9e21c7a0f', nb_cfg=1, nb_cfg_timestamp=1786297290890) old=Chassis_Private(uuid=fdedb622-0b65-4d68-a8c2-222e96328078, external_ids={'neutron:ovn-bridge': 'br-int', 'neutron:ovn-neutron-agent-id': '9cbf5d75-e2da-55a1-841f-d0c5b014d47b', 'neutron:ovn-neutron-agent-sb-cfg': '0'}) {{(pid=90721) matches /opt/stack/data/venv/lib/python3.12/site-packages/ovsdbapp/backend/ovs_idl/event.py:55}}
Aug 09 17:41:30.898670 np0000006839 devstack@neutron-api.service[90721]: DEBUG neutron.plugins.ml2.drivers.ovn.mech_driver.ovsdb.ovsdb_monitor [-] Hash Ring: Node f5540e9929de5b77aa64ec16c046eabd (host: np0000006839) handling event "update" for row fdedb622-0b65-4d68-a8c2-222e96328078 (table: Chassis_Private) {{(pid=90721) notify /opt/stack/neutron/neutron/plugins/ml2/drivers/ovn/mech_driver/ovsdb/ovsdb_monitor.py:1099}}
Aug 09 17:41:30.899007 np0000006839 devstack@neutron-api.service[90722]: DEBUG neutron.common.ovn.hash_ring_manager [-] Allow caching, nodes 4>=4 {{(pid=90722) _wait_startup_before_caching /opt/stack/neutron/neutron/common/ovn/hash_ring_manager.py:71}}
Aug 09 17:41:30.899130 np0000006839 devstack@neutron-api.service[90722]: DEBUG neutron.plugins.ml2.drivers.ovn.mech_driver.ovsdb.ovsdb_monitor [-] Hash Ring: Node cec9afcb4b0156dcb8eba297509be67a (host: np0000006839) handling event "update" for row fdedb622-0b65-4d68-a8c2-222e96328078 (table: Chassis_Private) {{(pid=90722) notify /opt/stack/neutron/neutron/plugins/ml2/drivers/ovn/mech_driver/ovsdb/ovsdb_monitor.py:1099}}
Aug 09 17:41:30.899233 np0000006839 devstack@neutron-api.service[90719]: DEBUG ovsdbapp.backend.ovs_idl.event [-] Matched UPDATE: ChassisAgentWriteEvent(events=('create', 'update'), table='Chassis_Private', conditions=None, old_conditions=None), priority=20 to row=Chassis_Private(uuid=fdedb622-0b65-4d68-a8c2-222e96328078, chassis=1845f0a5-3dbf-4742-8dc7-87f2ce865ffd, external_ids={'neutron:ovn-bridge': 'br-int', 'neutron:ovn-neutron-agent-id': '9cbf5d75-e2da-55a1-841f-d0c5b014d47b', 'neutron:ovn-neutron-agent-sb-cfg': '0'}, name='75cd25dc-2879-49fe-9bbd-4bd9e21c7a0f', nb_cfg=1, nb_cfg_timestamp=1786297290890) old=Chassis_Private(uuid=fdedb622-0b65-4d68-a8c2-222e96328078, nb_cfg=0, nb_cfg_timestamp=0) {{(pid=90719) matches /opt/stack/data/venv/lib/python3.12/site-packages/ovsdbapp/backend/ovs_idl/event.py:55}}
Aug 09 17:41:30.900006 np0000006839 devstack@neutron-api.service[90722]: DEBUG ovsdbapp.backend.ovs_idl.event [-] Matched UPDATE: ChassisOVNAgentWriteEvent(events=('create', 'update'), table='Chassis_Private', conditions=None, old_conditions=None), priority=20 to row=Chassis_Private(uuid=fdedb622-0b65-4d68-a8c2-222e96328078, chassis=1845f0a5-3dbf-4742-8dc7-87f2ce865ffd, external_ids={'neutron:ovn-bridge': 'br-int', 'neutron:ovn-neutron-agent-id': '9cbf5d75-e2da-55a1-841f-d0c5b014d47b', 'neutron:ovn-neutron-agent-sb-cfg': '1'}, name='75cd25dc-2879-49fe-9bbd-4bd9e21c7a0f', nb_cfg=1, nb_cfg_timestamp=1786297290890) old=Chassis_Private(uuid=fdedb622-0b65-4d68-a8c2-222e96328078, external_ids={'neutron:ovn-bridge': 'br-int', 'neutron:ovn-neutron-agent-id': '9cbf5d75-e2da-55a1-841f-d0c5b014d47b', 'neutron:ovn-neutron-agent-sb-cfg': '0'}) {{(pid=90722) matches /opt/stack/data/venv/lib/python3.12/site-packages/ovsdbapp/backend/ovs_idl/event.py:55}}
Aug 09 17:41:30.900224 np0000006839 devstack@neutron-api.service[90722]: DEBUG neutron.plugins.ml2.drivers.ovn.mech_driver.ovsdb.ovsdb_monitor [-] Hash Ring: Node cec9afcb4b0156dcb8eba297509be67a (host: np0000006839) handling event "update" for row fdedb622-0b65-4d68-a8c2-222e96328078 (table: Chassis_Private) {{(pid=90722) notify /opt/stack/neutron/neutron/plugins/ml2/drivers/ovn/mech_driver/ovsdb/ovsdb_monitor.py:1099}}
Aug 09 17:41:30.902174 np0000006839 devstack@neutron-api.service[90719]: DEBUG ovsdbapp.backend.ovs_idl.event [-] Matched UPDATE: ChassisOVNAgentWriteEvent(events=('create', 'update'), table='Chassis_Private', conditions=None, old_conditions=None), priority=20 to row=Chassis_Private(uuid=fdedb622-0b65-4d68-a8c2-222e96328078, chassis=1845f0a5-3dbf-4742-8dc7-87f2ce865ffd, external_ids={'neutron:ovn-bridge': 'br-int', 'neutron:ovn-neutron-agent-id': '9cbf5d75-e2da-55a1-841f-d0c5b014d47b', 'neutron:ovn-neutron-agent-sb-cfg': '1'}, name='75cd25dc-2879-49fe-9bbd-4bd9e21c7a0f', nb_cfg=1, nb_cfg_timestamp=1786297290890) old=Chassis_Private(uuid=fdedb622-0b65-4d68-a8c2-222e96328078, external_ids={'neutron:ovn-bridge': 'br-int', 'neutron:ovn-neutron-agent-id': '9cbf5d75-e2da-55a1-841f-d0c5b014d47b', 'neutron:ovn-neutron-agent-sb-cfg': '0'}) {{(pid=90719) matches /opt/stack/data/venv/lib/python3.12/site-packages/ovsdbapp/backend/ovs_idl/event.py:55}}
Aug 09 17:41:30.947299 np0000006839 devstack@neutron-api.service[90719]: DEBUG neutron.plugins.ml2.drivers.helpers [None req-669f7b9b-3c28-4351-93d1-ea553031c073 admin admin] geneve segment allocate from pool success with {'geneve_vni': 23648} {{(pid=90719) allocate_partially_specified_segment /opt/stack/neutron/neutron/plugins/ml2/drivers/helpers.py:142}}
Aug 09 17:41:30.958530 np0000006839 devstack@neutron-api.service[90719]: DEBUG neutron_lib.callbacks.manager [None req-669f7b9b-3c28-4351-93d1-ea553031c073 admin admin] Publish callbacks ['neutron.services.segments.db._add_segment_host_mapping_for_segment-8588546773566', 'neutron.plugins.ml2.plugin.Ml2Plugin._handle_segment_change-799934'] for segment (55a0febb-fe31-4f91-abe8-334af1baf37a), precommit_create {{(pid=90719) _notify_loop /opt/stack/data/venv/lib/python3.12/site-packages/neutron_lib/callbacks/manager.py:184}}
Aug 09 17:41:30.958736 np0000006839 devstack@neutron-api.service[90719]: INFO neutron.db.segments_db [None req-669f7b9b-3c28-4351-93d1-ea553031c073 admin admin] Added segment 55a0febb-fe31-4f91-abe8-334af1baf37a of type geneve for network dc52dc9a-7441-4ed0-ac8f-1b44d0fb6f39
Aug 09 17:41:30.999103 np0000006839 devstack@neutron-api.service[90719]: DEBUG neutron_lib.callbacks.manager [None req-669f7b9b-3c28-4351-93d1-ea553031c073 admin admin] Publish callbacks ['neutron.services.auto_allocate.db._ensure_external_network_default_value_callback-8588544787740'] for network (dc52dc9a-7441-4ed0-ac8f-1b44d0fb6f39), precommit_create {{(pid=90719) _notify_loop /opt/stack/data/venv/lib/python3.12/site-packages/neutron_lib/callbacks/manager.py:184}}
Aug 09 17:41:31.017092 np0000006839 devstack@neutron-api.service[90719]: DEBUG neutron.plugins.ml2.drivers.ovn.mech_driver.mech_driver [None req-669f7b9b-3c28-4351-93d1-ea553031c073 admin admin] Validating network segment with type geneve, segmentation ID 23648, physical network None {{(pid=90719) _validate_network_segments /opt/stack/neutron/neutron/plugins/ml2/drivers/ovn/mech_driver/mech_driver.py:646}}
Aug 09 17:41:31.017251 np0000006839 devstack@neutron-api.service[90719]: DEBUG neutron.db.ovn_revision_numbers_db [None req-669f7b9b-3c28-4351-93d1-ea553031c073 admin admin] create_initial_revision uuid=dc52dc9a-7441-4ed0-ac8f-1b44d0fb6f39, type=networks, rev=-1 {{(pid=90719) create_initial_revision /opt/stack/neutron/neutron/db/ovn_revision_numbers_db.py:98}}
Aug 09 17:41:31.031342 np0000006839 devstack@neutron-api.service[90719]: DEBUG neutron_lib.callbacks.manager [None req-669f7b9b-3c28-4351-93d1-ea553031c073 admin admin] Publish callbacks ['neutron.plugins.ml2.ovo_rpc._ObjectChangeHandler.handle_event-7265073'] for network (dc52dc9a-7441-4ed0-ac8f-1b44d0fb6f39), after_create {{(pid=90719) _notify_loop /opt/stack/data/venv/lib/python3.12/site-packages/neutron_lib/callbacks/manager.py:184}}
Aug 09 17:41:31.077452 np0000006839 devstack@neutron-api.service[90719]: DEBUG neutron.api.rpc.handlers.resources_rpc [None req-669f7b9b-3c28-4351-93d1-ea553031c073 admin admin] Pushing event updated for resources: {'Network': ['ID=dc52dc9a-7441-4ed0-ac8f-1b44d0fb6f39,revision_number=1']} {{(pid=90719) push /opt/stack/neutron/neutron/api/rpc/handlers/resources_rpc.py:237}}
Aug 09 17:41:31.084254 np0000006839 devstack@neutron-api.service[90719]: DEBUG ovsdbapp.backend.ovs_idl.transaction [-] Running txn n=1 command(idx=0): AddNetworkCommand(_result=None, network_uuid=dc52dc9a-7441-4ed0-ac8f-1b44d0fb6f39, may_exist=True, columns={'external_ids': {'neutron:network_name': 'private', 'neutron:mtu': '1372', 'neutron:revision_number': '1', 'neutron:availability_zone_hints': '', 'neutron:provnet-network-type': 'geneve'}, 'other_config': {'mcast_snoop': 'false', 'mcast_flood_unregistered': 'false', 'vlan-passthru': 'false'}}) {{(pid=90719) do_commit /opt/stack/data/venv/lib/python3.12/site-packages/ovsdbapp/backend/ovs_idl/transaction.py:89}}
Aug 09 17:41:31.084703 np0000006839 devstack@neutron-api.service[90719]: DEBUG neutron.common.ovn.utils [-] OVS persist_uuid supported=True {{(pid=90719) ovs_persist_uuid_supported /opt/stack/neutron/neutron/common/ovn/utils.py:1565}}
Aug 09 17:41:31.094998 np0000006839 devstack@neutron-api.service[90722]: DEBUG neutron.plugins.ml2.drivers.ovn.mech_driver.ovsdb.ovsdb_monitor [-] Hash Ring: Node cec9afcb4b0156dcb8eba297509be67a (host: np0000006839) handling event "create" for row dc52dc9a-7441-4ed0-ac8f-1b44d0fb6f39 (table: Logical_Switch) {{(pid=90722) notify /opt/stack/neutron/neutron/plugins/ml2/drivers/ovn/mech_driver/ovsdb/ovsdb_monitor.py:1099}}
Aug 09 17:41:31.095536 np0000006839 devstack@neutron-api.service[90721]: DEBUG neutron.plugins.ml2.drivers.ovn.mech_driver.ovsdb.ovsdb_monitor [-] Hash Ring: Node f5540e9929de5b77aa64ec16c046eabd (host: np0000006839) handling event "create" for row dc52dc9a-7441-4ed0-ac8f-1b44d0fb6f39 (table: Logical_Switch) {{(pid=90721) notify /opt/stack/neutron/neutron/plugins/ml2/drivers/ovn/mech_driver/ovsdb/ovsdb_monitor.py:1099}}
Aug 09 17:41:31.098495 np0000006839 devstack@neutron-api.service[90722]: DEBUG neutron.plugins.ml2.drivers.ovn.mech_driver.ovsdb.ovsdb_monitor [-] Hash Ring: Node cec9afcb4b0156dcb8eba297509be67a (host: np0000006839) handling event "create" for row d8458587-5e73-4d89-8c26-e249709303d2 (table: Datapath_Binding) {{(pid=90722) notify /opt/stack/neutron/neutron/plugins/ml2/drivers/ovn/mech_driver/ovsdb/ovsdb_monitor.py:1099}}
Aug 09 17:41:31.132037 np0000006839 devstack@neutron-api.service[90719]: INFO neutron.db.ovn_revision_numbers_db [None req-669f7b9b-3c28-4351-93d1-ea553031c073 admin admin] Successfully bumped revision number for resource dc52dc9a-7441-4ed0-ac8f-1b44d0fb6f39 (type: networks) to 1
Aug 09 17:41:31.195393 np0000006839 devstack@neutron-api.service[90719]: DEBUG neutron_lib.callbacks.manager [None req-669f7b9b-3c28-4351-93d1-ea553031c073 admin admin] Publish callbacks ['neutron.plugins.ml2.plugin.SecurityGroupDbMixin._ensure_default_security_group_handler-9634'] for port (None), before_create {{(pid=90719) _notify_loop /opt/stack/data/venv/lib/python3.12/site-packages/neutron_lib/callbacks/manager.py:184}}
Aug 09 17:41:31.497469 np0000006839 devstack@neutron-api.service[90719]: DEBUG neutron_lib.callbacks.manager [None req-669f7b9b-3c28-4351-93d1-ea553031c073 admin admin] Publish callbacks ['neutron.plugins.ml2.drivers.ovn.mech_driver.mech_driver.OVNMechanismDriver._validate_allowed_address_pairs-348520'] for allowed_address_pair (2dc7f1fb-22f0-4f41-af74-aa09435d1852), before_create {{(pid=90719) _notify_loop /opt/stack/data/venv/lib/python3.12/site-packages/neutron_lib/callbacks/manager.py:184}}
Aug 09 17:41:31.498012 np0000006839 devstack@neutron-api.service[90719]: DEBUG neutron_lib.callbacks.manager [None req-669f7b9b-3c28-4351-93d1-ea553031c073 admin admin] Publish callbacks [] for port (2dc7f1fb-22f0-4f41-af74-aa09435d1852), precommit_create {{(pid=90719) _notify_loop /opt/stack/data/venv/lib/python3.12/site-packages/neutron_lib/callbacks/manager.py:184}}
Aug 09 17:41:31.498195 np0000006839 devstack@neutron-api.service[90719]: DEBUG neutron.plugins.ml2.drivers.ovn.mech_driver.mech_driver [None req-669f7b9b-3c28-4351-93d1-ea553031c073 admin admin] No provisioning block for port 2dc7f1fb-22f0-4f41-af74-aa09435d1852 since it does not have a host {{(pid=90719) _is_port_provisioning_required /opt/stack/neutron/neutron/plugins/ml2/drivers/ovn/mech_driver/mech_driver.py:899}}
Aug 09 17:41:31.498303 np0000006839 devstack@neutron-api.service[90719]: DEBUG neutron.db.ovn_revision_numbers_db [None req-669f7b9b-3c28-4351-93d1-ea553031c073 admin admin] create_initial_revision uuid=2dc7f1fb-22f0-4f41-af74-aa09435d1852, type=ports, rev=-1 {{(pid=90719) create_initial_revision /opt/stack/neutron/neutron/db/ovn_revision_numbers_db.py:98}}
Aug 09 17:41:31.552287 np0000006839 devstack@neutron-api.service[90719]: DEBUG neutron_lib.callbacks.manager [None req-669f7b9b-3c28-4351-93d1-ea553031c073 admin admin] Publish callbacks ['neutron.plugins.ml2.ovo_rpc._ObjectChangeHandler.handle_event-7264960'] for port (2dc7f1fb-22f0-4f41-af74-aa09435d1852), after_create {{(pid=90719) _notify_loop /opt/stack/data/venv/lib/python3.12/site-packages/neutron_lib/callbacks/manager.py:184}}
Aug 09 17:41:31.607159 np0000006839 devstack@neutron-api.service[90719]: DEBUG neutron.api.rpc.handlers.resources_rpc [None req-669f7b9b-3c28-4351-93d1-ea553031c073 admin admin] Pushing event updated for resources: {'Port': ['ID=2dc7f1fb-22f0-4f41-af74-aa09435d1852,revision_number=1']} {{(pid=90719) push /opt/stack/neutron/neutron/api/rpc/handlers/resources_rpc.py:237}}
Aug 09 17:41:31.638164 np0000006839 devstack@neutron-api.service[90719]: DEBUG neutron.plugins.ml2.drivers.ovn.mech_driver.ovsdb.commands [None req-669f7b9b-3c28-4351-93d1-ea553031c073 admin admin] Converting tag [] to a tag_request {{(pid=90719) _tag_column_to_tag_request /opt/stack/neutron/neutron/plugins/ml2/drivers/ovn/mech_driver/ovsdb/commands.py:227}}
Aug 09 17:41:31.638652 np0000006839 devstack@neutron-api.service[90719]: DEBUG ovsdbapp.backend.ovs_idl.transaction [-] Running txn n=1 command(idx=0): AddLSwitchPortCommand(_result=None, lport=2dc7f1fb-22f0-4f41-af74-aa09435d1852, lswitch=neutron-dc52dc9a-7441-4ed0-ac8f-1b44d0fb6f39, may_exist=True, network_uuid=dc52dc9a-7441-4ed0-ac8f-1b44d0fb6f39, columns={'addresses': ['fa:16:3e:cd:2e:ff'], 'external_ids': {'neutron:port_name': '', 'neutron:device_id': 'ovnmeta-dc52dc9a-7441-4ed0-ac8f-1b44d0fb6f39', 'neutron:project_id': 'bdc123a536864908b169615a44145d24', 'neutron:cidrs': '', 'neutron:device_owner': 'network:distributed', 'neutron:subnet_pool_addr_scope4': '', 'neutron:subnet_pool_addr_scope6': '', 'neutron:network_name': 'neutron-dc52dc9a-7441-4ed0-ac8f-1b44d0fb6f39', 'neutron:security_group_ids': '', 'neutron:revision_number': '1', 'neutron:vnic_type': 'normal', 'neutron:port_capabilities': '', 'neutron:mtu': '1372'}, 'parent_name': [], 'enabled': True, 'options': {}, 'type': 'localport', 'port_security': [], 'dhcpv4_options': [], 'dhcpv6_options': [], 'tag_request': []}) {{(pid=90719) do_commit /opt/stack/data/venv/lib/python3.12/site-packages/ovsdbapp/backend/ovs_idl/transaction.py:89}}
Aug 09 17:41:31.639043 np0000006839 devstack@neutron-api.service[90719]: DEBUG ovsdbapp.backend.ovs_idl.transaction [-] Running txn n=1 command(idx=1): QoSDelCommand(_result=None, switch=neutron-dc52dc9a-7441-4ed0-ac8f-1b44d0fb6f39, conditions=[('direction', '=', 'to-lport'), ('priority', '=', 2002), ('match', '=', 'outport == "2dc7f1fb-22f0-4f41-af74-aa09435d1852"')], if_exists=True) {{(pid=90719) do_commit /opt/stack/data/venv/lib/python3.12/site-packages/ovsdbapp/backend/ovs_idl/transaction.py:89}}
Aug 09 17:41:31.639171 np0000006839 devstack@neutron-api.service[90719]: DEBUG ovsdbapp.backend.ovs_idl.transaction [-] Running txn n=1 command(idx=2): QoSDelCommand(_result=None, switch=neutron-dc52dc9a-7441-4ed0-ac8f-1b44d0fb6f39, conditions=[('direction', '=', 'from-lport'), ('priority', '=', 2002), ('match', '=', 'inport == "2dc7f1fb-22f0-4f41-af74-aa09435d1852"')], if_exists=True) {{(pid=90719) do_commit /opt/stack/data/venv/lib/python3.12/site-packages/ovsdbapp/backend/ovs_idl/transaction.py:89}}
Aug 09 17:41:31.642138 np0000006839 devstack@neutron-api.service[90722]: DEBUG neutron.plugins.ml2.drivers.ovn.mech_driver.ovsdb.ovsdb_monitor [-] Hash Ring: Node cec9afcb4b0156dcb8eba297509be67a (host: np0000006839) handling event "update" for row dc52dc9a-7441-4ed0-ac8f-1b44d0fb6f39 (table: Logical_Switch) {{(pid=90722) notify /opt/stack/neutron/neutron/plugins/ml2/drivers/ovn/mech_driver/ovsdb/ovsdb_monitor.py:1099}}
Aug 09 17:41:31.642355 np0000006839 devstack@neutron-api.service[90722]: DEBUG neutron.plugins.ml2.drivers.ovn.mech_driver.ovsdb.ovsdb_monitor [-] Hash Ring: Node cec9afcb4b0156dcb8eba297509be67a (host: np0000006839) handling event "create" for row b86ad4f7-9180-4e71-acab-7ab51c9c80cf (table: Logical_Switch_Port) {{(pid=90722) notify /opt/stack/neutron/neutron/plugins/ml2/drivers/ovn/mech_driver/ovsdb/ovsdb_monitor.py:1099}}
Aug 09 17:41:31.642971 np0000006839 devstack@neutron-api.service[90720]: DEBUG neutron.plugins.ml2.drivers.ovn.mech_driver.ovsdb.ovsdb_monitor [-] Hash Ring: Node e6d025a0b1be57da990e502f1c4ae76d (host: np0000006839) handling event "create" for row b86ad4f7-9180-4e71-acab-7ab51c9c80cf (table: Logical_Switch_Port) {{(pid=90720) notify /opt/stack/neutron/neutron/plugins/ml2/drivers/ovn/mech_driver/ovsdb/ovsdb_monitor.py:1099}}
