Jul 03 19:16:33.404048 np0000004457 devstack@g-api.service[99454]: DEBUG glance_store.location [-] Registering scheme swift with {'store': , 'location_class': , 'store_entry': 'swift'} {{(pid=99454) register_scheme_map /opt/stack/data/venv/lib/python3.12/site-packages/glance_store/location.py:146}}
Jul 03 19:16:33.404075 np0000004457 devstack@g-api.service[99455]: DEBUG glance_store.location [-] Registering scheme swift+config with {'store': , 'location_class': , 'store_entry': 'swift'} {{(pid=99455) register_scheme_map /opt/stack/data/venv/lib/python3.12/site-packages/glance_store/location.py:146}}
Jul 03 19:16:33.404101 np0000004457 devstack@g-api.service[99454]: DEBUG glance_store.location [-] Registering scheme swift+https with {'store': , 'location_class': , 'store_entry': 'swift'} {{(pid=99454) register_scheme_map /opt/stack/data/venv/lib/python3.12/site-packages/glance_store/location.py:146}}
Jul 03 19:16:33.404129 np0000004457 devstack@g-api.service[99454]: DEBUG glance_store.location [-] Registering scheme swift with {'store': , 'location_class': , 'store_entry': 'swift'} {{(pid=99454) register_scheme_map /opt/stack/data/venv/lib/python3.12/site-packages/glance_store/location.py:146}}
Jul 03 19:16:33.404179 np0000004457 devstack@g-api.service[99454]: DEBUG glance_store.location [-] Registering scheme swift+http with {'store': , 'location_class': , 'store_entry': 'swift'} {{(pid=99454) register_scheme_map /opt/stack/data/venv/lib/python3.12/site-packages/glance_store/location.py:146}}
Jul 03 19:16:33.404225 np0000004457 devstack@g-api.service[99454]: DEBUG glance_store.location [-] Registering scheme swift+https with {'store': , 'location_class': , 'store_entry': 'swift'} {{(pid=99454) register_scheme_map /opt/stack/data/venv/lib/python3.12/site-packages/glance_store/location.py:146}}
Jul 03 19:16:33.404263 np0000004457 devstack@g-api.service[99454]: DEBUG glance_store.location [-] Registering scheme swift with {'store': , 'location_class': , 'store_entry': 'swift'} {{(pid=99454) register_scheme_map /opt/stack/data/venv/lib/python3.12/site-packages/glance_store/location.py:146}}
Jul 03 19:16:33.404296 np0000004457 devstack@g-api.service[99454]: DEBUG glance_store.location [-] Registering scheme swift+http with {'store': , 'location_class': , 'store_entry': 'swift'} {{(pid=99454) register_scheme_map /opt/stack/data/venv/lib/python3.12/site-packages/glance_store/location.py:146}}
Jul 03 19:16:33.404334 np0000004457 devstack@g-api.service[99454]: DEBUG glance_store.location [-] Registering scheme swift+config with {'store': , 'location_class': , 'store_entry': 'swift'} {{(pid=99454) register_scheme_map /opt/stack/data/venv/lib/python3.12/site-packages/glance_store/location.py:146}}
Jul 03 19:16:33.404364 np0000004457 devstack@g-api.service[99455]: DEBUG glance.sqlite_migration [-] SQLite caching database not located, skipping migration {{(pid=99455) get_db_path /opt/stack/glance/glance/sqlite_migration.py:68}}
Jul 03 19:16:33.404584 np0000004457 devstack@g-api.service[99455]: WARNING glance.common.wsgi_app [-] Import methods are enabled but staging directory /tmp/staging/ does not exist; Imports will fail!
Jul 03 19:16:33.404635 np0000004457 devstack@g-api.service[99454]: DEBUG glance.sqlite_migration [-] SQLite caching database not located, skipping migration {{(pid=99454) get_db_path /opt/stack/glance/glance/sqlite_migration.py:68}}
Jul 03 19:16:33.404845 np0000004457 devstack@g-api.service[99454]: WARNING glance.common.wsgi_app [-] Import methods are enabled but staging directory /tmp/staging/ does not exist; Imports will fail!
Jul 03 19:16:33.404922 np0000004457 devstack@g-api.service[99456]: DEBUG glance_store.capabilities [-] Store glance_store._drivers.swift.store.SingleTenantStore doesn't support updating dynamic storage capabilities. Please overwrite 'update_capabilities' method of the store to implement updating logics if needed. {{(pid=99456) update_capabilities /opt/stack/data/venv/lib/python3.12/site-packages/glance_store/capabilities.py:91}}
Jul 03 19:16:33.405016 np0000004457 devstack@g-api.service[99456]: DEBUG glance_store.driver [-] Late loading location class glance_store._drivers.swift.store.StoreLocation {{(pid=99456) get_store_location_class /opt/stack/data/venv/lib/python3.12/site-packages/glance_store/driver.py:134}}
Jul 03 19:16:33.405102 np0000004457 devstack@g-api.service[99456]: DEBUG glance_store.location [-] Registering scheme swift+https with {'store': , 'location_class': , 'store_entry': 'swift'} {{(pid=99456) register_scheme_map /opt/stack/data/venv/lib/python3.12/site-packages/glance_store/location.py:146}}
Jul 03 19:16:33.405180 np0000004457 devstack@g-api.service[99456]: DEBUG glance_store.location [-] Registering scheme swift+https with {'store': , 'location_class': , 'store_entry': 'swift'} {{(pid=99456) register_scheme_map /opt/stack/data/venv/lib/python3.12/site-packages/glance_store/location.py:146}}
Jul 03 19:16:33.405255 np0000004457 devstack@g-api.service[99456]: DEBUG glance_store.location [-] Registering scheme swift with {'store': , 'location_class': , 'store_entry': 'swift'} {{(pid=99456) register_scheme_map /opt/stack/data/venv/lib/python3.12/site-packages/glance_store/location.py:146}}
Jul 03 19:16:33.405332 np0000004457 devstack@g-api.service[99456]: DEBUG glance_store.location [-] Registering scheme swift+https with {'store': , 'location_class': , 'store_entry': 'swift'} {{(pid=99456) register_scheme_map /opt/stack/data/venv/lib/python3.12/site-packages/glance_store/location.py:146}}
Jul 03 19:16:33.405407 np0000004457 devstack@g-api.service[99456]: DEBUG glance_store.location [-] Registering scheme swift with {'store': , 'location_class': , 'store_entry': 'swift'} {{(pid=99456) register_scheme_map /opt/stack/data/venv/lib/python3.12/site-packages/glance_store/location.py:146}}
Jul 03 19:16:33.405501 np0000004457 devstack@g-api.service[99456]: DEBUG glance_store.location [-] Registering scheme swift+http with {'store': , 'location_class': , 'store_entry': 'swift'} {{(pid=99456) register_scheme_map /opt/stack/data/venv/lib/python3.12/site-packages/glance_store/location.py:146}}
Jul 03 19:16:33.405565 np0000004457 devstack@g-api.service[99456]: DEBUG glance_store.location [-] Registering scheme swift+https with {'store': , 'location_class': , 'store_entry': 'swift'} {{(pid=99456) register_scheme_map /opt/stack/data/venv/lib/python3.12/site-packages/glance_store/location.py:146}}
Jul 03 19:16:33.405652 np0000004457 devstack@g-api.service[99456]: DEBUG glance_store.location [-] Registering scheme swift with {'store': , 'location_class': , 'store_entry': 'swift'} {{(pid=99456) register_scheme_map /opt/stack/data/venv/lib/python3.12/site-packages/glance_store/location.py:146}}
Jul 03 19:16:33.405726 np0000004457 devstack@g-api.service[99456]: DEBUG glance_store.location [-] Registering scheme swift+http with {'store': , 'location_class': , 'store_entry': 'swift'} {{(pid=99456) register_scheme_map /opt/stack/data/venv/lib/python3.12/site-packages/glance_store/location.py:146}}
Jul 03 19:16:33.405809 np0000004457 devstack@g-api.service[99456]: DEBUG glance_store.location [-] Registering scheme swift+config with {'store': , 'location_class': , 'store_entry': 'swift'} {{(pid=99456) register_scheme_map /opt/stack/data/venv/lib/python3.12/site-packages/glance_store/location.py:146}}
Jul 03 19:16:33.406187 np0000004457 devstack@g-api.service[99456]: DEBUG glance.sqlite_migration [-] SQLite caching database not located, skipping migration {{(pid=99456) get_db_path /opt/stack/glance/glance/sqlite_migration.py:68}}
Jul 03 19:16:33.406397 np0000004457 devstack@g-api.service[99456]: WARNING glance.common.wsgi_app [-] Import methods are enabled but staging directory /tmp/staging/ does not exist; Imports will fail!
Jul 03 19:16:33.534402 np0000004457 devstack@g-api.service[99454]: DEBUG glance.common.config [None req-92e2848e-cd2f-441b-a1ed-a8d3f302689f None None] Loading glance-api-keystone+cachemanagement from /etc/glance/glance-api-paste.ini {{(pid=99454) load_paste_app /opt/stack/glance/glance/common/config.py:765}}
Jul 03 19:16:33.536331 np0000004457 devstack@g-api.service[99456]: DEBUG glance.common.config [None req-02b7fb40-1cc3-47b1-8099-937729fb878f None None] Loading glance-api-keystone+cachemanagement from /etc/glance/glance-api-paste.ini {{(pid=99456) load_paste_app /opt/stack/glance/glance/common/config.py:765}}
Jul 03 19:16:33.538965 np0000004457 devstack@g-api.service[99455]: DEBUG glance.common.config [None req-26a63181-97fa-43d4-a3ed-9699b0098f93 None None] Loading glance-api-keystone+cachemanagement from /etc/glance/glance-api-paste.ini {{(pid=99455) load_paste_app /opt/stack/glance/glance/common/config.py:765}}
Jul 03 19:16:34.135787 np0000004457 devstack@g-api.service[99456]: INFO glance.image_cache [None req-02b7fb40-1cc3-47b1-8099-937729fb878f None None] Image cache loaded driver 'centralized_db'.
Jul 03 19:16:34.137102 np0000004457 devstack@g-api.service[99454]: INFO glance.image_cache [None req-92e2848e-cd2f-441b-a1ed-a8d3f302689f None None] Image cache loaded driver 'centralized_db'.
Jul 03 19:16:34.158989 np0000004457 devstack@g-api.service[99455]: INFO glance.image_cache [None req-26a63181-97fa-43d4-a3ed-9699b0098f93 None None] Image cache loaded driver 'centralized_db'.
Jul 03 19:16:34.179264 np0000004457 devstack@g-api.service[99456]: INFO dbcounter [None req-02b7fb40-1cc3-47b1-8099-937729fb878f None None] Registered counter for database glance
Jul 03 19:16:34.182550 np0000004457 devstack@g-api.service[99454]: INFO dbcounter [None req-92e2848e-cd2f-441b-a1ed-a8d3f302689f None None] Registered counter for database glance
Jul 03 19:16:34.202370 np0000004457 devstack@g-api.service[99455]: INFO dbcounter [None req-26a63181-97fa-43d4-a3ed-9699b0098f93 None None] Registered counter for database glance
Jul 03 19:16:34.217371 np0000004457 devstack@g-api.service[99456]: DEBUG oslo_db.sqlalchemy.engines [None req-02b7fb40-1cc3-47b1-8099-937729fb878f None None] MySQL server mode set to STRICT_TRANS_TABLES,STRICT_ALL_TABLES,NO_ZERO_IN_DATE,NO_ZERO_DATE,ERROR_FOR_DIVISION_BY_ZERO,TRADITIONAL,NO_ENGINE_SUBSTITUTION {{(pid=99456) _check_effective_sql_mode /opt/stack/data/venv/lib/python3.12/site-packages/oslo_db/sqlalchemy/engines.py:325}}
Jul 03 19:16:34.223202 np0000004457 devstack@g-api.service[99454]: DEBUG oslo_db.sqlalchemy.engines [None req-92e2848e-cd2f-441b-a1ed-a8d3f302689f None None] MySQL server mode set to STRICT_TRANS_TABLES,STRICT_ALL_TABLES,NO_ZERO_IN_DATE,NO_ZERO_DATE,ERROR_FOR_DIVISION_BY_ZERO,TRADITIONAL,NO_ENGINE_SUBSTITUTION {{(pid=99454) _check_effective_sql_mode /opt/stack/data/venv/lib/python3.12/site-packages/oslo_db/sqlalchemy/engines.py:325}}
Jul 03 19:16:34.239406 np0000004457 devstack@g-api.service[99456]: DEBUG dbcounter [-] [99456] Writer thread running {{(pid=99456) stat_writer /opt/stack/data/venv/lib/python3.12/site-packages/dbcounter.py:102}}
Jul 03 19:16:34.245102 np0000004457 devstack@g-api.service[99455]: DEBUG oslo_db.sqlalchemy.engines [None req-26a63181-97fa-43d4-a3ed-9699b0098f93 None None] MySQL server mode set to STRICT_TRANS_TABLES,STRICT_ALL_TABLES,NO_ZERO_IN_DATE,NO_ZERO_DATE,ERROR_FOR_DIVISION_BY_ZERO,TRADITIONAL,NO_ENGINE_SUBSTITUTION {{(pid=99455) _check_effective_sql_mode /opt/stack/data/venv/lib/python3.12/site-packages/oslo_db/sqlalchemy/engines.py:325}}
Jul 03 19:16:34.245206 np0000004457 devstack@g-api.service[99454]: DEBUG dbcounter [-] [99454] Writer thread running {{(pid=99454) stat_writer /opt/stack/data/venv/lib/python3.12/site-packages/dbcounter.py:102}}
Jul 03 19:16:34.249658 np0000004457 devstack@g-api.service[99454]: DEBUG glance.image_cache.drivers.centralized_db [None req-92e2848e-cd2f-441b-a1ed-a8d3f302689f None None] Node reference is already recorded, ignoring it {{(pid=99454) configure /opt/stack/glance/glance/image_cache/drivers/centralized_db.py:71}}
Jul 03 19:16:34.252306 np0000004457 devstack@g-api.service[99456]: INFO glance.image_cache [None req-02b7fb40-1cc3-47b1-8099-937729fb878f None None] Image cache loaded driver 'centralized_db'.
Jul 03 19:16:34.255651 np0000004457 devstack@g-api.service[99454]: INFO glance.image_cache [None req-92e2848e-cd2f-441b-a1ed-a8d3f302689f None None] Image cache loaded driver 'centralized_db'.
Jul 03 19:16:34.265356 np0000004457 devstack@g-api.service[99455]: DEBUG dbcounter [-] [99455] Writer thread running {{(pid=99455) stat_writer /opt/stack/data/venv/lib/python3.12/site-packages/dbcounter.py:102}}
Jul 03 19:16:34.267913 np0000004457 devstack@g-api.service[99455]: DEBUG glance.image_cache.drivers.centralized_db [None req-26a63181-97fa-43d4-a3ed-9699b0098f93 None None] Node reference is already recorded, ignoring it {{(pid=99455) configure /opt/stack/glance/glance/image_cache/drivers/centralized_db.py:71}}
Jul 03 19:16:34.273732 np0000004457 devstack@g-api.service[99455]: INFO glance.image_cache [None req-26a63181-97fa-43d4-a3ed-9699b0098f93 None None] Image cache loaded driver 'centralized_db'.
Jul 03 19:16:34.349410 np0000004457 devstack@g-api.service[99456]: DEBUG glance.image_cache.drivers.centralized_db [None req-02b7fb40-1cc3-47b1-8099-937729fb878f None None] Node reference is already recorded, ignoring it {{(pid=99456) configure /opt/stack/glance/glance/image_cache/drivers/centralized_db.py:71}}
Jul 03 19:16:34.354596 np0000004457 devstack@g-api.service[99456]: DEBUG glance.api.v2.cached_images [None req-02b7fb40-1cc3-47b1-8099-937729fb878f None None] Started cache worker thread {{(pid=99456) __init__ /opt/stack/glance/glance/api/v2/cached_images.py:71}}
Jul 03 19:16:34.355225 np0000004457 devstack@g-api.service[99456]: INFO glance.image_cache [None req-02b7fb40-1cc3-47b1-8099-937729fb878f None None] Image cache loaded driver 'centralized_db'.
Jul 03 19:16:34.359136 np0000004457 devstack@g-api.service[99454]: DEBUG glance.image_cache.drivers.centralized_db [None req-92e2848e-cd2f-441b-a1ed-a8d3f302689f None None] Node reference is already recorded, ignoring it {{(pid=99454) configure /opt/stack/glance/glance/image_cache/drivers/centralized_db.py:71}}
Jul 03 19:16:34.362617 np0000004457 devstack@g-api.service[99456]: DEBUG glance.image_cache.drivers.centralized_db [None req-02b7fb40-1cc3-47b1-8099-937729fb878f None None] Node reference is already recorded, ignoring it {{(pid=99456) configure /opt/stack/glance/glance/image_cache/drivers/centralized_db.py:71}}
Jul 03 19:16:34.363863 np0000004457 devstack@g-api.service[99454]: DEBUG glance.api.v2.cached_images [None req-92e2848e-cd2f-441b-a1ed-a8d3f302689f None None] Started cache worker thread {{(pid=99454) __init__ /opt/stack/glance/glance/api/v2/cached_images.py:71}}
Jul 03 19:16:34.364625 np0000004457 devstack@g-api.service[99454]: INFO glance.image_cache [None req-92e2848e-cd2f-441b-a1ed-a8d3f302689f None None] Image cache loaded driver 'centralized_db'.
Jul 03 19:16:34.365230 np0000004457 devstack@g-api.service[99455]: DEBUG glance.image_cache.drivers.centralized_db [None req-26a63181-97fa-43d4-a3ed-9699b0098f93 None None] Node reference is already recorded, ignoring it {{(pid=99455) configure /opt/stack/glance/glance/image_cache/drivers/centralized_db.py:71}}
Jul 03 19:16:34.367126 np0000004457 devstack@g-api.service[99456]: INFO glance.api.middleware.cache_manage [None req-02b7fb40-1cc3-47b1-8099-937729fb878f None None] Initialized image cache management middleware
Jul 03 19:16:34.367311 np0000004457 devstack@g-api.service[99456]: INFO glance.image_cache [None req-02b7fb40-1cc3-47b1-8099-937729fb878f None None] Image cache loaded driver 'centralized_db'.
Jul 03 19:16:34.369821 np0000004457 devstack@g-api.service[99455]: DEBUG glance.api.v2.cached_images [None req-26a63181-97fa-43d4-a3ed-9699b0098f93 None None] Started cache worker thread {{(pid=99455) __init__ /opt/stack/glance/glance/api/v2/cached_images.py:71}}
Jul 03 19:16:34.370675 np0000004457 devstack@g-api.service[99455]: INFO glance.image_cache [None req-26a63181-97fa-43d4-a3ed-9699b0098f93 None None] Image cache loaded driver 'centralized_db'.
Jul 03 19:16:34.371621 np0000004457 devstack@g-api.service[99454]: DEBUG glance.image_cache.drivers.centralized_db [None req-92e2848e-cd2f-441b-a1ed-a8d3f302689f None None] Node reference is already recorded, ignoring it {{(pid=99454) configure /opt/stack/glance/glance/image_cache/drivers/centralized_db.py:71}}
Jul 03 19:16:34.374280 np0000004457 devstack@g-api.service[99456]: DEBUG glance.image_cache.drivers.centralized_db [None req-02b7fb40-1cc3-47b1-8099-937729fb878f None None] Node reference is already recorded, ignoring it {{(pid=99456) configure /opt/stack/glance/glance/image_cache/drivers/centralized_db.py:71}}
Jul 03 19:16:34.376871 np0000004457 devstack@g-api.service[99454]: INFO glance.api.middleware.cache_manage [None req-92e2848e-cd2f-441b-a1ed-a8d3f302689f None None] Initialized image cache management middleware
Jul 03 19:16:34.377021 np0000004457 devstack@g-api.service[99454]: INFO glance.image_cache [None req-92e2848e-cd2f-441b-a1ed-a8d3f302689f None None] Image cache loaded driver 'centralized_db'.
Jul 03 19:16:34.377158 np0000004457 devstack@g-api.service[99455]: DEBUG glance.image_cache.drivers.centralized_db [None req-26a63181-97fa-43d4-a3ed-9699b0098f93 None None] Node reference is already recorded, ignoring it {{(pid=99455) configure /opt/stack/glance/glance/image_cache/drivers/centralized_db.py:71}}
Jul 03 19:16:34.377807 np0000004457 devstack@g-api.service[99456]: INFO glance.api.middleware.cache [None req-02b7fb40-1cc3-47b1-8099-937729fb878f None None] Initialized image cache middleware
Jul 03 19:16:34.381556 np0000004457 devstack@g-api.service[99455]: INFO glance.api.middleware.cache_manage [None req-26a63181-97fa-43d4-a3ed-9699b0098f93 None None] Initialized image cache management middleware
Jul 03 19:16:34.381756 np0000004457 devstack@g-api.service[99455]: INFO glance.image_cache [None req-26a63181-97fa-43d4-a3ed-9699b0098f93 None None] Image cache loaded driver 'centralized_db'.
Jul 03 19:16:34.385039 np0000004457 devstack@g-api.service[99454]: DEBUG glance.image_cache.drivers.centralized_db [None req-92e2848e-cd2f-441b-a1ed-a8d3f302689f None None] Node reference is already recorded, ignoring it {{(pid=99454) configure /opt/stack/glance/glance/image_cache/drivers/centralized_db.py:71}}
Jul 03 19:16:34.388061 np0000004457 devstack@g-api.service[99455]: DEBUG glance.image_cache.drivers.centralized_db [None req-26a63181-97fa-43d4-a3ed-9699b0098f93 None None] Node reference is already recorded, ignoring it {{(pid=99455) configure /opt/stack/glance/glance/image_cache/drivers/centralized_db.py:71}}
Jul 03 19:16:34.388996 np0000004457 devstack@g-api.service[99454]: INFO glance.api.middleware.cache [None req-92e2848e-cd2f-441b-a1ed-a8d3f302689f None None] Initialized image cache middleware
Jul 03 19:16:34.389975 np0000004457 devstack@g-api.service[99456]: DEBUG glance.common.config [None req-02b7fb40-1cc3-47b1-8099-937729fb878f None None] ******************************************************************************** {{(pid=99456) log_opt_values /opt/stack/data/venv/lib/python3.12/site-packages/oslo_config/cfg.py:3226}}
Jul 03 19:16:34.390072 np0000004457 devstack@g-api.service[99456]: DEBUG glance.common.config [None req-02b7fb40-1cc3-47b1-8099-937729fb878f None None] Configuration options gathered from: {{(pid=99456) log_opt_values /opt/stack/data/venv/lib/python3.12/site-packages/oslo_config/cfg.py:3227}}
Jul 03 19:16:34.390364 np0000004457 devstack@g-api.service[99456]: DEBUG glance.common.config [None req-02b7fb40-1cc3-47b1-8099-937729fb878f None None] command line args: [] {{(pid=99456) log_opt_values /opt/stack/data/venv/lib/python3.12/site-packages/oslo_config/cfg.py:3228}}
Jul 03 19:16:34.390505 np0000004457 devstack@g-api.service[99456]: DEBUG glance.common.config [None req-02b7fb40-1cc3-47b1-8099-937729fb878f None None] config files: ['/etc/glance/glance-image-import.conf', '/etc/glance/glance-api.conf'] {{(pid=99456) log_opt_values /opt/stack/data/venv/lib/python3.12/site-packages/oslo_config/cfg.py:3229}}
Jul 03 19:16:34.390573 np0000004457 devstack@g-api.service[99456]: DEBUG glance.common.config [None req-02b7fb40-1cc3-47b1-8099-937729fb878f None None] ================================================================================ {{(pid=99456) log_opt_values /opt/stack/data/venv/lib/python3.12/site-packages/oslo_config/cfg.py:3234}}
Jul 03 19:16:34.390696 np0000004457 devstack@g-api.service[99456]: DEBUG glance.common.config [None req-02b7fb40-1cc3-47b1-8099-937729fb878f None None] allow_anonymous_access = False {{(pid=99456) log_opt_values /opt/stack/data/venv/lib/python3.12/site-packages/oslo_config/cfg.py:3242}}
Jul 03 19:16:34.390793 np0000004457 devstack@g-api.service[99456]: DEBUG glance.common.config [None req-02b7fb40-1cc3-47b1-8099-937729fb878f None None] api_limit_max = 1000 {{(pid=99456) log_opt_values /opt/stack/data/venv/lib/python3.12/site-packages/oslo_config/cfg.py:3242}}
Jul 03 19:16:34.390904 np0000004457 devstack@g-api.service[99456]: DEBUG glance.common.config [None req-02b7fb40-1cc3-47b1-8099-937729fb878f None None] backlog = 4096 {{(pid=99456) log_opt_values /opt/stack/data/venv/lib/python3.12/site-packages/oslo_config/cfg.py:3242}}
Jul 03 19:16:34.391032 np0000004457 devstack@g-api.service[99456]: DEBUG glance.common.config [None req-02b7fb40-1cc3-47b1-8099-937729fb878f None None] bind_host = 0.0.0.0 {{(pid=99456) log_opt_values /opt/stack/data/venv/lib/python3.12/site-packages/oslo_config/cfg.py:3242}}
Jul 03 19:16:34.391138 np0000004457 devstack@g-api.service[99456]: DEBUG glance.common.config [None req-02b7fb40-1cc3-47b1-8099-937729fb878f None None] bind_port = 19292 {{(pid=99456) log_opt_values /opt/stack/data/venv/lib/python3.12/site-packages/oslo_config/cfg.py:3242}}
Jul 03 19:16:34.391233 np0000004457 devstack@g-api.service[99456]: DEBUG glance.common.config [None req-02b7fb40-1cc3-47b1-8099-937729fb878f None None] client_socket_timeout = 900 {{(pid=99456) log_opt_values /opt/stack/data/venv/lib/python3.12/site-packages/oslo_config/cfg.py:3242}}
Jul 03 19:16:34.391327 np0000004457 devstack@g-api.service[99456]: DEBUG glance.common.config [None req-02b7fb40-1cc3-47b1-8099-937729fb878f None None] config_dir = [] {{(pid=99456) log_opt_values /opt/stack/data/venv/lib/python3.12/site-packages/oslo_config/cfg.py:3242}}
Jul 03 19:16:34.391396 np0000004457 devstack@g-api.service[99456]: DEBUG glance.common.config [None req-02b7fb40-1cc3-47b1-8099-937729fb878f None None] config_file = ['/etc/glance/glance-image-import.conf', '/etc/glance/glance-api.conf'] {{(pid=99456) log_opt_values /opt/stack/data/venv/lib/python3.12/site-packages/oslo_config/cfg.py:3242}}
Jul 03 19:16:34.391531 np0000004457 devstack@g-api.service[99456]: DEBUG glance.common.config [None req-02b7fb40-1cc3-47b1-8099-937729fb878f None None] config_source = [] {{(pid=99456) log_opt_values /opt/stack/data/venv/lib/python3.12/site-packages/oslo_config/cfg.py:3242}}
Jul 03 19:16:34.391634 np0000004457 devstack@g-api.service[99456]: DEBUG glance.common.config [None req-02b7fb40-1cc3-47b1-8099-937729fb878f None None] control_exchange = glance {{(pid=99456) log_opt_values /opt/stack/data/venv/lib/python3.12/site-packages/oslo_config/cfg.py:3242}}
Jul 03 19:16:34.391703 np0000004457 devstack@g-api.service[99456]: DEBUG glance.common.config [None req-02b7fb40-1cc3-47b1-8099-937729fb878f None None] debug = True {{(pid=99456) log_opt_values /opt/stack/data/venv/lib/python3.12/site-packages/oslo_config/cfg.py:3242}}
Jul 03 19:16:34.391858 np0000004457 devstack@g-api.service[99456]: DEBUG glance.common.config [None req-02b7fb40-1cc3-47b1-8099-937729fb878f None None] default_log_levels = ['amqp=WARN', 'boto=WARN', 'sqlalchemy=WARN', 'suds=INFO', 'oslo.messaging=INFO', 'oslo_messaging=INFO', 'iso8601=WARN', 'requests.packages.urllib3.connectionpool=WARN', 'urllib3.connectionpool=WARN', 'websocket=WARN', 'requests.packages.urllib3.util.retry=WARN', 'urllib3.util.retry=WARN', 'keystonemiddleware=WARN', 'routes.middleware=WARN', 'stevedore=WARN', 'taskflow=WARN', 'keystoneauth=WARN', 'oslo.cache=INFO', 'oslo_policy=INFO', 'dogpile.core.dogpile=INFO'] {{(pid=99456) log_opt_values /opt/stack/data/venv/lib/python3.12/site-packages/oslo_config/cfg.py:3242}}
Jul 03 19:16:34.391962 np0000004457 devstack@g-api.service[99456]: DEBUG glance.common.config [None req-02b7fb40-1cc3-47b1-8099-937729fb878f None None] default_publisher_id = image.localhost {{(pid=99456) log_opt_values /opt/stack/data/venv/lib/python3.12/site-packages/oslo_config/cfg.py:3242}}
Jul 03 19:16:34.392053 np0000004457 devstack@g-api.service[99456]: DEBUG glance.common.config [None req-02b7fb40-1cc3-47b1-8099-937729fb878f None None] delayed_delete = False {{(pid=99456) log_opt_values /opt/stack/data/venv/lib/python3.12/site-packages/oslo_config/cfg.py:3242}}
Jul 03 19:16:34.392173 np0000004457 devstack@g-api.service[99456]: DEBUG glance.common.config [None req-02b7fb40-1cc3-47b1-8099-937729fb878f None None] digest_algorithm = sha256 {{(pid=99456) log_opt_values /opt/stack/data/venv/lib/python3.12/site-packages/oslo_config/cfg.py:3242}}
Jul 03 19:16:34.392280 np0000004457 devstack@g-api.service[99456]: DEBUG glance.common.config [None req-02b7fb40-1cc3-47b1-8099-937729fb878f None None] disabled_notifications = [] {{(pid=99456) log_opt_values /opt/stack/data/venv/lib/python3.12/site-packages/oslo_config/cfg.py:3242}}
Jul 03 19:16:34.392322 np0000004457 devstack@g-api.service[99455]: INFO glance.api.middleware.cache [None req-26a63181-97fa-43d4-a3ed-9699b0098f93 None None] Initialized image cache middleware
Jul 03 19:16:34.392371 np0000004457 devstack@g-api.service[99456]: DEBUG glance.common.config [None req-02b7fb40-1cc3-47b1-8099-937729fb878f None None] do_secure_hash = True {{(pid=99456) log_opt_values /opt/stack/data/venv/lib/python3.12/site-packages/oslo_config/cfg.py:3242}}
Jul 03 19:16:34.392483 np0000004457 devstack@g-api.service[99456]: DEBUG glance.common.config [None req-02b7fb40-1cc3-47b1-8099-937729fb878f None None] enabled_backends = None {{(pid=99456) log_opt_values /opt/stack/data/venv/lib/python3.12/site-packages/oslo_config/cfg.py:3242}}
Jul 03 19:16:34.392598 np0000004457 devstack@g-api.service[99456]: DEBUG glance.common.config [None req-02b7fb40-1cc3-47b1-8099-937729fb878f None None] enabled_import_methods = ['glance-direct', 'web-download', 'copy-image'] {{(pid=99456) log_opt_values /opt/stack/data/venv/lib/python3.12/site-packages/oslo_config/cfg.py:3242}}
Jul 03 19:16:34.392683 np0000004457 devstack@g-api.service[99456]: DEBUG glance.common.config [None req-02b7fb40-1cc3-47b1-8099-937729fb878f None None] fatal_deprecations = False {{(pid=99456) log_opt_values /opt/stack/data/venv/lib/python3.12/site-packages/oslo_config/cfg.py:3242}}
Jul 03 19:16:34.392778 np0000004457 devstack@g-api.service[99456]: DEBUG glance.common.config [None req-02b7fb40-1cc3-47b1-8099-937729fb878f None None] hashing_algorithm = sha512 {{(pid=99456) log_opt_values /opt/stack/data/venv/lib/python3.12/site-packages/oslo_config/cfg.py:3242}}
Jul 03 19:16:34.392864 np0000004457 devstack@g-api.service[99456]: DEBUG glance.common.config [None req-02b7fb40-1cc3-47b1-8099-937729fb878f None None] http_keepalive = True {{(pid=99456) log_opt_values /opt/stack/data/venv/lib/python3.12/site-packages/oslo_config/cfg.py:3242}}
Jul 03 19:16:34.392963 np0000004457 devstack@g-api.service[99456]: DEBUG glance.common.config [None req-02b7fb40-1cc3-47b1-8099-937729fb878f None None] http_retries = 3 {{(pid=99456) log_opt_values /opt/stack/data/venv/lib/python3.12/site-packages/oslo_config/cfg.py:3242}}
Jul 03 19:16:34.393057 np0000004457 devstack@g-api.service[99456]: DEBUG glance.common.config [None req-02b7fb40-1cc3-47b1-8099-937729fb878f None None] image_cache_dir = /opt/stack/data/glance/cache/ {{(pid=99456) log_opt_values /opt/stack/data/venv/lib/python3.12/site-packages/oslo_config/cfg.py:3242}}
Jul 03 19:16:34.393152 np0000004457 devstack@g-api.service[99456]: DEBUG glance.common.config [None req-02b7fb40-1cc3-47b1-8099-937729fb878f None None] image_cache_driver = centralized_db {{(pid=99456) log_opt_values /opt/stack/data/venv/lib/python3.12/site-packages/oslo_config/cfg.py:3242}}
Jul 03 19:16:34.393243 np0000004457 devstack@g-api.service[99456]: DEBUG glance.common.config [None req-02b7fb40-1cc3-47b1-8099-937729fb878f None None] image_cache_max_size = 10737418240 {{(pid=99456) log_opt_values /opt/stack/data/venv/lib/python3.12/site-packages/oslo_config/cfg.py:3242}}
Jul 03 19:16:34.393334 np0000004457 devstack@g-api.service[99456]: DEBUG glance.common.config [None req-02b7fb40-1cc3-47b1-8099-937729fb878f None None] image_cache_sqlite_db = cache.db {{(pid=99456) log_opt_values /opt/stack/data/venv/lib/python3.12/site-packages/oslo_config/cfg.py:3242}}
Jul 03 19:16:34.393432 np0000004457 devstack@g-api.service[99456]: DEBUG glance.common.config [None req-02b7fb40-1cc3-47b1-8099-937729fb878f None None] image_cache_stall_time = 86400 {{(pid=99456) log_opt_values /opt/stack/data/venv/lib/python3.12/site-packages/oslo_config/cfg.py:3242}}
Jul 03 19:16:34.393545 np0000004457 devstack@g-api.service[99456]: DEBUG glance.common.config [None req-02b7fb40-1cc3-47b1-8099-937729fb878f None None] image_location_quota = 10 {{(pid=99456) log_opt_values /opt/stack/data/venv/lib/python3.12/site-packages/oslo_config/cfg.py:3242}}
Jul 03 19:16:34.393637 np0000004457 devstack@g-api.service[99456]: DEBUG glance.common.config [None req-02b7fb40-1cc3-47b1-8099-937729fb878f None None] image_member_quota = 128 {{(pid=99456) log_opt_values /opt/stack/data/venv/lib/python3.12/site-packages/oslo_config/cfg.py:3242}}
Jul 03 19:16:34.393727 np0000004457 devstack@g-api.service[99456]: DEBUG glance.common.config [None req-02b7fb40-1cc3-47b1-8099-937729fb878f None None] image_property_quota = 128 {{(pid=99456) log_opt_values /opt/stack/data/venv/lib/python3.12/site-packages/oslo_config/cfg.py:3242}}
Jul 03 19:16:34.393814 np0000004457 devstack@g-api.service[99456]: DEBUG glance.common.config [None req-02b7fb40-1cc3-47b1-8099-937729fb878f None None] image_size_cap = 1099511627776 {{(pid=99456) log_opt_values /opt/stack/data/venv/lib/python3.12/site-packages/oslo_config/cfg.py:3242}}
Jul 03 19:16:34.393913 np0000004457 devstack@g-api.service[99456]: DEBUG glance.common.config [None req-02b7fb40-1cc3-47b1-8099-937729fb878f None None] image_tag_quota = 128 {{(pid=99456) log_opt_values /opt/stack/data/venv/lib/python3.12/site-packages/oslo_config/cfg.py:3242}}
Jul 03 19:16:34.394010 np0000004457 devstack@g-api.service[99456]: DEBUG glance.common.config [None req-02b7fb40-1cc3-47b1-8099-937729fb878f None None] instance_format = [instance: %(uuid)s] {{(pid=99456) log_opt_values /opt/stack/data/venv/lib/python3.12/site-packages/oslo_config/cfg.py:3242}}
Jul 03 19:16:34.394143 np0000004457 devstack@g-api.service[99456]: DEBUG glance.common.config [None req-02b7fb40-1cc3-47b1-8099-937729fb878f None None] instance_uuid_format = [instance: %(uuid)s] {{(pid=99456) log_opt_values /opt/stack/data/venv/lib/python3.12/site-packages/oslo_config/cfg.py:3242}}
Jul 03 19:16:34.394258 np0000004457 devstack@g-api.service[99456]: DEBUG glance.common.config [None req-02b7fb40-1cc3-47b1-8099-937729fb878f None None] limit_param_default = 25 {{(pid=99456) log_opt_values /opt/stack/data/venv/lib/python3.12/site-packages/oslo_config/cfg.py:3242}}
Jul 03 19:16:34.394359 np0000004457 devstack@g-api.service[99456]: DEBUG glance.common.config [None req-02b7fb40-1cc3-47b1-8099-937729fb878f None None] log_color = False {{(pid=99456) log_opt_values /opt/stack/data/venv/lib/python3.12/site-packages/oslo_config/cfg.py:3242}}
Jul 03 19:16:34.394469 np0000004457 devstack@g-api.service[99456]: DEBUG glance.common.config [None req-02b7fb40-1cc3-47b1-8099-937729fb878f None None] log_config_append = None {{(pid=99456) log_opt_values /opt/stack/data/venv/lib/python3.12/site-packages/oslo_config/cfg.py:3242}}
Jul 03 19:16:34.394565 np0000004457 devstack@g-api.service[99456]: DEBUG glance.common.config [None req-02b7fb40-1cc3-47b1-8099-937729fb878f None None] log_date_format = %Y-%m-%d %H:%M:%S {{(pid=99456) log_opt_values /opt/stack/data/venv/lib/python3.12/site-packages/oslo_config/cfg.py:3242}}
Jul 03 19:16:34.394656 np0000004457 devstack@g-api.service[99456]: DEBUG glance.common.config [None req-02b7fb40-1cc3-47b1-8099-937729fb878f None None] log_dir = None {{(pid=99456) log_opt_values /opt/stack/data/venv/lib/python3.12/site-packages/oslo_config/cfg.py:3242}}
Jul 03 19:16:34.394798 np0000004457 devstack@g-api.service[99456]: DEBUG glance.common.config [None req-02b7fb40-1cc3-47b1-8099-937729fb878f None None] log_file = None {{(pid=99456) log_opt_values /opt/stack/data/venv/lib/python3.12/site-packages/oslo_config/cfg.py:3242}}
Jul 03 19:16:34.394842 np0000004457 devstack@g-api.service[99456]: DEBUG glance.common.config [None req-02b7fb40-1cc3-47b1-8099-937729fb878f None None] log_rotate_interval = 1 {{(pid=99456) log_opt_values /opt/stack/data/venv/lib/python3.12/site-packages/oslo_config/cfg.py:3242}}
Jul 03 19:16:34.394939 np0000004457 devstack@g-api.service[99456]: DEBUG glance.common.config [None req-02b7fb40-1cc3-47b1-8099-937729fb878f None None] log_rotate_interval_type = days {{(pid=99456) log_opt_values /opt/stack/data/venv/lib/python3.12/site-packages/oslo_config/cfg.py:3242}}
Jul 03 19:16:34.395034 np0000004457 devstack@g-api.service[99456]: DEBUG glance.common.config [None req-02b7fb40-1cc3-47b1-8099-937729fb878f None None] log_rotation_type = none {{(pid=99456) log_opt_values /opt/stack/data/venv/lib/python3.12/site-packages/oslo_config/cfg.py:3242}}
Jul 03 19:16:34.395168 np0000004457 devstack@g-api.service[99456]: DEBUG glance.common.config [None req-02b7fb40-1cc3-47b1-8099-937729fb878f None None] logging_context_format_string = %(color)s%(levelname)s %(name)s [%(global_request_id)s %(request_id)s %(project_name)s %(user_name)s%(color)s] %(instance)s%(color)s%(message)s {{(pid=99456) log_opt_values /opt/stack/data/venv/lib/python3.12/site-packages/oslo_config/cfg.py:3242}}
Jul 03 19:16:34.395293 np0000004457 devstack@g-api.service[99456]: DEBUG glance.common.config [None req-02b7fb40-1cc3-47b1-8099-937729fb878f None None] logging_debug_format_suffix = {{(pid=%(process)d) %(funcName)s %(pathname)s:%(lineno)d}} {{(pid=99456) log_opt_values /opt/stack/data/venv/lib/python3.12/site-packages/oslo_config/cfg.py:3242}}
Jul 03 19:16:34.395408 np0000004457 devstack@g-api.service[99456]: DEBUG glance.common.config [None req-02b7fb40-1cc3-47b1-8099-937729fb878f None None] logging_default_format_string = %(color)s%(levelname)s %(name)s [-%(color)s] %(instance)s%(color)s%(message)s {{(pid=99456) log_opt_values /opt/stack/data/venv/lib/python3.12/site-packages/oslo_config/cfg.py:3242}}
Jul 03 19:16:34.395545 np0000004457 devstack@g-api.service[99456]: DEBUG glance.common.config [None req-02b7fb40-1cc3-47b1-8099-937729fb878f None None] logging_exception_prefix = ERROR %(name)s %(instance)s {{(pid=99456) log_opt_values /opt/stack/data/venv/lib/python3.12/site-packages/oslo_config/cfg.py:3242}}
Jul 03 19:16:34.395615 np0000004457 devstack@g-api.service[99456]: DEBUG glance.common.config [None req-02b7fb40-1cc3-47b1-8099-937729fb878f None None] logging_user_identity_format = %(user)s %(project)s %(domain)s %(system_scope)s %(user_domain)s %(project_domain)s {{(pid=99456) log_opt_values /opt/stack/data/venv/lib/python3.12/site-packages/oslo_config/cfg.py:3242}}
Jul 03 19:16:34.395705 np0000004457 devstack@g-api.service[99456]: DEBUG glance.common.config [None req-02b7fb40-1cc3-47b1-8099-937729fb878f None None] max_header_line = 16384 {{(pid=99456) log_opt_values /opt/stack/data/venv/lib/python3.12/site-packages/oslo_config/cfg.py:3242}}
Jul 03 19:16:34.395792 np0000004457 devstack@g-api.service[99456]: DEBUG glance.common.config [None req-02b7fb40-1cc3-47b1-8099-937729fb878f None None] max_logfile_count = 30 {{(pid=99456) log_opt_values /opt/stack/data/venv/lib/python3.12/site-packages/oslo_config/cfg.py:3242}}
Jul 03 19:16:34.395882 np0000004457 devstack@g-api.service[99456]: DEBUG glance.common.config [None req-02b7fb40-1cc3-47b1-8099-937729fb878f None None] max_logfile_size_mb = 200 {{(pid=99456) log_opt_values /opt/stack/data/venv/lib/python3.12/site-packages/oslo_config/cfg.py:3242}}
Jul 03 19:16:34.395983 np0000004457 devstack@g-api.service[99456]: DEBUG glance.common.config [None req-02b7fb40-1cc3-47b1-8099-937729fb878f None None] max_request_id_length = 64 {{(pid=99456) log_opt_values /opt/stack/data/venv/lib/python3.12/site-packages/oslo_config/cfg.py:3242}}
Jul 03 19:16:34.396072 np0000004457 devstack@g-api.service[99456]: DEBUG glance.common.config [None req-02b7fb40-1cc3-47b1-8099-937729fb878f None None] metadata_encryption_key = **** {{(pid=99456) log_opt_values /opt/stack/data/venv/lib/python3.12/site-packages/oslo_config/cfg.py:3242}}
Jul 03 19:16:34.396159 np0000004457 devstack@g-api.service[99456]: DEBUG glance.common.config [None req-02b7fb40-1cc3-47b1-8099-937729fb878f None None] node_staging_uri = file:///tmp/staging/ {{(pid=99456) log_opt_values /opt/stack/data/venv/lib/python3.12/site-packages/oslo_config/cfg.py:3242}}
Jul 03 19:16:34.396245 np0000004457 devstack@g-api.service[99456]: DEBUG glance.common.config [None req-02b7fb40-1cc3-47b1-8099-937729fb878f None None] property_protection_file = None {{(pid=99456) log_opt_values /opt/stack/data/venv/lib/python3.12/site-packages/oslo_config/cfg.py:3242}}
Jul 03 19:16:34.396339 np0000004457 devstack@g-api.service[99456]: DEBUG glance.common.config [None req-02b7fb40-1cc3-47b1-8099-937729fb878f None None] property_protection_rule_format = roles {{(pid=99456) log_opt_values /opt/stack/data/venv/lib/python3.12/site-packages/oslo_config/cfg.py:3242}}
Jul 03 19:16:34.396445 np0000004457 devstack@g-api.service[99456]: DEBUG glance.common.config [None req-02b7fb40-1cc3-47b1-8099-937729fb878f None None] public_endpoint = https://10.4.3.217/image {{(pid=99456) log_opt_values /opt/stack/data/venv/lib/python3.12/site-packages/oslo_config/cfg.py:3242}}
Jul 03 19:16:34.396537 np0000004457 devstack@g-api.service[99456]: DEBUG glance.common.config [None req-02b7fb40-1cc3-47b1-8099-937729fb878f None None] publish_errors = False {{(pid=99456) log_opt_values /opt/stack/data/venv/lib/python3.12/site-packages/oslo_config/cfg.py:3242}}
Jul 03 19:16:34.396620 np0000004457 devstack@g-api.service[99456]: DEBUG glance.common.config [None req-02b7fb40-1cc3-47b1-8099-937729fb878f None None] pydev_worker_debug_host = None {{(pid=99456) log_opt_values /opt/stack/data/venv/lib/python3.12/site-packages/oslo_config/cfg.py:3242}}
Jul 03 19:16:34.396707 np0000004457 devstack@g-api.service[99456]: DEBUG glance.common.config [None req-02b7fb40-1cc3-47b1-8099-937729fb878f None None] pydev_worker_debug_port = 5678 {{(pid=99456) log_opt_values /opt/stack/data/venv/lib/python3.12/site-packages/oslo_config/cfg.py:3242}}
Jul 03 19:16:34.396792 np0000004457 devstack@g-api.service[99456]: DEBUG glance.common.config [None req-02b7fb40-1cc3-47b1-8099-937729fb878f None None] rate_limit_burst = 0 {{(pid=99456) log_opt_values /opt/stack/data/venv/lib/python3.12/site-packages/oslo_config/cfg.py:3242}}
Jul 03 19:16:34.396881 np0000004457 devstack@g-api.service[99456]: DEBUG glance.common.config [None req-02b7fb40-1cc3-47b1-8099-937729fb878f None None] rate_limit_except_level = CRITICAL {{(pid=99456) log_opt_values /opt/stack/data/venv/lib/python3.12/site-packages/oslo_config/cfg.py:3242}}
Jul 03 19:16:34.396981 np0000004457 devstack@g-api.service[99456]: DEBUG glance.common.config [None req-02b7fb40-1cc3-47b1-8099-937729fb878f None None] rate_limit_interval = 0 {{(pid=99456) log_opt_values /opt/stack/data/venv/lib/python3.12/site-packages/oslo_config/cfg.py:3242}}
Jul 03 19:16:34.397066 np0000004457 devstack@g-api.service[99456]: DEBUG glance.common.config [None req-02b7fb40-1cc3-47b1-8099-937729fb878f None None] scrub_pool_size = 1 {{(pid=99456) log_opt_values /opt/stack/data/venv/lib/python3.12/site-packages/oslo_config/cfg.py:3242}}
Jul 03 19:16:34.397161 np0000004457 devstack@g-api.service[99456]: DEBUG glance.common.config [None req-02b7fb40-1cc3-47b1-8099-937729fb878f None None] scrub_time = 0 {{(pid=99456) log_opt_values /opt/stack/data/venv/lib/python3.12/site-packages/oslo_config/cfg.py:3242}}
Jul 03 19:16:34.397242 np0000004457 devstack@g-api.service[99456]: DEBUG glance.common.config [None req-02b7fb40-1cc3-47b1-8099-937729fb878f None None] shell_completion = None {{(pid=99456) log_opt_values /opt/stack/data/venv/lib/python3.12/site-packages/oslo_config/cfg.py:3242}}
Jul 03 19:16:34.397341 np0000004457 devstack@g-api.service[99456]: DEBUG glance.common.config [None req-02b7fb40-1cc3-47b1-8099-937729fb878f None None] show_image_direct_url = False {{(pid=99456) log_opt_values /opt/stack/data/venv/lib/python3.12/site-packages/oslo_config/cfg.py:3242}}
Jul 03 19:16:34.397594 np0000004457 devstack@g-api.service[99456]: WARNING oslo_config.cfg [None req-02b7fb40-1cc3-47b1-8099-937729fb878f None None] Deprecated: Option "show_multiple_locations" from group "DEFAULT" is deprecated for removal (Use of this option, deprecated since Newton, is a security risk and will be removed once we figure out a way to satisfy those use cases that currently require it. An earlier announcement that the same functionality can be achieved with greater granularity by using policies is incorrect. You cannot work around this option via policy configuration at the present time, though that is the direction we believe the fix will take. Please keep an eye on the Glance release notes to stay up to date on progress in addressing this issue.). Its value may be silently ignored in the future.
Jul 03 19:16:34.397683 np0000004457 devstack@g-api.service[99456]: DEBUG glance.common.config [None req-02b7fb40-1cc3-47b1-8099-937729fb878f None None] show_multiple_locations = False {{(pid=99456) log_opt_values /opt/stack/data/venv/lib/python3.12/site-packages/oslo_config/cfg.py:3242}}
Jul 03 19:16:34.397780 np0000004457 devstack@g-api.service[99456]: DEBUG glance.common.config [None req-02b7fb40-1cc3-47b1-8099-937729fb878f None None] syslog_log_facility = LOG_USER {{(pid=99456) log_opt_values /opt/stack/data/venv/lib/python3.12/site-packages/oslo_config/cfg.py:3242}}
Jul 03 19:16:34.397867 np0000004457 devstack@g-api.service[99456]: DEBUG glance.common.config [None req-02b7fb40-1cc3-47b1-8099-937729fb878f None None] tcp_keepidle = 600 {{(pid=99456) log_opt_values /opt/stack/data/venv/lib/python3.12/site-packages/oslo_config/cfg.py:3242}}
Jul 03 19:16:34.397976 np0000004457 devstack@g-api.service[99456]: DEBUG glance.common.config [None req-02b7fb40-1cc3-47b1-8099-937729fb878f None None] transport_url = **** {{(pid=99456) log_opt_values /opt/stack/data/venv/lib/python3.12/site-packages/oslo_config/cfg.py:3242}}
Jul 03 19:16:34.398057 np0000004457 devstack@g-api.service[99456]: DEBUG glance.common.config [None req-02b7fb40-1cc3-47b1-8099-937729fb878f None None] use_journal = False {{(pid=99456) log_opt_values /opt/stack/data/venv/lib/python3.12/site-packages/oslo_config/cfg.py:3242}}
Jul 03 19:16:34.398139 np0000004457 devstack@g-api.service[99456]: DEBUG glance.common.config [None req-02b7fb40-1cc3-47b1-8099-937729fb878f None None] use_json = False {{(pid=99456) log_opt_values /opt/stack/data/venv/lib/python3.12/site-packages/oslo_config/cfg.py:3242}}
Jul 03 19:16:34.398230 np0000004457 devstack@g-api.service[99456]: DEBUG glance.common.config [None req-02b7fb40-1cc3-47b1-8099-937729fb878f None None] use_keystone_limits = True {{(pid=99456) log_opt_values /opt/stack/data/venv/lib/python3.12/site-packages/oslo_config/cfg.py:3242}}
Jul 03 19:16:34.398315 np0000004457 devstack@g-api.service[99456]: DEBUG glance.common.config [None req-02b7fb40-1cc3-47b1-8099-937729fb878f None None] use_stderr = False {{(pid=99456) log_opt_values /opt/stack/data/venv/lib/python3.12/site-packages/oslo_config/cfg.py:3242}}
Jul 03 19:16:34.398404 np0000004457 devstack@g-api.service[99456]: DEBUG glance.common.config [None req-02b7fb40-1cc3-47b1-8099-937729fb878f None None] use_syslog = False {{(pid=99456) log_opt_values /opt/stack/data/venv/lib/python3.12/site-packages/oslo_config/cfg.py:3242}}
Jul 03 19:16:34.398514 np0000004457 devstack@g-api.service[99456]: DEBUG glance.common.config [None req-02b7fb40-1cc3-47b1-8099-937729fb878f None None] user_storage_quota = 0 {{(pid=99456) log_opt_values /opt/stack/data/venv/lib/python3.12/site-packages/oslo_config/cfg.py:3242}}
Jul 03 19:16:34.398608 np0000004457 devstack@g-api.service[99456]: DEBUG glance.common.config [None req-02b7fb40-1cc3-47b1-8099-937729fb878f None None] worker_self_reference_url = http://127.0.0.1:60999 {{(pid=99456) log_opt_values /opt/stack/data/venv/lib/python3.12/site-packages/oslo_config/cfg.py:3242}}
Jul 03 19:16:34.398688 np0000004457 devstack@g-api.service[99456]: DEBUG glance.common.config [None req-02b7fb40-1cc3-47b1-8099-937729fb878f None None] workers = None {{(pid=99456) log_opt_values /opt/stack/data/venv/lib/python3.12/site-packages/oslo_config/cfg.py:3242}}
Jul 03 19:16:34.398790 np0000004457 devstack@g-api.service[99456]: DEBUG glance.common.config [None req-02b7fb40-1cc3-47b1-8099-937729fb878f None None] oslo_concurrency.disable_process_locking = False {{(pid=99456) log_opt_values /opt/stack/data/venv/lib/python3.12/site-packages/oslo_config/cfg.py:3253}}
Jul 03 19:16:34.398900 np0000004457 devstack@g-api.service[99456]: DEBUG glance.common.config [None req-02b7fb40-1cc3-47b1-8099-937729fb878f None None] oslo_concurrency.lock_path = /opt/stack/data/glance/locks {{(pid=99456) log_opt_values /opt/stack/data/venv/lib/python3.12/site-packages/oslo_config/cfg.py:3253}}
Jul 03 19:16:34.399004 np0000004457 devstack@g-api.service[99456]: DEBUG glance.common.config [None req-02b7fb40-1cc3-47b1-8099-937729fb878f None None] oslo_middleware.enable_proxy_headers_parsing = False {{(pid=99456) log_opt_values /opt/stack/data/venv/lib/python3.12/site-packages/oslo_config/cfg.py:3253}}
Jul 03 19:16:34.399096 np0000004457 devstack@g-api.service[99456]: DEBUG glance.common.config [None req-02b7fb40-1cc3-47b1-8099-937729fb878f None None] oslo_middleware.http_basic_auth_user_file = /etc/htpasswd {{(pid=99456) log_opt_values /opt/stack/data/venv/lib/python3.12/site-packages/oslo_config/cfg.py:3253}}
Jul 03 19:16:34.399185 np0000004457 devstack@g-api.service[99456]: DEBUG glance.common.config [None req-02b7fb40-1cc3-47b1-8099-937729fb878f None None] paste_deploy.config_file = None {{(pid=99456) log_opt_values /opt/stack/data/venv/lib/python3.12/site-packages/oslo_config/cfg.py:3253}}
Jul 03 19:16:34.399278 np0000004457 devstack@g-api.service[99456]: DEBUG glance.common.config [None req-02b7fb40-1cc3-47b1-8099-937729fb878f None None] paste_deploy.flavor = keystone+cachemanagement {{(pid=99456) log_opt_values /opt/stack/data/venv/lib/python3.12/site-packages/oslo_config/cfg.py:3253}}
Jul 03 19:16:34.399401 np0000004457 devstack@g-api.service[99456]: DEBUG glance.common.config [None req-02b7fb40-1cc3-47b1-8099-937729fb878f None None] image_format.container_formats = ['ami', 'ari', 'aki', 'bare', 'ovf', 'ova', 'docker', 'compressed'] {{(pid=99456) log_opt_values /opt/stack/data/venv/lib/python3.12/site-packages/oslo_config/cfg.py:3253}}
Jul 03 19:16:34.399568 np0000004457 devstack@g-api.service[99456]: DEBUG glance.common.config [None req-02b7fb40-1cc3-47b1-8099-937729fb878f None None] image_format.disk_formats = ['ami', 'ari', 'aki', 'vhd', 'vhdx', 'vmdk', 'raw', 'qcow2', 'vdi', 'iso', 'ploop'] {{(pid=99456) log_opt_values /opt/stack/data/venv/lib/python3.12/site-packages/oslo_config/cfg.py:3253}}
Jul 03 19:16:34.399663 np0000004457 devstack@g-api.service[99456]: DEBUG glance.common.config [None req-02b7fb40-1cc3-47b1-8099-937729fb878f None None] image_format.gpt_safety_checks_nonfatal = [] {{(pid=99456) log_opt_values /opt/stack/data/venv/lib/python3.12/site-packages/oslo_config/cfg.py:3253}}
Jul 03 19:16:34.399757 np0000004457 devstack@g-api.service[99456]: DEBUG glance.common.config [None req-02b7fb40-1cc3-47b1-8099-937729fb878f None None] image_format.require_image_format_match = True {{(pid=99456) log_opt_values /opt/stack/data/venv/lib/python3.12/site-packages/oslo_config/cfg.py:3253}}
Jul 03 19:16:34.399854 np0000004457 devstack@g-api.service[99456]: DEBUG glance.common.config [None req-02b7fb40-1cc3-47b1-8099-937729fb878f None None] image_format.vmdk_allowed_types = ['streamOptimized', 'monolithicSparse'] {{(pid=99456) log_opt_values /opt/stack/data/venv/lib/python3.12/site-packages/oslo_config/cfg.py:3253}}
Jul 03 19:16:34.399975 np0000004457 devstack@g-api.service[99456]: DEBUG glance.common.config [None req-02b7fb40-1cc3-47b1-8099-937729fb878f None None] task.task_executor = taskflow {{(pid=99456) log_opt_values /opt/stack/data/venv/lib/python3.12/site-packages/oslo_config/cfg.py:3253}}
Jul 03 19:16:34.400068 np0000004457 devstack@g-api.service[99456]: DEBUG glance.common.config [None req-02b7fb40-1cc3-47b1-8099-937729fb878f None None] task.task_time_to_live = 48 {{(pid=99456) log_opt_values /opt/stack/data/venv/lib/python3.12/site-packages/oslo_config/cfg.py:3253}}
Jul 03 19:16:34.400213 np0000004457 devstack@g-api.service[99456]: DEBUG glance.common.config [None req-02b7fb40-1cc3-47b1-8099-937729fb878f None None] task.work_dir = None {{(pid=99456) log_opt_values /opt/stack/data/venv/lib/python3.12/site-packages/oslo_config/cfg.py:3253}}
Jul 03 19:16:34.400325 np0000004457 devstack@g-api.service[99456]: DEBUG glance.common.config [None req-02b7fb40-1cc3-47b1-8099-937729fb878f None None] wsgi.python_interpreter = /opt/stack/data/venv/bin/python3 {{(pid=99456) log_opt_values /opt/stack/data/venv/lib/python3.12/site-packages/oslo_config/cfg.py:3253}}
