Jul 03 19:16:26.355772 np0000004457 devstack@neutron-api.service[87337]: DEBUG dbcounter [-] [87337] Writing DB stats neutron:SELECT=2118,neutron:INSERT=55,neutron:DELETE=9,neutron:UPDATE=57 {{(pid=87337) stat_writer /opt/stack/data/venv/lib/python3.12/site-packages/dbcounter.py:115}}
Jul 03 19:16:30.264861 np0000004457 devstack@neutron-api.service[87336]: DEBUG futurist.periodics [-] Submitting periodic callback 'neutron.plugins.ml2.drivers.ovn.mech_driver.ovsdb.maintenance.HashRingHealthCheckPeriodics.touch_hash_ring_node' {{(pid=87336) _process_scheduled /opt/stack/data/venv/lib/python3.12/site-packages/futurist/periodics.py:784}}
Jul 03 19:16:30.265300 np0000004457 devstack@neutron-api.service[87336]: DEBUG neutron.plugins.ml2.drivers.ovn.mech_driver.ovsdb.maintenance [-] Touching Hash Ring node "4fd01d1591b75fba83b13fff5e8e4202" from periodic health check thread {{(pid=87336) touch_hash_ring_node /opt/stack/neutron/neutron/plugins/ml2/drivers/ovn/mech_driver/ovsdb/maintenance.py:1419}}
Jul 03 19:16:31.151728 np0000004457 devstack@neutron-api.service[87338]: DEBUG futurist.periodics [-] Submitting periodic callback 'neutron.plugins.ml2.drivers.ovn.mech_driver.ovsdb.maintenance.HashRingHealthCheckPeriodics.touch_hash_ring_node' {{(pid=87338) _process_scheduled /opt/stack/data/venv/lib/python3.12/site-packages/futurist/periodics.py:784}}
Jul 03 19:16:31.152560 np0000004457 devstack@neutron-api.service[87338]: DEBUG neutron.plugins.ml2.drivers.ovn.mech_driver.ovsdb.maintenance [-] Touching Hash Ring node "648720c11347585a84d756be86dc9833" from periodic health check thread {{(pid=87338) touch_hash_ring_node /opt/stack/neutron/neutron/plugins/ml2/drivers/ovn/mech_driver/ovsdb/maintenance.py:1419}}
Jul 03 19:16:31.345567 np0000004457 devstack@neutron-api.service[87337]: DEBUG futurist.periodics [-] Submitting periodic callback 'neutron.plugins.ml2.drivers.ovn.mech_driver.ovsdb.maintenance.HashRingHealthCheckPeriodics.touch_hash_ring_node' {{(pid=87337) _process_scheduled /opt/stack/data/venv/lib/python3.12/site-packages/futurist/periodics.py:784}}
Jul 03 19:16:31.346054 np0000004457 devstack@neutron-api.service[87337]: DEBUG neutron.plugins.ml2.drivers.ovn.mech_driver.ovsdb.maintenance [-] Touching Hash Ring node "f2f72219253059eea18cc991913be2f6" from periodic health check thread {{(pid=87337) touch_hash_ring_node /opt/stack/neutron/neutron/plugins/ml2/drivers/ovn/mech_driver/ovsdb/maintenance.py:1419}}
Jul 03 19:16:40.271753 np0000004457 devstack@neutron-api.service[87336]: DEBUG dbcounter [-] [87336] Writing DB stats neutron:UPDATE=1,neutron:SELECT=1 {{(pid=87336) stat_writer /opt/stack/data/venv/lib/python3.12/site-packages/dbcounter.py:115}}
Jul 03 19:16:41.160549 np0000004457 devstack@neutron-api.service[87338]: DEBUG dbcounter [-] [87338] Writing DB stats neutron:UPDATE=1,neutron:SELECT=1 {{(pid=87338) stat_writer /opt/stack/data/venv/lib/python3.12/site-packages/dbcounter.py:115}}
Jul 03 19:16:41.352159 np0000004457 devstack@neutron-api.service[87337]: DEBUG dbcounter [-] [87337] Writing DB stats neutron:UPDATE=1,neutron:SELECT=1 {{(pid=87337) stat_writer /opt/stack/data/venv/lib/python3.12/site-packages/dbcounter.py:115}}
Jul 03 19:16:45.265330 np0000004457 devstack@neutron-api.service[87336]: DEBUG futurist.periodics [-] Submitting periodic callback 'neutron.plugins.ml2.drivers.ovn.mech_driver.ovsdb.maintenance.HashRingHealthCheckPeriodics.touch_hash_ring_node' {{(pid=87336) _process_scheduled /opt/stack/data/venv/lib/python3.12/site-packages/futurist/periodics.py:784}}
Jul 03 19:16:45.265903 np0000004457 devstack@neutron-api.service[87336]: DEBUG neutron.plugins.ml2.drivers.ovn.mech_driver.ovsdb.maintenance [-] Touching Hash Ring node "4fd01d1591b75fba83b13fff5e8e4202" from periodic health check thread {{(pid=87336) touch_hash_ring_node /opt/stack/neutron/neutron/plugins/ml2/drivers/ovn/mech_driver/ovsdb/maintenance.py:1419}}
Jul 03 19:16:46.152620 np0000004457 devstack@neutron-api.service[87338]: DEBUG futurist.periodics [-] Submitting periodic callback 'neutron.plugins.ml2.drivers.ovn.mech_driver.ovsdb.maintenance.HashRingHealthCheckPeriodics.touch_hash_ring_node' {{(pid=87338) _process_scheduled /opt/stack/data/venv/lib/python3.12/site-packages/futurist/periodics.py:784}}
Jul 03 19:16:46.153129 np0000004457 devstack@neutron-api.service[87338]: DEBUG neutron.plugins.ml2.drivers.ovn.mech_driver.ovsdb.maintenance [-] Touching Hash Ring node "648720c11347585a84d756be86dc9833" from periodic health check thread {{(pid=87338) touch_hash_ring_node /opt/stack/neutron/neutron/plugins/ml2/drivers/ovn/mech_driver/ovsdb/maintenance.py:1419}}
Jul 03 19:16:46.346331 np0000004457 devstack@neutron-api.service[87337]: DEBUG futurist.periodics [-] Submitting periodic callback 'neutron.plugins.ml2.drivers.ovn.mech_driver.ovsdb.maintenance.HashRingHealthCheckPeriodics.touch_hash_ring_node' {{(pid=87337) _process_scheduled /opt/stack/data/venv/lib/python3.12/site-packages/futurist/periodics.py:784}}
Jul 03 19:16:46.346835 np0000004457 devstack@neutron-api.service[87337]: DEBUG neutron.plugins.ml2.drivers.ovn.mech_driver.ovsdb.maintenance [-] Touching Hash Ring node "f2f72219253059eea18cc991913be2f6" from periodic health check thread {{(pid=87337) touch_hash_ring_node /opt/stack/neutron/neutron/plugins/ml2/drivers/ovn/mech_driver/ovsdb/maintenance.py:1419}}
Jul 03 19:16:55.273022 np0000004457 devstack@neutron-api.service[87336]: DEBUG dbcounter [-] [87336] Writing DB stats neutron:UPDATE=1,neutron:SELECT=1 {{(pid=87336) stat_writer /opt/stack/data/venv/lib/python3.12/site-packages/dbcounter.py:115}}
Jul 03 19:16:56.160269 np0000004457 devstack@neutron-api.service[87338]: DEBUG dbcounter [-] [87338] Writing DB stats neutron:UPDATE=1,neutron:SELECT=1 {{(pid=87338) stat_writer /opt/stack/data/venv/lib/python3.12/site-packages/dbcounter.py:115}}
Jul 03 19:16:56.355444 np0000004457 devstack@neutron-api.service[87337]: DEBUG dbcounter [-] [87337] Writing DB stats neutron:UPDATE=1,neutron:SELECT=1 {{(pid=87337) stat_writer /opt/stack/data/venv/lib/python3.12/site-packages/dbcounter.py:115}}
Jul 03 19:17:00.266011 np0000004457 devstack@neutron-api.service[87336]: DEBUG futurist.periodics [-] Submitting periodic callback 'neutron.plugins.ml2.drivers.ovn.mech_driver.ovsdb.maintenance.HashRingHealthCheckPeriodics.touch_hash_ring_node' {{(pid=87336) _process_scheduled /opt/stack/data/venv/lib/python3.12/site-packages/futurist/periodics.py:784}}
Jul 03 19:17:00.266762 np0000004457 devstack@neutron-api.service[87336]: DEBUG neutron.plugins.ml2.drivers.ovn.mech_driver.ovsdb.maintenance [-] Touching Hash Ring node "4fd01d1591b75fba83b13fff5e8e4202" from periodic health check thread {{(pid=87336) touch_hash_ring_node /opt/stack/neutron/neutron/plugins/ml2/drivers/ovn/mech_driver/ovsdb/maintenance.py:1419}}
Jul 03 19:17:01.153238 np0000004457 devstack@neutron-api.service[87338]: DEBUG futurist.periodics [-] Submitting periodic callback 'neutron.plugins.ml2.drivers.ovn.mech_driver.ovsdb.maintenance.HashRingHealthCheckPeriodics.touch_hash_ring_node' {{(pid=87338) _process_scheduled /opt/stack/data/venv/lib/python3.12/site-packages/futurist/periodics.py:784}}
Jul 03 19:17:01.153702 np0000004457 devstack@neutron-api.service[87338]: DEBUG neutron.plugins.ml2.drivers.ovn.mech_driver.ovsdb.maintenance [-] Touching Hash Ring node "648720c11347585a84d756be86dc9833" from periodic health check thread {{(pid=87338) touch_hash_ring_node /opt/stack/neutron/neutron/plugins/ml2/drivers/ovn/mech_driver/ovsdb/maintenance.py:1419}}
Jul 03 19:17:01.347006 np0000004457 devstack@neutron-api.service[87337]: DEBUG futurist.periodics [-] Submitting periodic callback 'neutron.plugins.ml2.drivers.ovn.mech_driver.ovsdb.maintenance.HashRingHealthCheckPeriodics.touch_hash_ring_node' {{(pid=87337) _process_scheduled /opt/stack/data/venv/lib/python3.12/site-packages/futurist/periodics.py:784}}
Jul 03 19:17:01.347521 np0000004457 devstack@neutron-api.service[87337]: DEBUG neutron.plugins.ml2.drivers.ovn.mech_driver.ovsdb.maintenance [-] Touching Hash Ring node "f2f72219253059eea18cc991913be2f6" from periodic health check thread {{(pid=87337) touch_hash_ring_node /opt/stack/neutron/neutron/plugins/ml2/drivers/ovn/mech_driver/ovsdb/maintenance.py:1419}}
Jul 03 19:17:06.812855 np0000004457 devstack@neutron-api.service[87337]: DEBUG neutron.api.wsgi [None req-f2312b79-af46-46b9-a9c8-552bdfc9ae07 admin admin] Missing Content-Type {{(pid=87337) get_content_type /opt/stack/neutron/neutron/api/wsgi.py:80}}
Jul 03 19:17:06.813356 np0000004457 devstack@neutron-api.service[87337]: DEBUG neutron.api.wsgi [None req-f2312b79-af46-46b9-a9c8-552bdfc9ae07 admin admin] https://10.4.3.217/networking/v2.0/extensions returned with HTTP 200 {{(pid=87337) __call__ /opt/stack/neutron/neutron/api/wsgi.py:540}}
Jul 03 19:17:06.813757 np0000004457 devstack@neutron-api.service[87337]: [pid: 87337|app: 0|req: 11/34] 10.4.3.217 () {64 vars in 1292 bytes} [Fri Jul 3 19:17:06 2026] GET /networking/v2.0/extensions => generated 16171 bytes in 4 msecs (HTTP/1.1 200) 4 headers in 159 bytes (1 switches on core 0)
Jul 03 19:17:07.098275 np0000004457 devstack@neutron-api.service[87336]: INFO neutron.pecan_wsgi.hooks.translation [None req-8bb4728a-5448-49bb-a2f2-defd658be0cc admin admin] GET failed (client error): The resource could not be found.
Jul 03 19:17:07.098941 np0000004457 devstack@neutron-api.service[87336]: [pid: 87336|app: 0|req: 13/35] 10.4.3.217 () {64 vars in 1294 bytes} [Fri Jul 3 19:17:07 2026] GET /networking/v2.0/networks/public => generated 108 bytes in 8 msecs (HTTP/1.1 404) 4 headers in 164 bytes (1 switches on core 0)
Jul 03 19:17:07.142882 np0000004457 devstack@neutron-api.service[87338]: DEBUG neutron.pecan_wsgi.hooks.policy_enforcement [None req-f39c562e-2764-41f3-99ac-5d6ecc317ccb admin admin] Attributes excluded by policy engine: ['standard_attr_id'] {{(pid=87338) _exclude_attributes_by_policy /opt/stack/neutron/neutron/pecan_wsgi/hooks/policy_enforcement.py:259}}
Jul 03 19:17:07.143951 np0000004457 devstack@neutron-api.service[87338]: [pid: 87338|app: 0|req: 12/36] 10.4.3.217 () {64 vars in 1309 bytes} [Fri Jul 3 19:17:07 2026] GET /networking/v2.0/networks?name=public => generated 759 bytes in 39 msecs (HTTP/1.1 200) 4 headers in 157 bytes (1 switches on core 0)
Jul 03 19:17:07.341696 np0000004457 devstack@neutron-api.service[87337]: DEBUG neutron.api.v2.base [None req-2e2995b0-5b0d-444f-b948-a309b5e7e73b admin admin] Request body: {'network': {'admin_state_up': True, 'shared': True, 'name': 'shared'}} {{(pid=87337) prepare_request_body /opt/stack/neutron/neutron/api/v2/base.py:727}}
Jul 03 19:17:07.355750 np0000004457 devstack@neutron-api.service[87337]: DEBUG neutron.pecan_wsgi.hooks.quota_enforcement [None req-2e2995b0-5b0d-444f-b948-a309b5e7e73b admin admin] Made reservation on behalf of fe9a6f5aa1b7400b9e4bd5da39506e5c for: {'network': 1} {{(pid=87337) before /opt/stack/neutron/neutron/pecan_wsgi/hooks/quota_enforcement.py:66}}
Jul 03 19:17:07.358576 np0000004457 devstack@neutron-api.service[87337]: DEBUG neutron_lib.callbacks.manager [None req-2e2995b0-5b0d-444f-b948-a309b5e7e73b admin admin] Publish callbacks ['neutron.plugins.ml2.plugin.SecurityGroupDbMixin._ensure_default_security_group_handler-1110212'] for network (None), before_create {{(pid=87337) _notify_loop /opt/stack/data/venv/lib/python3.12/site-packages/neutron_lib/callbacks/manager.py:184}}
Jul 03 19:17:07.386176 np0000004457 devstack@neutron-api.service[87337]: WARNING neutron.services.revisions.revision_plugin [None req-2e2995b0-5b0d-444f-b948-a309b5e7e73b admin admin] Could not find related network for resource to bump revision.
Jul 03 19:17:07.422720 np0000004457 devstack@neutron-api.service[87337]: DEBUG neutron.plugins.ml2.drivers.helpers [None req-2e2995b0-5b0d-444f-b948-a309b5e7e73b admin admin] geneve segment allocate from pool success with {'geneve_vni': 40719} {{(pid=87337) allocate_partially_specified_segment /opt/stack/neutron/neutron/plugins/ml2/drivers/helpers.py:142}}
Jul 03 19:17:07.431224 np0000004457 devstack@neutron-api.service[87337]: DEBUG neutron_lib.callbacks.manager [None req-2e2995b0-5b0d-444f-b948-a309b5e7e73b admin admin] Publish callbacks ['neutron.plugins.ml2.plugin.Ml2Plugin._handle_segment_change-15676422'] for segment (100814f1-c75d-45be-8702-cfec851ce7e3), precommit_create {{(pid=87337) _notify_loop /opt/stack/data/venv/lib/python3.12/site-packages/neutron_lib/callbacks/manager.py:184}}
Jul 03 19:17:07.431392 np0000004457 devstack@neutron-api.service[87337]: INFO neutron.db.segments_db [None req-2e2995b0-5b0d-444f-b948-a309b5e7e73b admin admin] Added segment 100814f1-c75d-45be-8702-cfec851ce7e3 of type geneve for network 59e6f382-7f40-4639-8b14-ffe479b8cbf7
Jul 03 19:17:07.445777 np0000004457 devstack@neutron-api.service[87337]: DEBUG neutron_lib.callbacks.manager [None req-2e2995b0-5b0d-444f-b948-a309b5e7e73b admin admin] Publish callbacks ['neutron.services.auto_allocate.db._ensure_external_network_default_value_callback-8273790579976'] for network (59e6f382-7f40-4639-8b14-ffe479b8cbf7), precommit_create {{(pid=87337) _notify_loop /opt/stack/data/venv/lib/python3.12/site-packages/neutron_lib/callbacks/manager.py:184}}
Jul 03 19:17:07.457884 np0000004457 devstack@neutron-api.service[87337]: DEBUG neutron.plugins.ml2.drivers.ovn.mech_driver.mech_driver [None req-2e2995b0-5b0d-444f-b948-a309b5e7e73b admin admin] Validating network segment with type geneve, segmentation ID 40719, physical network None {{(pid=87337) _validate_network_segments /opt/stack/neutron/neutron/plugins/ml2/drivers/ovn/mech_driver/mech_driver.py:646}}
Jul 03 19:17:07.458051 np0000004457 devstack@neutron-api.service[87337]: DEBUG neutron.db.ovn_revision_numbers_db [None req-2e2995b0-5b0d-444f-b948-a309b5e7e73b admin admin] create_initial_revision uuid=59e6f382-7f40-4639-8b14-ffe479b8cbf7, type=networks, rev=-1 {{(pid=87337) create_initial_revision /opt/stack/neutron/neutron/db/ovn_revision_numbers_db.py:98}}
Jul 03 19:17:07.466238 np0000004457 devstack@neutron-api.service[87337]: DEBUG neutron_lib.callbacks.manager [None req-2e2995b0-5b0d-444f-b948-a309b5e7e73b admin admin] Publish callbacks ['neutron.plugins.ml2.ovo_rpc._ObjectChangeHandler.handle_event-15191397'] for network (59e6f382-7f40-4639-8b14-ffe479b8cbf7), after_create {{(pid=87337) _notify_loop /opt/stack/data/venv/lib/python3.12/site-packages/neutron_lib/callbacks/manager.py:184}}
Jul 03 19:17:07.482064 np0000004457 devstack@neutron-api.service[87337]: DEBUG neutron.api.rpc.handlers.resources_rpc [None req-2e2995b0-5b0d-444f-b948-a309b5e7e73b admin admin] Pushing event updated for resources: {'Network': ['ID=59e6f382-7f40-4639-8b14-ffe479b8cbf7,revision_number=1']} {{(pid=87337) push /opt/stack/neutron/neutron/api/rpc/handlers/resources_rpc.py:237}}
Jul 03 19:17:07.487003 np0000004457 devstack@neutron-api.service[87337]: DEBUG ovsdbapp.backend.ovs_idl.transaction [None req-b885924c-8dc6-4a19-a6e4-c000daf92937 None None] Running txn n=1 command(idx=0): CheckLivenessCommand(_result=None) {{(pid=87337) do_commit /opt/stack/data/venv/lib/python3.12/site-packages/ovsdbapp/backend/ovs_idl/transaction.py:89}}
Jul 03 19:17:07.493391 np0000004457 devstack@neutron-api.service[87337]: DEBUG neutron.plugins.ml2.drivers.ovn.mech_driver.ovsdb.ovsdb_monitor [None req-da980392-ae4e-4bf4-bba4-f8fa107dd112 None None] ChassisAgentWriteEvent : Matched Chassis_Private, update, None None {{(pid=87337) matches /opt/stack/neutron/neutron/plugins/ml2/drivers/ovn/mech_driver/ovsdb/ovsdb_monitor.py:64}}
Jul 03 19:17:07.493548 np0000004457 devstack@neutron-api.service[87336]: DEBUG neutron.plugins.ml2.drivers.ovn.mech_driver.ovsdb.ovsdb_monitor [None req-a85a716e-e66b-4bd7-890d-b76fe7471a8f None None] ChassisAgentWriteEvent : Matched Chassis_Private, update, None None {{(pid=87336) matches /opt/stack/neutron/neutron/plugins/ml2/drivers/ovn/mech_driver/ovsdb/ovsdb_monitor.py:64}}
Jul 03 19:17:07.495542 np0000004457 devstack@neutron-api.service[87338]: DEBUG neutron.plugins.ml2.drivers.ovn.mech_driver.ovsdb.ovsdb_monitor [None req-d39be2a8-ef3b-4dcb-962a-9ca978d19fab None None] ChassisAgentWriteEvent : Matched Chassis_Private, update, None None {{(pid=87338) matches /opt/stack/neutron/neutron/plugins/ml2/drivers/ovn/mech_driver/ovsdb/ovsdb_monitor.py:64}}
Jul 03 19:17:07.504719 np0000004457 devstack@neutron-api.service[87337]: DEBUG neutron.common.ovn.hash_ring_manager [None req-b885924c-8dc6-4a19-a6e4-c000daf92937 None None] Hash Ring loaded. 3 active nodes. 0 offline nodes {{(pid=87337) _load_hash_ring /opt/stack/neutron/neutron/common/ovn/hash_ring_manager.py:110}}
Jul 03 19:17:07.505854 np0000004457 devstack@neutron-api.service[87338]: DEBUG neutron.common.ovn.hash_ring_manager [None req-d39be2a8-ef3b-4dcb-962a-9ca978d19fab None None] Hash Ring loaded. 3 active nodes. 0 offline nodes {{(pid=87338) _load_hash_ring /opt/stack/neutron/neutron/common/ovn/hash_ring_manager.py:110}}
Jul 03 19:17:07.506025 np0000004457 devstack@neutron-api.service[87336]: DEBUG neutron.common.ovn.hash_ring_manager [None req-163623b6-fcfb-4d9c-bf7a-f139a6366e75 None None] Hash Ring loaded. 3 active nodes. 0 offline nodes {{(pid=87336) _load_hash_ring /opt/stack/neutron/neutron/common/ovn/hash_ring_manager.py:110}}
Jul 03 19:17:07.506449 np0000004457 devstack@neutron-api.service[87336]: DEBUG neutron.plugins.ml2.drivers.ovn.mech_driver.ovsdb.ovsdb_monitor [None req-163623b6-fcfb-4d9c-bf7a-f139a6366e75 None None] Hash Ring: Node 4fd01d1591b75fba83b13fff5e8e4202 (host: np0000004457) handling event "update" for row 806396ca-d8c8-43b9-af14-63dfe22d16c7 (table: NB_Global) {{(pid=87336) notify /opt/stack/neutron/neutron/plugins/ml2/drivers/ovn/mech_driver/ovsdb/ovsdb_monitor.py:1015}}
Jul 03 19:17:07.506770 np0000004457 devstack@neutron-api.service[87337]: DEBUG neutron.common.ovn.hash_ring_manager [None req-da980392-ae4e-4bf4-bba4-f8fa107dd112 None None] Hash Ring loaded. 3 active nodes. 0 offline nodes {{(pid=87337) _load_hash_ring /opt/stack/neutron/neutron/common/ovn/hash_ring_manager.py:110}}
Jul 03 19:17:07.506770 np0000004457 devstack@neutron-api.service[87337]: DEBUG neutron.plugins.ml2.drivers.ovn.mech_driver.ovsdb.ovsdb_monitor [None req-da980392-ae4e-4bf4-bba4-f8fa107dd112 None None] Hash Ring: Node f2f72219253059eea18cc991913be2f6 (host: np0000004457) handling event "update" for row 64310e98-e225-469c-bbb2-203be6ed6207 (table: Chassis_Private) {{(pid=87337) notify /opt/stack/neutron/neutron/plugins/ml2/drivers/ovn/mech_driver/ovsdb/ovsdb_monitor.py:1015}}
Jul 03 19:17:07.506916 np0000004457 devstack@neutron-api.service[87338]: DEBUG neutron.common.ovn.hash_ring_manager [None req-bb610a75-8d15-427d-bc98-83a4f9fe88e8 None None] Hash Ring loaded. 3 active nodes. 0 offline nodes {{(pid=87338) _load_hash_ring /opt/stack/neutron/neutron/common/ovn/hash_ring_manager.py:110}}
Jul 03 19:17:07.508007 np0000004457 devstack@neutron-api.service[87336]: DEBUG neutron.plugins.ml2.drivers.ovn.mech_driver.ovsdb.ovsdb_monitor [None req-163623b6-fcfb-4d9c-bf7a-f139a6366e75 None None] Hash Ring: Node 4fd01d1591b75fba83b13fff5e8e4202 (host: np0000004457) handling event "update" for row 806396ca-d8c8-43b9-af14-63dfe22d16c7 (table: NB_Global) {{(pid=87336) notify /opt/stack/neutron/neutron/plugins/ml2/drivers/ovn/mech_driver/ovsdb/ovsdb_monitor.py:1015}}
Jul 03 19:17:07.508631 np0000004457 devstack@neutron-api.service[87336]: DEBUG neutron.plugins.ml2.drivers.ovn.mech_driver.ovsdb.ovsdb_monitor [None req-163623b6-fcfb-4d9c-bf7a-f139a6366e75 None None] Hash Ring: Node 4fd01d1591b75fba83b13fff5e8e4202 (host: np0000004457) handling event "update" for row 806396ca-d8c8-43b9-af14-63dfe22d16c7 (table: NB_Global) {{(pid=87336) notify /opt/stack/neutron/neutron/plugins/ml2/drivers/ovn/mech_driver/ovsdb/ovsdb_monitor.py:1015}}
Jul 03 19:17:07.509144 np0000004457 devstack@neutron-api.service[87336]: DEBUG neutron.common.ovn.hash_ring_manager [None req-a85a716e-e66b-4bd7-890d-b76fe7471a8f None None] Hash Ring loaded. 3 active nodes. 0 offline nodes {{(pid=87336) _load_hash_ring /opt/stack/neutron/neutron/common/ovn/hash_ring_manager.py:110}}
Jul 03 19:17:07.509920 np0000004457 devstack@neutron-api.service[87336]: DEBUG neutron.plugins.ml2.drivers.ovn.mech_driver.ovsdb.ovsdb_monitor [None req-163623b6-fcfb-4d9c-bf7a-f139a6366e75 None None] Hash Ring: Node 4fd01d1591b75fba83b13fff5e8e4202 (host: np0000004457) handling event "update" for row 806396ca-d8c8-43b9-af14-63dfe22d16c7 (table: NB_Global) {{(pid=87336) notify /opt/stack/neutron/neutron/plugins/ml2/drivers/ovn/mech_driver/ovsdb/ovsdb_monitor.py:1015}}
Jul 03 19:17:07.520261 np0000004457 devstack@neutron-api.service[87337]: DEBUG ovsdbapp.backend.ovs_idl.transaction [None req-b885924c-8dc6-4a19-a6e4-c000daf92937 None None] Running txn n=1 command(idx=0): AddNetworkCommand(_result=None, network_uuid=59e6f382-7f40-4639-8b14-ffe479b8cbf7, may_exist=True, columns={'external_ids': {'neutron:network_name': 'shared', 'neutron:mtu': '1372', 'neutron:revision_number': '1', 'neutron:availability_zone_hints': '', 'neutron:provnet-network-type': 'geneve'}, 'other_config': {'mcast_snoop': 'false', 'mcast_flood_unregistered': 'false', 'vlan-passthru': 'false'}}) {{(pid=87337) do_commit /opt/stack/data/venv/lib/python3.12/site-packages/ovsdbapp/backend/ovs_idl/transaction.py:89}}
Jul 03 19:17:07.522244 np0000004457 devstack@neutron-api.service[87337]: DEBUG neutron.plugins.ml2.drivers.ovn.mech_driver.ovsdb.ovsdb_monitor [None req-b885924c-8dc6-4a19-a6e4-c000daf92937 None None] Hash Ring: Node f2f72219253059eea18cc991913be2f6 (host: np0000004457) handling event "create" for row 59e6f382-7f40-4639-8b14-ffe479b8cbf7 (table: Logical_Switch) {{(pid=87337) notify /opt/stack/neutron/neutron/plugins/ml2/drivers/ovn/mech_driver/ovsdb/ovsdb_monitor.py:1015}}
Jul 03 19:17:07.529558 np0000004457 devstack@neutron-api.service[87337]: DEBUG neutron.plugins.ml2.drivers.ovn.mech_driver.ovsdb.ovsdb_monitor [None req-da980392-ae4e-4bf4-bba4-f8fa107dd112 None None] Hash Ring: Node f2f72219253059eea18cc991913be2f6 (host: np0000004457) handling event "create" for row 57a5bba5-dc04-4a19-b750-ebdf828d8805 (table: Datapath_Binding) {{(pid=87337) notify /opt/stack/neutron/neutron/plugins/ml2/drivers/ovn/mech_driver/ovsdb/ovsdb_monitor.py:1015}}
Jul 03 19:17:07.542774 np0000004457 devstack@neutron-api.service[87337]: INFO neutron.db.ovn_revision_numbers_db [None req-2e2995b0-5b0d-444f-b948-a309b5e7e73b admin admin] Successfully bumped revision number for resource 59e6f382-7f40-4639-8b14-ffe479b8cbf7 (type: networks) to 1
Jul 03 19:17:07.554941 np0000004457 devstack@neutron-api.service[87337]: DEBUG neutron_lib.callbacks.manager [None req-2e2995b0-5b0d-444f-b948-a309b5e7e73b admin admin] Publish callbacks ['neutron.plugins.ml2.plugin.SecurityGroupDbMixin._ensure_default_security_group_handler-1110212'] for port (None), before_create {{(pid=87337) _notify_loop /opt/stack/data/venv/lib/python3.12/site-packages/neutron_lib/callbacks/manager.py:184}}
Jul 03 19:17:07.620523 np0000004457 devstack@neutron-api.service[87337]: DEBUG neutron_lib.callbacks.manager [None req-2e2995b0-5b0d-444f-b948-a309b5e7e73b admin admin] Publish callbacks ['neutron.plugins.ml2.drivers.ovn.mech_driver.mech_driver.OVNMechanismDriver._validate_allowed_address_pairs-344889'] for allowed_address_pair (0acd76e6-53c3-46bd-bdc1-888f16d1a350), before_create {{(pid=87337) _notify_loop /opt/stack/data/venv/lib/python3.12/site-packages/neutron_lib/callbacks/manager.py:184}}
Jul 03 19:17:07.621453 np0000004457 devstack@neutron-api.service[87337]: DEBUG neutron_lib.callbacks.manager [None req-2e2995b0-5b0d-444f-b948-a309b5e7e73b admin admin] Publish callbacks [] for port (0acd76e6-53c3-46bd-bdc1-888f16d1a350), precommit_create {{(pid=87337) _notify_loop /opt/stack/data/venv/lib/python3.12/site-packages/neutron_lib/callbacks/manager.py:184}}
Jul 03 19:17:07.621605 np0000004457 devstack@neutron-api.service[87337]: DEBUG neutron.plugins.ml2.drivers.ovn.mech_driver.mech_driver [None req-2e2995b0-5b0d-444f-b948-a309b5e7e73b admin admin] No provisioning block for port 0acd76e6-53c3-46bd-bdc1-888f16d1a350 since it does not have a host {{(pid=87337) _is_port_provisioning_required /opt/stack/neutron/neutron/plugins/ml2/drivers/ovn/mech_driver/mech_driver.py:899}}
Jul 03 19:17:07.621706 np0000004457 devstack@neutron-api.service[87337]: DEBUG neutron.db.ovn_revision_numbers_db [None req-2e2995b0-5b0d-444f-b948-a309b5e7e73b admin admin] create_initial_revision uuid=0acd76e6-53c3-46bd-bdc1-888f16d1a350, type=ports, rev=-1 {{(pid=87337) create_initial_revision /opt/stack/neutron/neutron/db/ovn_revision_numbers_db.py:98}}
Jul 03 19:17:07.650853 np0000004457 devstack@neutron-api.service[87337]: DEBUG neutron_lib.callbacks.manager [None req-2e2995b0-5b0d-444f-b948-a309b5e7e73b admin admin] Publish callbacks ['neutron.plugins.ml2.ovo_rpc._ObjectChangeHandler.handle_event-15191412'] for port (0acd76e6-53c3-46bd-bdc1-888f16d1a350), after_create {{(pid=87337) _notify_loop /opt/stack/data/venv/lib/python3.12/site-packages/neutron_lib/callbacks/manager.py:184}}
Jul 03 19:17:07.684652 np0000004457 devstack@neutron-api.service[87337]: DEBUG neutron.api.rpc.handlers.resources_rpc [None req-2e2995b0-5b0d-444f-b948-a309b5e7e73b admin admin] Pushing event updated for resources: {'Port': ['ID=0acd76e6-53c3-46bd-bdc1-888f16d1a350,revision_number=1']} {{(pid=87337) push /opt/stack/neutron/neutron/api/rpc/handlers/resources_rpc.py:237}}
Jul 03 19:17:07.690437 np0000004457 devstack@neutron-api.service[87337]: DEBUG neutron.plugins.ml2.drivers.ovn.mech_driver.ovsdb.commands [None req-2e2995b0-5b0d-444f-b948-a309b5e7e73b admin admin] Converting tag [] to a tag_request {{(pid=87337) _tag_column_to_tag_request /opt/stack/neutron/neutron/plugins/ml2/drivers/ovn/mech_driver/ovsdb/commands.py:205}}
Jul 03 19:17:07.691113 np0000004457 devstack@neutron-api.service[87337]: DEBUG ovsdbapp.backend.ovs_idl.transaction [None req-b885924c-8dc6-4a19-a6e4-c000daf92937 None None] Running txn n=1 command(idx=0): AddLSwitchPortCommand(_result=None, lport=0acd76e6-53c3-46bd-bdc1-888f16d1a350, lswitch=neutron-59e6f382-7f40-4639-8b14-ffe479b8cbf7, may_exist=True, network_uuid=59e6f382-7f40-4639-8b14-ffe479b8cbf7, columns={'addresses': ['fa:16:3e:17:54:37'], 'external_ids': {'neutron:port_name': '', 'neutron:device_id': 'ovnmeta-59e6f382-7f40-4639-8b14-ffe479b8cbf7', 'neutron:project_id': 'fe9a6f5aa1b7400b9e4bd5da39506e5c', 'neutron:cidrs': '', 'neutron:device_owner': 'network:distributed', 'neutron:subnet_pool_addr_scope4': '', 'neutron:subnet_pool_addr_scope6': '', 'neutron:network_name': 'neutron-59e6f382-7f40-4639-8b14-ffe479b8cbf7', 'neutron:security_group_ids': '', 'neutron:revision_number': '1', 'neutron:vnic_type': 'normal', 'neutron:port_capabilities': '', 'neutron:mtu': '1372'}, 'parent_name': [], 'enabled': True, 'options': {}, 'type': 'localport', 'port_security': [], 'dhcpv4_options': [], 'dhcpv6_options': [], 'tag_request': []}) {{(pid=87337) do_commit /opt/stack/data/venv/lib/python3.12/site-packages/ovsdbapp/backend/ovs_idl/transaction.py:89}}
Jul 03 19:17:07.691633 np0000004457 devstack@neutron-api.service[87337]: DEBUG ovsdbapp.backend.ovs_idl.transaction [None req-b885924c-8dc6-4a19-a6e4-c000daf92937 None None] Running txn n=1 command(idx=1): QoSDelCommand(_result=None, switch=neutron-59e6f382-7f40-4639-8b14-ffe479b8cbf7, conditions=[('direction', '=', 'to-lport'), ('priority', '=', 2002), ('match', '=', 'outport == "0acd76e6-53c3-46bd-bdc1-888f16d1a350"')], if_exists=True) {{(pid=87337) do_commit /opt/stack/data/venv/lib/python3.12/site-packages/ovsdbapp/backend/ovs_idl/transaction.py:89}}
Jul 03 19:17:07.691831 np0000004457 devstack@neutron-api.service[87337]: DEBUG ovsdbapp.backend.ovs_idl.transaction [None req-b885924c-8dc6-4a19-a6e4-c000daf92937 None None] Running txn n=1 command(idx=2): QoSDelCommand(_result=None, switch=neutron-59e6f382-7f40-4639-8b14-ffe479b8cbf7, conditions=[('direction', '=', 'from-lport'), ('priority', '=', 2002), ('match', '=', 'inport == "0acd76e6-53c3-46bd-bdc1-888f16d1a350"')], if_exists=True) {{(pid=87337) do_commit /opt/stack/data/venv/lib/python3.12/site-packages/ovsdbapp/backend/ovs_idl/transaction.py:89}}
Jul 03 19:17:07.697282 np0000004457 devstack@neutron-api.service[87337]: DEBUG neutron.plugins.ml2.drivers.ovn.mech_driver.ovsdb.ovsdb_monitor [None req-b885924c-8dc6-4a19-a6e4-c000daf92937 None None] Hash Ring: Node f2f72219253059eea18cc991913be2f6 (host: np0000004457) handling event "update" for row 59e6f382-7f40-4639-8b14-ffe479b8cbf7 (table: Logical_Switch) {{(pid=87337) notify /opt/stack/neutron/neutron/plugins/ml2/drivers/ovn/mech_driver/ovsdb/ovsdb_monitor.py:1015}}
Jul 03 19:17:07.698073 np0000004457 devstack@neutron-api.service[87337]: DEBUG neutron.plugins.ml2.drivers.ovn.mech_driver.ovsdb.ovsdb_monitor [None req-b885924c-8dc6-4a19-a6e4-c000daf92937 None None] Hash Ring: Node f2f72219253059eea18cc991913be2f6 (host: np0000004457) handling event "create" for row 49f1636e-0586-441e-9ad6-96a1c21e4c79 (table: Logical_Switch_Port) {{(pid=87337) notify /opt/stack/neutron/neutron/plugins/ml2/drivers/ovn/mech_driver/ovsdb/ovsdb_monitor.py:1015}}
Jul 03 19:17:07.703244 np0000004457 devstack@neutron-api.service[87336]: DEBUG neutron.plugins.ml2.drivers.ovn.mech_driver.ovsdb.ovsdb_monitor [None req-a85a716e-e66b-4bd7-890d-b76fe7471a8f None None] Hash Ring: Node 4fd01d1591b75fba83b13fff5e8e4202 (host: np0000004457) handling event "create" for row 1c4c34f0-2e37-416d-98d9-ab1be688d33b (table: Port_Binding) {{(pid=87336) notify /opt/stack/neutron/neutron/plugins/ml2/drivers/ovn/mech_driver/ovsdb/ovsdb_monitor.py:1015}}
Jul 03 19:17:07.703547 np0000004457 devstack@neutron-api.service[87337]: DEBUG ovsdbapp.backend.ovs_idl.event [None req-b885924c-8dc6-4a19-a6e4-c000daf92937 None None] Matched CREATE: LogicalSwitchPortCreateEvent(events=('create',), table='Logical_Switch_Port', conditions=[], old_conditions=None), priority=20 to row=Logical_Switch_Port(uuid=49f1636e-0586-441e-9ad6-96a1c21e4c79, addresses=['fa:16:3e:17:54:37'], dhcpv4_options=[], dhcpv6_options=[], dynamic_addresses=[], enabled=True, external_ids={'neutron:cidrs': '', 'neutron:device_id': 'ovnmeta-59e6f382-7f40-4639-8b14-ffe479b8cbf7', 'neutron:device_owner': 'network:distributed', 'neutron:mtu': '1372', 'neutron:network_name': 'neutron-59e6f382-7f40-4639-8b14-ffe479b8cbf7', 'neutron:port_capabilities': '', 'neutron:port_name': '', 'neutron:project_id': 'fe9a6f5aa1b7400b9e4bd5da39506e5c', 'neutron:revision_number': '1', 'neutron:security_group_ids': '', 'neutron:subnet_pool_addr_scope4': '', 'neutron:subnet_pool_addr_scope6': '', 'neutron:vnic_type': 'normal'}, ha_chassis_group=[], mirror_rules=[], name='0acd76e6-53c3-46bd-bdc1-888f16d1a350', options={}, parent_name=[], port_security=[], tag=[], tag_request=[], type='localport', up=[]) old= {{(pid=87337) matches /opt/stack/data/venv/lib/python3.12/site-packages/ovsdbapp/backend/ovs_idl/event.py:55}}
Jul 03 19:17:07.703547 np0000004457 devstack@neutron-api.service[87337]: INFO neutron.plugins.ml2.drivers.ovn.mech_driver.mech_driver [-] OVN reports status down for port: 0acd76e6-53c3-46bd-bdc1-888f16d1a350
Jul 03 19:17:07.703831 np0000004457 devstack@neutron-api.service[87337]: DEBUG neutron.plugins.ml2.drivers.ovn.mech_driver.ovsdb.ovsdb_monitor [None req-b885924c-8dc6-4a19-a6e4-c000daf92937 None None] Hash Ring: Node f2f72219253059eea18cc991913be2f6 (host: np0000004457) handling event "update" for row 49f1636e-0586-441e-9ad6-96a1c21e4c79 (table: Logical_Switch_Port) {{(pid=87337) notify /opt/stack/neutron/neutron/plugins/ml2/drivers/ovn/mech_driver/ovsdb/ovsdb_monitor.py:1015}}
Jul 03 19:17:07.767247 np0000004457 devstack@neutron-api.service[87337]: DEBUG neutron.db.provisioning_blocks [None req-4ffb96fb-16aa-4780-8969-4d1daa13849e None None] Transition to ACTIVE for port object 0acd76e6-53c3-46bd-bdc1-888f16d1a350 will not be triggered until provisioned by entity L2. {{(pid=87337) add_provisioning_component /opt/stack/neutron/neutron/db/provisioning_blocks.py:74}}
Jul 03 19:17:07.768061 np0000004457 devstack@neutron-api.service[87337]: INFO neutron.db.ovn_revision_numbers_db [None req-2e2995b0-5b0d-444f-b948-a309b5e7e73b admin admin] Successfully bumped revision number for resource 0acd76e6-53c3-46bd-bdc1-888f16d1a350 (type: ports) to 1
Jul 03 19:17:07.776518 np0000004457 devstack@neutron-api.service[87337]: DEBUG neutron.pecan_wsgi.hooks.policy_enforcement [None req-2e2995b0-5b0d-444f-b948-a309b5e7e73b admin admin] Attributes excluded by policy engine: ['standard_attr_id'] {{(pid=87337) _exclude_attributes_by_policy /opt/stack/neutron/neutron/pecan_wsgi/hooks/policy_enforcement.py:259}}
Jul 03 19:17:07.777401 np0000004457 devstack@neutron-api.service[87337]: DEBUG neutron_lib.callbacks.manager [None req-2e2995b0-5b0d-444f-b948-a309b5e7e73b admin admin] Publish callbacks [] for network (None), before_response {{(pid=87337) _notify_loop /opt/stack/data/venv/lib/python3.12/site-packages/neutron_lib/callbacks/manager.py:184}}
Jul 03 19:17:07.797746 np0000004457 devstack@neutron-api.service[87337]: [pid: 87337|app: 0|req: 12/37] 10.4.3.217 () {68 vars in 1326 bytes} [Fri Jul 3 19:17:07 2026] POST /networking/v2.0/networks => generated 679 bytes in 459 msecs (HTTP/1.1 201) 4 headers in 162 bytes (1 switches on core 0)
Jul 03 19:17:07.799745 np0000004457 devstack@neutron-api.service[87337]: DEBUG neutron.plugins.ml2.plugin [None req-4ffb96fb-16aa-4780-8969-4d1daa13849e None None] Current status of the port 0acd76e6-53c3-46bd-bdc1-888f16d1a350 is: DOWN; New status is: DOWN {{(pid=87337) _update_individual_port_db_status /opt/stack/neutron/neutron/plugins/ml2/plugin.py:2473}}
Jul 03 19:17:07.800963 np0000004457 devstack@neutron-api.service[87337]: DEBUG ovsdbapp.backend.ovs_idl.transaction [None req-b885924c-8dc6-4a19-a6e4-c000daf92937 None None] Running txn n=1 command(idx=0): DbRemoveCommand(_result=None, table=Logical_Switch_Port, record=0acd76e6-53c3-46bd-bdc1-888f16d1a350, column=external_ids, values=('neutron:host_id',), keyvalues={}, if_exists=True) {{(pid=87337) do_commit /opt/stack/data/venv/lib/python3.12/site-packages/ovsdbapp/backend/ovs_idl/transaction.py:89}}
Jul 03 19:17:07.999316 np0000004457 devstack@neutron-api.service[87336]: INFO neutron.pecan_wsgi.hooks.translation [None req-13179fff-f3b0-416e-bfc2-3fea2b289469 admin admin] GET failed (client error): The resource could not be found.
Jul 03 19:17:08.000142 np0000004457 devstack@neutron-api.service[87336]: [pid: 87336|app: 0|req: 14/38] 10.4.3.217 () {64 vars in 1294 bytes} [Fri Jul 3 19:17:07 2026] GET /networking/v2.0/networks/shared => generated 108 bytes in 9 msecs (HTTP/1.1 404) 4 headers in 164 bytes (1 switches on core 0)
Jul 03 19:17:08.028545 np0000004457 devstack@neutron-api.service[87338]: DEBUG neutron.pecan_wsgi.hooks.policy_enforcement [None req-2de106d4-1ed1-436c-98de-3c5837584b39 admin admin] Attributes excluded by policy engine: ['standard_attr_id'] {{(pid=87338) _exclude_attributes_by_policy /opt/stack/neutron/neutron/pecan_wsgi/hooks/policy_enforcement.py:259}}
Jul 03 19:17:08.029558 np0000004457 devstack@neutron-api.service[87338]: [pid: 87338|app: 0|req: 13/39] 10.4.3.217 () {64 vars in 1309 bytes} [Fri Jul 3 19:17:08 2026] GET /networking/v2.0/networks?name=shared => generated 663 bytes in 22 msecs (HTTP/1.1 200) 4 headers in 157 bytes (1 switches on core 0)
Jul 03 19:17:08.041229 np0000004457 devstack@neutron-api.service[87337]: DEBUG neutron.api.v2.base [None req-38faa580-0457-4b49-ab88-c001bf32af35 admin admin] Request body: {'subnet': {'description': 'shared-subnet', 'network_id': '59e6f382-7f40-4639-8b14-ffe479b8cbf7', 'cidr': '192.168.233.0/24', 'ip_version': 4, 'name': 'shared-subnet'}} {{(pid=87337) prepare_request_body /opt/stack/neutron/neutron/api/v2/base.py:727}}
Jul 03 19:17:08.054840 np0000004457 devstack@neutron-api.service[87337]: DEBUG neutron.pecan_wsgi.hooks.quota_enforcement [None req-38faa580-0457-4b49-ab88-c001bf32af35 admin admin] Made reservation on behalf of fe9a6f5aa1b7400b9e4bd5da39506e5c for: {'subnet': 1} {{(pid=87337) before /opt/stack/neutron/neutron/pecan_wsgi/hooks/quota_enforcement.py:66}}
Jul 03 19:17:08.057260 np0000004457 devstack@neutron-api.service[87337]: DEBUG neutron_lib.callbacks.manager [None req-38faa580-0457-4b49-ab88-c001bf32af35 admin admin] Publish callbacks [] for subnet (None), before_create {{(pid=87337) _notify_loop /opt/stack/data/venv/lib/python3.12/site-packages/neutron_lib/callbacks/manager.py:184}}
Jul 03 19:17:08.108574 np0000004457 devstack@neutron-api.service[87337]: DEBUG neutron.db.ovn_revision_numbers_db [None req-38faa580-0457-4b49-ab88-c001bf32af35 admin admin] create_initial_revision uuid=018bd403-9f41-4ceb-b3a5-7262d6174fc8, type=subnets, rev=-1 {{(pid=87337) create_initial_revision /opt/stack/neutron/neutron/db/ovn_revision_numbers_db.py:98}}
Jul 03 19:17:08.111823 np0000004457 devstack@neutron-api.service[87337]: DEBUG neutron_lib.callbacks.manager [None req-38faa580-0457-4b49-ab88-c001bf32af35 admin admin] Publish callbacks ['neutron.plugins.ml2.ovo_rpc._ObjectChangeHandler.handle_event-15191409'] for subnet (018bd403-9f41-4ceb-b3a5-7262d6174fc8), after_create {{(pid=87337) _notify_loop /opt/stack/data/venv/lib/python3.12/site-packages/neutron_lib/callbacks/manager.py:184}}
Jul 03 19:17:08.122272 np0000004457 devstack@neutron-api.service[87337]: DEBUG neutron.api.rpc.handlers.resources_rpc [None req-38faa580-0457-4b49-ab88-c001bf32af35 admin admin] Pushing event updated for resources: {'Subnet': ['ID=018bd403-9f41-4ceb-b3a5-7262d6174fc8,revision_number=0']} {{(pid=87337) push /opt/stack/neutron/neutron/api/rpc/handlers/resources_rpc.py:237}}
Jul 03 19:17:08.165524 np0000004457 devstack@neutron-api.service[87337]: DEBUG neutron_lib.callbacks.manager [None req-38faa580-0457-4b49-ab88-c001bf32af35 admin admin] Publish callbacks ['neutron.plugins.ml2.plugin.SecurityGroupDbMixin._ensure_default_security_group_handler-1110212', 'neutron.services.ovn_l3.plugin.OVNL3RouterPlugin._port_update-8273790585476', 'neutron.db.l3_db.L3_NAT_dbonly_mixin._prevent_internal_ip_change_for_fip-8273793051922'] for port (0acd76e6-53c3-46bd-bdc1-888f16d1a350), before_update {{(pid=87337) _notify_loop /opt/stack/data/venv/lib/python3.12/site-packages/neutron_lib/callbacks/manager.py:184}}
Jul 03 19:17:08.498693 np0000004457 devstack@neutron-api.service[87336]: DEBUG neutron.plugins.ml2.drivers.ovn.mech_driver.ovsdb.ovsdb_monitor [None req-a85a716e-e66b-4bd7-890d-b76fe7471a8f None None] ChassisOVNAgentWriteEvent : Matched Chassis_Private, update, None None {{(pid=87336) matches /opt/stack/neutron/neutron/plugins/ml2/drivers/ovn/mech_driver/ovsdb/ovsdb_monitor.py:64}}
Jul 03 19:17:08.499765 np0000004457 devstack@neutron-api.service[87338]: DEBUG neutron.plugins.ml2.drivers.ovn.mech_driver.ovsdb.ovsdb_monitor [None req-d39be2a8-ef3b-4dcb-962a-9ca978d19fab None None] ChassisOVNAgentWriteEvent : Matched Chassis_Private, update, None None {{(pid=87338) matches /opt/stack/neutron/neutron/plugins/ml2/drivers/ovn/mech_driver/ovsdb/ovsdb_monitor.py:64}}
Jul 03 19:17:08.503254 np0000004457 devstack@neutron-api.service[87337]: DEBUG neutron.plugins.ml2.drivers.ovn.mech_driver.ovsdb.ovsdb_monitor [None req-da980392-ae4e-4bf4-bba4-f8fa107dd112 None None] ChassisOVNAgentWriteEvent : Matched Chassis_Private, update, None None {{(pid=87337) matches /opt/stack/neutron/neutron/plugins/ml2/drivers/ovn/mech_driver/ovsdb/ovsdb_monitor.py:64}}
Jul 03 19:17:08.503875 np0000004457 devstack@neutron-api.service[87337]: DEBUG neutron.plugins.ml2.drivers.ovn.mech_driver.ovsdb.ovsdb_monitor [None req-da980392-ae4e-4bf4-bba4-f8fa107dd112 None None] Hash Ring: Node f2f72219253059eea18cc991913be2f6 (host: np0000004457) handling event "update" for row 64310e98-e225-469c-bbb2-203be6ed6207 (table: Chassis_Private) {{(pid=87337) notify /opt/stack/neutron/neutron/plugins/ml2/drivers/ovn/mech_driver/ovsdb/ovsdb_monitor.py:1015}}
Jul 03 19:17:08.521483 np0000004457 devstack@neutron-api.service[87337]: DEBUG neutron.db.db_base_plugin_common [None req-38faa580-0457-4b49-ab88-c001bf32af35 admin admin] Allocated IP 192.168.233.2 (59e6f382-7f40-4639-8b14-ffe479b8cbf7/018bd403-9f41-4ceb-b3a5-7262d6174fc8/0acd76e6-53c3-46bd-bdc1-888f16d1a350) {{(pid=87337) _store_ip_allocation /opt/stack/neutron/neutron/db/db_base_plugin_common.py:131}}
Jul 03 19:17:08.577753 np0000004457 devstack@neutron-api.service[87337]: DEBUG neutron_lib.callbacks.manager [None req-38faa580-0457-4b49-ab88-c001bf32af35 admin admin] Publish callbacks [] for port (0acd76e6-53c3-46bd-bdc1-888f16d1a350), precommit_update {{(pid=87337) _notify_loop /opt/stack/data/venv/lib/python3.12/site-packages/neutron_lib/callbacks/manager.py:184}}
Jul 03 19:17:08.577902 np0000004457 devstack@neutron-api.service[87337]: DEBUG neutron.plugins.ml2.drivers.ovn.mech_driver.mech_driver [None req-38faa580-0457-4b49-ab88-c001bf32af35 admin admin] No provisioning block for port 0acd76e6-53c3-46bd-bdc1-888f16d1a350 since it does not have a host {{(pid=87337) _is_port_provisioning_required /opt/stack/neutron/neutron/plugins/ml2/drivers/ovn/mech_driver/mech_driver.py:899}}
Jul 03 19:17:08.587705 np0000004457 devstack@neutron-api.service[87337]: DEBUG neutron_lib.callbacks.manager [None req-38faa580-0457-4b49-ab88-c001bf32af35 admin admin] Publish callbacks ['neutron.plugins.ml2.ovo_rpc._ObjectChangeHandler.handle_event-15191412', 'neutron.services.ovn_l3.plugin.OVNL3RouterPlugin._port_update-8273790585476'] for port (0acd76e6-53c3-46bd-bdc1-888f16d1a350), after_update {{(pid=87337) _notify_loop /opt/stack/data/venv/lib/python3.12/site-packages/neutron_lib/callbacks/manager.py:184}}
Jul 03 19:17:08.614186 np0000004457 devstack@neutron-api.service[87337]: DEBUG neutron.api.rpc.handlers.resources_rpc [None req-38faa580-0457-4b49-ab88-c001bf32af35 admin admin] Pushing event updated for resources: {'Port': ['ID=0acd76e6-53c3-46bd-bdc1-888f16d1a350,revision_number=2']} {{(pid=87337) push /opt/stack/neutron/neutron/api/rpc/handlers/resources_rpc.py:237}}
Jul 03 19:17:08.694451 np0000004457 devstack@neutron-api.service[87337]: DEBUG neutron.plugins.ml2.drivers.ovn.mech_driver.ovsdb.commands [None req-38faa580-0457-4b49-ab88-c001bf32af35 admin admin] Converting tag [] to a tag_request {{(pid=87337) _tag_column_to_tag_request /opt/stack/neutron/neutron/plugins/ml2/drivers/ovn/mech_driver/ovsdb/commands.py:205}}
Jul 03 19:17:08.695332 np0000004457 devstack@neutron-api.service[87337]: DEBUG ovsdbapp.backend.ovs_idl.transaction [None req-b885924c-8dc6-4a19-a6e4-c000daf92937 None None] Running txn n=1 command(idx=0): CheckRevisionNumberCommand(_result=None, name=0acd76e6-53c3-46bd-bdc1-888f16d1a350, resource={'id': '0acd76e6-53c3-46bd-bdc1-888f16d1a350', 'name': '', 'network_id': '59e6f382-7f40-4639-8b14-ffe479b8cbf7', 'project_id': 'fe9a6f5aa1b7400b9e4bd5da39506e5c', 'mac_address': 'fa:16:3e:17:54:37', 'admin_state_up': True, 'status': 'DOWN', 'device_id': 'ovnmeta-59e6f382-7f40-4639-8b14-ffe479b8cbf7', 'device_owner': 'network:distributed', 'standard_attr_id': 28, 'fixed_ips': [{'subnet_id': '018bd403-9f41-4ceb-b3a5-7262d6174fc8', 'ip_address': '192.168.233.2'}], 'allowed_address_pairs': [], 'extra_dhcp_opts': [], 'security_groups': [], 'description': '', 'binding:vnic_type': 'normal', 'binding:profile': {}, 'binding:host_id': '', 'binding:vif_type': 'unbound', 'binding:vif_details': {}, 'port_security_enabled': False, 'tags': [], 'created_at': '2026-07-03T19:17:07Z', 'updated_at': '2026-07-03T19:17:08Z', 'revision_number': 2, 'tenant_id': 'fe9a6f5aa1b7400b9e4bd5da39506e5c', 'network': {'id': '59e6f382-7f40-4639-8b14-ffe479b8cbf7', 'name': 'shared', 'tenant_id': 'fe9a6f5aa1b7400b9e4bd5da39506e5c', 'project_id': 'fe9a6f5aa1b7400b9e4bd5da39506e5c', 'admin_state_up': True, 'mtu': 1372, 'status': 'ACTIVE', 'subnets': ['018bd403-9f41-4ceb-b3a5-7262d6174fc8'], 'standard_attr_id': 26, 'shared': True, 'availability_zone_hints': [], 'availability_zones': [], 'ipv4_address_scope': None, 'ipv6_address_scope': None, 'router:external': False, 'qinq': False, 'vlan_transparent': False, 'description': '', 'port_security_enabled': True, 'tags': [], 'created_at': '2026-07-03T19:17:07Z', 'updated_at': '2026-07-03T19:17:08Z', 'revision_number': 2, 'provider:network_type': 'geneve', 'provider:physical_network': None, 'provider:segmentation_id': 40719}}, resource_type=ports, if_exists=True) {{(pid=87337) do_commit /opt/stack/data/venv/lib/python3.12/site-packages/ovsdbapp/backend/ovs_idl/transaction.py:89}}
Jul 03 19:17:08.695806 np0000004457 devstack@neutron-api.service[87337]: DEBUG ovsdbapp.backend.ovs_idl.transaction [None req-b885924c-8dc6-4a19-a6e4-c000daf92937 None None] Running txn n=1 command(idx=1): AddDHCPOptionsCommand(_result=None, columns={'cidr': '192.168.233.0/24', 'options': {'server_id': '192.168.233.1', 'lease_time': '43200', 'mtu': '1372', 'router': '192.168.233.1', 'server_mac': 'fa:16:3e:72:80:84', 'dns_server': '{127.0.0.53}', 'classless_static_route': '{169.254.169.254/32,192.168.233.2, 0.0.0.0/0,192.168.233.1}'}, 'external_ids': {'subnet_id': '018bd403-9f41-4ceb-b3a5-7262d6174fc8', 'neutron:network_id': '59e6f382-7f40-4639-8b14-ffe479b8cbf7', 'neutron:revision_number': '0'}}, may_exist=True, subnet_id=018bd403-9f41-4ceb-b3a5-7262d6174fc8, port_id=None, new_insert=False) {{(pid=87337) do_commit /opt/stack/data/venv/lib/python3.12/site-packages/ovsdbapp/backend/ovs_idl/transaction.py:89}}
Jul 03 19:17:08.696196 np0000004457 devstack@neutron-api.service[87337]: DEBUG ovsdbapp.backend.ovs_idl.transaction [None req-b885924c-8dc6-4a19-a6e4-c000daf92937 None None] Running txn n=1 command(idx=2): SetLSwitchPortCommand(_result=None, lport=0acd76e6-53c3-46bd-bdc1-888f16d1a350, external_ids_update=None, columns={'external_ids': {'neutron:port_name': '', 'neutron:device_id': 'ovnmeta-59e6f382-7f40-4639-8b14-ffe479b8cbf7', 'neutron:project_id': 'fe9a6f5aa1b7400b9e4bd5da39506e5c', 'neutron:cidrs': '192.168.233.2/24', 'neutron:device_owner': 'network:distributed', 'neutron:subnet_pool_addr_scope4': '', 'neutron:subnet_pool_addr_scope6': '', 'neutron:network_name': 'neutron-59e6f382-7f40-4639-8b14-ffe479b8cbf7', 'neutron:security_group_ids': '', 'neutron:revision_number': '2', 'neutron:vnic_type': 'normal', 'neutron:port_capabilities': '', 'neutron:mtu': '1372'}, 'parent_name': [], 'options': {}, 'enabled': True, 'port_security': [], 'dhcpv4_options': [], 'dhcpv6_options': [], 'type': 'localport', 'addresses': ['fa:16:3e:17:54:37 192.168.233.2'], 'ha_chassis_group': [], 'tag_request': []}, if_exists=False) {{(pid=87337) do_commit /opt/stack/data/venv/lib/python3.12/site-packages/ovsdbapp/backend/ovs_idl/transaction.py:89}}
Jul 03 19:17:08.696888 np0000004457 devstack@neutron-api.service[87337]: DEBUG ovsdbapp.backend.ovs_idl.transaction [None req-b885924c-8dc6-4a19-a6e4-c000daf92937 None None] Running txn n=1 command(idx=3): PgDelPortCommand(_result=None, port_group=neutron_pg_drop, lsp=['0acd76e6-53c3-46bd-bdc1-888f16d1a350'], if_exists=False) {{(pid=87337) do_commit /opt/stack/data/venv/lib/python3.12/site-packages/ovsdbapp/backend/ovs_idl/transaction.py:89}}
Jul 03 19:17:08.700295 np0000004457 devstack@neutron-api.service[87336]: DEBUG neutron.plugins.ml2.drivers.ovn.mech_driver.ovsdb.ovsdb_monitor [None req-163623b6-fcfb-4d9c-bf7a-f139a6366e75 None None] Hash Ring: Node 4fd01d1591b75fba83b13fff5e8e4202 (host: np0000004457) handling event "create" for row bc7b8361-c0bb-46f6-840a-67480fc199f7 (table: DHCP_Options) {{(pid=87336) notify /opt/stack/neutron/neutron/plugins/ml2/drivers/ovn/mech_driver/ovsdb/ovsdb_monitor.py:1015}}
Jul 03 19:17:08.701019 np0000004457 devstack@neutron-api.service[87337]: DEBUG neutron.plugins.ml2.drivers.ovn.mech_driver.ovsdb.ovsdb_monitor [None req-b885924c-8dc6-4a19-a6e4-c000daf92937 None None] Hash Ring: Node f2f72219253059eea18cc991913be2f6 (host: np0000004457) handling event "update" for row 49f1636e-0586-441e-9ad6-96a1c21e4c79 (table: Logical_Switch_Port) {{(pid=87337) notify /opt/stack/neutron/neutron/plugins/ml2/drivers/ovn/mech_driver/ovsdb/ovsdb_monitor.py:1015}}
Jul 03 19:17:08.705593 np0000004457 devstack@neutron-api.service[87336]: DEBUG neutron.plugins.ml2.drivers.ovn.mech_driver.ovsdb.ovsdb_monitor [None req-a85a716e-e66b-4bd7-890d-b76fe7471a8f None None] Hash Ring: Node 4fd01d1591b75fba83b13fff5e8e4202 (host: np0000004457) handling event "update" for row 1c4c34f0-2e37-416d-98d9-ab1be688d33b (table: Port_Binding) {{(pid=87336) notify /opt/stack/neutron/neutron/plugins/ml2/drivers/ovn/mech_driver/ovsdb/ovsdb_monitor.py:1015}}
Jul 03 19:17:08.730538 np0000004457 devstack@neutron-api.service[87337]: INFO neutron.db.ovn_revision_numbers_db [None req-38faa580-0457-4b49-ab88-c001bf32af35 admin admin] Successfully bumped revision number for resource 0acd76e6-53c3-46bd-bdc1-888f16d1a350 (type: ports) to 2
Jul 03 19:17:08.737968 np0000004457 devstack@neutron-api.service[87337]: DEBUG neutron.plugins.ml2.plugin [None req-38faa580-0457-4b49-ab88-c001bf32af35 admin admin] In _notify_port_updated(), no bound segment for port 0acd76e6-53c3-46bd-bdc1-888f16d1a350 on network 59e6f382-7f40-4639-8b14-ffe479b8cbf7 {{(pid=87337) _notify_port_updated /opt/stack/neutron/neutron/plugins/ml2/plugin.py:1041}}
Jul 03 19:17:08.753656 np0000004457 devstack@neutron-api.service[87337]: INFO neutron.db.ovn_revision_numbers_db [None req-38faa580-0457-4b49-ab88-c001bf32af35 admin admin] Successfully bumped revision number for resource 018bd403-9f41-4ceb-b3a5-7262d6174fc8 (type: subnets) to 0
Jul 03 19:17:08.754178 np0000004457 devstack@neutron-api.service[87337]: DEBUG neutron.pecan_wsgi.hooks.policy_enforcement [None req-38faa580-0457-4b49-ab88-c001bf32af35 admin admin] Attributes excluded by policy engine: ['standard_attr_id', 'shared', 'network'] {{(pid=87337) _exclude_attributes_by_policy /opt/stack/neutron/neutron/pecan_wsgi/hooks/policy_enforcement.py:259}}
