Jul 03 20:17:31.988101 np0000004466 nova-scheduler[96331]: DEBUG cotyledon.oslo_config_glue [-] profiler.es_scroll_time = 2m {{(pid=96331) log_opt_values /opt/stack/data/venv/lib/python3.12/site-packages/oslo_config/cfg.py:3253}}
Jul 03 20:17:31.988101 np0000004466 nova-scheduler[96331]: DEBUG cotyledon.oslo_config_glue [-] profiler.filter_error_trace = False {{(pid=96331) log_opt_values /opt/stack/data/venv/lib/python3.12/site-packages/oslo_config/cfg.py:3253}}
Jul 03 20:17:31.988101 np0000004466 nova-scheduler[96331]: DEBUG cotyledon.oslo_config_glue [-] profiler.hmac_keys = **** {{(pid=96331) log_opt_values /opt/stack/data/venv/lib/python3.12/site-packages/oslo_config/cfg.py:3253}}
Jul 03 20:17:31.988292 np0000004466 nova-scheduler[96331]: DEBUG cotyledon.oslo_config_glue [-] profiler.sentinel_service_name = mymaster {{(pid=96331) log_opt_values /opt/stack/data/venv/lib/python3.12/site-packages/oslo_config/cfg.py:3253}}
Jul 03 20:17:31.988292 np0000004466 nova-scheduler[96331]: DEBUG cotyledon.oslo_config_glue [-] profiler.socket_timeout = 0.1 {{(pid=96331) log_opt_values /opt/stack/data/venv/lib/python3.12/site-packages/oslo_config/cfg.py:3253}}
Jul 03 20:17:31.988292 np0000004466 nova-scheduler[96331]: DEBUG cotyledon.oslo_config_glue [-] profiler.trace_requests = False {{(pid=96331) log_opt_values /opt/stack/data/venv/lib/python3.12/site-packages/oslo_config/cfg.py:3253}}
Jul 03 20:17:31.988292 np0000004466 nova-scheduler[96331]: DEBUG cotyledon.oslo_config_glue [-] profiler.trace_sqlalchemy = False {{(pid=96331) log_opt_values /opt/stack/data/venv/lib/python3.12/site-packages/oslo_config/cfg.py:3253}}
Jul 03 20:17:31.988292 np0000004466 nova-scheduler[96331]: DEBUG cotyledon.oslo_config_glue [-] profiler_jaeger.process_tags = {} {{(pid=96331) log_opt_values /opt/stack/data/venv/lib/python3.12/site-packages/oslo_config/cfg.py:3253}}
Jul 03 20:17:31.988292 np0000004466 nova-scheduler[96331]: DEBUG cotyledon.oslo_config_glue [-] profiler_jaeger.service_name_prefix = None {{(pid=96331) log_opt_values /opt/stack/data/venv/lib/python3.12/site-packages/oslo_config/cfg.py:3253}}
Jul 03 20:17:31.988292 np0000004466 nova-scheduler[96331]: DEBUG cotyledon.oslo_config_glue [-] profiler_otlp.service_name_prefix = None {{(pid=96331) log_opt_values /opt/stack/data/venv/lib/python3.12/site-packages/oslo_config/cfg.py:3253}}
Jul 03 20:17:31.988292 np0000004466 nova-scheduler[96331]: DEBUG cotyledon.oslo_config_glue [-] oslo_messaging_rabbit.amqp_auto_delete = False {{(pid=96331) log_opt_values /opt/stack/data/venv/lib/python3.12/site-packages/oslo_config/cfg.py:3253}}
Jul 03 20:17:31.988292 np0000004466 nova-scheduler[96331]: DEBUG cotyledon.oslo_config_glue [-] oslo_messaging_rabbit.amqp_durable_queues = False {{(pid=96331) log_opt_values /opt/stack/data/venv/lib/python3.12/site-packages/oslo_config/cfg.py:3253}}
Jul 03 20:17:31.988555 np0000004466 nova-scheduler[96331]: DEBUG cotyledon.oslo_config_glue [-] oslo_messaging_rabbit.conn_pool_min_size = 2 {{(pid=96331) log_opt_values /opt/stack/data/venv/lib/python3.12/site-packages/oslo_config/cfg.py:3253}}
Jul 03 20:17:31.988555 np0000004466 nova-scheduler[96331]: DEBUG cotyledon.oslo_config_glue [-] oslo_messaging_rabbit.conn_pool_ttl = 1200 {{(pid=96331) log_opt_values /opt/stack/data/venv/lib/python3.12/site-packages/oslo_config/cfg.py:3253}}
Jul 03 20:17:31.988555 np0000004466 nova-scheduler[96331]: DEBUG cotyledon.oslo_config_glue [-] oslo_messaging_rabbit.direct_mandatory_flag = True {{(pid=96331) log_opt_values /opt/stack/data/venv/lib/python3.12/site-packages/oslo_config/cfg.py:3253}}
Jul 03 20:17:31.988555 np0000004466 nova-scheduler[96331]: DEBUG cotyledon.oslo_config_glue [-] oslo_messaging_rabbit.enable_cancel_on_failover = False {{(pid=96331) log_opt_values /opt/stack/data/venv/lib/python3.12/site-packages/oslo_config/cfg.py:3253}}
Jul 03 20:17:31.988555 np0000004466 nova-scheduler[96331]: DEBUG cotyledon.oslo_config_glue [-] oslo_messaging_rabbit.heartbeat_rate = 3 {{(pid=96331) log_opt_values /opt/stack/data/venv/lib/python3.12/site-packages/oslo_config/cfg.py:3253}}
Jul 03 20:17:31.988555 np0000004466 nova-scheduler[96331]: DEBUG cotyledon.oslo_config_glue [-] oslo_messaging_rabbit.heartbeat_timeout_threshold = 60 {{(pid=96331) log_opt_values /opt/stack/data/venv/lib/python3.12/site-packages/oslo_config/cfg.py:3253}}
Jul 03 20:17:31.988555 np0000004466 nova-scheduler[96331]: DEBUG cotyledon.oslo_config_glue [-] oslo_messaging_rabbit.hostname = np0000004466 {{(pid=96331) log_opt_values /opt/stack/data/venv/lib/python3.12/site-packages/oslo_config/cfg.py:3253}}
Jul 03 20:17:31.988555 np0000004466 nova-scheduler[96331]: DEBUG cotyledon.oslo_config_glue [-] oslo_messaging_rabbit.kombu_compression = None {{(pid=96331) log_opt_values /opt/stack/data/venv/lib/python3.12/site-packages/oslo_config/cfg.py:3253}}
Jul 03 20:17:31.988555 np0000004466 nova-scheduler[96331]: DEBUG cotyledon.oslo_config_glue [-] oslo_messaging_rabbit.kombu_failover_strategy = round-robin {{(pid=96331) log_opt_values /opt/stack/data/venv/lib/python3.12/site-packages/oslo_config/cfg.py:3253}}
Jul 03 20:17:31.988740 np0000004466 nova-scheduler[96331]: DEBUG cotyledon.oslo_config_glue [-] oslo_messaging_rabbit.kombu_missing_consumer_retry_timeout = 60 {{(pid=96331) log_opt_values /opt/stack/data/venv/lib/python3.12/site-packages/oslo_config/cfg.py:3253}}
Jul 03 20:17:31.988740 np0000004466 nova-scheduler[96331]: DEBUG cotyledon.oslo_config_glue [-] oslo_messaging_rabbit.kombu_reconnect_delay = 1.0 {{(pid=96331) log_opt_values /opt/stack/data/venv/lib/python3.12/site-packages/oslo_config/cfg.py:3253}}
Jul 03 20:17:31.988740 np0000004466 nova-scheduler[96331]: DEBUG cotyledon.oslo_config_glue [-] oslo_messaging_rabbit.kombu_reconnect_splay = 0.0 {{(pid=96331) log_opt_values /opt/stack/data/venv/lib/python3.12/site-packages/oslo_config/cfg.py:3253}}
Jul 03 20:17:31.988740 np0000004466 nova-scheduler[96331]: DEBUG cotyledon.oslo_config_glue [-] oslo_messaging_rabbit.processname = nova-scheduler {{(pid=96331) log_opt_values /opt/stack/data/venv/lib/python3.12/site-packages/oslo_config/cfg.py:3253}}
Jul 03 20:17:31.988740 np0000004466 nova-scheduler[96331]: DEBUG cotyledon.oslo_config_glue [-] oslo_messaging_rabbit.rabbit_ha_queues = False {{(pid=96331) log_opt_values /opt/stack/data/venv/lib/python3.12/site-packages/oslo_config/cfg.py:3253}}
Jul 03 20:17:31.988740 np0000004466 nova-scheduler[96331]: DEBUG cotyledon.oslo_config_glue [-] oslo_messaging_rabbit.rabbit_interval_max = 30 {{(pid=96331) log_opt_values /opt/stack/data/venv/lib/python3.12/site-packages/oslo_config/cfg.py:3253}}
Jul 03 20:17:31.988740 np0000004466 nova-scheduler[96331]: DEBUG cotyledon.oslo_config_glue [-] oslo_messaging_rabbit.rabbit_login_method = AMQPLAIN {{(pid=96331) log_opt_values /opt/stack/data/venv/lib/python3.12/site-packages/oslo_config/cfg.py:3253}}
Jul 03 20:17:31.988740 np0000004466 nova-scheduler[96331]: DEBUG cotyledon.oslo_config_glue [-] oslo_messaging_rabbit.rabbit_qos_prefetch_count = 0 {{(pid=96331) log_opt_values /opt/stack/data/venv/lib/python3.12/site-packages/oslo_config/cfg.py:3253}}
Jul 03 20:17:31.988740 np0000004466 nova-scheduler[96331]: DEBUG cotyledon.oslo_config_glue [-] oslo_messaging_rabbit.rabbit_quorum_delivery_limit = 0 {{(pid=96331) log_opt_values /opt/stack/data/venv/lib/python3.12/site-packages/oslo_config/cfg.py:3253}}
Jul 03 20:17:31.988943 np0000004466 nova-scheduler[96331]: DEBUG cotyledon.oslo_config_glue [-] oslo_messaging_rabbit.rabbit_quorum_max_memory_bytes = 0 {{(pid=96331) log_opt_values /opt/stack/data/venv/lib/python3.12/site-packages/oslo_config/cfg.py:3253}}
Jul 03 20:17:31.988943 np0000004466 nova-scheduler[96331]: DEBUG cotyledon.oslo_config_glue [-] oslo_messaging_rabbit.rabbit_quorum_max_memory_length = 0 {{(pid=96331) log_opt_values /opt/stack/data/venv/lib/python3.12/site-packages/oslo_config/cfg.py:3253}}
Jul 03 20:17:31.988943 np0000004466 nova-scheduler[96331]: DEBUG cotyledon.oslo_config_glue [-] oslo_messaging_rabbit.rabbit_quorum_queue = False {{(pid=96331) log_opt_values /opt/stack/data/venv/lib/python3.12/site-packages/oslo_config/cfg.py:3253}}
Jul 03 20:17:31.988943 np0000004466 nova-scheduler[96331]: DEBUG cotyledon.oslo_config_glue [-] oslo_messaging_rabbit.rabbit_retry_backoff = 2 {{(pid=96331) log_opt_values /opt/stack/data/venv/lib/python3.12/site-packages/oslo_config/cfg.py:3253}}
Jul 03 20:17:31.988943 np0000004466 nova-scheduler[96331]: DEBUG cotyledon.oslo_config_glue [-] oslo_messaging_rabbit.rabbit_retry_interval = 1 {{(pid=96331) log_opt_values /opt/stack/data/venv/lib/python3.12/site-packages/oslo_config/cfg.py:3253}}
Jul 03 20:17:31.988943 np0000004466 nova-scheduler[96331]: DEBUG cotyledon.oslo_config_glue [-] oslo_messaging_rabbit.rabbit_stream_fanout = False {{(pid=96331) log_opt_values /opt/stack/data/venv/lib/python3.12/site-packages/oslo_config/cfg.py:3253}}
Jul 03 20:17:31.988943 np0000004466 nova-scheduler[96331]: DEBUG cotyledon.oslo_config_glue [-] oslo_messaging_rabbit.rabbit_transient_queues_ttl = 1800 {{(pid=96331) log_opt_values /opt/stack/data/venv/lib/python3.12/site-packages/oslo_config/cfg.py:3253}}
Jul 03 20:17:31.988943 np0000004466 nova-scheduler[96331]: DEBUG cotyledon.oslo_config_glue [-] oslo_messaging_rabbit.rabbit_transient_quorum_queue = False {{(pid=96331) log_opt_values /opt/stack/data/venv/lib/python3.12/site-packages/oslo_config/cfg.py:3253}}
Jul 03 20:17:31.989225 np0000004466 nova-scheduler[96331]: DEBUG cotyledon.oslo_config_glue [-] oslo_messaging_rabbit.rpc_conn_pool_size = 30 {{(pid=96331) log_opt_values /opt/stack/data/venv/lib/python3.12/site-packages/oslo_config/cfg.py:3253}}
Jul 03 20:17:31.989225 np0000004466 nova-scheduler[96331]: DEBUG cotyledon.oslo_config_glue [-] oslo_messaging_rabbit.ssl = False {{(pid=96331) log_opt_values /opt/stack/data/venv/lib/python3.12/site-packages/oslo_config/cfg.py:3253}}
Jul 03 20:17:31.989225 np0000004466 nova-scheduler[96331]: DEBUG cotyledon.oslo_config_glue [-] oslo_messaging_rabbit.ssl_ca_file = {{(pid=96331) log_opt_values /opt/stack/data/venv/lib/python3.12/site-packages/oslo_config/cfg.py:3253}}
Jul 03 20:17:31.989225 np0000004466 nova-scheduler[96331]: DEBUG cotyledon.oslo_config_glue [-] oslo_messaging_rabbit.ssl_cert_file = {{(pid=96331) log_opt_values /opt/stack/data/venv/lib/python3.12/site-packages/oslo_config/cfg.py:3253}}
Jul 03 20:17:31.989225 np0000004466 nova-scheduler[96331]: DEBUG cotyledon.oslo_config_glue [-] oslo_messaging_rabbit.ssl_enforce_fips_mode = False {{(pid=96331) log_opt_values /opt/stack/data/venv/lib/python3.12/site-packages/oslo_config/cfg.py:3253}}
Jul 03 20:17:31.989225 np0000004466 nova-scheduler[96331]: DEBUG cotyledon.oslo_config_glue [-] oslo_messaging_rabbit.ssl_enforce_hostname_verification = True {{(pid=96331) log_opt_values /opt/stack/data/venv/lib/python3.12/site-packages/oslo_config/cfg.py:3253}}
Jul 03 20:17:31.989225 np0000004466 nova-scheduler[96331]: DEBUG cotyledon.oslo_config_glue [-] oslo_messaging_rabbit.ssl_key_file = {{(pid=96331) log_opt_values /opt/stack/data/venv/lib/python3.12/site-packages/oslo_config/cfg.py:3253}}
Jul 03 20:17:31.989225 np0000004466 nova-scheduler[96331]: DEBUG cotyledon.oslo_config_glue [-] oslo_messaging_rabbit.ssl_version = {{(pid=96331) log_opt_values /opt/stack/data/venv/lib/python3.12/site-packages/oslo_config/cfg.py:3253}}
Jul 03 20:17:31.989225 np0000004466 nova-scheduler[96331]: DEBUG cotyledon.oslo_config_glue [-] oslo_messaging_rabbit.use_queue_manager = False {{(pid=96331) log_opt_values /opt/stack/data/venv/lib/python3.12/site-packages/oslo_config/cfg.py:3253}}
Jul 03 20:17:31.989392 np0000004466 nova-scheduler[96331]: DEBUG cotyledon.oslo_config_glue [-] oslo_messaging_notifications.driver = ['messagingv2'] {{(pid=96331) log_opt_values /opt/stack/data/venv/lib/python3.12/site-packages/oslo_config/cfg.py:3253}}
Jul 03 20:17:31.989392 np0000004466 nova-scheduler[96331]: DEBUG cotyledon.oslo_config_glue [-] oslo_messaging_notifications.retry = -1 {{(pid=96331) log_opt_values /opt/stack/data/venv/lib/python3.12/site-packages/oslo_config/cfg.py:3253}}
Jul 03 20:17:31.989392 np0000004466 nova-scheduler[96331]: DEBUG cotyledon.oslo_config_glue [-] oslo_messaging_notifications.topics = ['notifications'] {{(pid=96331) log_opt_values /opt/stack/data/venv/lib/python3.12/site-packages/oslo_config/cfg.py:3253}}
Jul 03 20:17:31.989392 np0000004466 nova-scheduler[96331]: DEBUG cotyledon.oslo_config_glue [-] oslo_messaging_notifications.transport_url = **** {{(pid=96331) log_opt_values /opt/stack/data/venv/lib/python3.12/site-packages/oslo_config/cfg.py:3253}}
Jul 03 20:17:31.989392 np0000004466 nova-scheduler[96331]: DEBUG cotyledon.oslo_config_glue [-] oslo_limit.auth_section = None {{(pid=96331) log_opt_values /opt/stack/data/venv/lib/python3.12/site-packages/oslo_config/cfg.py:3253}}
Jul 03 20:17:31.989392 np0000004466 nova-scheduler[96331]: DEBUG cotyledon.oslo_config_glue [-] oslo_limit.auth_type = None {{(pid=96331) log_opt_values /opt/stack/data/venv/lib/python3.12/site-packages/oslo_config/cfg.py:3253}}
Jul 03 20:17:31.989392 np0000004466 nova-scheduler[96331]: DEBUG cotyledon.oslo_config_glue [-] oslo_limit.cafile = None {{(pid=96331) log_opt_values /opt/stack/data/venv/lib/python3.12/site-packages/oslo_config/cfg.py:3253}}
Jul 03 20:17:31.989392 np0000004466 nova-scheduler[96331]: DEBUG cotyledon.oslo_config_glue [-] oslo_limit.certfile = None {{(pid=96331) log_opt_values /opt/stack/data/venv/lib/python3.12/site-packages/oslo_config/cfg.py:3253}}
Jul 03 20:17:31.989392 np0000004466 nova-scheduler[96331]: DEBUG cotyledon.oslo_config_glue [-] oslo_limit.collect_timing = False {{(pid=96331) log_opt_values /opt/stack/data/venv/lib/python3.12/site-packages/oslo_config/cfg.py:3253}}
Jul 03 20:17:31.989560 np0000004466 nova-scheduler[96331]: DEBUG cotyledon.oslo_config_glue [-] oslo_limit.connect_retries = None {{(pid=96331) log_opt_values /opt/stack/data/venv/lib/python3.12/site-packages/oslo_config/cfg.py:3253}}
Jul 03 20:17:31.989560 np0000004466 nova-scheduler[96331]: DEBUG cotyledon.oslo_config_glue [-] oslo_limit.connect_retry_delay = None {{(pid=96331) log_opt_values /opt/stack/data/venv/lib/python3.12/site-packages/oslo_config/cfg.py:3253}}
Jul 03 20:17:31.989560 np0000004466 nova-scheduler[96331]: DEBUG cotyledon.oslo_config_glue [-] oslo_limit.endpoint_id = None {{(pid=96331) log_opt_values /opt/stack/data/venv/lib/python3.12/site-packages/oslo_config/cfg.py:3253}}
Jul 03 20:17:31.989560 np0000004466 nova-scheduler[96331]: DEBUG cotyledon.oslo_config_glue [-] oslo_limit.endpoint_interface = public {{(pid=96331) log_opt_values /opt/stack/data/venv/lib/python3.12/site-packages/oslo_config/cfg.py:3253}}
Jul 03 20:17:31.989560 np0000004466 nova-scheduler[96331]: DEBUG cotyledon.oslo_config_glue [-] oslo_limit.endpoint_override = None {{(pid=96331) log_opt_values /opt/stack/data/venv/lib/python3.12/site-packages/oslo_config/cfg.py:3253}}
Jul 03 20:17:31.989560 np0000004466 nova-scheduler[96331]: DEBUG cotyledon.oslo_config_glue [-] oslo_limit.endpoint_region_name = None {{(pid=96331) log_opt_values /opt/stack/data/venv/lib/python3.12/site-packages/oslo_config/cfg.py:3253}}
Jul 03 20:17:31.989685 np0000004466 nova-scheduler[96327]: DEBUG oslo_db.sqlalchemy.engines [None req-2f9d873b-4d07-4661-82fa-7be92ff271dd None None] MySQL server mode set to STRICT_TRANS_TABLES,STRICT_ALL_TABLES,NO_ZERO_IN_DATE,NO_ZERO_DATE,ERROR_FOR_DIVISION_BY_ZERO,TRADITIONAL,NO_ENGINE_SUBSTITUTION {{(pid=96327) _check_effective_sql_mode /opt/stack/data/venv/lib/python3.12/site-packages/oslo_db/sqlalchemy/engines.py:325}}
Jul 03 20:17:31.989723 np0000004466 nova-scheduler[96331]: DEBUG cotyledon.oslo_config_glue [-] oslo_limit.endpoint_service_name = None {{(pid=96331) log_opt_values /opt/stack/data/venv/lib/python3.12/site-packages/oslo_config/cfg.py:3253}}
Jul 03 20:17:31.989723 np0000004466 nova-scheduler[96331]: DEBUG cotyledon.oslo_config_glue [-] oslo_limit.endpoint_service_type = None {{(pid=96331) log_opt_values /opt/stack/data/venv/lib/python3.12/site-packages/oslo_config/cfg.py:3253}}
Jul 03 20:17:31.989723 np0000004466 nova-scheduler[96331]: DEBUG cotyledon.oslo_config_glue [-] oslo_limit.insecure = False {{(pid=96331) log_opt_values /opt/stack/data/venv/lib/python3.12/site-packages/oslo_config/cfg.py:3253}}
Jul 03 20:17:31.989723 np0000004466 nova-scheduler[96331]: DEBUG cotyledon.oslo_config_glue [-] oslo_limit.keyfile = None {{(pid=96331) log_opt_values /opt/stack/data/venv/lib/python3.12/site-packages/oslo_config/cfg.py:3253}}
Jul 03 20:17:31.989723 np0000004466 nova-scheduler[96331]: DEBUG cotyledon.oslo_config_glue [-] oslo_limit.max_version = None {{(pid=96331) log_opt_values /opt/stack/data/venv/lib/python3.12/site-packages/oslo_config/cfg.py:3253}}
Jul 03 20:17:31.989723 np0000004466 nova-scheduler[96331]: DEBUG cotyledon.oslo_config_glue [-] oslo_limit.min_version = None {{(pid=96331) log_opt_values /opt/stack/data/venv/lib/python3.12/site-packages/oslo_config/cfg.py:3253}}
Jul 03 20:17:31.989723 np0000004466 nova-scheduler[96331]: DEBUG cotyledon.oslo_config_glue [-] oslo_limit.region_name = None {{(pid=96331) log_opt_values /opt/stack/data/venv/lib/python3.12/site-packages/oslo_config/cfg.py:3253}}
Jul 03 20:17:31.989723 np0000004466 nova-scheduler[96331]: DEBUG cotyledon.oslo_config_glue [-] oslo_limit.retriable_status_codes = None {{(pid=96331) log_opt_values /opt/stack/data/venv/lib/python3.12/site-packages/oslo_config/cfg.py:3253}}
Jul 03 20:17:31.989723 np0000004466 nova-scheduler[96331]: DEBUG cotyledon.oslo_config_glue [-] oslo_limit.service_name = None {{(pid=96331) log_opt_values /opt/stack/data/venv/lib/python3.12/site-packages/oslo_config/cfg.py:3253}}
Jul 03 20:17:31.989955 np0000004466 nova-scheduler[96331]: DEBUG cotyledon.oslo_config_glue [-] oslo_limit.service_type = None {{(pid=96331) log_opt_values /opt/stack/data/venv/lib/python3.12/site-packages/oslo_config/cfg.py:3253}}
Jul 03 20:17:31.989955 np0000004466 nova-scheduler[96331]: DEBUG cotyledon.oslo_config_glue [-] oslo_limit.split_loggers = False {{(pid=96331) log_opt_values /opt/stack/data/venv/lib/python3.12/site-packages/oslo_config/cfg.py:3253}}
Jul 03 20:17:31.989955 np0000004466 nova-scheduler[96331]: DEBUG cotyledon.oslo_config_glue [-] oslo_limit.status_code_retries = None {{(pid=96331) log_opt_values /opt/stack/data/venv/lib/python3.12/site-packages/oslo_config/cfg.py:3253}}
Jul 03 20:17:31.989955 np0000004466 nova-scheduler[96331]: DEBUG cotyledon.oslo_config_glue [-] oslo_limit.status_code_retry_delay = None {{(pid=96331) log_opt_values /opt/stack/data/venv/lib/python3.12/site-packages/oslo_config/cfg.py:3253}}
Jul 03 20:17:31.989955 np0000004466 nova-scheduler[96331]: DEBUG cotyledon.oslo_config_glue [-] oslo_limit.timeout = None {{(pid=96331) log_opt_values /opt/stack/data/venv/lib/python3.12/site-packages/oslo_config/cfg.py:3253}}
Jul 03 20:17:31.989955 np0000004466 nova-scheduler[96331]: DEBUG cotyledon.oslo_config_glue [-] oslo_limit.valid_interfaces = None {{(pid=96331) log_opt_values /opt/stack/data/venv/lib/python3.12/site-packages/oslo_config/cfg.py:3253}}
Jul 03 20:17:31.989955 np0000004466 nova-scheduler[96331]: DEBUG cotyledon.oslo_config_glue [-] oslo_limit.version = None {{(pid=96331) log_opt_values /opt/stack/data/venv/lib/python3.12/site-packages/oslo_config/cfg.py:3253}}
Jul 03 20:17:31.989955 np0000004466 nova-scheduler[96331]: DEBUG cotyledon.oslo_config_glue [-] oslo_reports.file_event_handler = None {{(pid=96331) log_opt_values /opt/stack/data/venv/lib/python3.12/site-packages/oslo_config/cfg.py:3253}}
Jul 03 20:17:31.989955 np0000004466 nova-scheduler[96331]: DEBUG cotyledon.oslo_config_glue [-] oslo_reports.file_event_handler_interval = 1 {{(pid=96331) log_opt_values /opt/stack/data/venv/lib/python3.12/site-packages/oslo_config/cfg.py:3253}}
Jul 03 20:17:31.990198 np0000004466 nova-scheduler[96331]: DEBUG cotyledon.oslo_config_glue [-] oslo_reports.log_dir = None {{(pid=96331) log_opt_values /opt/stack/data/venv/lib/python3.12/site-packages/oslo_config/cfg.py:3253}}
Jul 03 20:17:31.990198 np0000004466 nova-scheduler[96331]: DEBUG cotyledon.oslo_config_glue [-] ******************************************************************************** {{(pid=96331) log_opt_values /opt/stack/data/venv/lib/python3.12/site-packages/oslo_config/cfg.py:3260}}
Jul 03 20:17:31.990198 np0000004466 nova-scheduler[96331]: DEBUG cotyledon._service_worker [-] Run service ServiceWrapper(3) [96331] {{(pid=96331) wait_forever /opt/stack/data/venv/lib/python3.12/site-packages/cotyledon/_service_worker.py:218}}
Jul 03 20:17:31.990198 np0000004466 nova-scheduler[96331]: INFO nova.service [-] Starting scheduler node (version 33.1.0)
Jul 03 20:17:31.990198 np0000004466 nova-scheduler[96331]: INFO dbcounter [None req-b5d0d5a4-accc-4de5-994b-e20363bfc539 None None] Registered counter for database nova_cell0
Jul 03 20:17:31.990308 np0000004466 nova-scheduler[96327]: DEBUG dbcounter [-] [96327] Writer thread running {{(pid=96327) stat_writer /opt/stack/data/venv/lib/python3.12/site-packages/dbcounter.py:102}}
Jul 03 20:17:31.997021 np0000004466 nova-scheduler[96325]: DEBUG oslo_db.sqlalchemy.engines [None req-6eba2179-91c1-45b8-8cdc-432d57ecca18 None None] MySQL server mode set to STRICT_TRANS_TABLES,STRICT_ALL_TABLES,NO_ZERO_IN_DATE,NO_ZERO_DATE,ERROR_FOR_DIVISION_BY_ZERO,TRADITIONAL,NO_ENGINE_SUBSTITUTION {{(pid=96325) _check_effective_sql_mode /opt/stack/data/venv/lib/python3.12/site-packages/oslo_db/sqlalchemy/engines.py:325}}
Jul 03 20:17:32.004105 np0000004466 nova-scheduler[96329]: DEBUG oslo_db.sqlalchemy.engines [None req-724da27d-b040-437f-a46d-6cbcfe11af57 None None] MySQL server mode set to STRICT_TRANS_TABLES,STRICT_ALL_TABLES,NO_ZERO_IN_DATE,NO_ZERO_DATE,ERROR_FOR_DIVISION_BY_ZERO,TRADITIONAL,NO_ENGINE_SUBSTITUTION {{(pid=96329) _check_effective_sql_mode /opt/stack/data/venv/lib/python3.12/site-packages/oslo_db/sqlalchemy/engines.py:325}}
Jul 03 20:17:32.005295 np0000004466 nova-scheduler[96327]: DEBUG nova.service [None req-2f9d873b-4d07-4661-82fa-7be92ff271dd None None] Creating RPC server for service: nova-scheduler on topic: scheduler {{(pid=96327) start /opt/stack/nova/nova/service.py:196}}
Jul 03 20:17:32.009904 np0000004466 nova-scheduler[96325]: DEBUG dbcounter [-] [96325] Writer thread running {{(pid=96325) stat_writer /opt/stack/data/venv/lib/python3.12/site-packages/dbcounter.py:102}}
Jul 03 20:17:32.014446 np0000004466 nova-scheduler[96325]: DEBUG nova.service [None req-6eba2179-91c1-45b8-8cdc-432d57ecca18 None None] Creating RPC server for service: nova-scheduler on topic: scheduler {{(pid=96325) start /opt/stack/nova/nova/service.py:196}}
Jul 03 20:17:32.015356 np0000004466 nova-scheduler[96329]: DEBUG dbcounter [-] [96329] Writer thread running {{(pid=96329) stat_writer /opt/stack/data/venv/lib/python3.12/site-packages/dbcounter.py:102}}
Jul 03 20:17:32.027327 np0000004466 nova-scheduler[96329]: DEBUG nova.service [None req-724da27d-b040-437f-a46d-6cbcfe11af57 None None] Creating RPC server for service: nova-scheduler on topic: scheduler {{(pid=96329) start /opt/stack/nova/nova/service.py:196}}
Jul 03 20:17:32.046402 np0000004466 nova-scheduler[96331]: DEBUG oslo_db.sqlalchemy.engines [None req-b5d0d5a4-accc-4de5-994b-e20363bfc539 None None] MySQL server mode set to STRICT_TRANS_TABLES,STRICT_ALL_TABLES,NO_ZERO_IN_DATE,NO_ZERO_DATE,ERROR_FOR_DIVISION_BY_ZERO,TRADITIONAL,NO_ENGINE_SUBSTITUTION {{(pid=96331) _check_effective_sql_mode /opt/stack/data/venv/lib/python3.12/site-packages/oslo_db/sqlalchemy/engines.py:325}}
Jul 03 20:17:32.056617 np0000004466 nova-scheduler[96331]: DEBUG dbcounter [-] [96331] Writer thread running {{(pid=96331) stat_writer /opt/stack/data/venv/lib/python3.12/site-packages/dbcounter.py:102}}
Jul 03 20:17:32.059548 np0000004466 nova-scheduler[96327]: DEBUG nova.service [None req-2f9d873b-4d07-4661-82fa-7be92ff271dd None None] Join ServiceGroup membership for this service scheduler {{(pid=96327) start /opt/stack/nova/nova/service.py:222}}
Jul 03 20:17:32.059720 np0000004466 nova-scheduler[96327]: DEBUG nova.servicegroup.drivers.db [None req-2f9d873b-4d07-4661-82fa-7be92ff271dd None None] DB_Driver: join new ServiceGroup member np0000004466 to the scheduler group, service = {{(pid=96327) join /opt/stack/nova/nova/servicegroup/drivers/db.py:44}}
Jul 03 20:17:32.060594 np0000004466 nova-scheduler[96329]: DEBUG nova.service [None req-724da27d-b040-437f-a46d-6cbcfe11af57 None None] Join ServiceGroup membership for this service scheduler {{(pid=96329) start /opt/stack/nova/nova/service.py:222}}
Jul 03 20:17:32.060847 np0000004466 nova-scheduler[96329]: DEBUG nova.servicegroup.drivers.db [None req-724da27d-b040-437f-a46d-6cbcfe11af57 None None] DB_Driver: join new ServiceGroup member np0000004466 to the scheduler group, service = {{(pid=96329) join /opt/stack/nova/nova/servicegroup/drivers/db.py:44}}
Jul 03 20:17:32.061272 np0000004466 nova-scheduler[96331]: DEBUG nova.service [None req-b5d0d5a4-accc-4de5-994b-e20363bfc539 None None] Creating RPC server for service: nova-scheduler on topic: scheduler {{(pid=96331) start /opt/stack/nova/nova/service.py:196}}
Jul 03 20:17:32.066161 np0000004466 nova-scheduler[96325]: DEBUG nova.service [None req-6eba2179-91c1-45b8-8cdc-432d57ecca18 None None] Join ServiceGroup membership for this service scheduler {{(pid=96325) start /opt/stack/nova/nova/service.py:222}}
Jul 03 20:17:32.066516 np0000004466 nova-scheduler[96325]: DEBUG nova.servicegroup.drivers.db [None req-6eba2179-91c1-45b8-8cdc-432d57ecca18 None None] DB_Driver: join new ServiceGroup member np0000004466 to the scheduler group, service = {{(pid=96325) join /opt/stack/nova/nova/servicegroup/drivers/db.py:44}}
Jul 03 20:17:32.087975 np0000004466 nova-scheduler[96331]: DEBUG nova.service [None req-b5d0d5a4-accc-4de5-994b-e20363bfc539 None None] Join ServiceGroup membership for this service scheduler {{(pid=96331) start /opt/stack/nova/nova/service.py:222}}
Jul 03 20:17:32.088326 np0000004466 nova-scheduler[96331]: DEBUG nova.servicegroup.drivers.db [None req-b5d0d5a4-accc-4de5-994b-e20363bfc539 None None] DB_Driver: join new ServiceGroup member np0000004466 to the scheduler group, service = {{(pid=96331) join /opt/stack/nova/nova/servicegroup/drivers/db.py:44}}
Jul 03 20:17:37.089496 np0000004466 nova-scheduler[96325]: DEBUG oslo.service.backend._threading.loopingcall [-] Fixed interval looping call 'nova.servicegroup.drivers.db.DbDriver._report_state' sleeping for 119.98 seconds {{(pid=96325) _run_loop /opt/stack/data/venv/lib/python3.12/site-packages/oslo_service/backend/_threading/loopingcall.py:125}}
Jul 03 20:17:37.090921 np0000004466 nova-scheduler[96327]: DEBUG oslo.service.backend._threading.loopingcall [-] Fixed interval looping call 'nova.servicegroup.drivers.db.DbDriver._report_state' sleeping for 119.98 seconds {{(pid=96327) _run_loop /opt/stack/data/venv/lib/python3.12/site-packages/oslo_service/backend/_threading/loopingcall.py:125}}
Jul 03 20:17:37.091751 np0000004466 nova-scheduler[96329]: DEBUG oslo.service.backend._threading.loopingcall [-] Fixed interval looping call 'nova.servicegroup.drivers.db.DbDriver._report_state' sleeping for 119.97 seconds {{(pid=96329) _run_loop /opt/stack/data/venv/lib/python3.12/site-packages/oslo_service/backend/_threading/loopingcall.py:125}}
Jul 03 20:17:37.098918 np0000004466 nova-scheduler[96331]: DEBUG oslo.service.backend._threading.loopingcall [-] Fixed interval looping call 'nova.servicegroup.drivers.db.DbDriver._report_state' sleeping for 119.99 seconds {{(pid=96331) _run_loop /opt/stack/data/venv/lib/python3.12/site-packages/oslo_service/backend/_threading/loopingcall.py:125}}
Jul 03 20:17:40.539434 np0000004466 nova-scheduler[95121]: DEBUG dbcounter [-] [95121] Writing DB stats nova_api:SELECT=3 {{(pid=95121) stat_writer /opt/stack/data/venv/lib/python3.12/site-packages/dbcounter.py:115}}
Jul 03 20:17:40.688957 np0000004466 nova-scheduler[95121]: DEBUG dbcounter [-] [95121] Writing DB stats nova_cell0:SELECT=1 {{(pid=95121) stat_writer /opt/stack/data/venv/lib/python3.12/site-packages/dbcounter.py:115}}
Jul 03 20:17:40.694626 np0000004466 nova-scheduler[95121]: DEBUG dbcounter [-] [95121] Writing DB stats nova_cell1:SELECT=1 {{(pid=95121) stat_writer /opt/stack/data/venv/lib/python3.12/site-packages/dbcounter.py:115}}
Jul 03 20:17:41.064248 np0000004466 nova-scheduler[96329]: DEBUG oslo.service.backend._threading.loopingcall [None req-b68a1d16-9148-4687-9330-0c27d8ab6031 None None] Dynamic interval looping call 'nova.service.Service.periodic_tasks' sleeping for 60.00 seconds {{(pid=96329) _run_loop /opt/stack/data/venv/lib/python3.12/site-packages/oslo_service/backend/_threading/loopingcall.py:125}}
Jul 03 20:17:42.069875 np0000004466 nova-scheduler[96325]: DEBUG oslo.service.backend._threading.loopingcall [None req-2bbfed52-e436-441b-b597-7878274ff579 None None] Dynamic interval looping call 'nova.service.Service.periodic_tasks' sleeping for 60.00 seconds {{(pid=96325) _run_loop /opt/stack/data/venv/lib/python3.12/site-packages/oslo_service/backend/_threading/loopingcall.py:125}}
Jul 03 20:17:47.083129 np0000004466 nova-scheduler[96327]: DEBUG dbcounter [-] [96327] Writing DB stats nova_cell0:SELECT=4,nova_cell0:INSERT=1,nova_cell0:UPDATE=1 {{(pid=96327) stat_writer /opt/stack/data/venv/lib/python3.12/site-packages/dbcounter.py:115}}
Jul 03 20:17:47.083584 np0000004466 nova-scheduler[96325]: DEBUG dbcounter [-] [96325] Writing DB stats nova_cell0:SELECT=3,nova_cell0:UPDATE=1 {{(pid=96325) stat_writer /opt/stack/data/venv/lib/python3.12/site-packages/dbcounter.py:115}}
Jul 03 20:17:47.084336 np0000004466 nova-scheduler[96329]: DEBUG dbcounter [-] [96329] Writing DB stats nova_cell0:SELECT=3,nova_cell0:UPDATE=1 {{(pid=96329) stat_writer /opt/stack/data/venv/lib/python3.12/site-packages/dbcounter.py:115}}
Jul 03 20:17:47.095972 np0000004466 nova-scheduler[96331]: DEBUG dbcounter [-] [96331] Writing DB stats nova_cell0:SELECT=3 {{(pid=96331) stat_writer /opt/stack/data/venv/lib/python3.12/site-packages/dbcounter.py:115}}
Jul 03 20:18:03.066915 np0000004466 nova-scheduler[96327]: DEBUG oslo.service.backend._threading.loopingcall [None req-5bb49815-0c2a-43cb-85e6-9e7abbc86e7a None None] Dynamic interval looping call 'nova.service.Service.periodic_tasks' sleeping for 60.00 seconds {{(pid=96327) _run_loop /opt/stack/data/venv/lib/python3.12/site-packages/oslo_service/backend/_threading/loopingcall.py:125}}
Jul 03 20:18:06.091451 np0000004466 nova-scheduler[96331]: DEBUG oslo.service.backend._threading.loopingcall [None req-f69fc05e-1c26-4f8c-a65d-50e06728f8c9 None None] Dynamic interval looping call 'nova.service.Service.periodic_tasks' sleeping for 60.00 seconds {{(pid=96331) _run_loop /opt/stack/data/venv/lib/python3.12/site-packages/oslo_service/backend/_threading/loopingcall.py:125}}
Jul 03 20:18:41.064844 np0000004466 nova-scheduler[96329]: DEBUG oslo.service.backend._threading.loopingcall [None req-b68a1d16-9148-4687-9330-0c27d8ab6031 None None] Dynamic interval looping call 'nova.service.Service.periodic_tasks' sleeping for 60.00 seconds {{(pid=96329) _run_loop /opt/stack/data/venv/lib/python3.12/site-packages/oslo_service/backend/_threading/loopingcall.py:125}}
Jul 03 20:18:42.070372 np0000004466 nova-scheduler[96325]: DEBUG oslo.service.backend._threading.loopingcall [None req-2bbfed52-e436-441b-b597-7878274ff579 None None] Dynamic interval looping call 'nova.service.Service.periodic_tasks' sleeping for 60.00 seconds {{(pid=96325) _run_loop /opt/stack/data/venv/lib/python3.12/site-packages/oslo_service/backend/_threading/loopingcall.py:125}}
Jul 03 20:19:03.067477 np0000004466 nova-scheduler[96327]: DEBUG oslo.service.backend._threading.loopingcall [None req-5bb49815-0c2a-43cb-85e6-9e7abbc86e7a None None] Dynamic interval looping call 'nova.service.Service.periodic_tasks' sleeping for 60.00 seconds {{(pid=96327) _run_loop /opt/stack/data/venv/lib/python3.12/site-packages/oslo_service/backend/_threading/loopingcall.py:125}}
Jul 03 20:19:06.091938 np0000004466 nova-scheduler[96331]: DEBUG oslo.service.backend._threading.loopingcall [None req-f69fc05e-1c26-4f8c-a65d-50e06728f8c9 None None] Dynamic interval looping call 'nova.service.Service.periodic_tasks' sleeping for 60.00 seconds {{(pid=96331) _run_loop /opt/stack/data/venv/lib/python3.12/site-packages/oslo_service/backend/_threading/loopingcall.py:125}}
Jul 03 20:19:37.069632 np0000004466 nova-scheduler[96329]: DEBUG oslo.service.backend._threading.loopingcall [-] Fixed interval looping call 'nova.servicegroup.drivers.db.DbDriver._report_state' sleeping for 119.99 seconds {{(pid=96329) _run_loop /opt/stack/data/venv/lib/python3.12/site-packages/oslo_service/backend/_threading/loopingcall.py:125}}
Jul 03 20:19:37.074036 np0000004466 nova-scheduler[96325]: DEBUG oslo.service.backend._threading.loopingcall [-] Fixed interval looping call 'nova.servicegroup.drivers.db.DbDriver._report_state' sleeping for 120.00 seconds {{(pid=96325) _run_loop /opt/stack/data/venv/lib/python3.12/site-packages/oslo_service/backend/_threading/loopingcall.py:125}}
Jul 03 20:19:37.075492 np0000004466 nova-scheduler[96327]: DEBUG oslo.service.backend._threading.loopingcall [-] Fixed interval looping call 'nova.servicegroup.drivers.db.DbDriver._report_state' sleeping for 120.00 seconds {{(pid=96327) _run_loop /opt/stack/data/venv/lib/python3.12/site-packages/oslo_service/backend/_threading/loopingcall.py:125}}
Jul 03 20:19:37.092195 np0000004466 nova-scheduler[96331]: DEBUG oslo.service.backend._threading.loopingcall [-] Fixed interval looping call 'nova.servicegroup.drivers.db.DbDriver._report_state' sleeping for 120.00 seconds {{(pid=96331) _run_loop /opt/stack/data/venv/lib/python3.12/site-packages/oslo_service/backend/_threading/loopingcall.py:125}}
Jul 03 20:19:41.065377 np0000004466 nova-scheduler[96329]: DEBUG oslo.service.backend._threading.loopingcall [None req-b68a1d16-9148-4687-9330-0c27d8ab6031 None None] Dynamic interval looping call 'nova.service.Service.periodic_tasks' sleeping for 60.00 seconds {{(pid=96329) _run_loop /opt/stack/data/venv/lib/python3.12/site-packages/oslo_service/backend/_threading/loopingcall.py:125}}
Jul 03 20:19:42.070885 np0000004466 nova-scheduler[96325]: DEBUG oslo.service.backend._threading.loopingcall [None req-2bbfed52-e436-441b-b597-7878274ff579 None None] Dynamic interval looping call 'nova.service.Service.periodic_tasks' sleeping for 60.00 seconds {{(pid=96325) _run_loop /opt/stack/data/venv/lib/python3.12/site-packages/oslo_service/backend/_threading/loopingcall.py:125}}
Jul 03 20:19:47.065724 np0000004466 nova-scheduler[96329]: DEBUG dbcounter [-] [96329] Writing DB stats nova_cell0:SELECT=1,nova_cell0:UPDATE=1 {{(pid=96329) stat_writer /opt/stack/data/venv/lib/python3.12/site-packages/dbcounter.py:115}}
Jul 03 20:19:47.071138 np0000004466 nova-scheduler[96325]: DEBUG dbcounter [-] [96325] Writing DB stats nova_cell0:SELECT=1 {{(pid=96325) stat_writer /opt/stack/data/venv/lib/python3.12/site-packages/dbcounter.py:115}}
Jul 03 20:19:47.073850 np0000004466 nova-scheduler[96327]: DEBUG dbcounter [-] [96327] Writing DB stats nova_cell0:SELECT=1 {{(pid=96327) stat_writer /opt/stack/data/venv/lib/python3.12/site-packages/dbcounter.py:115}}
Jul 03 20:19:47.090676 np0000004466 nova-scheduler[96331]: DEBUG dbcounter [-] [96331] Writing DB stats nova_cell0:SELECT=1 {{(pid=96331) stat_writer /opt/stack/data/venv/lib/python3.12/site-packages/dbcounter.py:115}}
Jul 03 20:20:03.069103 np0000004466 nova-scheduler[96327]: DEBUG oslo.service.backend._threading.loopingcall [None req-5bb49815-0c2a-43cb-85e6-9e7abbc86e7a None None] Dynamic interval looping call 'nova.service.Service.periodic_tasks' sleeping for 60.00 seconds {{(pid=96327) _run_loop /opt/stack/data/venv/lib/python3.12/site-packages/oslo_service/backend/_threading/loopingcall.py:125}}
Jul 03 20:20:06.094266 np0000004466 nova-scheduler[96331]: DEBUG oslo.service.backend._threading.loopingcall [None req-f69fc05e-1c26-4f8c-a65d-50e06728f8c9 None None] Dynamic interval looping call 'nova.service.Service.periodic_tasks' sleeping for 60.00 seconds {{(pid=96331) _run_loop /opt/stack/data/venv/lib/python3.12/site-packages/oslo_service/backend/_threading/loopingcall.py:125}}
Jul 03 20:20:31.757967 np0000004466 nova-scheduler[96327]: DEBUG nova.scheduler.manager [None req-4afa12ec-ffaf-4331-bdee-a8260449d7b7 tempest-VolumesAdminNegativeTest-1687163629 tempest-VolumesAdminNegativeTest-1687163629-project-member] Starting to schedule for instances: ['52d7d668-cbe6-4ae7-9ab5-586bffd38591'] {{(pid=96327) select_destinations /opt/stack/nova/nova/scheduler/manager.py:209}}
Jul 03 20:20:31.762021 np0000004466 nova-scheduler[96327]: DEBUG nova.scheduler.request_filter [None req-4afa12ec-ffaf-4331-bdee-a8260449d7b7 tempest-VolumesAdminNegativeTest-1687163629 tempest-VolumesAdminNegativeTest-1687163629-project-member] compute_status_filter request filter added forbidden trait COMPUTE_STATUS_DISABLED {{(pid=96327) compute_status_filter /opt/stack/nova/nova/scheduler/request_filter.py:253}}
Jul 03 20:20:31.762021 np0000004466 nova-scheduler[96327]: DEBUG nova.scheduler.request_filter [None req-4afa12ec-ffaf-4331-bdee-a8260449d7b7 tempest-VolumesAdminNegativeTest-1687163629 tempest-VolumesAdminNegativeTest-1687163629-project-member] Request filter 'compute_status_filter' took 0.0 seconds {{(pid=96327) wrapper /opt/stack/nova/nova/scheduler/request_filter.py:46}}
Jul 03 20:20:31.762021 np0000004466 nova-scheduler[96327]: DEBUG nova.scheduler.request_filter [None req-4afa12ec-ffaf-4331-bdee-a8260449d7b7 tempest-VolumesAdminNegativeTest-1687163629 tempest-VolumesAdminNegativeTest-1687163629-project-member] Request filter 'accelerators_filter' took 0.0 seconds {{(pid=96327) wrapper /opt/stack/nova/nova/scheduler/request_filter.py:46}}
Jul 03 20:20:31.762021 np0000004466 nova-scheduler[96327]: DEBUG nova.scheduler.request_filter [None req-4afa12ec-ffaf-4331-bdee-a8260449d7b7 tempest-VolumesAdminNegativeTest-1687163629 tempest-VolumesAdminNegativeTest-1687163629-project-member] Request filter 'packed_virtqueue_filter' took 0.0 seconds {{(pid=96327) wrapper /opt/stack/nova/nova/scheduler/request_filter.py:46}}
Jul 03 20:20:31.762021 np0000004466 nova-scheduler[96327]: DEBUG nova.scheduler.request_filter [None req-4afa12ec-ffaf-4331-bdee-a8260449d7b7 tempest-VolumesAdminNegativeTest-1687163629 tempest-VolumesAdminNegativeTest-1687163629-project-member] Request filter 'remote_managed_ports_filter' took 0.0 seconds {{(pid=96327) wrapper /opt/stack/nova/nova/scheduler/request_filter.py:46}}
Jul 03 20:20:31.762456 np0000004466 nova-scheduler[96327]: DEBUG nova.scheduler.request_filter [None req-4afa12ec-ffaf-4331-bdee-a8260449d7b7 tempest-VolumesAdminNegativeTest-1687163629 tempest-VolumesAdminNegativeTest-1687163629-project-member] ephemeral_encryption_filter skipped {{(pid=96327) ephemeral_encryption_filter /opt/stack/nova/nova/scheduler/request_filter.py:426}}
Jul 03 20:20:31.762456 np0000004466 nova-scheduler[96327]: DEBUG nova.scheduler.request_filter [None req-4afa12ec-ffaf-4331-bdee-a8260449d7b7 tempest-VolumesAdminNegativeTest-1687163629 tempest-VolumesAdminNegativeTest-1687163629-project-member] virtio_sound_filter skipped {{(pid=96327) virtio_sound_filter /opt/stack/nova/nova/scheduler/request_filter.py:460}}
Jul 03 20:20:31.762456 np0000004466 nova-scheduler[96327]: DEBUG nova.scheduler.request_filter [None req-4afa12ec-ffaf-4331-bdee-a8260449d7b7 tempest-VolumesAdminNegativeTest-1687163629 tempest-VolumesAdminNegativeTest-1687163629-project-member] tpm_secret_security_filter skipped {{(pid=96327) tpm_secret_security_filter /opt/stack/nova/nova/scheduler/request_filter.py:477}}
Jul 03 20:20:32.505392 np0000004466 nova-scheduler[96329]: DEBUG nova.scheduler.manager [None req-26e5063a-ea39-4b16-b451-3d9984c3b579 tempest-AttachSCSIVolumeTestJSON-528186306 tempest-AttachSCSIVolumeTestJSON-528186306-project-member] Starting to schedule for instances: ['97d9b39a-fb47-4bff-9a54-2abfa01e669b'] {{(pid=96329) select_destinations /opt/stack/nova/nova/scheduler/manager.py:209}}
Jul 03 20:20:32.506488 np0000004466 nova-scheduler[96329]: DEBUG nova.scheduler.request_filter [None req-26e5063a-ea39-4b16-b451-3d9984c3b579 tempest-AttachSCSIVolumeTestJSON-528186306 tempest-AttachSCSIVolumeTestJSON-528186306-project-member] compute_status_filter request filter added forbidden trait COMPUTE_STATUS_DISABLED {{(pid=96329) compute_status_filter /opt/stack/nova/nova/scheduler/request_filter.py:253}}
Jul 03 20:20:32.506488 np0000004466 nova-scheduler[96329]: DEBUG nova.scheduler.request_filter [None req-26e5063a-ea39-4b16-b451-3d9984c3b579 tempest-AttachSCSIVolumeTestJSON-528186306 tempest-AttachSCSIVolumeTestJSON-528186306-project-member] Request filter 'compute_status_filter' took 0.0 seconds {{(pid=96329) wrapper /opt/stack/nova/nova/scheduler/request_filter.py:46}}
Jul 03 20:20:32.506488 np0000004466 nova-scheduler[96329]: DEBUG nova.scheduler.request_filter [None req-26e5063a-ea39-4b16-b451-3d9984c3b579 tempest-AttachSCSIVolumeTestJSON-528186306 tempest-AttachSCSIVolumeTestJSON-528186306-project-member] Request filter 'accelerators_filter' took 0.0 seconds {{(pid=96329) wrapper /opt/stack/nova/nova/scheduler/request_filter.py:46}}
Jul 03 20:20:32.506745 np0000004466 nova-scheduler[96329]: DEBUG nova.scheduler.request_filter [None req-26e5063a-ea39-4b16-b451-3d9984c3b579 tempest-AttachSCSIVolumeTestJSON-528186306 tempest-AttachSCSIVolumeTestJSON-528186306-project-member] Request filter 'packed_virtqueue_filter' took 0.0 seconds {{(pid=96329) wrapper /opt/stack/nova/nova/scheduler/request_filter.py:46}}
Jul 03 20:20:32.507190 np0000004466 nova-scheduler[96329]: DEBUG nova.scheduler.request_filter [None req-26e5063a-ea39-4b16-b451-3d9984c3b579 tempest-AttachSCSIVolumeTestJSON-528186306 tempest-AttachSCSIVolumeTestJSON-528186306-project-member] Request filter 'remote_managed_ports_filter' took 0.0 seconds {{(pid=96329) wrapper /opt/stack/nova/nova/scheduler/request_filter.py:46}}
Jul 03 20:20:32.507295 np0000004466 nova-scheduler[96329]: DEBUG nova.scheduler.request_filter [None req-26e5063a-ea39-4b16-b451-3d9984c3b579 tempest-AttachSCSIVolumeTestJSON-528186306 tempest-AttachSCSIVolumeTestJSON-528186306-project-member] ephemeral_encryption_filter skipped {{(pid=96329) ephemeral_encryption_filter /opt/stack/nova/nova/scheduler/request_filter.py:426}}
Jul 03 20:20:32.507461 np0000004466 nova-scheduler[96329]: DEBUG nova.scheduler.request_filter [None req-26e5063a-ea39-4b16-b451-3d9984c3b579 tempest-AttachSCSIVolumeTestJSON-528186306 tempest-AttachSCSIVolumeTestJSON-528186306-project-member] virtio_sound_filter skipped {{(pid=96329) virtio_sound_filter /opt/stack/nova/nova/scheduler/request_filter.py:460}}
Jul 03 20:20:32.507616 np0000004466 nova-scheduler[96329]: DEBUG nova.scheduler.request_filter [None req-26e5063a-ea39-4b16-b451-3d9984c3b579 tempest-AttachSCSIVolumeTestJSON-528186306 tempest-AttachSCSIVolumeTestJSON-528186306-project-member] tpm_secret_security_filter skipped {{(pid=96329) tpm_secret_security_filter /opt/stack/nova/nova/scheduler/request_filter.py:477}}
Jul 03 20:20:32.597241 np0000004466 nova-scheduler[96327]: INFO nova.utils [None req-4afa12ec-ffaf-4331-bdee-a8260449d7b7 tempest-VolumesAdminNegativeTest-1687163629 tempest-VolumesAdminNegativeTest-1687163629-project-member] The cell worker thread pool ForkProcess-2.cell_worker is initialized
Jul 03 20:20:32.597241 np0000004466 nova-scheduler[96327]: DEBUG oslo_concurrency.lockutils [None req-4afa12ec-ffaf-4331-bdee-a8260449d7b7 tempest-VolumesAdminNegativeTest-1687163629 tempest-VolumesAdminNegativeTest-1687163629-project-member] Acquiring lock "e622f4cc-e393-4052-b236-d67c46cf7175" by "nova.context.set_target_cell..get_or_set_cached_cell_and_set_connections" {{(pid=96327) inner /opt/stack/data/venv/lib/python3.12/site-packages/oslo_concurrency/lockutils.py:511}}
Jul 03 20:20:32.597241 np0000004466 nova-scheduler[96327]: DEBUG oslo_concurrency.lockutils [None req-4afa12ec-ffaf-4331-bdee-a8260449d7b7 tempest-VolumesAdminNegativeTest-1687163629 tempest-VolumesAdminNegativeTest-1687163629-project-member] Lock "e622f4cc-e393-4052-b236-d67c46cf7175" acquired by "nova.context.set_target_cell..get_or_set_cached_cell_and_set_connections" :: waited 0.000s {{(pid=96327) inner /opt/stack/data/venv/lib/python3.12/site-packages/oslo_concurrency/lockutils.py:524}}
Jul 03 20:20:32.597839 np0000004466 nova-scheduler[96327]: DEBUG oslo_concurrency.lockutils [None req-4afa12ec-ffaf-4331-bdee-a8260449d7b7 tempest-VolumesAdminNegativeTest-1687163629 tempest-VolumesAdminNegativeTest-1687163629-project-member] Lock "e622f4cc-e393-4052-b236-d67c46cf7175" "released" by "nova.context.set_target_cell..get_or_set_cached_cell_and_set_connections" :: held 0.001s {{(pid=96327) inner /opt/stack/data/venv/lib/python3.12/site-packages/oslo_concurrency/lockutils.py:543}}
Jul 03 20:20:32.599596 np0000004466 nova-scheduler[96327]: INFO dbcounter [None req-4afa12ec-ffaf-4331-bdee-a8260449d7b7 tempest-VolumesAdminNegativeTest-1687163629 tempest-VolumesAdminNegativeTest-1687163629-project-member] Registered counter for database nova_cell1
Jul 03 20:20:32.653961 np0000004466 nova-scheduler[96329]: INFO nova.utils [None req-26e5063a-ea39-4b16-b451-3d9984c3b579 tempest-AttachSCSIVolumeTestJSON-528186306 tempest-AttachSCSIVolumeTestJSON-528186306-project-member] The cell worker thread pool ForkProcess-3.cell_worker is initialized
Jul 03 20:20:32.655261 np0000004466 nova-scheduler[96329]: DEBUG oslo_concurrency.lockutils [None req-26e5063a-ea39-4b16-b451-3d9984c3b579 tempest-AttachSCSIVolumeTestJSON-528186306 tempest-AttachSCSIVolumeTestJSON-528186306-project-member] Acquiring lock "e622f4cc-e393-4052-b236-d67c46cf7175" by "nova.context.set_target_cell..get_or_set_cached_cell_and_set_connections" {{(pid=96329) inner /opt/stack/data/venv/lib/python3.12/site-packages/oslo_concurrency/lockutils.py:511}}
Jul 03 20:20:32.655261 np0000004466 nova-scheduler[96329]: DEBUG oslo_concurrency.lockutils [None req-26e5063a-ea39-4b16-b451-3d9984c3b579 tempest-AttachSCSIVolumeTestJSON-528186306 tempest-AttachSCSIVolumeTestJSON-528186306-project-member] Lock "e622f4cc-e393-4052-b236-d67c46cf7175" acquired by "nova.context.set_target_cell..get_or_set_cached_cell_and_set_connections" :: waited 0.000s {{(pid=96329) inner /opt/stack/data/venv/lib/python3.12/site-packages/oslo_concurrency/lockutils.py:524}}
Jul 03 20:20:32.656353 np0000004466 nova-scheduler[96329]: DEBUG oslo_concurrency.lockutils [None req-26e5063a-ea39-4b16-b451-3d9984c3b579 tempest-AttachSCSIVolumeTestJSON-528186306 tempest-AttachSCSIVolumeTestJSON-528186306-project-member] Lock "e622f4cc-e393-4052-b236-d67c46cf7175" "released" by "nova.context.set_target_cell..get_or_set_cached_cell_and_set_connections" :: held 0.002s {{(pid=96329) inner /opt/stack/data/venv/lib/python3.12/site-packages/oslo_concurrency/lockutils.py:543}}
Jul 03 20:20:32.658956 np0000004466 nova-scheduler[96329]: INFO dbcounter [None req-26e5063a-ea39-4b16-b451-3d9984c3b579 tempest-AttachSCSIVolumeTestJSON-528186306 tempest-AttachSCSIVolumeTestJSON-528186306-project-member] Registered counter for database nova_cell1
Jul 03 20:20:32.659124 np0000004466 nova-scheduler[96327]: DEBUG oslo_db.sqlalchemy.engines [None req-4afa12ec-ffaf-4331-bdee-a8260449d7b7 tempest-VolumesAdminNegativeTest-1687163629 tempest-VolumesAdminNegativeTest-1687163629-project-member] MySQL server mode set to STRICT_TRANS_TABLES,STRICT_ALL_TABLES,NO_ZERO_IN_DATE,NO_ZERO_DATE,ERROR_FOR_DIVISION_BY_ZERO,TRADITIONAL,NO_ENGINE_SUBSTITUTION {{(pid=96327) _check_effective_sql_mode /opt/stack/data/venv/lib/python3.12/site-packages/oslo_db/sqlalchemy/engines.py:325}}
Jul 03 20:20:32.675691 np0000004466 nova-scheduler[96327]: DEBUG dbcounter [-] [96327] Writer thread running {{(pid=96327) stat_writer /opt/stack/data/venv/lib/python3.12/site-packages/dbcounter.py:102}}
Jul 03 20:20:32.700280 np0000004466 nova-scheduler[96327]: DEBUG oslo_db.sqlalchemy.engines [None req-4afa12ec-ffaf-4331-bdee-a8260449d7b7 tempest-VolumesAdminNegativeTest-1687163629 tempest-VolumesAdminNegativeTest-1687163629-project-member] Parent process 95121 forked (96327) with an open database connection, which is being discarded and recreated. {{(pid=96327) checkout /opt/stack/data/venv/lib/python3.12/site-packages/oslo_db/sqlalchemy/engines.py:402}}
Jul 03 20:20:32.711264 np0000004466 nova-scheduler[96329]: DEBUG oslo_db.sqlalchemy.engines [None req-26e5063a-ea39-4b16-b451-3d9984c3b579 tempest-AttachSCSIVolumeTestJSON-528186306 tempest-AttachSCSIVolumeTestJSON-528186306-project-member] MySQL server mode set to STRICT_TRANS_TABLES,STRICT_ALL_TABLES,NO_ZERO_IN_DATE,NO_ZERO_DATE,ERROR_FOR_DIVISION_BY_ZERO,TRADITIONAL,NO_ENGINE_SUBSTITUTION {{(pid=96329) _check_effective_sql_mode /opt/stack/data/venv/lib/python3.12/site-packages/oslo_db/sqlalchemy/engines.py:325}}
Jul 03 20:20:32.717685 np0000004466 nova-scheduler[96329]: DEBUG dbcounter [-] [96329] Writer thread running {{(pid=96329) stat_writer /opt/stack/data/venv/lib/python3.12/site-packages/dbcounter.py:102}}
Jul 03 20:20:32.747880 np0000004466 nova-scheduler[96327]: DEBUG dbcounter [-] [96327] Writer thread running {{(pid=96327) stat_writer /opt/stack/data/venv/lib/python3.12/site-packages/dbcounter.py:102}}
Jul 03 20:20:32.753117 np0000004466 nova-scheduler[96327]: DEBUG oslo_concurrency.lockutils [None req-4afa12ec-ffaf-4331-bdee-a8260449d7b7 tempest-VolumesAdminNegativeTest-1687163629 tempest-VolumesAdminNegativeTest-1687163629-project-member] Acquiring lock "e622f4cc-e393-4052-b236-d67c46cf7175" by "nova.context.set_target_cell..get_or_set_cached_cell_and_set_connections" {{(pid=96327) inner /opt/stack/data/venv/lib/python3.12/site-packages/oslo_concurrency/lockutils.py:511}}
