May 28 06:26:15.873421 np0000001592 neutron-periodic-workers[89002]: DEBUG cotyledon.oslo_config_glue [-] database.db_inc_retry_interval = True {{(pid=89002) log_opt_values /opt/stack/data/venv/lib/python3.12/site-packages/oslo_config/cfg.py:3256}}
May 28 06:26:15.873421 np0000001592 neutron-periodic-workers[89002]: DEBUG cotyledon.oslo_config_glue [-] database.db_max_retries = 20 {{(pid=89002) log_opt_values /opt/stack/data/venv/lib/python3.12/site-packages/oslo_config/cfg.py:3256}}
May 28 06:26:15.873421 np0000001592 neutron-periodic-workers[89002]: DEBUG cotyledon.oslo_config_glue [-] database.db_max_retry_interval = 10 {{(pid=89002) log_opt_values /opt/stack/data/venv/lib/python3.12/site-packages/oslo_config/cfg.py:3256}}
May 28 06:26:15.873421 np0000001592 neutron-periodic-workers[89002]: DEBUG cotyledon.oslo_config_glue [-] database.db_retry_interval = 1 {{(pid=89002) log_opt_values /opt/stack/data/venv/lib/python3.12/site-packages/oslo_config/cfg.py:3256}}
May 28 06:26:15.873421 np0000001592 neutron-periodic-workers[89002]: DEBUG cotyledon.oslo_config_glue [-] database.max_overflow = 50 {{(pid=89002) log_opt_values /opt/stack/data/venv/lib/python3.12/site-packages/oslo_config/cfg.py:3256}}
May 28 06:26:15.873421 np0000001592 neutron-periodic-workers[89002]: DEBUG cotyledon.oslo_config_glue [-] database.max_pool_size = 5 {{(pid=89002) log_opt_values /opt/stack/data/venv/lib/python3.12/site-packages/oslo_config/cfg.py:3256}}
May 28 06:26:15.873421 np0000001592 neutron-periodic-workers[89002]: DEBUG cotyledon.oslo_config_glue [-] database.max_retries = 10 {{(pid=89002) log_opt_values /opt/stack/data/venv/lib/python3.12/site-packages/oslo_config/cfg.py:3256}}
May 28 06:26:15.873421 np0000001592 neutron-periodic-workers[89002]: DEBUG cotyledon.oslo_config_glue [-] database.mysql_sql_mode = TRADITIONAL {{(pid=89002) log_opt_values /opt/stack/data/venv/lib/python3.12/site-packages/oslo_config/cfg.py:3256}}
May 28 06:26:15.873421 np0000001592 neutron-periodic-workers[89002]: DEBUG cotyledon.oslo_config_glue [-] database.mysql_wsrep_sync_wait = None {{(pid=89002) log_opt_values /opt/stack/data/venv/lib/python3.12/site-packages/oslo_config/cfg.py:3256}}
May 28 06:26:15.873844 np0000001592 neutron-periodic-workers[89002]: DEBUG cotyledon.oslo_config_glue [-] database.pool_timeout = None {{(pid=89002) log_opt_values /opt/stack/data/venv/lib/python3.12/site-packages/oslo_config/cfg.py:3256}}
May 28 06:26:15.873844 np0000001592 neutron-periodic-workers[89002]: DEBUG cotyledon.oslo_config_glue [-] database.retry_interval = 10 {{(pid=89002) log_opt_values /opt/stack/data/venv/lib/python3.12/site-packages/oslo_config/cfg.py:3256}}
May 28 06:26:15.873844 np0000001592 neutron-periodic-workers[89002]: DEBUG cotyledon.oslo_config_glue [-] database.slave_connection = **** {{(pid=89002) log_opt_values /opt/stack/data/venv/lib/python3.12/site-packages/oslo_config/cfg.py:3256}}
May 28 06:26:15.873844 np0000001592 neutron-periodic-workers[89002]: DEBUG cotyledon.oslo_config_glue [-] database.sqlite_synchronous = True {{(pid=89002) log_opt_values /opt/stack/data/venv/lib/python3.12/site-packages/oslo_config/cfg.py:3256}}
May 28 06:26:15.873997 np0000001592 neutron-periodic-workers[88992]: DEBUG neutron.worker [-] PeriodicWorker start finished, description: Periodic worker for "DbQuotaNoLockDriver" {{(pid=88992) wrapper /opt/stack/neutron/neutron/common/utils.py:200}}
May 28 06:26:15.874101 np0000001592 neutron-periodic-workers[89002]: DEBUG cotyledon.oslo_config_glue [-] database.synchronous_reader = True {{(pid=89002) log_opt_values /opt/stack/data/venv/lib/python3.12/site-packages/oslo_config/cfg.py:3256}}
May 28 06:26:15.874101 np0000001592 neutron-periodic-workers[89002]: DEBUG cotyledon.oslo_config_glue [-] database.use_db_reconnect = False {{(pid=89002) log_opt_values /opt/stack/data/venv/lib/python3.12/site-packages/oslo_config/cfg.py:3256}}
May 28 06:26:15.874101 np0000001592 neutron-periodic-workers[89002]: DEBUG cotyledon.oslo_config_glue [-] ovn.bfd_min_rx = 1000 {{(pid=89002) log_opt_values /opt/stack/data/venv/lib/python3.12/site-packages/oslo_config/cfg.py:3256}}
May 28 06:26:15.874215 np0000001592 neutron-periodic-workers[88992]: DEBUG neutron.worker [-] PeriodicWorker wait called, description: Periodic worker for "DbQuotaNoLockDriver" {{(pid=88992) wrapper /opt/stack/neutron/neutron/common/utils.py:197}}
May 28 06:26:15.874267 np0000001592 neutron-periodic-workers[89002]: DEBUG cotyledon.oslo_config_glue [-] ovn.bfd_min_tx = 100 {{(pid=89002) log_opt_values /opt/stack/data/venv/lib/python3.12/site-packages/oslo_config/cfg.py:3256}}
May 28 06:26:15.874267 np0000001592 neutron-periodic-workers[89002]: DEBUG cotyledon.oslo_config_glue [-] ovn.bfd_mult = 3 {{(pid=89002) log_opt_values /opt/stack/data/venv/lib/python3.12/site-packages/oslo_config/cfg.py:3256}}
May 28 06:26:15.874267 np0000001592 neutron-periodic-workers[89002]: DEBUG cotyledon.oslo_config_glue [-] ovn.broadcast_arps_to_all_routers = True {{(pid=89002) log_opt_values /opt/stack/data/venv/lib/python3.12/site-packages/oslo_config/cfg.py:3256}}
May 28 06:26:15.874267 np0000001592 neutron-periodic-workers[89002]: DEBUG cotyledon.oslo_config_glue [-] ovn.dhcp_default_lease_time = 43200 {{(pid=89002) log_opt_values /opt/stack/data/venv/lib/python3.12/site-packages/oslo_config/cfg.py:3256}}
May 28 06:26:15.874267 np0000001592 neutron-periodic-workers[89002]: DEBUG cotyledon.oslo_config_glue [-] ovn.disable_ovn_dhcp_for_baremetal_ports = False {{(pid=89002) log_opt_values /opt/stack/data/venv/lib/python3.12/site-packages/oslo_config/cfg.py:3256}}
May 28 06:26:15.874267 np0000001592 neutron-periodic-workers[89002]: DEBUG cotyledon.oslo_config_glue [-] ovn.dns_records_ovn_owned = False {{(pid=89002) log_opt_values /opt/stack/data/venv/lib/python3.12/site-packages/oslo_config/cfg.py:3256}}
May 28 06:26:15.874267 np0000001592 neutron-periodic-workers[89002]: DEBUG cotyledon.oslo_config_glue [-] ovn.dns_servers = [] {{(pid=89002) log_opt_values /opt/stack/data/venv/lib/python3.12/site-packages/oslo_config/cfg.py:3256}}
May 28 06:26:15.874267 np0000001592 neutron-periodic-workers[89002]: DEBUG cotyledon.oslo_config_glue [-] ovn.enable_distributed_floating_ip = False {{(pid=89002) log_opt_values /opt/stack/data/venv/lib/python3.12/site-packages/oslo_config/cfg.py:3256}}
May 28 06:26:15.874267 np0000001592 neutron-periodic-workers[89002]: DEBUG cotyledon.oslo_config_glue [-] ovn.fdb_age_threshold = 300 {{(pid=89002) log_opt_values /opt/stack/data/venv/lib/python3.12/site-packages/oslo_config/cfg.py:3256}}
May 28 06:26:15.874554 np0000001592 neutron-periodic-workers[89002]: DEBUG cotyledon.oslo_config_glue [-] ovn.ha_failover_strategy = normal {{(pid=89002) log_opt_values /opt/stack/data/venv/lib/python3.12/site-packages/oslo_config/cfg.py:3256}}
May 28 06:26:15.874554 np0000001592 neutron-periodic-workers[89002]: DEBUG cotyledon.oslo_config_glue [-] ovn.live_migration_activation_strategy = rarp {{(pid=89002) log_opt_values /opt/stack/data/venv/lib/python3.12/site-packages/oslo_config/cfg.py:3256}}
May 28 06:26:15.874554 np0000001592 neutron-periodic-workers[89002]: DEBUG cotyledon.oslo_config_glue [-] ovn.localnet_learn_fdb = False {{(pid=89002) log_opt_values /opt/stack/data/venv/lib/python3.12/site-packages/oslo_config/cfg.py:3256}}
May 28 06:26:15.874554 np0000001592 neutron-periodic-workers[89002]: DEBUG cotyledon.oslo_config_glue [-] ovn.mac_binding_age_threshold = 300 {{(pid=89002) log_opt_values /opt/stack/data/venv/lib/python3.12/site-packages/oslo_config/cfg.py:3256}}
May 28 06:26:15.874554 np0000001592 neutron-periodic-workers[89002]: DEBUG cotyledon.oslo_config_glue [-] ovn.neutron_sync_mode = log {{(pid=89002) log_opt_values /opt/stack/data/venv/lib/python3.12/site-packages/oslo_config/cfg.py:3256}}
May 28 06:26:15.874554 np0000001592 neutron-periodic-workers[89002]: DEBUG cotyledon.oslo_config_glue [-] ovn.ovn_dhcp4_global_options = {} {{(pid=89002) log_opt_values /opt/stack/data/venv/lib/python3.12/site-packages/oslo_config/cfg.py:3256}}
May 28 06:26:15.874554 np0000001592 neutron-periodic-workers[89002]: DEBUG cotyledon.oslo_config_glue [-] ovn.ovn_dhcp6_global_options = {} {{(pid=89002) log_opt_values /opt/stack/data/venv/lib/python3.12/site-packages/oslo_config/cfg.py:3256}}
May 28 06:26:15.874554 np0000001592 neutron-periodic-workers[89002]: DEBUG cotyledon.oslo_config_glue [-] ovn.ovn_l3_scheduler = leastloaded {{(pid=89002) log_opt_values /opt/stack/data/venv/lib/python3.12/site-packages/oslo_config/cfg.py:3256}}
May 28 06:26:15.874554 np0000001592 neutron-periodic-workers[89002]: DEBUG cotyledon.oslo_config_glue [-] ovn.ovn_metadata_enabled = True {{(pid=89002) log_opt_values /opt/stack/data/venv/lib/python3.12/site-packages/oslo_config/cfg.py:3256}}
May 28 06:26:15.874880 np0000001592 neutron-periodic-workers[89002]: DEBUG cotyledon.oslo_config_glue [-] ovn.ovn_nb_ca_cert = /opt/stack/data/CA/int-ca/ca-chain.pem {{(pid=89002) log_opt_values /opt/stack/data/venv/lib/python3.12/site-packages/oslo_config/cfg.py:3256}}
May 28 06:26:15.874880 np0000001592 neutron-periodic-workers[89002]: DEBUG cotyledon.oslo_config_glue [-] ovn.ovn_nb_certificate = /opt/stack/data/CA/int-ca/devstack-cert.crt {{(pid=89002) log_opt_values /opt/stack/data/venv/lib/python3.12/site-packages/oslo_config/cfg.py:3256}}
May 28 06:26:15.874880 np0000001592 neutron-periodic-workers[89002]: DEBUG cotyledon.oslo_config_glue [-] ovn.ovn_nb_connection = ['ssl:10.4.3.93:6641'] {{(pid=89002) log_opt_values /opt/stack/data/venv/lib/python3.12/site-packages/oslo_config/cfg.py:3256}}
May 28 06:26:15.874880 np0000001592 neutron-periodic-workers[89002]: DEBUG cotyledon.oslo_config_glue [-] ovn.ovn_nb_private_key = /opt/stack/data/CA/int-ca/private/devstack-cert.key {{(pid=89002) log_opt_values /opt/stack/data/venv/lib/python3.12/site-packages/oslo_config/cfg.py:3256}}
May 28 06:26:15.874880 np0000001592 neutron-periodic-workers[89002]: DEBUG cotyledon.oslo_config_glue [-] ovn.ovn_router_indirect_snat = False {{(pid=89002) log_opt_values /opt/stack/data/venv/lib/python3.12/site-packages/oslo_config/cfg.py:3256}}
May 28 06:26:15.874880 np0000001592 neutron-periodic-workers[89002]: DEBUG cotyledon.oslo_config_glue [-] ovn.ovn_sb_ca_cert = /opt/stack/data/CA/int-ca/ca-chain.pem {{(pid=89002) log_opt_values /opt/stack/data/venv/lib/python3.12/site-packages/oslo_config/cfg.py:3256}}
May 28 06:26:15.874880 np0000001592 neutron-periodic-workers[89002]: DEBUG cotyledon.oslo_config_glue [-] ovn.ovn_sb_certificate = /opt/stack/data/CA/int-ca/devstack-cert.crt {{(pid=89002) log_opt_values /opt/stack/data/venv/lib/python3.12/site-packages/oslo_config/cfg.py:3256}}
May 28 06:26:15.874880 np0000001592 neutron-periodic-workers[89002]: DEBUG cotyledon.oslo_config_glue [-] ovn.ovn_sb_connection = ['ssl:10.4.3.93:6642'] {{(pid=89002) log_opt_values /opt/stack/data/venv/lib/python3.12/site-packages/oslo_config/cfg.py:3256}}
May 28 06:26:15.875217 np0000001592 neutron-periodic-workers[89002]: DEBUG cotyledon.oslo_config_glue [-] ovn.ovn_sb_private_key = /opt/stack/data/CA/int-ca/private/devstack-cert.key {{(pid=89002) log_opt_values /opt/stack/data/venv/lib/python3.12/site-packages/oslo_config/cfg.py:3256}}
May 28 06:26:15.875217 np0000001592 neutron-periodic-workers[89002]: DEBUG cotyledon.oslo_config_glue [-] ovn.ovs_create_tap = False {{(pid=89002) log_opt_values /opt/stack/data/venv/lib/python3.12/site-packages/oslo_config/cfg.py:3256}}
May 28 06:26:15.875217 np0000001592 neutron-periodic-workers[89002]: DEBUG cotyledon.oslo_config_glue [-] ovn.ovsdb_connection_timeout = 180 {{(pid=89002) log_opt_values /opt/stack/data/venv/lib/python3.12/site-packages/oslo_config/cfg.py:3256}}
May 28 06:26:15.875217 np0000001592 neutron-periodic-workers[89002]: DEBUG cotyledon.oslo_config_glue [-] ovn.ovsdb_log_level = INFO {{(pid=89002) log_opt_values /opt/stack/data/venv/lib/python3.12/site-packages/oslo_config/cfg.py:3256}}
May 28 06:26:15.875217 np0000001592 neutron-periodic-workers[89002]: DEBUG cotyledon.oslo_config_glue [-] ovn.ovsdb_probe_interval = 60000 {{(pid=89002) log_opt_values /opt/stack/data/venv/lib/python3.12/site-packages/oslo_config/cfg.py:3256}}
May 28 06:26:15.875217 np0000001592 neutron-periodic-workers[89002]: DEBUG cotyledon.oslo_config_glue [-] ovn.ovsdb_retry_max_interval = 180 {{(pid=89002) log_opt_values /opt/stack/data/venv/lib/python3.12/site-packages/oslo_config/cfg.py:3256}}
May 28 06:26:15.875217 np0000001592 neutron-periodic-workers[89002]: DEBUG cotyledon.oslo_config_glue [-] ovn.stateless_nat_enabled = False {{(pid=89002) log_opt_values /opt/stack/data/venv/lib/python3.12/site-packages/oslo_config/cfg.py:3256}}
May 28 06:26:15.875217 np0000001592 neutron-periodic-workers[89002]: DEBUG cotyledon.oslo_config_glue [-] ovn.vhost_sock_dir = /var/run/openvswitch {{(pid=89002) log_opt_values /opt/stack/data/venv/lib/python3.12/site-packages/oslo_config/cfg.py:3256}}
May 28 06:26:15.875217 np0000001592 neutron-periodic-workers[89002]: DEBUG cotyledon.oslo_config_glue [-] OVS.bridge_mac_table_size = 50000 {{(pid=89002) log_opt_values /opt/stack/data/venv/lib/python3.12/site-packages/oslo_config/cfg.py:3256}}
May 28 06:26:15.875578 np0000001592 neutron-periodic-workers[89002]: DEBUG cotyledon.oslo_config_glue [-] OVS.igmp_flood = False {{(pid=89002) log_opt_values /opt/stack/data/venv/lib/python3.12/site-packages/oslo_config/cfg.py:3256}}
May 28 06:26:15.875578 np0000001592 neutron-periodic-workers[89002]: DEBUG cotyledon.oslo_config_glue [-] OVS.igmp_flood_reports = True {{(pid=89002) log_opt_values /opt/stack/data/venv/lib/python3.12/site-packages/oslo_config/cfg.py:3256}}
May 28 06:26:15.875578 np0000001592 neutron-periodic-workers[89002]: DEBUG cotyledon.oslo_config_glue [-] OVS.igmp_flood_unregistered = False {{(pid=89002) log_opt_values /opt/stack/data/venv/lib/python3.12/site-packages/oslo_config/cfg.py:3256}}
May 28 06:26:15.875578 np0000001592 neutron-periodic-workers[89002]: DEBUG cotyledon.oslo_config_glue [-] OVS.igmp_snooping_enable = False {{(pid=89002) log_opt_values /opt/stack/data/venv/lib/python3.12/site-packages/oslo_config/cfg.py:3256}}
May 28 06:26:15.875578 np0000001592 neutron-periodic-workers[89002]: DEBUG cotyledon.oslo_config_glue [-] OVS.ovsdb_timeout = 10 {{(pid=89002) log_opt_values /opt/stack/data/venv/lib/python3.12/site-packages/oslo_config/cfg.py:3256}}
May 28 06:26:15.875578 np0000001592 neutron-periodic-workers[89002]: DEBUG cotyledon.oslo_config_glue [-] ovn_nb_global.fdb_removal_limit = 0 {{(pid=89002) log_opt_values /opt/stack/data/venv/lib/python3.12/site-packages/oslo_config/cfg.py:3256}}
May 28 06:26:15.875578 np0000001592 neutron-periodic-workers[89002]: DEBUG cotyledon.oslo_config_glue [-] ovn_nb_global.ignore_lsp_down = False {{(pid=89002) log_opt_values /opt/stack/data/venv/lib/python3.12/site-packages/oslo_config/cfg.py:3256}}
May 28 06:26:15.875578 np0000001592 neutron-periodic-workers[89002]: DEBUG cotyledon.oslo_config_glue [-] ovn_nb_global.mac_binding_removal_limit = 0 {{(pid=89002) log_opt_values /opt/stack/data/venv/lib/python3.12/site-packages/oslo_config/cfg.py:3256}}
May 28 06:26:15.875578 np0000001592 neutron-periodic-workers[89002]: DEBUG cotyledon.oslo_config_glue [-] ******************************************************************************** {{(pid=89002) log_opt_values /opt/stack/data/venv/lib/python3.12/site-packages/oslo_config/cfg.py:3263}}
May 28 06:26:15.875930 np0000001592 neutron-periodic-workers[89002]: DEBUG cotyledon._service_worker [-] Run service ServiceWrapper(0) [89002] {{(pid=89002) wait_forever /opt/stack/data/venv/lib/python3.12/site-packages/cotyledon/_service_worker.py:218}}
May 28 06:26:15.875930 np0000001592 neutron-periodic-workers[89002]: DEBUG neutron.worker [-] PeriodicWorker start called, description: Periodic worker for "L3_NAT_dbonly_mixin" {{(pid=89002) wrapper /opt/stack/neutron/neutron/common/utils.py:197}}
May 28 06:26:15.875930 np0000001592 neutron-periodic-workers[89002]: DEBUG neutron.worker [-] PeriodicWorker start finished, description: Periodic worker for "L3_NAT_dbonly_mixin" {{(pid=89002) wrapper /opt/stack/neutron/neutron/common/utils.py:200}}
May 28 06:26:15.875930 np0000001592 neutron-periodic-workers[89002]: DEBUG neutron.worker [-] PeriodicWorker wait called, description: Periodic worker for "L3_NAT_dbonly_mixin" {{(pid=89002) wrapper /opt/stack/neutron/neutron/common/utils.py:197}}
May 28 06:26:25.489790 np0000001592 neutron-periodic-workers[88071]: DEBUG dbcounter [-] [88071] Writing DB stats neutron:SELECT=4 {{(pid=88071) stat_writer /opt/stack/data/venv/lib/python3.12/site-packages/dbcounter.py:115}}
May 28 06:27:12.808839 np0000001592 neutron-periodic-workers[88967]: DEBUG oslo_db.sqlalchemy.engines [None req-eedd69e1-58a5-4d70-92a0-d2751fa9c8df None None] Parent process 88071 forked (88967) with an open database connection, which is being discarded and recreated. {{(pid=88967) checkout /opt/stack/data/venv/lib/python3.12/site-packages/oslo_db/sqlalchemy/engines.py:402}}
May 28 06:27:12.853987 np0000001592 neutron-periodic-workers[88967]: DEBUG dbcounter [-] [88967] Writer thread running {{(pid=88967) stat_writer /opt/stack/data/venv/lib/python3.12/site-packages/dbcounter.py:102}}
May 28 06:27:12.863094 np0000001592 neutron-periodic-workers[88967]: DEBUG oslo.service.backend._threading.loopingcall [None req-eedd69e1-58a5-4d70-92a0-d2751fa9c8df None None] Fixed interval looping call 'neutron.plugins.ml2.plugin.DhcpAgentSchedulerDbMixin.remove_networks_from_down_agents' sleeping for 36.94 seconds {{(pid=88967) _run_loop /opt/stack/data/venv/lib/python3.12/site-packages/oslo_service/backend/_threading/loopingcall.py:125}}
May 28 06:27:21.885991 np0000001592 neutron-periodic-workers[88973]: DEBUG dbcounter [-] [88973] Writer thread running {{(pid=88973) stat_writer /opt/stack/data/venv/lib/python3.12/site-packages/dbcounter.py:102}}
May 28 06:27:21.889410 np0000001592 neutron-periodic-workers[88973]: DEBUG neutron.db.agents_db [None req-e63e5db1-7c26-41a8-ace6-7dda91e85eb8 None None] Agent healthcheck: found 0 active agents {{(pid=88973) agent_health_check /opt/stack/neutron/neutron/db/agents_db.py:322}}
May 28 06:27:21.889621 np0000001592 neutron-periodic-workers[88973]: DEBUG oslo.service.backend._threading.loopingcall [None req-e63e5db1-7c26-41a8-ace6-7dda91e85eb8 None None] Fixed interval looping call 'neutron.plugins.ml2.plugin.AgentDbMixin.agent_health_check' sleeping for 36.94 seconds {{(pid=88973) _run_loop /opt/stack/data/venv/lib/python3.12/site-packages/oslo_service/backend/_threading/loopingcall.py:125}}
May 28 06:27:22.862108 np0000001592 neutron-periodic-workers[88967]: DEBUG dbcounter [-] [88967] Writing DB stats neutron:SELECT=3 {{(pid=88967) stat_writer /opt/stack/data/venv/lib/python3.12/site-packages/dbcounter.py:115}}
May 28 06:27:41.886410 np0000001592 neutron-periodic-workers[88973]: DEBUG dbcounter [-] [88973] Writing DB stats neutron:SELECT=1 {{(pid=88973) stat_writer /opt/stack/data/venv/lib/python3.12/site-packages/dbcounter.py:115}}
May 28 06:27:49.809033 np0000001592 neutron-periodic-workers[88967]: DEBUG oslo.service.backend._threading.loopingcall [None req-eedd69e1-58a5-4d70-92a0-d2751fa9c8df None None] Fixed interval looping call 'neutron.plugins.ml2.plugin.DhcpAgentSchedulerDbMixin.remove_networks_from_down_agents' sleeping for 36.99 seconds {{(pid=88967) _run_loop /opt/stack/data/venv/lib/python3.12/site-packages/oslo_service/backend/_threading/loopingcall.py:125}}
May 28 06:27:58.833244 np0000001592 neutron-periodic-workers[88973]: DEBUG neutron.db.agents_db [None req-e63e5db1-7c26-41a8-ace6-7dda91e85eb8 None None] Agent healthcheck: found 0 active agents {{(pid=88973) agent_health_check /opt/stack/neutron/neutron/db/agents_db.py:322}}
May 28 06:27:58.833244 np0000001592 neutron-periodic-workers[88973]: DEBUG oslo.service.backend._threading.loopingcall [None req-e63e5db1-7c26-41a8-ace6-7dda91e85eb8 None None] Fixed interval looping call 'neutron.plugins.ml2.plugin.AgentDbMixin.agent_health_check' sleeping for 37.00 seconds {{(pid=88973) _run_loop /opt/stack/data/venv/lib/python3.12/site-packages/oslo_service/backend/_threading/loopingcall.py:125}}
May 28 06:27:59.808243 np0000001592 neutron-periodic-workers[88967]: DEBUG dbcounter [-] [88967] Writing DB stats neutron:SELECT=3 {{(pid=88967) stat_writer /opt/stack/data/venv/lib/python3.12/site-packages/dbcounter.py:115}}
May 28 06:28:08.831979 np0000001592 neutron-periodic-workers[88973]: DEBUG dbcounter [-] [88973] Writing DB stats neutron:SELECT=1 {{(pid=88973) stat_writer /opt/stack/data/venv/lib/python3.12/site-packages/dbcounter.py:115}}
May 28 06:28:15.905856 np0000001592 neutron-periodic-workers[88992]: DEBUG dbcounter [-] [88992] Writer thread running {{(pid=88992) stat_writer /opt/stack/data/venv/lib/python3.12/site-packages/dbcounter.py:102}}
May 28 06:28:15.907471 np0000001592 neutron-periodic-workers[88992]: DEBUG oslo.service.backend._threading.loopingcall [None req-90329969-321e-4c26-839e-a107718f4ea6 None None] Fixed interval looping call 'neutron.db.quota.driver_nolock.DbQuotaNoLockDriver._remove_expired_reservations' sleeping for 119.96 seconds {{(pid=88992) _run_loop /opt/stack/data/venv/lib/python3.12/site-packages/oslo_service/backend/_threading/loopingcall.py:125}}
May 28 06:28:25.909611 np0000001592 neutron-periodic-workers[88992]: DEBUG dbcounter [-] [88992] Writing DB stats neutron:DELETE=1 {{(pid=88992) stat_writer /opt/stack/data/venv/lib/python3.12/site-packages/dbcounter.py:115}}
May 28 06:28:26.804800 np0000001592 neutron-periodic-workers[88967]: DEBUG oslo.service.backend._threading.loopingcall [None req-eedd69e1-58a5-4d70-92a0-d2751fa9c8df None None] Fixed interval looping call 'neutron.plugins.ml2.plugin.DhcpAgentSchedulerDbMixin.remove_networks_from_down_agents' sleeping for 36.99 seconds {{(pid=88967) _run_loop /opt/stack/data/venv/lib/python3.12/site-packages/oslo_service/backend/_threading/loopingcall.py:125}}
May 28 06:28:35.837187 np0000001592 neutron-periodic-workers[88973]: DEBUG neutron.db.agents_db [None req-e63e5db1-7c26-41a8-ace6-7dda91e85eb8 None None] Agent healthcheck: found 0 active agents {{(pid=88973) agent_health_check /opt/stack/neutron/neutron/db/agents_db.py:322}}
May 28 06:28:35.837632 np0000001592 neutron-periodic-workers[88973]: DEBUG oslo.service.backend._threading.loopingcall [None req-e63e5db1-7c26-41a8-ace6-7dda91e85eb8 None None] Fixed interval looping call 'neutron.plugins.ml2.plugin.AgentDbMixin.agent_health_check' sleeping for 37.00 seconds {{(pid=88973) _run_loop /opt/stack/data/venv/lib/python3.12/site-packages/oslo_service/backend/_threading/loopingcall.py:125}}
May 28 06:28:36.804136 np0000001592 neutron-periodic-workers[88967]: DEBUG dbcounter [-] [88967] Writing DB stats neutron:SELECT=3 {{(pid=88967) stat_writer /opt/stack/data/venv/lib/python3.12/site-packages/dbcounter.py:115}}
May 28 06:28:45.835780 np0000001592 neutron-periodic-workers[88973]: DEBUG dbcounter [-] [88973] Writing DB stats neutron:SELECT=1 {{(pid=88973) stat_writer /opt/stack/data/venv/lib/python3.12/site-packages/dbcounter.py:115}}
May 28 06:29:03.801803 np0000001592 neutron-periodic-workers[88967]: DEBUG oslo.service.backend._threading.loopingcall [None req-eedd69e1-58a5-4d70-92a0-d2751fa9c8df None None] Fixed interval looping call 'neutron.plugins.ml2.plugin.DhcpAgentSchedulerDbMixin.remove_networks_from_down_agents' sleeping for 36.99 seconds {{(pid=88967) _run_loop /opt/stack/data/venv/lib/python3.12/site-packages/oslo_service/backend/_threading/loopingcall.py:125}}
May 28 06:29:12.841214 np0000001592 neutron-periodic-workers[88973]: DEBUG neutron.db.agents_db [None req-e63e5db1-7c26-41a8-ace6-7dda91e85eb8 None None] Agent healthcheck: found 0 active agents {{(pid=88973) agent_health_check /opt/stack/neutron/neutron/db/agents_db.py:322}}
May 28 06:29:12.841805 np0000001592 neutron-periodic-workers[88973]: DEBUG oslo.service.backend._threading.loopingcall [None req-e63e5db1-7c26-41a8-ace6-7dda91e85eb8 None None] Fixed interval looping call 'neutron.plugins.ml2.plugin.AgentDbMixin.agent_health_check' sleeping for 37.00 seconds {{(pid=88973) _run_loop /opt/stack/data/venv/lib/python3.12/site-packages/oslo_service/backend/_threading/loopingcall.py:125}}
May 28 06:29:13.801040 np0000001592 neutron-periodic-workers[88967]: DEBUG dbcounter [-] [88967] Writing DB stats neutron:SELECT=3 {{(pid=88967) stat_writer /opt/stack/data/venv/lib/python3.12/site-packages/dbcounter.py:115}}
May 28 06:29:22.840183 np0000001592 neutron-periodic-workers[88973]: DEBUG dbcounter [-] [88973] Writing DB stats neutron:SELECT=1 {{(pid=88973) stat_writer /opt/stack/data/venv/lib/python3.12/site-packages/dbcounter.py:115}}
May 28 06:29:40.800326 np0000001592 neutron-periodic-workers[88967]: DEBUG oslo.service.backend._threading.loopingcall [None req-eedd69e1-58a5-4d70-92a0-d2751fa9c8df None None] Fixed interval looping call 'neutron.plugins.ml2.plugin.DhcpAgentSchedulerDbMixin.remove_networks_from_down_agents' sleeping for 36.99 seconds {{(pid=88967) _run_loop /opt/stack/data/venv/lib/python3.12/site-packages/oslo_service/backend/_threading/loopingcall.py:125}}
May 28 06:29:49.845471 np0000001592 neutron-periodic-workers[88973]: DEBUG neutron.db.agents_db [None req-e63e5db1-7c26-41a8-ace6-7dda91e85eb8 None None] Agent healthcheck: found 0 active agents {{(pid=88973) agent_health_check /opt/stack/neutron/neutron/db/agents_db.py:322}}
May 28 06:29:49.845471 np0000001592 neutron-periodic-workers[88973]: DEBUG oslo.service.backend._threading.loopingcall [None req-e63e5db1-7c26-41a8-ace6-7dda91e85eb8 None None] Fixed interval looping call 'neutron.plugins.ml2.plugin.AgentDbMixin.agent_health_check' sleeping for 37.00 seconds {{(pid=88973) _run_loop /opt/stack/data/venv/lib/python3.12/site-packages/oslo_service/backend/_threading/loopingcall.py:125}}
May 28 06:29:50.799391 np0000001592 neutron-periodic-workers[88967]: DEBUG dbcounter [-] [88967] Writing DB stats neutron:SELECT=3 {{(pid=88967) stat_writer /opt/stack/data/venv/lib/python3.12/site-packages/dbcounter.py:115}}
May 28 06:29:59.844138 np0000001592 neutron-periodic-workers[88973]: DEBUG dbcounter [-] [88973] Writing DB stats neutron:SELECT=1 {{(pid=88973) stat_writer /opt/stack/data/venv/lib/python3.12/site-packages/dbcounter.py:115}}
May 28 06:30:15.878707 np0000001592 neutron-periodic-workers[88992]: DEBUG oslo.service.backend._threading.loopingcall [None req-90329969-321e-4c26-839e-a107718f4ea6 None None] Fixed interval looping call 'neutron.db.quota.driver_nolock.DbQuotaNoLockDriver._remove_expired_reservations' sleeping for 119.99 seconds {{(pid=88992) _run_loop /opt/stack/data/venv/lib/python3.12/site-packages/oslo_service/backend/_threading/loopingcall.py:125}}
May 28 06:30:17.799906 np0000001592 neutron-periodic-workers[88967]: DEBUG oslo.service.backend._threading.loopingcall [None req-eedd69e1-58a5-4d70-92a0-d2751fa9c8df None None] Fixed interval looping call 'neutron.plugins.ml2.plugin.DhcpAgentSchedulerDbMixin.remove_networks_from_down_agents' sleeping for 36.99 seconds {{(pid=88967) _run_loop /opt/stack/data/venv/lib/python3.12/site-packages/oslo_service/backend/_threading/loopingcall.py:125}}
May 28 06:30:25.877558 np0000001592 neutron-periodic-workers[88992]: DEBUG dbcounter [-] [88992] Writing DB stats neutron:DELETE=1 {{(pid=88992) stat_writer /opt/stack/data/venv/lib/python3.12/site-packages/dbcounter.py:115}}
May 28 06:30:26.852289 np0000001592 neutron-periodic-workers[88973]: DEBUG neutron.db.agents_db [None req-e63e5db1-7c26-41a8-ace6-7dda91e85eb8 None None] Agent healthcheck: found 0 active agents {{(pid=88973) agent_health_check /opt/stack/neutron/neutron/db/agents_db.py:322}}
May 28 06:30:26.853191 np0000001592 neutron-periodic-workers[88973]: DEBUG oslo.service.backend._threading.loopingcall [None req-e63e5db1-7c26-41a8-ace6-7dda91e85eb8 None None] Fixed interval looping call 'neutron.plugins.ml2.plugin.AgentDbMixin.agent_health_check' sleeping for 36.99 seconds {{(pid=88973) _run_loop /opt/stack/data/venv/lib/python3.12/site-packages/oslo_service/backend/_threading/loopingcall.py:125}}
May 28 06:30:27.799210 np0000001592 neutron-periodic-workers[88967]: DEBUG dbcounter [-] [88967] Writing DB stats neutron:SELECT=3 {{(pid=88967) stat_writer /opt/stack/data/venv/lib/python3.12/site-packages/dbcounter.py:115}}
May 28 06:30:36.851679 np0000001592 neutron-periodic-workers[88973]: DEBUG dbcounter [-] [88973] Writing DB stats neutron:SELECT=1 {{(pid=88973) stat_writer /opt/stack/data/venv/lib/python3.12/site-packages/dbcounter.py:115}}
May 28 06:30:47.961752 np0000001592 neutron-periodic-workers[89002]: DEBUG dbcounter [-] [89002] Writer thread running {{(pid=89002) stat_writer /opt/stack/data/venv/lib/python3.12/site-packages/dbcounter.py:102}}
May 28 06:30:47.973837 np0000001592 neutron-periodic-workers[89002]: DEBUG oslo.service.backend._threading.loopingcall [None req-f4ced325-2160-452e-bfc5-3ec9bee17854 None None] Fixed interval looping call 'neutron.services.ovn_l3.plugin.L3_NAT_dbonly_mixin._clean_garbage' sleeping for 299.90 seconds {{(pid=89002) _run_loop /opt/stack/data/venv/lib/python3.12/site-packages/oslo_service/backend/_threading/loopingcall.py:125}}
May 28 06:30:54.800215 np0000001592 neutron-periodic-workers[88967]: DEBUG oslo.service.backend._threading.loopingcall [None req-eedd69e1-58a5-4d70-92a0-d2751fa9c8df None None] Fixed interval looping call 'neutron.plugins.ml2.plugin.DhcpAgentSchedulerDbMixin.remove_networks_from_down_agents' sleeping for 36.99 seconds {{(pid=88967) _run_loop /opt/stack/data/venv/lib/python3.12/site-packages/oslo_service/backend/_threading/loopingcall.py:125}}
May 28 06:30:57.965872 np0000001592 neutron-periodic-workers[89002]: DEBUG dbcounter [-] [89002] Writing DB stats neutron:SELECT=1 {{(pid=89002) stat_writer /opt/stack/data/venv/lib/python3.12/site-packages/dbcounter.py:115}}
May 28 06:31:03.847899 np0000001592 neutron-periodic-workers[88973]: DEBUG neutron.db.agents_db [None req-e63e5db1-7c26-41a8-ace6-7dda91e85eb8 None None] Agent healthcheck: found 0 active agents {{(pid=88973) agent_health_check /opt/stack/neutron/neutron/db/agents_db.py:322}}
May 28 06:31:03.848517 np0000001592 neutron-periodic-workers[88973]: DEBUG oslo.service.backend._threading.loopingcall [None req-e63e5db1-7c26-41a8-ace6-7dda91e85eb8 None None] Fixed interval looping call 'neutron.plugins.ml2.plugin.AgentDbMixin.agent_health_check' sleeping for 37.00 seconds {{(pid=88973) _run_loop /opt/stack/data/venv/lib/python3.12/site-packages/oslo_service/backend/_threading/loopingcall.py:125}}
May 28 06:31:04.799234 np0000001592 neutron-periodic-workers[88967]: DEBUG dbcounter [-] [88967] Writing DB stats neutron:SELECT=3 {{(pid=88967) stat_writer /opt/stack/data/venv/lib/python3.12/site-packages/dbcounter.py:115}}
May 28 06:31:13.847455 np0000001592 neutron-periodic-workers[88973]: DEBUG dbcounter [-] [88973] Writing DB stats neutron:SELECT=1 {{(pid=88973) stat_writer /opt/stack/data/venv/lib/python3.12/site-packages/dbcounter.py:115}}
May 28 06:31:31.804953 np0000001592 neutron-periodic-workers[88967]: DEBUG oslo.service.backend._threading.loopingcall [None req-eedd69e1-58a5-4d70-92a0-d2751fa9c8df None None] Fixed interval looping call 'neutron.plugins.ml2.plugin.DhcpAgentSchedulerDbMixin.remove_networks_from_down_agents' sleeping for 36.99 seconds {{(pid=88967) _run_loop /opt/stack/data/venv/lib/python3.12/site-packages/oslo_service/backend/_threading/loopingcall.py:125}}
May 28 06:31:40.854174 np0000001592 neutron-periodic-workers[88973]: DEBUG neutron.db.agents_db [None req-e63e5db1-7c26-41a8-ace6-7dda91e85eb8 None None] Agent healthcheck: found 0 active agents {{(pid=88973) agent_health_check /opt/stack/neutron/neutron/db/agents_db.py:322}}
May 28 06:31:40.854174 np0000001592 neutron-periodic-workers[88973]: DEBUG oslo.service.backend._threading.loopingcall [None req-e63e5db1-7c26-41a8-ace6-7dda91e85eb8 None None] Fixed interval looping call 'neutron.plugins.ml2.plugin.AgentDbMixin.agent_health_check' sleeping for 37.00 seconds {{(pid=88973) _run_loop /opt/stack/data/venv/lib/python3.12/site-packages/oslo_service/backend/_threading/loopingcall.py:125}}
May 28 06:31:41.803993 np0000001592 neutron-periodic-workers[88967]: DEBUG dbcounter [-] [88967] Writing DB stats neutron:SELECT=3 {{(pid=88967) stat_writer /opt/stack/data/venv/lib/python3.12/site-packages/dbcounter.py:115}}
May 28 06:31:50.851906 np0000001592 neutron-periodic-workers[88973]: DEBUG dbcounter [-] [88973] Writing DB stats neutron:SELECT=1 {{(pid=88973) stat_writer /opt/stack/data/venv/lib/python3.12/site-packages/dbcounter.py:115}}
May 28 06:32:08.812619 np0000001592 neutron-periodic-workers[88967]: DEBUG oslo.service.backend._threading.loopingcall [None req-eedd69e1-58a5-4d70-92a0-d2751fa9c8df None None] Fixed interval looping call 'neutron.plugins.ml2.plugin.DhcpAgentSchedulerDbMixin.remove_networks_from_down_agents' sleeping for 36.98 seconds {{(pid=88967) _run_loop /opt/stack/data/venv/lib/python3.12/site-packages/oslo_service/backend/_threading/loopingcall.py:125}}
May 28 06:32:15.877659 np0000001592 neutron-periodic-workers[88992]: DEBUG oslo.service.backend._threading.loopingcall [None req-90329969-321e-4c26-839e-a107718f4ea6 None None] Fixed interval looping call 'neutron.db.quota.driver_nolock.DbQuotaNoLockDriver._remove_expired_reservations' sleeping for 119.99 seconds {{(pid=88992) _run_loop /opt/stack/data/venv/lib/python3.12/site-packages/oslo_service/backend/_threading/loopingcall.py:125}}
May 28 06:32:17.857635 np0000001592 neutron-periodic-workers[88973]: DEBUG neutron.db.agents_db [None req-e63e5db1-7c26-41a8-ace6-7dda91e85eb8 None None] Agent healthcheck: found 0 active agents {{(pid=88973) agent_health_check /opt/stack/neutron/neutron/db/agents_db.py:322}}
May 28 06:32:17.858572 np0000001592 neutron-periodic-workers[88973]: DEBUG oslo.service.backend._threading.loopingcall [None req-e63e5db1-7c26-41a8-ace6-7dda91e85eb8 None None] Fixed interval looping call 'neutron.plugins.ml2.plugin.AgentDbMixin.agent_health_check' sleeping for 36.99 seconds {{(pid=88973) _run_loop /opt/stack/data/venv/lib/python3.12/site-packages/oslo_service/backend/_threading/loopingcall.py:125}}
May 28 06:32:18.807506 np0000001592 neutron-periodic-workers[88967]: DEBUG dbcounter [-] [88967] Writing DB stats neutron:SELECT=3 {{(pid=88967) stat_writer /opt/stack/data/venv/lib/python3.12/site-packages/dbcounter.py:115}}
May 28 06:32:25.874151 np0000001592 neutron-periodic-workers[88992]: DEBUG dbcounter [-] [88992] Writing DB stats neutron:DELETE=1 {{(pid=88992) stat_writer /opt/stack/data/venv/lib/python3.12/site-packages/dbcounter.py:115}}
May 28 06:32:27.858890 np0000001592 neutron-periodic-workers[88973]: DEBUG dbcounter [-] [88973] Writing DB stats neutron:SELECT=1 {{(pid=88973) stat_writer /opt/stack/data/venv/lib/python3.12/site-packages/dbcounter.py:115}}
May 28 06:32:45.802010 np0000001592 neutron-periodic-workers[88967]: DEBUG oslo.service.backend._threading.loopingcall [None req-eedd69e1-58a5-4d70-92a0-d2751fa9c8df None None] Fixed interval looping call 'neutron.plugins.ml2.plugin.DhcpAgentSchedulerDbMixin.remove_networks_from_down_agents' sleeping for 36.99 seconds {{(pid=88967) _run_loop /opt/stack/data/venv/lib/python3.12/site-packages/oslo_service/backend/_threading/loopingcall.py:125}}
May 28 06:32:54.856806 np0000001592 neutron-periodic-workers[88973]: DEBUG neutron.db.agents_db [None req-e63e5db1-7c26-41a8-ace6-7dda91e85eb8 None None] Agent healthcheck: found 0 active agents {{(pid=88973) agent_health_check /opt/stack/neutron/neutron/db/agents_db.py:322}}
May 28 06:32:54.857388 np0000001592 neutron-periodic-workers[88973]: DEBUG oslo.service.backend._threading.loopingcall [None req-e63e5db1-7c26-41a8-ace6-7dda91e85eb8 None None] Fixed interval looping call 'neutron.plugins.ml2.plugin.AgentDbMixin.agent_health_check' sleeping for 36.99 seconds {{(pid=88973) _run_loop /opt/stack/data/venv/lib/python3.12/site-packages/oslo_service/backend/_threading/loopingcall.py:125}}
May 28 06:32:55.801613 np0000001592 neutron-periodic-workers[88967]: DEBUG dbcounter [-] [88967] Writing DB stats neutron:SELECT=3 {{(pid=88967) stat_writer /opt/stack/data/venv/lib/python3.12/site-packages/dbcounter.py:115}}
May 28 06:33:04.853665 np0000001592 neutron-periodic-workers[88973]: DEBUG dbcounter [-] [88973] Writing DB stats neutron:SELECT=1 {{(pid=88973) stat_writer /opt/stack/data/venv/lib/python3.12/site-packages/dbcounter.py:115}}
May 28 06:33:22.803474 np0000001592 neutron-periodic-workers[88967]: DEBUG oslo.service.backend._threading.loopingcall [None req-eedd69e1-58a5-4d70-92a0-d2751fa9c8df None None] Fixed interval looping call 'neutron.plugins.ml2.plugin.DhcpAgentSchedulerDbMixin.remove_networks_from_down_agents' sleeping for 36.99 seconds {{(pid=88967) _run_loop /opt/stack/data/venv/lib/python3.12/site-packages/oslo_service/backend/_threading/loopingcall.py:125}}
May 28 06:33:31.854088 np0000001592 neutron-periodic-workers[88973]: DEBUG neutron.db.agents_db [None req-e63e5db1-7c26-41a8-ace6-7dda91e85eb8 None None] Agent healthcheck: found 0 active agents {{(pid=88973) agent_health_check /opt/stack/neutron/neutron/db/agents_db.py:322}}
May 28 06:33:31.854867 np0000001592 neutron-periodic-workers[88973]: DEBUG oslo.service.backend._threading.loopingcall [None req-e63e5db1-7c26-41a8-ace6-7dda91e85eb8 None None] Fixed interval looping call 'neutron.plugins.ml2.plugin.AgentDbMixin.agent_health_check' sleeping for 36.99 seconds {{(pid=88973) _run_loop /opt/stack/data/venv/lib/python3.12/site-packages/oslo_service/backend/_threading/loopingcall.py:125}}
May 28 06:33:32.802042 np0000001592 neutron-periodic-workers[88967]: DEBUG dbcounter [-] [88967] Writing DB stats neutron:SELECT=3 {{(pid=88967) stat_writer /opt/stack/data/venv/lib/python3.12/site-packages/dbcounter.py:115}}
May 28 06:33:41.851401 np0000001592 neutron-periodic-workers[88973]: DEBUG dbcounter [-] [88973] Writing DB stats neutron:SELECT=1 {{(pid=88973) stat_writer /opt/stack/data/venv/lib/python3.12/site-packages/dbcounter.py:115}}
May 28 06:33:59.803208 np0000001592 neutron-periodic-workers[88967]: DEBUG oslo.service.backend._threading.loopingcall [None req-eedd69e1-58a5-4d70-92a0-d2751fa9c8df None None] Fixed interval looping call 'neutron.plugins.ml2.plugin.DhcpAgentSchedulerDbMixin.remove_networks_from_down_agents' sleeping for 36.99 seconds {{(pid=88967) _run_loop /opt/stack/data/venv/lib/python3.12/site-packages/oslo_service/backend/_threading/loopingcall.py:125}}
May 28 06:34:08.848730 np0000001592 neutron-periodic-workers[88973]: DEBUG neutron.db.agents_db [None req-e63e5db1-7c26-41a8-ace6-7dda91e85eb8 None None] Agent healthcheck: found 0 active agents {{(pid=88973) agent_health_check /opt/stack/neutron/neutron/db/agents_db.py:322}}
May 28 06:34:08.848730 np0000001592 neutron-periodic-workers[88973]: DEBUG oslo.service.backend._threading.loopingcall [None req-e63e5db1-7c26-41a8-ace6-7dda91e85eb8 None None] Fixed interval looping call 'neutron.plugins.ml2.plugin.AgentDbMixin.agent_health_check' sleeping for 37.00 seconds {{(pid=88973) _run_loop /opt/stack/data/venv/lib/python3.12/site-packages/oslo_service/backend/_threading/loopingcall.py:125}}
May 28 06:34:09.801679 np0000001592 neutron-periodic-workers[88967]: DEBUG dbcounter [-] [88967] Writing DB stats neutron:SELECT=3 {{(pid=88967) stat_writer /opt/stack/data/venv/lib/python3.12/site-packages/dbcounter.py:115}}
May 28 06:34:15.871149 np0000001592 neutron-periodic-workers[88992]: DEBUG oslo.service.backend._threading.loopingcall [None req-90329969-321e-4c26-839e-a107718f4ea6 None None] Fixed interval looping call 'neutron.db.quota.driver_nolock.DbQuotaNoLockDriver._remove_expired_reservations' sleeping for 120.00 seconds {{(pid=88992) _run_loop /opt/stack/data/venv/lib/python3.12/site-packages/oslo_service/backend/_threading/loopingcall.py:125}}
May 28 06:34:18.847348 np0000001592 neutron-periodic-workers[88973]: DEBUG dbcounter [-] [88973] Writing DB stats neutron:SELECT=1 {{(pid=88973) stat_writer /opt/stack/data/venv/lib/python3.12/site-packages/dbcounter.py:115}}
May 28 06:34:25.871733 np0000001592 neutron-periodic-workers[88992]: DEBUG dbcounter [-] [88992] Writing DB stats neutron:DELETE=1 {{(pid=88992) stat_writer /opt/stack/data/venv/lib/python3.12/site-packages/dbcounter.py:115}}
May 28 06:34:36.808384 np0000001592 neutron-periodic-workers[88967]: DEBUG oslo.service.backend._threading.loopingcall [None req-eedd69e1-58a5-4d70-92a0-d2751fa9c8df None None] Fixed interval looping call 'neutron.plugins.ml2.plugin.DhcpAgentSchedulerDbMixin.remove_networks_from_down_agents' sleeping for 36.99 seconds {{(pid=88967) _run_loop /opt/stack/data/venv/lib/python3.12/site-packages/oslo_service/backend/_threading/loopingcall.py:125}}
May 28 06:34:45.863901 np0000001592 neutron-periodic-workers[88973]: DEBUG neutron.db.agents_db [None req-e63e5db1-7c26-41a8-ace6-7dda91e85eb8 None None] Agent healthcheck: found 0 active agents {{(pid=88973) agent_health_check /opt/stack/neutron/neutron/db/agents_db.py:322}}
May 28 06:34:45.863901 np0000001592 neutron-periodic-workers[88973]: DEBUG oslo.service.backend._threading.loopingcall [None req-e63e5db1-7c26-41a8-ace6-7dda91e85eb8 None None] Fixed interval looping call 'neutron.plugins.ml2.plugin.AgentDbMixin.agent_health_check' sleeping for 36.99 seconds {{(pid=88973) _run_loop /opt/stack/data/venv/lib/python3.12/site-packages/oslo_service/backend/_threading/loopingcall.py:125}}
May 28 06:34:46.807163 np0000001592 neutron-periodic-workers[88967]: DEBUG dbcounter [-] [88967] Writing DB stats neutron:SELECT=3 {{(pid=88967) stat_writer /opt/stack/data/venv/lib/python3.12/site-packages/dbcounter.py:115}}
May 28 06:34:55.858973 np0000001592 neutron-periodic-workers[88973]: DEBUG dbcounter [-] [88973] Writing DB stats neutron:SELECT=1 {{(pid=88973) stat_writer /opt/stack/data/venv/lib/python3.12/site-packages/dbcounter.py:115}}
May 28 06:35:13.815713 np0000001592 neutron-periodic-workers[88967]: DEBUG oslo.service.backend._threading.loopingcall [None req-eedd69e1-58a5-4d70-92a0-d2751fa9c8df None None] Fixed interval looping call 'neutron.plugins.ml2.plugin.DhcpAgentSchedulerDbMixin.remove_networks_from_down_agents' sleeping for 36.98 seconds {{(pid=88967) _run_loop /opt/stack/data/venv/lib/python3.12/site-packages/oslo_service/backend/_threading/loopingcall.py:125}}
May 28 06:35:22.863260 np0000001592 neutron-periodic-workers[88973]: DEBUG neutron.db.agents_db [None req-e63e5db1-7c26-41a8-ace6-7dda91e85eb8 None None] Agent healthcheck: found 0 active agents {{(pid=88973) agent_health_check /opt/stack/neutron/neutron/db/agents_db.py:322}}
May 28 06:35:22.863817 np0000001592 neutron-periodic-workers[88973]: DEBUG oslo.service.backend._threading.loopingcall [None req-e63e5db1-7c26-41a8-ace6-7dda91e85eb8 None None] Fixed interval looping call 'neutron.plugins.ml2.plugin.AgentDbMixin.agent_health_check' sleeping for 36.99 seconds {{(pid=88973) _run_loop /opt/stack/data/venv/lib/python3.12/site-packages/oslo_service/backend/_threading/loopingcall.py:125}}
May 28 06:35:23.810720 np0000001592 neutron-periodic-workers[88967]: DEBUG dbcounter [-] [88967] Writing DB stats neutron:SELECT=3 {{(pid=88967) stat_writer /opt/stack/data/venv/lib/python3.12/site-packages/dbcounter.py:115}}
May 28 06:35:32.859185 np0000001592 neutron-periodic-workers[88973]: DEBUG dbcounter [-] [88973] Writing DB stats neutron:SELECT=1 {{(pid=88973) stat_writer /opt/stack/data/venv/lib/python3.12/site-packages/dbcounter.py:115}}
May 28 06:35:47.891856 np0000001592 neutron-periodic-workers[89002]: DEBUG oslo.service.backend._threading.loopingcall [None req-f4ced325-2160-452e-bfc5-3ec9bee17854 None None] Fixed interval looping call 'neutron.services.ovn_l3.plugin.L3_NAT_dbonly_mixin._clean_garbage' sleeping for 299.98 seconds {{(pid=89002) _run_loop /opt/stack/data/venv/lib/python3.12/site-packages/oslo_service/backend/_threading/loopingcall.py:125}}
May 28 06:35:50.814389 np0000001592 neutron-periodic-workers[88967]: DEBUG oslo.service.backend._threading.loopingcall [None req-eedd69e1-58a5-4d70-92a0-d2751fa9c8df None None] Fixed interval looping call 'neutron.plugins.ml2.plugin.DhcpAgentSchedulerDbMixin.remove_networks_from_down_agents' sleeping for 36.98 seconds {{(pid=88967) _run_loop /opt/stack/data/venv/lib/python3.12/site-packages/oslo_service/backend/_threading/loopingcall.py:125}}
May 28 06:35:57.881106 np0000001592 neutron-periodic-workers[89002]: DEBUG dbcounter [-] [89002] Writing DB stats neutron:SELECT=1 {{(pid=89002) stat_writer /opt/stack/data/venv/lib/python3.12/site-packages/dbcounter.py:115}}
May 28 06:35:59.857456 np0000001592 neutron-periodic-workers[88973]: DEBUG neutron.db.agents_db [None req-e63e5db1-7c26-41a8-ace6-7dda91e85eb8 None None] Agent healthcheck: found 0 active agents {{(pid=88973) agent_health_check /opt/stack/neutron/neutron/db/agents_db.py:322}}
May 28 06:35:59.858053 np0000001592 neutron-periodic-workers[88973]: DEBUG oslo.service.backend._threading.loopingcall [None req-e63e5db1-7c26-41a8-ace6-7dda91e85eb8 None None] Fixed interval looping call 'neutron.plugins.ml2.plugin.AgentDbMixin.agent_health_check' sleeping for 37.00 seconds {{(pid=88973) _run_loop /opt/stack/data/venv/lib/python3.12/site-packages/oslo_service/backend/_threading/loopingcall.py:125}}
May 28 06:36:00.812083 np0000001592 neutron-periodic-workers[88967]: DEBUG dbcounter [-] [88967] Writing DB stats neutron:SELECT=3 {{(pid=88967) stat_writer /opt/stack/data/venv/lib/python3.12/site-packages/dbcounter.py:115}}
May 28 06:36:09.856385 np0000001592 neutron-periodic-workers[88973]: DEBUG dbcounter [-] [88973] Writing DB stats neutron:SELECT=1 {{(pid=88973) stat_writer /opt/stack/data/venv/lib/python3.12/site-packages/dbcounter.py:115}}
May 28 06:36:15.882296 np0000001592 neutron-periodic-workers[88992]: DEBUG oslo.service.backend._threading.loopingcall [None req-90329969-321e-4c26-839e-a107718f4ea6 None None] Fixed interval looping call 'neutron.db.quota.driver_nolock.DbQuotaNoLockDriver._remove_expired_reservations' sleeping for 119.99 seconds {{(pid=88992) _run_loop /opt/stack/data/venv/lib/python3.12/site-packages/oslo_service/backend/_threading/loopingcall.py:125}}
May 28 06:36:25.877671 np0000001592 neutron-periodic-workers[88992]: DEBUG dbcounter [-] [88992] Writing DB stats neutron:DELETE=1 {{(pid=88992) stat_writer /opt/stack/data/venv/lib/python3.12/site-packages/dbcounter.py:115}}
May 28 06:36:27.805914 np0000001592 neutron-periodic-workers[88967]: DEBUG oslo.service.backend._threading.loopingcall [None req-eedd69e1-58a5-4d70-92a0-d2751fa9c8df None None] Fixed interval looping call 'neutron.plugins.ml2.plugin.DhcpAgentSchedulerDbMixin.remove_networks_from_down_agents' sleeping for 36.99 seconds {{(pid=88967) _run_loop /opt/stack/data/venv/lib/python3.12/site-packages/oslo_service/backend/_threading/loopingcall.py:125}}
May 28 06:36:36.863892 np0000001592 neutron-periodic-workers[88973]: DEBUG neutron.db.agents_db [None req-e63e5db1-7c26-41a8-ace6-7dda91e85eb8 None None] Agent healthcheck: found 0 active agents {{(pid=88973) agent_health_check /opt/stack/neutron/neutron/db/agents_db.py:322}}
May 28 06:36:36.864433 np0000001592 neutron-periodic-workers[88973]: DEBUG oslo.service.backend._threading.loopingcall [None req-e63e5db1-7c26-41a8-ace6-7dda91e85eb8 None None] Fixed interval looping call 'neutron.plugins.ml2.plugin.AgentDbMixin.agent_health_check' sleeping for 36.99 seconds {{(pid=88973) _run_loop /opt/stack/data/venv/lib/python3.12/site-packages/oslo_service/backend/_threading/loopingcall.py:125}}
May 28 06:36:37.804340 np0000001592 neutron-periodic-workers[88967]: DEBUG dbcounter [-] [88967] Writing DB stats neutron:SELECT=3 {{(pid=88967) stat_writer /opt/stack/data/venv/lib/python3.12/site-packages/dbcounter.py:115}}
May 28 06:36:46.861866 np0000001592 neutron-periodic-workers[88973]: DEBUG dbcounter [-] [88973] Writing DB stats neutron:SELECT=1 {{(pid=88973) stat_writer /opt/stack/data/venv/lib/python3.12/site-packages/dbcounter.py:115}}
May 28 06:37:04.803741 np0000001592 neutron-periodic-workers[88967]: DEBUG oslo.service.backend._threading.loopingcall [None req-eedd69e1-58a5-4d70-92a0-d2751fa9c8df None None] Fixed interval looping call 'neutron.plugins.ml2.plugin.DhcpAgentSchedulerDbMixin.remove_networks_from_down_agents' sleeping for 36.99 seconds {{(pid=88967) _run_loop /opt/stack/data/venv/lib/python3.12/site-packages/oslo_service/backend/_threading/loopingcall.py:125}}
May 28 06:37:13.858707 np0000001592 neutron-periodic-workers[88973]: DEBUG neutron.db.agents_db [None req-e63e5db1-7c26-41a8-ace6-7dda91e85eb8 None None] Agent healthcheck: found 0 active agents {{(pid=88973) agent_health_check /opt/stack/neutron/neutron/db/agents_db.py:322}}
May 28 06:37:13.859213 np0000001592 neutron-periodic-workers[88973]: DEBUG oslo.service.backend._threading.loopingcall [None req-e63e5db1-7c26-41a8-ace6-7dda91e85eb8 None None] Fixed interval looping call 'neutron.plugins.ml2.plugin.AgentDbMixin.agent_health_check' sleeping for 37.00 seconds {{(pid=88973) _run_loop /opt/stack/data/venv/lib/python3.12/site-packages/oslo_service/backend/_threading/loopingcall.py:125}}
May 28 06:37:14.802602 np0000001592 neutron-periodic-workers[88967]: DEBUG dbcounter [-] [88967] Writing DB stats neutron:SELECT=3 {{(pid=88967) stat_writer /opt/stack/data/venv/lib/python3.12/site-packages/dbcounter.py:115}}
May 28 06:37:23.858249 np0000001592 neutron-periodic-workers[88973]: DEBUG dbcounter [-] [88973] Writing DB stats neutron:SELECT=1 {{(pid=88973) stat_writer /opt/stack/data/venv/lib/python3.12/site-packages/dbcounter.py:115}}
