Jun 08 20:25:31.106550 np0000002354 nova-scheduler[95695]: DEBUG cotyledon.oslo_config_glue [-] oslo_limit.endpoint_interface = public {{(pid=95695) log_opt_values /opt/stack/data/venv/lib/python3.12/site-packages/oslo_config/cfg.py:3256}}
Jun 08 20:25:31.106797 np0000002354 nova-scheduler[95695]: DEBUG cotyledon.oslo_config_glue [-] oslo_limit.endpoint_override = None {{(pid=95695) log_opt_values /opt/stack/data/venv/lib/python3.12/site-packages/oslo_config/cfg.py:3256}}
Jun 08 20:25:31.106797 np0000002354 nova-scheduler[95695]: DEBUG cotyledon.oslo_config_glue [-] oslo_limit.endpoint_region_name = None {{(pid=95695) log_opt_values /opt/stack/data/venv/lib/python3.12/site-packages/oslo_config/cfg.py:3256}}
Jun 08 20:25:31.106797 np0000002354 nova-scheduler[95695]: DEBUG cotyledon.oslo_config_glue [-] oslo_limit.endpoint_service_name = None {{(pid=95695) log_opt_values /opt/stack/data/venv/lib/python3.12/site-packages/oslo_config/cfg.py:3256}}
Jun 08 20:25:31.106797 np0000002354 nova-scheduler[95695]: DEBUG cotyledon.oslo_config_glue [-] oslo_limit.endpoint_service_type = None {{(pid=95695) log_opt_values /opt/stack/data/venv/lib/python3.12/site-packages/oslo_config/cfg.py:3256}}
Jun 08 20:25:31.106797 np0000002354 nova-scheduler[95695]: DEBUG cotyledon.oslo_config_glue [-] oslo_limit.insecure = False {{(pid=95695) log_opt_values /opt/stack/data/venv/lib/python3.12/site-packages/oslo_config/cfg.py:3256}}
Jun 08 20:25:31.106797 np0000002354 nova-scheduler[95695]: DEBUG cotyledon.oslo_config_glue [-] oslo_limit.keyfile = None {{(pid=95695) log_opt_values /opt/stack/data/venv/lib/python3.12/site-packages/oslo_config/cfg.py:3256}}
Jun 08 20:25:31.106797 np0000002354 nova-scheduler[95695]: DEBUG cotyledon.oslo_config_glue [-] oslo_limit.max_version = None {{(pid=95695) log_opt_values /opt/stack/data/venv/lib/python3.12/site-packages/oslo_config/cfg.py:3256}}
Jun 08 20:25:31.106797 np0000002354 nova-scheduler[95695]: DEBUG cotyledon.oslo_config_glue [-] oslo_limit.min_version = None {{(pid=95695) log_opt_values /opt/stack/data/venv/lib/python3.12/site-packages/oslo_config/cfg.py:3256}}
Jun 08 20:25:31.106797 np0000002354 nova-scheduler[95695]: DEBUG cotyledon.oslo_config_glue [-] oslo_limit.region_name = None {{(pid=95695) log_opt_values /opt/stack/data/venv/lib/python3.12/site-packages/oslo_config/cfg.py:3256}}
Jun 08 20:25:31.107358 np0000002354 nova-scheduler[95693]: INFO nova.service [-] Starting scheduler node (version 33.1.0)
Jun 08 20:25:31.107395 np0000002354 nova-scheduler[95695]: DEBUG cotyledon.oslo_config_glue [-] oslo_limit.retriable_status_codes = None {{(pid=95695) log_opt_values /opt/stack/data/venv/lib/python3.12/site-packages/oslo_config/cfg.py:3256}}
Jun 08 20:25:31.107395 np0000002354 nova-scheduler[95695]: DEBUG cotyledon.oslo_config_glue [-] oslo_limit.service_name = None {{(pid=95695) log_opt_values /opt/stack/data/venv/lib/python3.12/site-packages/oslo_config/cfg.py:3256}}
Jun 08 20:25:31.107395 np0000002354 nova-scheduler[95695]: DEBUG cotyledon.oslo_config_glue [-] oslo_limit.service_type = None {{(pid=95695) log_opt_values /opt/stack/data/venv/lib/python3.12/site-packages/oslo_config/cfg.py:3256}}
Jun 08 20:25:31.107395 np0000002354 nova-scheduler[95695]: DEBUG cotyledon.oslo_config_glue [-] oslo_limit.split_loggers = False {{(pid=95695) log_opt_values /opt/stack/data/venv/lib/python3.12/site-packages/oslo_config/cfg.py:3256}}
Jun 08 20:25:31.107395 np0000002354 nova-scheduler[95695]: DEBUG cotyledon.oslo_config_glue [-] oslo_limit.status_code_retries = None {{(pid=95695) log_opt_values /opt/stack/data/venv/lib/python3.12/site-packages/oslo_config/cfg.py:3256}}
Jun 08 20:25:31.107395 np0000002354 nova-scheduler[95695]: DEBUG cotyledon.oslo_config_glue [-] oslo_limit.status_code_retry_delay = None {{(pid=95695) log_opt_values /opt/stack/data/venv/lib/python3.12/site-packages/oslo_config/cfg.py:3256}}
Jun 08 20:25:31.107395 np0000002354 nova-scheduler[95695]: DEBUG cotyledon.oslo_config_glue [-] oslo_limit.timeout = None {{(pid=95695) log_opt_values /opt/stack/data/venv/lib/python3.12/site-packages/oslo_config/cfg.py:3256}}
Jun 08 20:25:31.107395 np0000002354 nova-scheduler[95695]: DEBUG cotyledon.oslo_config_glue [-] oslo_limit.valid_interfaces = None {{(pid=95695) log_opt_values /opt/stack/data/venv/lib/python3.12/site-packages/oslo_config/cfg.py:3256}}
Jun 08 20:25:31.107395 np0000002354 nova-scheduler[95695]: DEBUG cotyledon.oslo_config_glue [-] oslo_limit.version = None {{(pid=95695) log_opt_values /opt/stack/data/venv/lib/python3.12/site-packages/oslo_config/cfg.py:3256}}
Jun 08 20:25:31.107638 np0000002354 nova-scheduler[95695]: DEBUG cotyledon.oslo_config_glue [-] oslo_reports.file_event_handler = None {{(pid=95695) log_opt_values /opt/stack/data/venv/lib/python3.12/site-packages/oslo_config/cfg.py:3256}}
Jun 08 20:25:31.107638 np0000002354 nova-scheduler[95695]: DEBUG cotyledon.oslo_config_glue [-] oslo_reports.file_event_handler_interval = 1 {{(pid=95695) log_opt_values /opt/stack/data/venv/lib/python3.12/site-packages/oslo_config/cfg.py:3256}}
Jun 08 20:25:31.107638 np0000002354 nova-scheduler[95695]: DEBUG cotyledon.oslo_config_glue [-] oslo_reports.log_dir = None {{(pid=95695) log_opt_values /opt/stack/data/venv/lib/python3.12/site-packages/oslo_config/cfg.py:3256}}
Jun 08 20:25:31.107638 np0000002354 nova-scheduler[95695]: DEBUG cotyledon.oslo_config_glue [-] ******************************************************************************** {{(pid=95695) log_opt_values /opt/stack/data/venv/lib/python3.12/site-packages/oslo_config/cfg.py:3263}}
Jun 08 20:25:31.107638 np0000002354 nova-scheduler[95695]: DEBUG cotyledon._service_worker [-] Run service ServiceWrapper(2) [95695] {{(pid=95695) wait_forever /opt/stack/data/venv/lib/python3.12/site-packages/cotyledon/_service_worker.py:218}}
Jun 08 20:25:31.107638 np0000002354 nova-scheduler[95695]: INFO nova.service [-] Starting scheduler node (version 33.1.0)
Jun 08 20:25:31.107823 np0000002354 nova-scheduler[95693]: INFO dbcounter [None req-f953dd34-6198-48ae-84d0-e8abd0f60ee1 None None] Registered counter for database nova_cell0
Jun 08 20:25:31.107854 np0000002354 nova-scheduler[95695]: INFO dbcounter [None req-db1f3051-7dd6-4fc2-9cdf-20f0aadb59f8 None None] Registered counter for database nova_cell0
Jun 08 20:25:31.122143 np0000002354 nova-scheduler[95691]: DEBUG oslo_db.sqlalchemy.engines [None req-109084e2-2abd-4341-aca6-fa2bccdc2f3f None None] MySQL server mode set to STRICT_TRANS_TABLES,STRICT_ALL_TABLES,NO_ZERO_IN_DATE,NO_ZERO_DATE,ERROR_FOR_DIVISION_BY_ZERO,TRADITIONAL,NO_ENGINE_SUBSTITUTION {{(pid=95691) _check_effective_sql_mode /opt/stack/data/venv/lib/python3.12/site-packages/oslo_db/sqlalchemy/engines.py:325}}
Jun 08 20:25:31.132658 np0000002354 nova-scheduler[95691]: DEBUG dbcounter [-] [95691] Writer thread running {{(pid=95691) stat_writer /opt/stack/data/venv/lib/python3.12/site-packages/dbcounter.py:102}}
Jun 08 20:25:31.147650 np0000002354 nova-scheduler[95691]: DEBUG nova.service [None req-109084e2-2abd-4341-aca6-fa2bccdc2f3f None None] Creating RPC server for service: nova-scheduler on topic: scheduler {{(pid=95691) start /opt/stack/nova/nova/service.py:195}}
Jun 08 20:25:31.161475 np0000002354 nova-scheduler[95693]: DEBUG oslo_db.sqlalchemy.engines [None req-f953dd34-6198-48ae-84d0-e8abd0f60ee1 None None] MySQL server mode set to STRICT_TRANS_TABLES,STRICT_ALL_TABLES,NO_ZERO_IN_DATE,NO_ZERO_DATE,ERROR_FOR_DIVISION_BY_ZERO,TRADITIONAL,NO_ENGINE_SUBSTITUTION {{(pid=95693) _check_effective_sql_mode /opt/stack/data/venv/lib/python3.12/site-packages/oslo_db/sqlalchemy/engines.py:325}}
Jun 08 20:25:31.163890 np0000002354 nova-scheduler[95695]: DEBUG oslo_db.sqlalchemy.engines [None req-db1f3051-7dd6-4fc2-9cdf-20f0aadb59f8 None None] MySQL server mode set to STRICT_TRANS_TABLES,STRICT_ALL_TABLES,NO_ZERO_IN_DATE,NO_ZERO_DATE,ERROR_FOR_DIVISION_BY_ZERO,TRADITIONAL,NO_ENGINE_SUBSTITUTION {{(pid=95695) _check_effective_sql_mode /opt/stack/data/venv/lib/python3.12/site-packages/oslo_db/sqlalchemy/engines.py:325}}
Jun 08 20:25:31.177445 np0000002354 nova-scheduler[95695]: DEBUG dbcounter [-] [95695] Writer thread running {{(pid=95695) stat_writer /opt/stack/data/venv/lib/python3.12/site-packages/dbcounter.py:102}}
Jun 08 20:25:31.177576 np0000002354 nova-scheduler[95693]: DEBUG dbcounter [-] [95693] Writer thread running {{(pid=95693) stat_writer /opt/stack/data/venv/lib/python3.12/site-packages/dbcounter.py:102}}
Jun 08 20:25:31.179501 np0000002354 nova-scheduler[95691]: DEBUG nova.service [None req-109084e2-2abd-4341-aca6-fa2bccdc2f3f None None] Join ServiceGroup membership for this service scheduler {{(pid=95691) start /opt/stack/nova/nova/service.py:221}}
Jun 08 20:25:31.179501 np0000002354 nova-scheduler[95691]: DEBUG nova.servicegroup.drivers.db [None req-109084e2-2abd-4341-aca6-fa2bccdc2f3f None None] DB_Driver: join new ServiceGroup member np0000002354 to the scheduler group, service = {{(pid=95691) join /opt/stack/nova/nova/servicegroup/drivers/db.py:44}}
Jun 08 20:25:31.181887 np0000002354 nova-scheduler[95695]: DEBUG nova.service [None req-db1f3051-7dd6-4fc2-9cdf-20f0aadb59f8 None None] Creating RPC server for service: nova-scheduler on topic: scheduler {{(pid=95695) start /opt/stack/nova/nova/service.py:195}}
Jun 08 20:25:31.181991 np0000002354 nova-scheduler[95693]: DEBUG nova.service [None req-f953dd34-6198-48ae-84d0-e8abd0f60ee1 None None] Creating RPC server for service: nova-scheduler on topic: scheduler {{(pid=95693) start /opt/stack/nova/nova/service.py:195}}
Jun 08 20:25:31.201166 np0000002354 nova-scheduler[95693]: DEBUG nova.service [None req-f953dd34-6198-48ae-84d0-e8abd0f60ee1 None None] Join ServiceGroup membership for this service scheduler {{(pid=95693) start /opt/stack/nova/nova/service.py:221}}
Jun 08 20:25:31.201306 np0000002354 nova-scheduler[95693]: DEBUG nova.servicegroup.drivers.db [None req-f953dd34-6198-48ae-84d0-e8abd0f60ee1 None None] DB_Driver: join new ServiceGroup member np0000002354 to the scheduler group, service = {{(pid=95693) join /opt/stack/nova/nova/servicegroup/drivers/db.py:44}}
Jun 08 20:25:31.209059 np0000002354 nova-scheduler[95695]: DEBUG nova.service [None req-db1f3051-7dd6-4fc2-9cdf-20f0aadb59f8 None None] Join ServiceGroup membership for this service scheduler {{(pid=95695) start /opt/stack/nova/nova/service.py:221}}
Jun 08 20:25:31.209323 np0000002354 nova-scheduler[95695]: DEBUG nova.servicegroup.drivers.db [None req-db1f3051-7dd6-4fc2-9cdf-20f0aadb59f8 None None] DB_Driver: join new ServiceGroup member np0000002354 to the scheduler group, service = {{(pid=95695) join /opt/stack/nova/nova/servicegroup/drivers/db.py:44}}
Jun 08 20:25:36.194877 np0000002354 nova-scheduler[95691]: DEBUG oslo.service.backend._threading.loopingcall [-] Fixed interval looping call 'nova.servicegroup.drivers.db.DbDriver._report_state' sleeping for 119.99 seconds {{(pid=95691) _run_loop /opt/stack/data/venv/lib/python3.12/site-packages/oslo_service/backend/_threading/loopingcall.py:125}}
Jun 08 20:25:36.214455 np0000002354 nova-scheduler[95693]: DEBUG oslo.service.backend._threading.loopingcall [-] Fixed interval looping call 'nova.servicegroup.drivers.db.DbDriver._report_state' sleeping for 119.99 seconds {{(pid=95693) _run_loop /opt/stack/data/venv/lib/python3.12/site-packages/oslo_service/backend/_threading/loopingcall.py:125}}
Jun 08 20:25:36.220895 np0000002354 nova-scheduler[95695]: DEBUG oslo.service.backend._threading.loopingcall [-] Fixed interval looping call 'nova.servicegroup.drivers.db.DbDriver._report_state' sleeping for 119.99 seconds {{(pid=95695) _run_loop /opt/stack/data/venv/lib/python3.12/site-packages/oslo_service/backend/_threading/loopingcall.py:125}}
Jun 08 20:25:39.211478 np0000002354 nova-scheduler[95695]: DEBUG oslo.service.backend._threading.loopingcall [None req-bc2a453b-324b-435a-99f6-94794e9a1323 None None] Dynamic interval looping call 'nova.service.Service.periodic_tasks' sleeping for 60.00 seconds {{(pid=95695) _run_loop /opt/stack/data/venv/lib/python3.12/site-packages/oslo_service/backend/_threading/loopingcall.py:125}}
Jun 08 20:25:39.681805 np0000002354 nova-scheduler[94500]: DEBUG dbcounter [-] [94500] Writing DB stats nova_api:SELECT=3 {{(pid=94500) stat_writer /opt/stack/data/venv/lib/python3.12/site-packages/dbcounter.py:115}}
Jun 08 20:25:39.825159 np0000002354 nova-scheduler[94500]: DEBUG dbcounter [-] [94500] Writing DB stats nova_cell1:SELECT=1 {{(pid=94500) stat_writer /opt/stack/data/venv/lib/python3.12/site-packages/dbcounter.py:115}}
Jun 08 20:25:39.833712 np0000002354 nova-scheduler[94500]: DEBUG dbcounter [-] [94500] Writing DB stats nova_cell0:SELECT=1 {{(pid=94500) stat_writer /opt/stack/data/venv/lib/python3.12/site-packages/dbcounter.py:115}}
Jun 08 20:25:46.190562 np0000002354 nova-scheduler[95691]: DEBUG dbcounter [-] [95691] Writing DB stats nova_cell0:SELECT=4,nova_cell0:INSERT=1,nova_cell0:UPDATE=1 {{(pid=95691) stat_writer /opt/stack/data/venv/lib/python3.12/site-packages/dbcounter.py:115}}
Jun 08 20:25:46.212108 np0000002354 nova-scheduler[95693]: DEBUG dbcounter [-] [95693] Writing DB stats nova_cell0:SELECT=3 {{(pid=95693) stat_writer /opt/stack/data/venv/lib/python3.12/site-packages/dbcounter.py:115}}
Jun 08 20:25:46.220782 np0000002354 nova-scheduler[95695]: DEBUG dbcounter [-] [95695] Writing DB stats nova_cell0:SELECT=3 {{(pid=95695) stat_writer /opt/stack/data/venv/lib/python3.12/site-packages/dbcounter.py:115}}
Jun 08 20:25:53.206574 np0000002354 nova-scheduler[95693]: DEBUG oslo.service.backend._threading.loopingcall [None req-9a2f4325-0675-48f9-86d6-df27cc8cfc5e None None] Dynamic interval looping call 'nova.service.Service.periodic_tasks' sleeping for 60.00 seconds {{(pid=95693) _run_loop /opt/stack/data/venv/lib/python3.12/site-packages/oslo_service/backend/_threading/loopingcall.py:125}}
Jun 08 20:26:28.181716 np0000002354 nova-scheduler[95691]: DEBUG oslo.service.backend._threading.loopingcall [None req-464e7b96-8ccf-416a-bc16-d5ac2e7c331f None None] Dynamic interval looping call 'nova.service.Service.periodic_tasks' sleeping for 60.00 seconds {{(pid=95691) _run_loop /opt/stack/data/venv/lib/python3.12/site-packages/oslo_service/backend/_threading/loopingcall.py:125}}
Jun 08 20:26:39.212046 np0000002354 nova-scheduler[95695]: DEBUG oslo.service.backend._threading.loopingcall [None req-bc2a453b-324b-435a-99f6-94794e9a1323 None None] Dynamic interval looping call 'nova.service.Service.periodic_tasks' sleeping for 60.00 seconds {{(pid=95695) _run_loop /opt/stack/data/venv/lib/python3.12/site-packages/oslo_service/backend/_threading/loopingcall.py:125}}
Jun 08 20:26:53.207075 np0000002354 nova-scheduler[95693]: DEBUG oslo.service.backend._threading.loopingcall [None req-9a2f4325-0675-48f9-86d6-df27cc8cfc5e None None] Dynamic interval looping call 'nova.service.Service.periodic_tasks' sleeping for 60.00 seconds {{(pid=95693) _run_loop /opt/stack/data/venv/lib/python3.12/site-packages/oslo_service/backend/_threading/loopingcall.py:125}}
Jun 08 20:27:28.182226 np0000002354 nova-scheduler[95691]: DEBUG oslo.service.backend._threading.loopingcall [None req-464e7b96-8ccf-416a-bc16-d5ac2e7c331f None None] Dynamic interval looping call 'nova.service.Service.periodic_tasks' sleeping for 60.00 seconds {{(pid=95691) _run_loop /opt/stack/data/venv/lib/python3.12/site-packages/oslo_service/backend/_threading/loopingcall.py:125}}
Jun 08 20:27:36.192400 np0000002354 nova-scheduler[95691]: DEBUG oslo.service.backend._threading.loopingcall [-] Fixed interval looping call 'nova.servicegroup.drivers.db.DbDriver._report_state' sleeping for 119.99 seconds {{(pid=95691) _run_loop /opt/stack/data/venv/lib/python3.12/site-packages/oslo_service/backend/_threading/loopingcall.py:125}}
Jun 08 20:27:36.207997 np0000002354 nova-scheduler[95693]: DEBUG oslo.service.backend._threading.loopingcall [-] Fixed interval looping call 'nova.servicegroup.drivers.db.DbDriver._report_state' sleeping for 120.00 seconds {{(pid=95693) _run_loop /opt/stack/data/venv/lib/python3.12/site-packages/oslo_service/backend/_threading/loopingcall.py:125}}
Jun 08 20:27:36.214365 np0000002354 nova-scheduler[95695]: DEBUG oslo.service.backend._threading.loopingcall [-] Fixed interval looping call 'nova.servicegroup.drivers.db.DbDriver._report_state' sleeping for 120.00 seconds {{(pid=95695) _run_loop /opt/stack/data/venv/lib/python3.12/site-packages/oslo_service/backend/_threading/loopingcall.py:125}}
Jun 08 20:27:39.212557 np0000002354 nova-scheduler[95695]: DEBUG oslo.service.backend._threading.loopingcall [None req-bc2a453b-324b-435a-99f6-94794e9a1323 None None] Dynamic interval looping call 'nova.service.Service.periodic_tasks' sleeping for 60.00 seconds {{(pid=95695) _run_loop /opt/stack/data/venv/lib/python3.12/site-packages/oslo_service/backend/_threading/loopingcall.py:125}}
Jun 08 20:27:46.188764 np0000002354 nova-scheduler[95691]: DEBUG dbcounter [-] [95691] Writing DB stats nova_cell0:SELECT=1,nova_cell0:UPDATE=1 {{(pid=95691) stat_writer /opt/stack/data/venv/lib/python3.12/site-packages/dbcounter.py:115}}
Jun 08 20:27:46.206365 np0000002354 nova-scheduler[95693]: DEBUG dbcounter [-] [95693] Writing DB stats nova_cell0:SELECT=1 {{(pid=95693) stat_writer /opt/stack/data/venv/lib/python3.12/site-packages/dbcounter.py:115}}
Jun 08 20:27:46.213030 np0000002354 nova-scheduler[95695]: DEBUG dbcounter [-] [95695] Writing DB stats nova_cell0:SELECT=1 {{(pid=95695) stat_writer /opt/stack/data/venv/lib/python3.12/site-packages/dbcounter.py:115}}
Jun 08 20:27:53.207919 np0000002354 nova-scheduler[95693]: DEBUG oslo.service.backend._threading.loopingcall [None req-9a2f4325-0675-48f9-86d6-df27cc8cfc5e None None] Dynamic interval looping call 'nova.service.Service.periodic_tasks' sleeping for 60.00 seconds {{(pid=95693) _run_loop /opt/stack/data/venv/lib/python3.12/site-packages/oslo_service/backend/_threading/loopingcall.py:125}}
Jun 08 20:28:08.933527 np0000002354 nova-scheduler[95691]: DEBUG nova.scheduler.manager [None req-1a62d33c-72c5-4e07-a13f-3a8d6351f3ca tempest-ServerBootFromVolumeStableRescueTest-1255339251 tempest-ServerBootFromVolumeStableRescueTest-1255339251-project-member] Starting to schedule for instances: ['44a3e946-8421-44db-b47e-5e27dc81b9b6'] {{(pid=95691) select_destinations /opt/stack/nova/nova/scheduler/manager.py:210}}
Jun 08 20:28:08.934252 np0000002354 nova-scheduler[95691]: DEBUG nova.scheduler.request_filter [None req-1a62d33c-72c5-4e07-a13f-3a8d6351f3ca tempest-ServerBootFromVolumeStableRescueTest-1255339251 tempest-ServerBootFromVolumeStableRescueTest-1255339251-project-member] compute_status_filter request filter added forbidden trait COMPUTE_STATUS_DISABLED {{(pid=95691) compute_status_filter /opt/stack/nova/nova/scheduler/request_filter.py:253}}
Jun 08 20:28:08.934252 np0000002354 nova-scheduler[95691]: DEBUG nova.scheduler.request_filter [None req-1a62d33c-72c5-4e07-a13f-3a8d6351f3ca tempest-ServerBootFromVolumeStableRescueTest-1255339251 tempest-ServerBootFromVolumeStableRescueTest-1255339251-project-member] Request filter 'compute_status_filter' took 0.0 seconds {{(pid=95691) wrapper /opt/stack/nova/nova/scheduler/request_filter.py:46}}
Jun 08 20:28:08.934409 np0000002354 nova-scheduler[95691]: DEBUG nova.scheduler.request_filter [None req-1a62d33c-72c5-4e07-a13f-3a8d6351f3ca tempest-ServerBootFromVolumeStableRescueTest-1255339251 tempest-ServerBootFromVolumeStableRescueTest-1255339251-project-member] Request filter 'accelerators_filter' took 0.0 seconds {{(pid=95691) wrapper /opt/stack/nova/nova/scheduler/request_filter.py:46}}
Jun 08 20:28:08.934544 np0000002354 nova-scheduler[95691]: DEBUG nova.scheduler.request_filter [None req-1a62d33c-72c5-4e07-a13f-3a8d6351f3ca tempest-ServerBootFromVolumeStableRescueTest-1255339251 tempest-ServerBootFromVolumeStableRescueTest-1255339251-project-member] Request filter 'packed_virtqueue_filter' took 0.0 seconds {{(pid=95691) wrapper /opt/stack/nova/nova/scheduler/request_filter.py:46}}
Jun 08 20:28:08.934953 np0000002354 nova-scheduler[95691]: DEBUG nova.scheduler.request_filter [None req-1a62d33c-72c5-4e07-a13f-3a8d6351f3ca tempest-ServerBootFromVolumeStableRescueTest-1255339251 tempest-ServerBootFromVolumeStableRescueTest-1255339251-project-member] Request filter 'remote_managed_ports_filter' took 0.0 seconds {{(pid=95691) wrapper /opt/stack/nova/nova/scheduler/request_filter.py:46}}
Jun 08 20:28:08.935065 np0000002354 nova-scheduler[95691]: DEBUG nova.scheduler.request_filter [None req-1a62d33c-72c5-4e07-a13f-3a8d6351f3ca tempest-ServerBootFromVolumeStableRescueTest-1255339251 tempest-ServerBootFromVolumeStableRescueTest-1255339251-project-member] ephemeral_encryption_filter skipped {{(pid=95691) ephemeral_encryption_filter /opt/stack/nova/nova/scheduler/request_filter.py:426}}
Jun 08 20:28:08.935252 np0000002354 nova-scheduler[95691]: DEBUG nova.scheduler.request_filter [None req-1a62d33c-72c5-4e07-a13f-3a8d6351f3ca tempest-ServerBootFromVolumeStableRescueTest-1255339251 tempest-ServerBootFromVolumeStableRescueTest-1255339251-project-member] virtio_sound_filter skipped {{(pid=95691) virtio_sound_filter /opt/stack/nova/nova/scheduler/request_filter.py:460}}
Jun 08 20:28:08.935767 np0000002354 nova-scheduler[95691]: DEBUG nova.scheduler.request_filter [None req-1a62d33c-72c5-4e07-a13f-3a8d6351f3ca tempest-ServerBootFromVolumeStableRescueTest-1255339251 tempest-ServerBootFromVolumeStableRescueTest-1255339251-project-member] tpm_secret_security_filter skipped {{(pid=95691) tpm_secret_security_filter /opt/stack/nova/nova/scheduler/request_filter.py:477}}
Jun 08 20:28:09.402768 np0000002354 nova-scheduler[95691]: INFO nova.utils [None req-1a62d33c-72c5-4e07-a13f-3a8d6351f3ca tempest-ServerBootFromVolumeStableRescueTest-1255339251 tempest-ServerBootFromVolumeStableRescueTest-1255339251-project-member] The cell worker thread pool ForkProcess-1.cell_worker is initialized
Jun 08 20:28:09.403342 np0000002354 nova-scheduler[95691]: DEBUG oslo_concurrency.lockutils [None req-1a62d33c-72c5-4e07-a13f-3a8d6351f3ca tempest-ServerBootFromVolumeStableRescueTest-1255339251 tempest-ServerBootFromVolumeStableRescueTest-1255339251-project-member] Acquiring lock "a8c2eaae-1346-4853-b982-5c6c4ce6fcc2" by "nova.context.set_target_cell..get_or_set_cached_cell_and_set_connections" {{(pid=95691) inner /opt/stack/data/venv/lib/python3.12/site-packages/oslo_concurrency/lockutils.py:511}}
Jun 08 20:28:09.403342 np0000002354 nova-scheduler[95691]: DEBUG oslo_concurrency.lockutils [None req-1a62d33c-72c5-4e07-a13f-3a8d6351f3ca tempest-ServerBootFromVolumeStableRescueTest-1255339251 tempest-ServerBootFromVolumeStableRescueTest-1255339251-project-member] Lock "a8c2eaae-1346-4853-b982-5c6c4ce6fcc2" acquired by "nova.context.set_target_cell..get_or_set_cached_cell_and_set_connections" :: waited 0.000s {{(pid=95691) inner /opt/stack/data/venv/lib/python3.12/site-packages/oslo_concurrency/lockutils.py:524}}
Jun 08 20:28:09.404817 np0000002354 nova-scheduler[95691]: DEBUG oslo_concurrency.lockutils [None req-1a62d33c-72c5-4e07-a13f-3a8d6351f3ca tempest-ServerBootFromVolumeStableRescueTest-1255339251 tempest-ServerBootFromVolumeStableRescueTest-1255339251-project-member] Lock "a8c2eaae-1346-4853-b982-5c6c4ce6fcc2" "released" by "nova.context.set_target_cell..get_or_set_cached_cell_and_set_connections" :: held 0.001s {{(pid=95691) inner /opt/stack/data/venv/lib/python3.12/site-packages/oslo_concurrency/lockutils.py:543}}
Jun 08 20:28:09.407438 np0000002354 nova-scheduler[95691]: INFO dbcounter [None req-1a62d33c-72c5-4e07-a13f-3a8d6351f3ca tempest-ServerBootFromVolumeStableRescueTest-1255339251 tempest-ServerBootFromVolumeStableRescueTest-1255339251-project-member] Registered counter for database nova_cell1
Jun 08 20:28:09.454587 np0000002354 nova-scheduler[95691]: DEBUG oslo_db.sqlalchemy.engines [None req-1a62d33c-72c5-4e07-a13f-3a8d6351f3ca tempest-ServerBootFromVolumeStableRescueTest-1255339251 tempest-ServerBootFromVolumeStableRescueTest-1255339251-project-member] MySQL server mode set to STRICT_TRANS_TABLES,STRICT_ALL_TABLES,NO_ZERO_IN_DATE,NO_ZERO_DATE,ERROR_FOR_DIVISION_BY_ZERO,TRADITIONAL,NO_ENGINE_SUBSTITUTION {{(pid=95691) _check_effective_sql_mode /opt/stack/data/venv/lib/python3.12/site-packages/oslo_db/sqlalchemy/engines.py:325}}
Jun 08 20:28:09.460636 np0000002354 nova-scheduler[95691]: DEBUG dbcounter [-] [95691] Writer thread running {{(pid=95691) stat_writer /opt/stack/data/venv/lib/python3.12/site-packages/dbcounter.py:102}}
Jun 08 20:28:09.474007 np0000002354 nova-scheduler[95691]: DEBUG oslo_db.sqlalchemy.engines [None req-1a62d33c-72c5-4e07-a13f-3a8d6351f3ca tempest-ServerBootFromVolumeStableRescueTest-1255339251 tempest-ServerBootFromVolumeStableRescueTest-1255339251-project-member] Parent process 94500 forked (95691) with an open database connection, which is being discarded and recreated. {{(pid=95691) checkout /opt/stack/data/venv/lib/python3.12/site-packages/oslo_db/sqlalchemy/engines.py:402}}
Jun 08 20:28:09.511887 np0000002354 nova-scheduler[95691]: DEBUG dbcounter [-] [95691] Writer thread running {{(pid=95691) stat_writer /opt/stack/data/venv/lib/python3.12/site-packages/dbcounter.py:102}}
Jun 08 20:28:09.515399 np0000002354 nova-scheduler[95691]: DEBUG oslo_concurrency.lockutils [None req-1a62d33c-72c5-4e07-a13f-3a8d6351f3ca tempest-ServerBootFromVolumeStableRescueTest-1255339251 tempest-ServerBootFromVolumeStableRescueTest-1255339251-project-member] Acquiring lock "a8c2eaae-1346-4853-b982-5c6c4ce6fcc2" by "nova.context.set_target_cell..get_or_set_cached_cell_and_set_connections" {{(pid=95691) inner /opt/stack/data/venv/lib/python3.12/site-packages/oslo_concurrency/lockutils.py:511}}
Jun 08 20:28:09.515399 np0000002354 nova-scheduler[95691]: DEBUG oslo_concurrency.lockutils [None req-1a62d33c-72c5-4e07-a13f-3a8d6351f3ca tempest-ServerBootFromVolumeStableRescueTest-1255339251 tempest-ServerBootFromVolumeStableRescueTest-1255339251-project-member] Lock "a8c2eaae-1346-4853-b982-5c6c4ce6fcc2" acquired by "nova.context.set_target_cell..get_or_set_cached_cell_and_set_connections" :: waited 0.000s {{(pid=95691) inner /opt/stack/data/venv/lib/python3.12/site-packages/oslo_concurrency/lockutils.py:524}}
Jun 08 20:28:09.515584 np0000002354 nova-scheduler[95691]: DEBUG oslo_concurrency.lockutils [None req-1a62d33c-72c5-4e07-a13f-3a8d6351f3ca tempest-ServerBootFromVolumeStableRescueTest-1255339251 tempest-ServerBootFromVolumeStableRescueTest-1255339251-project-member] Lock "a8c2eaae-1346-4853-b982-5c6c4ce6fcc2" "released" by "nova.context.set_target_cell..get_or_set_cached_cell_and_set_connections" :: held 0.000s {{(pid=95691) inner /opt/stack/data/venv/lib/python3.12/site-packages/oslo_concurrency/lockutils.py:543}}
Jun 08 20:28:09.521128 np0000002354 nova-scheduler[95691]: DEBUG oslo_concurrency.lockutils [None req-1a62d33c-72c5-4e07-a13f-3a8d6351f3ca tempest-ServerBootFromVolumeStableRescueTest-1255339251 tempest-ServerBootFromVolumeStableRescueTest-1255339251-project-member] Acquiring lock "('np0000002354', 'np0000002354')" by "nova.scheduler.host_manager.HostState.update.._locked_update" {{(pid=95691) inner /opt/stack/data/venv/lib/python3.12/site-packages/oslo_concurrency/lockutils.py:511}}
Jun 08 20:28:09.521128 np0000002354 nova-scheduler[95691]: DEBUG oslo_concurrency.lockutils [None req-1a62d33c-72c5-4e07-a13f-3a8d6351f3ca tempest-ServerBootFromVolumeStableRescueTest-1255339251 tempest-ServerBootFromVolumeStableRescueTest-1255339251-project-member] Lock "('np0000002354', 'np0000002354')" acquired by "nova.scheduler.host_manager.HostState.update.._locked_update" :: waited 0.000s {{(pid=95691) inner /opt/stack/data/venv/lib/python3.12/site-packages/oslo_concurrency/lockutils.py:524}}
Jun 08 20:28:09.521620 np0000002354 nova-scheduler[95691]: DEBUG nova.scheduler.host_manager [None req-1a62d33c-72c5-4e07-a13f-3a8d6351f3ca tempest-ServerBootFromVolumeStableRescueTest-1255339251 tempest-ServerBootFromVolumeStableRescueTest-1255339251-project-member] Update host state from compute node: ComputeNode(cpu_allocation_ratio=4.0,cpu_info='{"arch": "x86_64", "model": "EPYC-Milan", "vendor": "AMD", "topology": {"cells": 1, "sockets": 12, "cores": 1, "threads": 1}, "maxphysaddr": {"mode": "emulate", "bits": 40}, "features": ["pge", "popcnt", "f16c", "fxsr", "pfthreshold", "tsc-deadline", "pse36", "fsrm", "rdpid", "mmx", "svme-addr-chk", "ssbd", "sse4.2", "pae", "osvw", "svm", "abm", "hypervisor", "sse2", "cmp_legacy", "syscall", "erms", "lbrv", "sse4.1", "sep", "ibrs", "rdtscp", "avx", "bmi1", "clzero", "mce", "rdseed", "aes", "amd-stibp", "cx8", "bmi2", "lahf_lm", "pat", "vmcb-clean", "gds-no", "fpu", "xsaveopt", "3dnowprefetch", "v-vmsave-vmload", "lm", "flushbyasid", "fma", "virt-ssbd", "xsaves", "skip-l1dfl-vmentry", "null-sel-clr-base", "xsavec", "vgif", "sha-ni", "mds-no", "pclmuldq", "sse4a", "xsave", "tsc", "perfctr_core", "misalignsse", "msr", "sse", "clwb", "adx", "pku", "stibp", "avx2", "apic", "nx", "lfence-always-serializing", "nrip-save", "cr8legacy", "umip", "mtrr", "smap", "clflushopt", "amd-ssbd", "xsaveerptr", "fxsr_opt", "topoext", "ssse3", "pdpe1gb", "pni", "rdctl-no", "vpclmulqdq", "x2apic", "smep", "cmov", "arat", "npt", "amd-psfd", "mca", "clflush", "tsc_adjust", "cx16", "stibp-always-on", "fsgsbase", "pause-filter", "no-nested-data-bp", "de", "pschange-mc-no", "vme", "pse", "ibpb", "pcid", "mmxext", "wbnoinvd", "vaes", "rdrand", "xgetbv1", "spec-ctrl", "tsc-scale", "arch-capabilities", "movbe", "invpcid"]}',created_at=2026-06-08T20:25:57Z,current_workload=0,deleted=False,deleted_at=None,disk_allocation_ratio=1.0,disk_available_least=74,free_disk_gb=95,free_ram_mb=23518,host='np0000002354',host_ip=10.4.3.162,hypervisor_hostname='np0000002354',hypervisor_type='QEMU',hypervisor_version=8002002,id=1,local_gb=95,local_gb_used=0,mapped=1,memory_mb=24030,memory_mb_used=512,metrics='[]',numa_topology='{"nova_object.name": "NUMATopology", "nova_object.namespace": "nova", "nova_object.version": "1.2", "nova_object.data": {"cells": [{"nova_object.name": "NUMACell", "nova_object.namespace": "nova", "nova_object.version": "1.5", "nova_object.data": {"id": 0, "cpuset": [0, 1, 2, 3, 4, 5, 6, 7, 8, 9, 10, 11], "pcpuset": [0, 1, 2, 3, 4, 5, 6, 7, 8, 9, 10, 11], "memory": 24030, "cpu_usage": 0, "memory_usage": 0, "pinned_cpus": [], "siblings": [[6], [2], [5], [11], [8], [4], [1], [7], [10], [0], [3], [9]], "mempages": [{"nova_object.name": "NUMAPagesTopology", "nova_object.namespace": "nova", "nova_object.version": "1.1", "nova_object.data": {"size_kb": 4, "total": 6151798, "used": 0, "reserved": 0}, "nova_object.changes": ["size_kb", "used", "total", "reserved"]}, {"nova_object.name": "NUMAPagesTopology", "nova_object.namespace": "nova", "nova_object.version": "1.1", "nova_object.data": {"size_kb": 2048, "total": 0, "used": 0, "reserved": 0}, "nova_object.changes": ["size_kb", "used", "total", "reserved"]}, {"nova_object.name": "NUMAPagesTopology", "nova_object.namespace": "nova", "nova_object.version": "1.1", "nova_object.data": {"size_kb": 1048576, "total": 0, "used": 0, "reserved": 0}, "nova_object.changes": ["size_kb", "used", "total", "reserved"]}], "network_metadata": {"nova_object.name": "NetworkMetadata", "nova_object.namespace": "nova", "nova_object.version": "1.0", "nova_object.data": {"physnets": [], "tunneled": false}, "nova_object.changes": ["physnets", "tunneled"]}, "socket": null}, "nova_object.changes": ["id", "pcpuset", "cpu_usage", "cpuset", "mempages", "memory", "socket", "memory_usage", "pinned_cpus", "siblings", "network_metadata"]}]}, "nova_object.changes": ["cells"]}',pci_device_pools=PciDevicePoolList,ram_allocation_ratio=1.0,running_vms=0,service_id=2,stats={failed_builds='0',uptime=' 20:27:42 up 26 min, 2 users, load average: 1.28, 1.36, 0.80
Jun 08 20:28:09.521620 np0000002354 nova-scheduler[95691]: '},supported_hv_specs=[HVSpec,HVSpec,HVSpec,HVSpec,HVSpec,HVSpec,HVSpec,HVSpec,HVSpec,HVSpec,HVSpec,HVSpec,HVSpec,HVSpec,HVSpec,HVSpec,HVSpec,HVSpec,HVSpec,HVSpec,HVSpec,HVSpec,HVSpec,HVSpec,HVSpec],updated_at=2026-06-08T20:27:44Z,uuid=2542c107-a7f9-4273-af5b-87f270e8864c,vcpus=12,vcpus_used=0) {{(pid=95691) _locked_update /opt/stack/nova/nova/scheduler/host_manager.py:168}}
Jun 08 20:28:09.522373 np0000002354 nova-scheduler[95691]: DEBUG nova.scheduler.host_manager [None req-1a62d33c-72c5-4e07-a13f-3a8d6351f3ca tempest-ServerBootFromVolumeStableRescueTest-1255339251 tempest-ServerBootFromVolumeStableRescueTest-1255339251-project-member] Update host state with aggregates: [] {{(pid=95691) _locked_update /opt/stack/nova/nova/scheduler/host_manager.py:171}}
Jun 08 20:28:09.522491 np0000002354 nova-scheduler[95691]: DEBUG nova.scheduler.host_manager [None req-1a62d33c-72c5-4e07-a13f-3a8d6351f3ca tempest-ServerBootFromVolumeStableRescueTest-1255339251 tempest-ServerBootFromVolumeStableRescueTest-1255339251-project-member] Update host state with service dict: {'id': 2, 'uuid': '9833af17-4116-4adb-a79d-87d1d97f7827', 'host': 'np0000002354', 'binary': 'nova-compute', 'topic': 'compute', 'report_count': 2, 'disabled': False, 'disabled_reason': None, 'last_seen_up': datetime.datetime(2026, 6, 8, 20, 28, 6, tzinfo=datetime.timezone.utc), 'forced_down': False, 'version': 72, 'created_at': datetime.datetime(2026, 6, 8, 20, 25, 55, tzinfo=datetime.timezone.utc), 'updated_at': datetime.datetime(2026, 6, 8, 20, 28, 6, tzinfo=datetime.timezone.utc), 'deleted_at': None, 'deleted': False} {{(pid=95691) _locked_update /opt/stack/nova/nova/scheduler/host_manager.py:174}}
Jun 08 20:28:09.522599 np0000002354 nova-scheduler[95691]: DEBUG nova.scheduler.host_manager [None req-1a62d33c-72c5-4e07-a13f-3a8d6351f3ca tempest-ServerBootFromVolumeStableRescueTest-1255339251 tempest-ServerBootFromVolumeStableRescueTest-1255339251-project-member] Update host state with instances: [] {{(pid=95691) _locked_update /opt/stack/nova/nova/scheduler/host_manager.py:177}}
Jun 08 20:28:09.522741 np0000002354 nova-scheduler[95691]: DEBUG oslo_concurrency.lockutils [None req-1a62d33c-72c5-4e07-a13f-3a8d6351f3ca tempest-ServerBootFromVolumeStableRescueTest-1255339251 tempest-ServerBootFromVolumeStableRescueTest-1255339251-project-member] Lock "('np0000002354', 'np0000002354')" "released" by "nova.scheduler.host_manager.HostState.update.._locked_update" :: held 0.002s {{(pid=95691) inner /opt/stack/data/venv/lib/python3.12/site-packages/oslo_concurrency/lockutils.py:543}}
Jun 08 20:28:09.523165 np0000002354 nova-scheduler[95691]: DEBUG nova.filters [None req-1a62d33c-72c5-4e07-a13f-3a8d6351f3ca tempest-ServerBootFromVolumeStableRescueTest-1255339251 tempest-ServerBootFromVolumeStableRescueTest-1255339251-project-member] Starting with 1 host(s) {{(pid=95691) get_filtered_objects /opt/stack/nova/nova/filters.py:70}}
Jun 08 20:28:09.523375 np0000002354 nova-scheduler[95691]: DEBUG nova.filters [None req-1a62d33c-72c5-4e07-a13f-3a8d6351f3ca tempest-ServerBootFromVolumeStableRescueTest-1255339251 tempest-ServerBootFromVolumeStableRescueTest-1255339251-project-member] Filter ComputeFilter returned 1 host(s) {{(pid=95691) get_filtered_objects /opt/stack/nova/nova/filters.py:102}}
Jun 08 20:28:09.523535 np0000002354 nova-scheduler[95691]: DEBUG nova.filters [None req-1a62d33c-72c5-4e07-a13f-3a8d6351f3ca tempest-ServerBootFromVolumeStableRescueTest-1255339251 tempest-ServerBootFromVolumeStableRescueTest-1255339251-project-member] Filter ComputeCapabilitiesFilter returned 1 host(s) {{(pid=95691) get_filtered_objects /opt/stack/nova/nova/filters.py:102}}
Jun 08 20:28:09.524141 np0000002354 nova-scheduler[95691]: DEBUG nova.filters [None req-1a62d33c-72c5-4e07-a13f-3a8d6351f3ca tempest-ServerBootFromVolumeStableRescueTest-1255339251 tempest-ServerBootFromVolumeStableRescueTest-1255339251-project-member] Filter ImagePropertiesFilter returned 1 host(s) {{(pid=95691) get_filtered_objects /opt/stack/nova/nova/filters.py:102}}
Jun 08 20:28:09.524141 np0000002354 nova-scheduler[95691]: DEBUG nova.filters [None req-1a62d33c-72c5-4e07-a13f-3a8d6351f3ca tempest-ServerBootFromVolumeStableRescueTest-1255339251 tempest-ServerBootFromVolumeStableRescueTest-1255339251-project-member] Filter ServerGroupAntiAffinityFilter returned 1 host(s) {{(pid=95691) get_filtered_objects /opt/stack/nova/nova/filters.py:102}}
Jun 08 20:28:09.524141 np0000002354 nova-scheduler[95691]: DEBUG nova.filters [None req-1a62d33c-72c5-4e07-a13f-3a8d6351f3ca tempest-ServerBootFromVolumeStableRescueTest-1255339251 tempest-ServerBootFromVolumeStableRescueTest-1255339251-project-member] Filter ServerGroupAffinityFilter returned 1 host(s) {{(pid=95691) get_filtered_objects /opt/stack/nova/nova/filters.py:102}}
Jun 08 20:28:09.524308 np0000002354 nova-scheduler[95691]: DEBUG nova.filters [None req-1a62d33c-72c5-4e07-a13f-3a8d6351f3ca tempest-ServerBootFromVolumeStableRescueTest-1255339251 tempest-ServerBootFromVolumeStableRescueTest-1255339251-project-member] Filter SameHostFilter returned 1 host(s) {{(pid=95691) get_filtered_objects /opt/stack/nova/nova/filters.py:102}}
Jun 08 20:28:09.524378 np0000002354 nova-scheduler[95691]: DEBUG nova.filters [None req-1a62d33c-72c5-4e07-a13f-3a8d6351f3ca tempest-ServerBootFromVolumeStableRescueTest-1255339251 tempest-ServerBootFromVolumeStableRescueTest-1255339251-project-member] Filter DifferentHostFilter returned 1 host(s) {{(pid=95691) get_filtered_objects /opt/stack/nova/nova/filters.py:102}}
Jun 08 20:28:09.524529 np0000002354 nova-scheduler[95691]: DEBUG nova.scheduler.manager [None req-1a62d33c-72c5-4e07-a13f-3a8d6351f3ca tempest-ServerBootFromVolumeStableRescueTest-1255339251 tempest-ServerBootFromVolumeStableRescueTest-1255339251-project-member] Filtered [(np0000002354, np0000002354) ram: 23518MB disk: 75776MB io_ops: 0 instances: 0, allocation_candidates: 1] {{(pid=95691) _get_sorted_hosts /opt/stack/nova/nova/scheduler/manager.py:743}}
Jun 08 20:28:09.524771 np0000002354 nova-scheduler[95691]: DEBUG nova.scheduler.manager [None req-1a62d33c-72c5-4e07-a13f-3a8d6351f3ca tempest-ServerBootFromVolumeStableRescueTest-1255339251 tempest-ServerBootFromVolumeStableRescueTest-1255339251-project-member] Weighed [WeighedHost [host: (np0000002354, np0000002354) ram: 23518MB disk: 75776MB io_ops: 0 instances: 0, allocation_candidates: 1, weight: 0.0]] {{(pid=95691) _get_sorted_hosts /opt/stack/nova/nova/scheduler/manager.py:765}}
Jun 08 20:28:09.525000 np0000002354 nova-scheduler[95691]: DEBUG nova.scheduler.utils [None req-1a62d33c-72c5-4e07-a13f-3a8d6351f3ca tempest-ServerBootFromVolumeStableRescueTest-1255339251 tempest-ServerBootFromVolumeStableRescueTest-1255339251-project-member] Attempting to claim resources in the placement API for instance 44a3e946-8421-44db-b47e-5e27dc81b9b6 {{(pid=95691) claim_resources /opt/stack/nova/nova/scheduler/utils.py:1345}}
Jun 08 20:28:09.712798 np0000002354 nova-scheduler[95691]: DEBUG nova.scheduler.manager [None req-1a62d33c-72c5-4e07-a13f-3a8d6351f3ca tempest-ServerBootFromVolumeStableRescueTest-1255339251 tempest-ServerBootFromVolumeStableRescueTest-1255339251-project-member] [instance: 44a3e946-8421-44db-b47e-5e27dc81b9b6] Selected host: (np0000002354, np0000002354) ram: 23518MB disk: 75776MB io_ops: 0 instances: 0, allocation_candidates: 1 {{(pid=95691) _consume_selected_host /opt/stack/nova/nova/scheduler/manager.py:625}}
Jun 08 20:28:09.713117 np0000002354 nova-scheduler[95691]: DEBUG oslo_concurrency.lockutils [None req-1a62d33c-72c5-4e07-a13f-3a8d6351f3ca tempest-ServerBootFromVolumeStableRescueTest-1255339251 tempest-ServerBootFromVolumeStableRescueTest-1255339251-project-member] Acquiring lock "('np0000002354', 'np0000002354')" by "nova.scheduler.host_manager.HostState.consume_from_request.._locked" {{(pid=95691) inner /opt/stack/data/venv/lib/python3.12/site-packages/oslo_concurrency/lockutils.py:511}}
Jun 08 20:28:09.713331 np0000002354 nova-scheduler[95691]: DEBUG oslo_concurrency.lockutils [None req-1a62d33c-72c5-4e07-a13f-3a8d6351f3ca tempest-ServerBootFromVolumeStableRescueTest-1255339251 tempest-ServerBootFromVolumeStableRescueTest-1255339251-project-member] Lock "('np0000002354', 'np0000002354')" acquired by "nova.scheduler.host_manager.HostState.consume_from_request.._locked" :: waited 0.000s {{(pid=95691) inner /opt/stack/data/venv/lib/python3.12/site-packages/oslo_concurrency/lockutils.py:524}}
Jun 08 20:28:09.713567 np0000002354 nova-scheduler[95691]: DEBUG oslo_concurrency.lockutils [None req-1a62d33c-72c5-4e07-a13f-3a8d6351f3ca tempest-ServerBootFromVolumeStableRescueTest-1255339251 tempest-ServerBootFromVolumeStableRescueTest-1255339251-project-member] Lock "('np0000002354', 'np0000002354')" "released" by "nova.scheduler.host_manager.HostState.consume_from_request.._locked" :: held 0.000s {{(pid=95691) inner /opt/stack/data/venv/lib/python3.12/site-packages/oslo_concurrency/lockutils.py:543}}
Jun 08 20:28:10.466684 np0000002354 nova-scheduler[95693]: DEBUG nova.scheduler.manager [None req-8865e915-01cc-461f-8aa4-f3df7a8c1b9f tempest-DeleteServersTestJSON-1512291710 tempest-DeleteServersTestJSON-1512291710-project-member] Starting to schedule for instances: ['bad5c205-04f8-4c45-9023-ae26e5cdc88a'] {{(pid=95693) select_destinations /opt/stack/nova/nova/scheduler/manager.py:210}}
Jun 08 20:28:10.466684 np0000002354 nova-scheduler[95693]: DEBUG nova.scheduler.request_filter [None req-8865e915-01cc-461f-8aa4-f3df7a8c1b9f tempest-DeleteServersTestJSON-1512291710 tempest-DeleteServersTestJSON-1512291710-project-member] compute_status_filter request filter added forbidden trait COMPUTE_STATUS_DISABLED {{(pid=95693) compute_status_filter /opt/stack/nova/nova/scheduler/request_filter.py:253}}
Jun 08 20:28:10.466684 np0000002354 nova-scheduler[95693]: DEBUG nova.scheduler.request_filter [None req-8865e915-01cc-461f-8aa4-f3df7a8c1b9f tempest-DeleteServersTestJSON-1512291710 tempest-DeleteServersTestJSON-1512291710-project-member] Request filter 'compute_status_filter' took 0.0 seconds {{(pid=95693) wrapper /opt/stack/nova/nova/scheduler/request_filter.py:46}}
Jun 08 20:28:10.467218 np0000002354 nova-scheduler[95693]: DEBUG nova.scheduler.request_filter [None req-8865e915-01cc-461f-8aa4-f3df7a8c1b9f tempest-DeleteServersTestJSON-1512291710 tempest-DeleteServersTestJSON-1512291710-project-member] Request filter 'accelerators_filter' took 0.0 seconds {{(pid=95693) wrapper /opt/stack/nova/nova/scheduler/request_filter.py:46}}
Jun 08 20:28:10.467218 np0000002354 nova-scheduler[95693]: DEBUG nova.scheduler.request_filter [None req-8865e915-01cc-461f-8aa4-f3df7a8c1b9f tempest-DeleteServersTestJSON-1512291710 tempest-DeleteServersTestJSON-1512291710-project-member] Request filter 'packed_virtqueue_filter' took 0.0 seconds {{(pid=95693) wrapper /opt/stack/nova/nova/scheduler/request_filter.py:46}}
Jun 08 20:28:10.467662 np0000002354 nova-scheduler[95693]: DEBUG nova.scheduler.request_filter [None req-8865e915-01cc-461f-8aa4-f3df7a8c1b9f tempest-DeleteServersTestJSON-1512291710 tempest-DeleteServersTestJSON-1512291710-project-member] Request filter 'remote_managed_ports_filter' took 0.0 seconds {{(pid=95693) wrapper /opt/stack/nova/nova/scheduler/request_filter.py:46}}
Jun 08 20:28:10.467662 np0000002354 nova-scheduler[95693]: DEBUG nova.scheduler.request_filter [None req-8865e915-01cc-461f-8aa4-f3df7a8c1b9f tempest-DeleteServersTestJSON-1512291710 tempest-DeleteServersTestJSON-1512291710-project-member] ephemeral_encryption_filter skipped {{(pid=95693) ephemeral_encryption_filter /opt/stack/nova/nova/scheduler/request_filter.py:426}}
Jun 08 20:28:10.467788 np0000002354 nova-scheduler[95693]: DEBUG nova.scheduler.request_filter [None req-8865e915-01cc-461f-8aa4-f3df7a8c1b9f tempest-DeleteServersTestJSON-1512291710 tempest-DeleteServersTestJSON-1512291710-project-member] virtio_sound_filter skipped {{(pid=95693) virtio_sound_filter /opt/stack/nova/nova/scheduler/request_filter.py:460}}
Jun 08 20:28:10.467985 np0000002354 nova-scheduler[95693]: DEBUG nova.scheduler.request_filter [None req-8865e915-01cc-461f-8aa4-f3df7a8c1b9f tempest-DeleteServersTestJSON-1512291710 tempest-DeleteServersTestJSON-1512291710-project-member] tpm_secret_security_filter skipped {{(pid=95693) tpm_secret_security_filter /opt/stack/nova/nova/scheduler/request_filter.py:477}}
Jun 08 20:28:10.586628 np0000002354 nova-scheduler[95693]: INFO nova.utils [None req-8865e915-01cc-461f-8aa4-f3df7a8c1b9f tempest-DeleteServersTestJSON-1512291710 tempest-DeleteServersTestJSON-1512291710-project-member] The cell worker thread pool ForkProcess-2.cell_worker is initialized
Jun 08 20:28:10.587076 np0000002354 nova-scheduler[95693]: DEBUG oslo_concurrency.lockutils [None req-8865e915-01cc-461f-8aa4-f3df7a8c1b9f tempest-DeleteServersTestJSON-1512291710 tempest-DeleteServersTestJSON-1512291710-project-member] Acquiring lock "a8c2eaae-1346-4853-b982-5c6c4ce6fcc2" by "nova.context.set_target_cell..get_or_set_cached_cell_and_set_connections" {{(pid=95693) inner /opt/stack/data/venv/lib/python3.12/site-packages/oslo_concurrency/lockutils.py:511}}
Jun 08 20:28:10.587266 np0000002354 nova-scheduler[95693]: DEBUG oslo_concurrency.lockutils [None req-8865e915-01cc-461f-8aa4-f3df7a8c1b9f tempest-DeleteServersTestJSON-1512291710 tempest-DeleteServersTestJSON-1512291710-project-member] Lock "a8c2eaae-1346-4853-b982-5c6c4ce6fcc2" acquired by "nova.context.set_target_cell..get_or_set_cached_cell_and_set_connections" :: waited 0.000s {{(pid=95693) inner /opt/stack/data/venv/lib/python3.12/site-packages/oslo_concurrency/lockutils.py:524}}
Jun 08 20:28:10.588523 np0000002354 nova-scheduler[95693]: DEBUG oslo_concurrency.lockutils [None req-8865e915-01cc-461f-8aa4-f3df7a8c1b9f tempest-DeleteServersTestJSON-1512291710 tempest-DeleteServersTestJSON-1512291710-project-member] Lock "a8c2eaae-1346-4853-b982-5c6c4ce6fcc2" "released" by "nova.context.set_target_cell..get_or_set_cached_cell_and_set_connections" :: held 0.001s {{(pid=95693) inner /opt/stack/data/venv/lib/python3.12/site-packages/oslo_concurrency/lockutils.py:543}}
Jun 08 20:28:10.591765 np0000002354 nova-scheduler[95693]: INFO dbcounter [None req-8865e915-01cc-461f-8aa4-f3df7a8c1b9f tempest-DeleteServersTestJSON-1512291710 tempest-DeleteServersTestJSON-1512291710-project-member] Registered counter for database nova_cell1
Jun 08 20:28:10.645576 np0000002354 nova-scheduler[95693]: DEBUG oslo_db.sqlalchemy.engines [None req-8865e915-01cc-461f-8aa4-f3df7a8c1b9f tempest-DeleteServersTestJSON-1512291710 tempest-DeleteServersTestJSON-1512291710-project-member] MySQL server mode set to STRICT_TRANS_TABLES,STRICT_ALL_TABLES,NO_ZERO_IN_DATE,NO_ZERO_DATE,ERROR_FOR_DIVISION_BY_ZERO,TRADITIONAL,NO_ENGINE_SUBSTITUTION {{(pid=95693) _check_effective_sql_mode /opt/stack/data/venv/lib/python3.12/site-packages/oslo_db/sqlalchemy/engines.py:325}}
Jun 08 20:28:10.651944 np0000002354 nova-scheduler[95693]: DEBUG dbcounter [-] [95693] Writer thread running {{(pid=95693) stat_writer /opt/stack/data/venv/lib/python3.12/site-packages/dbcounter.py:102}}
Jun 08 20:28:10.709402 np0000002354 nova-scheduler[95693]: DEBUG dbcounter [-] [95693] Writer thread running {{(pid=95693) stat_writer /opt/stack/data/venv/lib/python3.12/site-packages/dbcounter.py:102}}
Jun 08 20:28:10.713285 np0000002354 nova-scheduler[95693]: DEBUG oslo_concurrency.lockutils [None req-8865e915-01cc-461f-8aa4-f3df7a8c1b9f tempest-DeleteServersTestJSON-1512291710 tempest-DeleteServersTestJSON-1512291710-project-member] Acquiring lock "a8c2eaae-1346-4853-b982-5c6c4ce6fcc2" by "nova.context.set_target_cell..get_or_set_cached_cell_and_set_connections" {{(pid=95693) inner /opt/stack/data/venv/lib/python3.12/site-packages/oslo_concurrency/lockutils.py:511}}
Jun 08 20:28:10.713285 np0000002354 nova-scheduler[95693]: DEBUG oslo_concurrency.lockutils [None req-8865e915-01cc-461f-8aa4-f3df7a8c1b9f tempest-DeleteServersTestJSON-1512291710 tempest-DeleteServersTestJSON-1512291710-project-member] Lock "a8c2eaae-1346-4853-b982-5c6c4ce6fcc2" acquired by "nova.context.set_target_cell..get_or_set_cached_cell_and_set_connections" :: waited 0.000s {{(pid=95693) inner /opt/stack/data/venv/lib/python3.12/site-packages/oslo_concurrency/lockutils.py:524}}
Jun 08 20:28:10.713285 np0000002354 nova-scheduler[95693]: DEBUG oslo_concurrency.lockutils [None req-8865e915-01cc-461f-8aa4-f3df7a8c1b9f tempest-DeleteServersTestJSON-1512291710 tempest-DeleteServersTestJSON-1512291710-project-member] Lock "a8c2eaae-1346-4853-b982-5c6c4ce6fcc2" "released" by "nova.context.set_target_cell..get_or_set_cached_cell_and_set_connections" :: held 0.000s {{(pid=95693) inner /opt/stack/data/venv/lib/python3.12/site-packages/oslo_concurrency/lockutils.py:543}}
Jun 08 20:28:10.717361 np0000002354 nova-scheduler[95693]: DEBUG oslo_concurrency.lockutils [None req-8865e915-01cc-461f-8aa4-f3df7a8c1b9f tempest-DeleteServersTestJSON-1512291710 tempest-DeleteServersTestJSON-1512291710-project-member] Acquiring lock "('np0000002354', 'np0000002354')" by "nova.scheduler.host_manager.HostState.update.._locked_update" {{(pid=95693) inner /opt/stack/data/venv/lib/python3.12/site-packages/oslo_concurrency/lockutils.py:511}}
Jun 08 20:28:10.717643 np0000002354 nova-scheduler[95693]: DEBUG oslo_concurrency.lockutils [None req-8865e915-01cc-461f-8aa4-f3df7a8c1b9f tempest-DeleteServersTestJSON-1512291710 tempest-DeleteServersTestJSON-1512291710-project-member] Lock "('np0000002354', 'np0000002354')" acquired by "nova.scheduler.host_manager.HostState.update.._locked_update" :: waited 0.000s {{(pid=95693) inner /opt/stack/data/venv/lib/python3.12/site-packages/oslo_concurrency/lockutils.py:524}}
