Jul 28 12:44:31.231618 np0000005999 devstack@neutron-api.service[87729]: DEBUG ovsdbapp.backend.ovs_idl.transaction [None req-557b0d81-0f20-44a3-8659-1a91a51bb905 None None] Running txn n=1 command(idx=2): PgAclAddCommand(_result=None, entity=pg_ed2532ac_db89_4178_93a2_fae2d66d707a, direction=to-lport, priority=1002, match=outport == @pg_ed2532ac_db89_4178_93a2_fae2d66d707a && ip6 && ip6.src == $pg_ed2532ac_db89_4178_93a2_fae2d66d707a_ip6, action=allow-related, log=False, may_exist=True, severity=[], name=[], meter=[], external_ids={'neutron:security_group_rule_id': '794efe3f-23ae-48b0-93ca-00012ea91d3c'}) {{(pid=87729) do_commit /opt/stack/data/venv/lib/python3.12/site-packages/ovsdbapp/backend/ovs_idl/transaction.py:89}}
Jul 28 12:44:31.231868 np0000005999 devstack@neutron-api.service[87729]: DEBUG ovsdbapp.backend.ovs_idl.transaction [None req-557b0d81-0f20-44a3-8659-1a91a51bb905 None None] Running txn n=1 command(idx=3): PgAclAddCommand(_result=None, entity=pg_ed2532ac_db89_4178_93a2_fae2d66d707a, direction=to-lport, priority=1002, match=outport == @pg_ed2532ac_db89_4178_93a2_fae2d66d707a && ip4 && ip4.src == $pg_ed2532ac_db89_4178_93a2_fae2d66d707a_ip4, action=allow-related, log=False, may_exist=True, severity=[], name=[], meter=[], external_ids={'neutron:security_group_rule_id': 'cfd33a39-081c-4494-a826-31505e53cdc4'}) {{(pid=87729) do_commit /opt/stack/data/venv/lib/python3.12/site-packages/ovsdbapp/backend/ovs_idl/transaction.py:89}}
Jul 28 12:44:31.232127 np0000005999 devstack@neutron-api.service[87729]: DEBUG ovsdbapp.backend.ovs_idl.transaction [None req-557b0d81-0f20-44a3-8659-1a91a51bb905 None None] Running txn n=1 command(idx=4): PgAclAddCommand(_result=None, entity=pg_ed2532ac_db89_4178_93a2_fae2d66d707a, direction=from-lport, priority=1002, match=inport == @pg_ed2532ac_db89_4178_93a2_fae2d66d707a && ip6, action=allow-related, log=False, may_exist=True, severity=[], name=[], meter=[], external_ids={'neutron:security_group_rule_id': 'f7ee8615-9095-473c-972d-80af0c8ebb3d'}) {{(pid=87729) do_commit /opt/stack/data/venv/lib/python3.12/site-packages/ovsdbapp/backend/ovs_idl/transaction.py:89}}
Jul 28 12:44:31.236882 np0000005999 devstack@neutron-api.service[87728]: DEBUG neutron.plugins.ml2.drivers.ovn.mech_driver.ovsdb.ovsdb_monitor [None req-9e1fc249-c471-4314-89f0-f088524b0662 None None] Hash Ring: Node 8cac07ed3eb75dd1a97717e3fd80dc0f (host: np0000005999) handling event "create" for row 931ce8a1-2626-4a23-95bf-6429a2d9931d (table: ACL) {{(pid=87728) notify /opt/stack/neutron/neutron/plugins/ml2/drivers/ovn/mech_driver/ovsdb/ovsdb_monitor.py:1013}}
Jul 28 12:44:31.237640 np0000005999 devstack@neutron-api.service[87728]: DEBUG neutron.plugins.ml2.drivers.ovn.mech_driver.ovsdb.ovsdb_monitor [None req-9e1fc249-c471-4314-89f0-f088524b0662 None None] Hash Ring: Node 8cac07ed3eb75dd1a97717e3fd80dc0f (host: np0000005999) handling event "create" for row cd617cfb-73d6-47de-b318-de7d59122f9d (table: Port_Group) {{(pid=87728) notify /opt/stack/neutron/neutron/plugins/ml2/drivers/ovn/mech_driver/ovsdb/ovsdb_monitor.py:1013}}
Jul 28 12:44:31.237840 np0000005999 devstack@neutron-api.service[87729]: DEBUG neutron.plugins.ml2.drivers.ovn.mech_driver.ovsdb.ovsdb_monitor [None req-557b0d81-0f20-44a3-8659-1a91a51bb905 None None] Hash Ring: Node 548ffbd36f65530ab7ca666afa23a19c (host: np0000005999) handling event "create" for row 43c800c3-01aa-46f0-9d12-ddc3536d066d (table: ACL) {{(pid=87729) notify /opt/stack/neutron/neutron/plugins/ml2/drivers/ovn/mech_driver/ovsdb/ovsdb_monitor.py:1013}}
Jul 28 12:44:31.243064 np0000005999 devstack@neutron-api.service[87727]: DEBUG neutron.plugins.ml2.drivers.ovn.mech_driver.ovsdb.ovsdb_monitor [None req-fbb615ce-24e9-462d-9361-422555e1e78b None None] Hash Ring: Node 79b9b4f22e7855eabf0c0a3e9d43d4b7 (host: np0000005999) handling event "create" for row 488e7256-58ee-433b-a0fa-b5672dffeb87 (table: ACL) {{(pid=87727) notify /opt/stack/neutron/neutron/plugins/ml2/drivers/ovn/mech_driver/ovsdb/ovsdb_monitor.py:1013}}
Jul 28 12:44:31.243368 np0000005999 devstack@neutron-api.service[87728]: DEBUG ovsdbapp.backend.ovs_idl.transaction [None req-9e1fc249-c471-4314-89f0-f088524b0662 None None] Running txn n=1 command(idx=0): AddNetworkCommand(_result=None, network_uuid=006062dc-6149-4df0-b302-940ee62a486b, may_exist=True, columns={'external_ids': {'neutron:network_name': 'tempest-ServerActionsTestOtherA-1161220921-network', 'neutron:mtu': '1372', 'neutron:revision_number': '1', 'neutron:availability_zone_hints': '', 'neutron:provnet-network-type': 'geneve'}, 'other_config': {'mcast_snoop': 'false', 'mcast_flood_unregistered': 'false', 'vlan-passthru': 'false'}}) {{(pid=87728) do_commit /opt/stack/data/venv/lib/python3.12/site-packages/ovsdbapp/backend/ovs_idl/transaction.py:89}}
Jul 28 12:44:31.243623 np0000005999 devstack@neutron-api.service[87727]: DEBUG neutron.plugins.ml2.drivers.ovn.mech_driver.ovsdb.ovsdb_monitor [None req-fbb615ce-24e9-462d-9361-422555e1e78b None None] Hash Ring: Node 79b9b4f22e7855eabf0c0a3e9d43d4b7 (host: np0000005999) handling event "create" for row 550005bf-7409-4f50-8f44-c5c5382c0422 (table: ACL) {{(pid=87727) notify /opt/stack/neutron/neutron/plugins/ml2/drivers/ovn/mech_driver/ovsdb/ovsdb_monitor.py:1013}}
Jul 28 12:44:31.252113 np0000005999 devstack@neutron-api.service[87729]: DEBUG neutron.plugins.ml2.drivers.ovn.mech_driver.ovsdb.ovsdb_monitor [None req-b38c4987-0c80-4652-8dd9-94de79ebf091 None None] Hash Ring: Node 548ffbd36f65530ab7ca666afa23a19c (host: np0000005999) handling event "create" for row ca4c332b-6f56-4fd5-9aa8-4b2f6efbc99f (table: Datapath_Binding) {{(pid=87729) notify /opt/stack/neutron/neutron/plugins/ml2/drivers/ovn/mech_driver/ovsdb/ovsdb_monitor.py:1013}}
Jul 28 12:44:31.252344 np0000005999 devstack@neutron-api.service[87727]: DEBUG neutron.plugins.ml2.drivers.ovn.mech_driver.ovsdb.ovsdb_monitor [None req-fbb615ce-24e9-462d-9361-422555e1e78b None None] Hash Ring: Node 79b9b4f22e7855eabf0c0a3e9d43d4b7 (host: np0000005999) handling event "create" for row 006062dc-6149-4df0-b302-940ee62a486b (table: Logical_Switch) {{(pid=87727) notify /opt/stack/neutron/neutron/plugins/ml2/drivers/ovn/mech_driver/ovsdb/ovsdb_monitor.py:1013}}
Jul 28 12:44:31.263205 np0000005999 devstack@neutron-api.service[87729]: INFO neutron.db.ovn_revision_numbers_db [None req-d96acaed-9a74-4879-85b1-a61d58bad93a admin admin] Successfully bumped revision number for resource ed2532ac-db89-4178-93a2-fae2d66d707a (type: security_groups) to 1
Jul 28 12:44:31.268115 np0000005999 devstack@neutron-api.service[87728]: INFO neutron.db.ovn_revision_numbers_db [None req-3b5cbe44-939c-4ed2-9b98-cb3d3f972f4c admin admin] Successfully bumped revision number for resource 006062dc-6149-4df0-b302-940ee62a486b (type: networks) to 1
Jul 28 12:44:31.281423 np0000005999 devstack@neutron-api.service[87729]: INFO neutron.db.ovn_revision_numbers_db [None req-d96acaed-9a74-4879-85b1-a61d58bad93a admin admin] Successfully bumped revision number for resource 1de470f3-bc29-4cf4-8b32-53c671a69646 (type: security_group_rules) to 0
Jul 28 12:44:31.285714 np0000005999 devstack@neutron-api.service[87728]: DEBUG neutron_lib.callbacks.manager [None req-3b5cbe44-939c-4ed2-9b98-cb3d3f972f4c admin admin] Publish callbacks ['neutron.plugins.ml2.plugin.SecurityGroupDbMixin._ensure_default_security_group_handler-7568491'] for port (None), before_create {{(pid=87728) _notify_loop /opt/stack/data/venv/lib/python3.12/site-packages/neutron_lib/callbacks/manager.py:184}}
Jul 28 12:44:31.296567 np0000005999 devstack@neutron-api.service[87729]: INFO neutron.db.ovn_revision_numbers_db [None req-d96acaed-9a74-4879-85b1-a61d58bad93a admin admin] Successfully bumped revision number for resource 794efe3f-23ae-48b0-93ca-00012ea91d3c (type: security_group_rules) to 0
Jul 28 12:44:31.308845 np0000005999 devstack@neutron-api.service[87729]: INFO neutron.db.ovn_revision_numbers_db [None req-d96acaed-9a74-4879-85b1-a61d58bad93a admin admin] Successfully bumped revision number for resource cfd33a39-081c-4494-a826-31505e53cdc4 (type: security_group_rules) to 0
Jul 28 12:44:31.318106 np0000005999 devstack@neutron-api.service[87727]: DEBUG neutron_lib.callbacks.manager [None req-58a21525-81e9-44af-82e0-284f985f43b8 admin admin] Publish callbacks ['neutron.plugins.ml2.drivers.ovn.mech_driver.mech_driver.OVNMechanismDriver._create_security_group_precommit-904898'] for security_group (876387bb-b1ca-4355-8315-7a4eb067504b), precommit_create {{(pid=87727) _notify_loop /opt/stack/data/venv/lib/python3.12/site-packages/neutron_lib/callbacks/manager.py:184}}
Jul 28 12:44:31.318297 np0000005999 devstack@neutron-api.service[87727]: DEBUG neutron.db.ovn_revision_numbers_db [None req-58a21525-81e9-44af-82e0-284f985f43b8 admin admin] create_initial_revision uuid=876387bb-b1ca-4355-8315-7a4eb067504b, type=security_groups, rev=-1 {{(pid=87727) create_initial_revision /opt/stack/neutron/neutron/db/ovn_revision_numbers_db.py:98}}
Jul 28 12:44:31.319650 np0000005999 devstack@neutron-api.service[87727]: DEBUG neutron.db.ovn_revision_numbers_db [None req-58a21525-81e9-44af-82e0-284f985f43b8 admin admin] create_initial_revision uuid=1c6f9f22-893a-46cb-9d1f-3e2b1de7333e, type=security_group_rules, rev=-1 {{(pid=87727) create_initial_revision /opt/stack/neutron/neutron/db/ovn_revision_numbers_db.py:98}}
Jul 28 12:44:31.320319 np0000005999 devstack@neutron-api.service[87729]: INFO neutron.db.ovn_revision_numbers_db [None req-d96acaed-9a74-4879-85b1-a61d58bad93a admin admin] Successfully bumped revision number for resource f7ee8615-9095-473c-972d-80af0c8ebb3d (type: security_group_rules) to 0
Jul 28 12:44:31.320754 np0000005999 devstack@neutron-api.service[87727]: DEBUG neutron.db.ovn_revision_numbers_db [None req-58a21525-81e9-44af-82e0-284f985f43b8 admin admin] create_initial_revision uuid=6cda6276-5552-4781-8c87-f99e9d109453, type=security_group_rules, rev=-1 {{(pid=87727) create_initial_revision /opt/stack/neutron/neutron/db/ovn_revision_numbers_db.py:98}}
Jul 28 12:44:31.321735 np0000005999 devstack@neutron-api.service[87727]: DEBUG neutron.db.ovn_revision_numbers_db [None req-58a21525-81e9-44af-82e0-284f985f43b8 admin admin] create_initial_revision uuid=ddd44c97-20b1-4512-8fdc-3fe1b495719e, type=security_group_rules, rev=-1 {{(pid=87727) create_initial_revision /opt/stack/neutron/neutron/db/ovn_revision_numbers_db.py:98}}
Jul 28 12:44:31.322691 np0000005999 devstack@neutron-api.service[87727]: DEBUG neutron.db.ovn_revision_numbers_db [None req-58a21525-81e9-44af-82e0-284f985f43b8 admin admin] create_initial_revision uuid=f05ec587-89e3-4df1-8f01-c81902ab7fb7, type=security_group_rules, rev=-1 {{(pid=87727) create_initial_revision /opt/stack/neutron/neutron/db/ovn_revision_numbers_db.py:98}}
Jul 28 12:44:31.335940 np0000005999 devstack@neutron-api.service[87727]: DEBUG neutron_lib.callbacks.manager [None req-58a21525-81e9-44af-82e0-284f985f43b8 admin admin] Publish callbacks ['neutron.plugins.ml2.drivers.ovn.mech_driver.mech_driver.OVNMechanismDriver._create_security_group-904916', 'neutron.plugins.ml2.ovo_rpc._ObjectChangeHandler.handle_event-2034000'] for security_group (876387bb-b1ca-4355-8315-7a4eb067504b), after_create {{(pid=87727) _notify_loop /opt/stack/data/venv/lib/python3.12/site-packages/neutron_lib/callbacks/manager.py:184}}
Jul 28 12:44:31.336882 np0000005999 devstack@neutron-api.service[87727]: DEBUG ovsdbapp.backend.ovs_idl.transaction [None req-fbb615ce-24e9-462d-9361-422555e1e78b None None] Running txn n=1 command(idx=0): PgAddCommand(_result=None, name=pg_876387bb_b1ca_4355_8315_7a4eb067504b, may_exist=False, columns={'acls': [], 'external_ids': {'neutron:security_group_id': '876387bb-b1ca-4355-8315-7a4eb067504b'}}) {{(pid=87727) do_commit /opt/stack/data/venv/lib/python3.12/site-packages/ovsdbapp/backend/ovs_idl/transaction.py:89}}
Jul 28 12:44:31.337348 np0000005999 devstack@neutron-api.service[87727]: DEBUG ovsdbapp.backend.ovs_idl.transaction [None req-fbb615ce-24e9-462d-9361-422555e1e78b None None] Running txn n=1 command(idx=1): PgAclAddCommand(_result=None, entity=pg_876387bb_b1ca_4355_8315_7a4eb067504b, direction=to-lport, priority=1002, match=outport == @pg_876387bb_b1ca_4355_8315_7a4eb067504b && ip6 && ip6.src == $pg_876387bb_b1ca_4355_8315_7a4eb067504b_ip6, action=allow-related, log=False, may_exist=True, severity=[], name=[], meter=[], external_ids={'neutron:security_group_rule_id': '1c6f9f22-893a-46cb-9d1f-3e2b1de7333e'}) {{(pid=87727) do_commit /opt/stack/data/venv/lib/python3.12/site-packages/ovsdbapp/backend/ovs_idl/transaction.py:89}}
Jul 28 12:44:31.337821 np0000005999 devstack@neutron-api.service[87727]: DEBUG ovsdbapp.backend.ovs_idl.transaction [None req-fbb615ce-24e9-462d-9361-422555e1e78b None None] Running txn n=1 command(idx=2): PgAclAddCommand(_result=None, entity=pg_876387bb_b1ca_4355_8315_7a4eb067504b, direction=to-lport, priority=1002, match=outport == @pg_876387bb_b1ca_4355_8315_7a4eb067504b && ip4 && ip4.src == $pg_876387bb_b1ca_4355_8315_7a4eb067504b_ip4, action=allow-related, log=False, may_exist=True, severity=[], name=[], meter=[], external_ids={'neutron:security_group_rule_id': '6cda6276-5552-4781-8c87-f99e9d109453'}) {{(pid=87727) do_commit /opt/stack/data/venv/lib/python3.12/site-packages/ovsdbapp/backend/ovs_idl/transaction.py:89}}
Jul 28 12:44:31.338220 np0000005999 devstack@neutron-api.service[87727]: DEBUG ovsdbapp.backend.ovs_idl.transaction [None req-fbb615ce-24e9-462d-9361-422555e1e78b None None] Running txn n=1 command(idx=3): PgAclAddCommand(_result=None, entity=pg_876387bb_b1ca_4355_8315_7a4eb067504b, direction=from-lport, priority=1002, match=inport == @pg_876387bb_b1ca_4355_8315_7a4eb067504b && ip4, action=allow-related, log=False, may_exist=True, severity=[], name=[], meter=[], external_ids={'neutron:security_group_rule_id': 'ddd44c97-20b1-4512-8fdc-3fe1b495719e'}) {{(pid=87727) do_commit /opt/stack/data/venv/lib/python3.12/site-packages/ovsdbapp/backend/ovs_idl/transaction.py:89}}
Jul 28 12:44:31.338514 np0000005999 devstack@neutron-api.service[87727]: DEBUG ovsdbapp.backend.ovs_idl.transaction [None req-fbb615ce-24e9-462d-9361-422555e1e78b None None] Running txn n=1 command(idx=4): PgAclAddCommand(_result=None, entity=pg_876387bb_b1ca_4355_8315_7a4eb067504b, direction=from-lport, priority=1002, match=inport == @pg_876387bb_b1ca_4355_8315_7a4eb067504b && ip6, action=allow-related, log=False, may_exist=True, severity=[], name=[], meter=[], external_ids={'neutron:security_group_rule_id': 'f05ec587-89e3-4df1-8f01-c81902ab7fb7'}) {{(pid=87727) do_commit /opt/stack/data/venv/lib/python3.12/site-packages/ovsdbapp/backend/ovs_idl/transaction.py:89}}
Jul 28 12:44:31.342973 np0000005999 devstack@neutron-api.service[87729]: DEBUG neutron.api.rpc.handlers.resources_rpc [None req-d96acaed-9a74-4879-85b1-a61d58bad93a admin admin] Pushing event updated for resources: {'SecurityGroup': ['ID=ed2532ac-db89-4178-93a2-fae2d66d707a,revision_number=1']} {{(pid=87729) push /opt/stack/neutron/neutron/api/rpc/handlers/resources_rpc.py:237}}
Jul 28 12:44:31.344337 np0000005999 devstack@neutron-api.service[87727]: DEBUG neutron.plugins.ml2.drivers.ovn.mech_driver.ovsdb.ovsdb_monitor [None req-fbb615ce-24e9-462d-9361-422555e1e78b None None] Hash Ring: Node 79b9b4f22e7855eabf0c0a3e9d43d4b7 (host: np0000005999) handling event "create" for row 8645bc44-78c6-490e-a866-bbdc1aafc5f5 (table: ACL) {{(pid=87727) notify /opt/stack/neutron/neutron/plugins/ml2/drivers/ovn/mech_driver/ovsdb/ovsdb_monitor.py:1013}}
Jul 28 12:44:31.351743 np0000005999 devstack@neutron-api.service[87728]: DEBUG neutron.plugins.ml2.drivers.ovn.mech_driver.ovsdb.ovsdb_monitor [None req-9e1fc249-c471-4314-89f0-f088524b0662 None None] Hash Ring: Node 8cac07ed3eb75dd1a97717e3fd80dc0f (host: np0000005999) handling event "create" for row 9f21f629-5c0c-4959-8897-0b7702d965e5 (table: ACL) {{(pid=87728) notify /opt/stack/neutron/neutron/plugins/ml2/drivers/ovn/mech_driver/ovsdb/ovsdb_monitor.py:1013}}
Jul 28 12:44:31.352305 np0000005999 devstack@neutron-api.service[87728]: DEBUG neutron.plugins.ml2.drivers.ovn.mech_driver.ovsdb.ovsdb_monitor [None req-9e1fc249-c471-4314-89f0-f088524b0662 None None] Hash Ring: Node 8cac07ed3eb75dd1a97717e3fd80dc0f (host: np0000005999) handling event "create" for row cbc8fb13-85c7-48f2-80cf-edf76832de2e (table: ACL) {{(pid=87728) notify /opt/stack/neutron/neutron/plugins/ml2/drivers/ovn/mech_driver/ovsdb/ovsdb_monitor.py:1013}}
Jul 28 12:44:31.352305 np0000005999 devstack@neutron-api.service[87728]: DEBUG neutron.plugins.ml2.drivers.ovn.mech_driver.ovsdb.ovsdb_monitor [None req-9e1fc249-c471-4314-89f0-f088524b0662 None None] Hash Ring: Node 8cac07ed3eb75dd1a97717e3fd80dc0f (host: np0000005999) handling event "create" for row ce5da4bd-0c03-4d25-abca-94dcdfab495e (table: ACL) {{(pid=87728) notify /opt/stack/neutron/neutron/plugins/ml2/drivers/ovn/mech_driver/ovsdb/ovsdb_monitor.py:1013}}
Jul 28 12:44:31.352305 np0000005999 devstack@neutron-api.service[87728]: DEBUG neutron.plugins.ml2.drivers.ovn.mech_driver.ovsdb.ovsdb_monitor [None req-9e1fc249-c471-4314-89f0-f088524b0662 None None] Hash Ring: Node 8cac07ed3eb75dd1a97717e3fd80dc0f (host: np0000005999) handling event "create" for row 2b91f84a-befb-45f9-abc7-a5732bf5ef4e (table: Port_Group) {{(pid=87728) notify /opt/stack/neutron/neutron/plugins/ml2/drivers/ovn/mech_driver/ovsdb/ovsdb_monitor.py:1013}}
Jul 28 12:44:31.366414 np0000005999 devstack@neutron-api.service[87727]: INFO neutron.db.ovn_revision_numbers_db [None req-58a21525-81e9-44af-82e0-284f985f43b8 admin admin] Successfully bumped revision number for resource 876387bb-b1ca-4355-8315-7a4eb067504b (type: security_groups) to 1
Jul 28 12:44:31.368409 np0000005999 devstack@neutron-api.service[87728]: DEBUG neutron_lib.callbacks.manager [None req-3b5cbe44-939c-4ed2-9b98-cb3d3f972f4c admin admin] Publish callbacks ['neutron.plugins.ml2.drivers.ovn.mech_driver.mech_driver.OVNMechanismDriver._validate_allowed_address_pairs-890217'] for allowed_address_pair (589b687e-5680-4741-8db2-383bdf484c1a), before_create {{(pid=87728) _notify_loop /opt/stack/data/venv/lib/python3.12/site-packages/neutron_lib/callbacks/manager.py:184}}
Jul 28 12:44:31.369144 np0000005999 devstack@neutron-api.service[87728]: DEBUG neutron_lib.callbacks.manager [None req-3b5cbe44-939c-4ed2-9b98-cb3d3f972f4c admin admin] Publish callbacks [] for port (589b687e-5680-4741-8db2-383bdf484c1a), precommit_create {{(pid=87728) _notify_loop /opt/stack/data/venv/lib/python3.12/site-packages/neutron_lib/callbacks/manager.py:184}}
Jul 28 12:44:31.369391 np0000005999 devstack@neutron-api.service[87728]: DEBUG neutron.plugins.ml2.drivers.ovn.mech_driver.mech_driver [None req-3b5cbe44-939c-4ed2-9b98-cb3d3f972f4c admin admin] No provisioning block for port 589b687e-5680-4741-8db2-383bdf484c1a since it does not have a host {{(pid=87728) _is_port_provisioning_required /opt/stack/neutron/neutron/plugins/ml2/drivers/ovn/mech_driver/mech_driver.py:899}}
Jul 28 12:44:31.369553 np0000005999 devstack@neutron-api.service[87728]: DEBUG neutron.db.ovn_revision_numbers_db [None req-3b5cbe44-939c-4ed2-9b98-cb3d3f972f4c admin admin] create_initial_revision uuid=589b687e-5680-4741-8db2-383bdf484c1a, type=ports, rev=-1 {{(pid=87728) create_initial_revision /opt/stack/neutron/neutron/db/ovn_revision_numbers_db.py:98}}
Jul 28 12:44:31.381508 np0000005999 devstack@neutron-api.service[87727]: INFO neutron.db.ovn_revision_numbers_db [None req-58a21525-81e9-44af-82e0-284f985f43b8 admin admin] Successfully bumped revision number for resource 1c6f9f22-893a-46cb-9d1f-3e2b1de7333e (type: security_group_rules) to 0
Jul 28 12:44:31.381720 np0000005999 devstack@neutron-api.service[87729]: DEBUG neutron.plugins.ml2.drivers.helpers [None req-d96acaed-9a74-4879-85b1-a61d58bad93a admin admin] geneve segment allocate from pool success with {'geneve_vni': 62038} {{(pid=87729) allocate_partially_specified_segment /opt/stack/neutron/neutron/plugins/ml2/drivers/helpers.py:142}}
Jul 28 12:44:31.390769 np0000005999 devstack@neutron-api.service[87729]: DEBUG neutron_lib.callbacks.manager [None req-d96acaed-9a74-4879-85b1-a61d58bad93a admin admin] Publish callbacks ['neutron.services.segments.db._add_segment_host_mapping_for_segment-7854433846846', 'neutron.plugins.ml2.plugin.Ml2Plugin._handle_segment_change-508082'] for segment (15076165-0327-4d7e-9752-37c0d1e80ca9), precommit_create {{(pid=87729) _notify_loop /opt/stack/data/venv/lib/python3.12/site-packages/neutron_lib/callbacks/manager.py:184}}
Jul 28 12:44:31.390985 np0000005999 devstack@neutron-api.service[87729]: INFO neutron.db.segments_db [None req-d96acaed-9a74-4879-85b1-a61d58bad93a admin admin] Added segment 15076165-0327-4d7e-9752-37c0d1e80ca9 of type geneve for network 1891a6ae-3d43-428f-9a22-33eb72340282
Jul 28 12:44:31.396253 np0000005999 devstack@neutron-api.service[87727]: INFO neutron.db.ovn_revision_numbers_db [None req-58a21525-81e9-44af-82e0-284f985f43b8 admin admin] Successfully bumped revision number for resource 6cda6276-5552-4781-8c87-f99e9d109453 (type: security_group_rules) to 0
Jul 28 12:44:31.403610 np0000005999 devstack@neutron-api.service[87728]: DEBUG neutron_lib.callbacks.manager [None req-3b5cbe44-939c-4ed2-9b98-cb3d3f972f4c admin admin] Publish callbacks ['neutron.plugins.ml2.ovo_rpc._ObjectChangeHandler.handle_event-1535219'] for port (589b687e-5680-4741-8db2-383bdf484c1a), after_create {{(pid=87728) _notify_loop /opt/stack/data/venv/lib/python3.12/site-packages/neutron_lib/callbacks/manager.py:184}}
Jul 28 12:44:31.409081 np0000005999 devstack@neutron-api.service[87727]: INFO neutron.db.ovn_revision_numbers_db [None req-58a21525-81e9-44af-82e0-284f985f43b8 admin admin] Successfully bumped revision number for resource ddd44c97-20b1-4512-8fdc-3fe1b495719e (type: security_group_rules) to 0
Jul 28 12:44:31.413992 np0000005999 devstack@neutron-api.service[87729]: DEBUG neutron_lib.callbacks.manager [None req-d96acaed-9a74-4879-85b1-a61d58bad93a admin admin] Publish callbacks ['neutron.services.auto_allocate.db._ensure_external_network_default_value_callback-7854432513218'] for network (1891a6ae-3d43-428f-9a22-33eb72340282), precommit_create {{(pid=87729) _notify_loop /opt/stack/data/venv/lib/python3.12/site-packages/neutron_lib/callbacks/manager.py:184}}
Jul 28 12:44:31.422911 np0000005999 devstack@neutron-api.service[87727]: INFO neutron.db.ovn_revision_numbers_db [None req-58a21525-81e9-44af-82e0-284f985f43b8 admin admin] Successfully bumped revision number for resource f05ec587-89e3-4df1-8f01-c81902ab7fb7 (type: security_group_rules) to 0
Jul 28 12:44:31.430139 np0000005999 devstack@neutron-api.service[87729]: DEBUG neutron.plugins.ml2.drivers.ovn.mech_driver.mech_driver [None req-d96acaed-9a74-4879-85b1-a61d58bad93a admin admin] Validating network segment with type geneve, segmentation ID 62038, physical network None {{(pid=87729) _validate_network_segments /opt/stack/neutron/neutron/plugins/ml2/drivers/ovn/mech_driver/mech_driver.py:646}}
Jul 28 12:44:31.430480 np0000005999 devstack@neutron-api.service[87729]: DEBUG neutron.db.ovn_revision_numbers_db [None req-d96acaed-9a74-4879-85b1-a61d58bad93a admin admin] create_initial_revision uuid=1891a6ae-3d43-428f-9a22-33eb72340282, type=networks, rev=-1 {{(pid=87729) create_initial_revision /opt/stack/neutron/neutron/db/ovn_revision_numbers_db.py:98}}
Jul 28 12:44:31.436556 np0000005999 devstack@neutron-api.service[87728]: DEBUG neutron.api.rpc.handlers.resources_rpc [None req-3b5cbe44-939c-4ed2-9b98-cb3d3f972f4c admin admin] Pushing event updated for resources: {'Port': ['ID=589b687e-5680-4741-8db2-383bdf484c1a,revision_number=1']} {{(pid=87728) push /opt/stack/neutron/neutron/api/rpc/handlers/resources_rpc.py:237}}
Jul 28 12:44:31.442471 np0000005999 devstack@neutron-api.service[87728]: DEBUG neutron.plugins.ml2.drivers.ovn.mech_driver.ovsdb.commands [None req-3b5cbe44-939c-4ed2-9b98-cb3d3f972f4c admin admin] Converting tag [] to a tag_request {{(pid=87728) _tag_column_to_tag_request /opt/stack/neutron/neutron/plugins/ml2/drivers/ovn/mech_driver/ovsdb/commands.py:205}}
Jul 28 12:44:31.443016 np0000005999 devstack@neutron-api.service[87728]: DEBUG ovsdbapp.backend.ovs_idl.transaction [None req-9e1fc249-c471-4314-89f0-f088524b0662 None None] Running txn n=1 command(idx=0): AddLSwitchPortCommand(_result=None, lport=589b687e-5680-4741-8db2-383bdf484c1a, lswitch=neutron-006062dc-6149-4df0-b302-940ee62a486b, may_exist=True, network_uuid=006062dc-6149-4df0-b302-940ee62a486b, columns={'addresses': ['fa:16:3e:42:09:9c'], 'external_ids': {'neutron:port_name': '', 'neutron:device_id': 'ovnmeta-006062dc-6149-4df0-b302-940ee62a486b', 'neutron:project_id': '6a9b37ed9f524674b8059fe1a9bc5f12', 'neutron:cidrs': '', 'neutron:device_owner': 'network:distributed', 'neutron:subnet_pool_addr_scope4': '', 'neutron:subnet_pool_addr_scope6': '', 'neutron:network_name': 'neutron-006062dc-6149-4df0-b302-940ee62a486b', 'neutron:security_group_ids': '', 'neutron:revision_number': '1', 'neutron:vnic_type': 'normal', 'neutron:port_capabilities': '', 'neutron:mtu': '1372'}, 'parent_name': [], 'enabled': True, 'options': {}, 'type': 'localport', 'port_security': [], 'dhcpv4_options': [], 'dhcpv6_options': [], 'tag_request': []}) {{(pid=87728) do_commit /opt/stack/data/venv/lib/python3.12/site-packages/ovsdbapp/backend/ovs_idl/transaction.py:89}}
Jul 28 12:44:31.443573 np0000005999 devstack@neutron-api.service[87728]: DEBUG ovsdbapp.backend.ovs_idl.transaction [None req-9e1fc249-c471-4314-89f0-f088524b0662 None None] Running txn n=1 command(idx=1): QoSDelCommand(_result=None, switch=neutron-006062dc-6149-4df0-b302-940ee62a486b, conditions=[('direction', '=', 'to-lport'), ('priority', '=', 2002), ('match', '=', 'outport == "589b687e-5680-4741-8db2-383bdf484c1a"')], if_exists=True) {{(pid=87728) do_commit /opt/stack/data/venv/lib/python3.12/site-packages/ovsdbapp/backend/ovs_idl/transaction.py:89}}
Jul 28 12:44:31.443744 np0000005999 devstack@neutron-api.service[87728]: DEBUG ovsdbapp.backend.ovs_idl.transaction [None req-9e1fc249-c471-4314-89f0-f088524b0662 None None] Running txn n=1 command(idx=2): QoSDelCommand(_result=None, switch=neutron-006062dc-6149-4df0-b302-940ee62a486b, conditions=[('direction', '=', 'from-lport'), ('priority', '=', 2002), ('match', '=', 'inport == "589b687e-5680-4741-8db2-383bdf484c1a"')], if_exists=True) {{(pid=87728) do_commit /opt/stack/data/venv/lib/python3.12/site-packages/ovsdbapp/backend/ovs_idl/transaction.py:89}}
Jul 28 12:44:31.444594 np0000005999 devstack@neutron-api.service[87729]: DEBUG neutron_lib.callbacks.manager [None req-d96acaed-9a74-4879-85b1-a61d58bad93a admin admin] Publish callbacks ['neutron.plugins.ml2.ovo_rpc._ObjectChangeHandler.handle_event-1535334'] for network (1891a6ae-3d43-428f-9a22-33eb72340282), after_create {{(pid=87729) _notify_loop /opt/stack/data/venv/lib/python3.12/site-packages/neutron_lib/callbacks/manager.py:184}}
Jul 28 12:44:31.444770 np0000005999 devstack@neutron-api.service[87727]: DEBUG neutron.api.rpc.handlers.resources_rpc [None req-58a21525-81e9-44af-82e0-284f985f43b8 admin admin] Pushing event updated for resources: {'SecurityGroup': ['ID=876387bb-b1ca-4355-8315-7a4eb067504b,revision_number=1']} {{(pid=87727) push /opt/stack/neutron/neutron/api/rpc/handlers/resources_rpc.py:237}}
Jul 28 12:44:31.453591 np0000005999 devstack@neutron-api.service[87727]: DEBUG neutron.plugins.ml2.drivers.ovn.mech_driver.ovsdb.ovsdb_monitor [None req-ed689534-5c25-4937-83fd-ff41b6d560aa None None] Hash Ring: Node 79b9b4f22e7855eabf0c0a3e9d43d4b7 (host: np0000005999) handling event "create" for row e8987937-5161-4bce-8f40-b9df4b6abffe (table: Port_Binding) {{(pid=87727) notify /opt/stack/neutron/neutron/plugins/ml2/drivers/ovn/mech_driver/ovsdb/ovsdb_monitor.py:1013}}
Jul 28 12:44:31.454895 np0000005999 devstack@neutron-api.service[87727]: DEBUG neutron.plugins.ml2.drivers.ovn.mech_driver.ovsdb.ovsdb_monitor [None req-fbb615ce-24e9-462d-9361-422555e1e78b None None] Hash Ring: Node 79b9b4f22e7855eabf0c0a3e9d43d4b7 (host: np0000005999) handling event "update" for row 006062dc-6149-4df0-b302-940ee62a486b (table: Logical_Switch) {{(pid=87727) notify /opt/stack/neutron/neutron/plugins/ml2/drivers/ovn/mech_driver/ovsdb/ovsdb_monitor.py:1013}}
Jul 28 12:44:31.455207 np0000005999 devstack@neutron-api.service[87727]: DEBUG neutron.plugins.ml2.drivers.ovn.mech_driver.ovsdb.ovsdb_monitor [None req-fbb615ce-24e9-462d-9361-422555e1e78b None None] Hash Ring: Node 79b9b4f22e7855eabf0c0a3e9d43d4b7 (host: np0000005999) handling event "create" for row 2e544ff1-4cc2-4923-9ba8-5b9a9f5dddeb (table: Logical_Switch_Port) {{(pid=87727) notify /opt/stack/neutron/neutron/plugins/ml2/drivers/ovn/mech_driver/ovsdb/ovsdb_monitor.py:1013}}
Jul 28 12:44:31.456312 np0000005999 devstack@neutron-api.service[87727]: DEBUG ovsdbapp.backend.ovs_idl.event [None req-fbb615ce-24e9-462d-9361-422555e1e78b None None] Matched CREATE: LogicalSwitchPortCreateEvent(events=('create',), table='Logical_Switch_Port', conditions=[], old_conditions=None), priority=20 to row=Logical_Switch_Port(uuid=2e544ff1-4cc2-4923-9ba8-5b9a9f5dddeb, addresses=['fa:16:3e:42:09:9c'], dhcpv4_options=[], dhcpv6_options=[], dynamic_addresses=[], enabled=True, external_ids={'neutron:cidrs': '', 'neutron:device_id': 'ovnmeta-006062dc-6149-4df0-b302-940ee62a486b', 'neutron:device_owner': 'network:distributed', 'neutron:mtu': '1372', 'neutron:network_name': 'neutron-006062dc-6149-4df0-b302-940ee62a486b', 'neutron:port_capabilities': '', 'neutron:port_name': '', 'neutron:project_id': '6a9b37ed9f524674b8059fe1a9bc5f12', 'neutron:revision_number': '1', 'neutron:security_group_ids': '', 'neutron:subnet_pool_addr_scope4': '', 'neutron:subnet_pool_addr_scope6': '', 'neutron:vnic_type': 'normal'}, ha_chassis_group=[], mirror_rules=[], name='589b687e-5680-4741-8db2-383bdf484c1a', options={}, parent_name=[], port_security=[], tag=[], tag_request=[], type='localport', up=[]) old= {{(pid=87727) matches /opt/stack/data/venv/lib/python3.12/site-packages/ovsdbapp/backend/ovs_idl/event.py:55}}
Jul 28 12:44:31.457168 np0000005999 devstack@neutron-api.service[87727]: INFO neutron.plugins.ml2.drivers.ovn.mech_driver.mech_driver [-] OVN reports status down for port: 589b687e-5680-4741-8db2-383bdf484c1a
Jul 28 12:44:31.458073 np0000005999 devstack@neutron-api.service[87727]: DEBUG neutron.plugins.ml2.drivers.ovn.mech_driver.ovsdb.ovsdb_monitor [None req-fbb615ce-24e9-462d-9361-422555e1e78b None None] Hash Ring: Node 79b9b4f22e7855eabf0c0a3e9d43d4b7 (host: np0000005999) handling event "update" for row 2e544ff1-4cc2-4923-9ba8-5b9a9f5dddeb (table: Logical_Switch_Port) {{(pid=87727) notify /opt/stack/neutron/neutron/plugins/ml2/drivers/ovn/mech_driver/ovsdb/ovsdb_monitor.py:1013}}
Jul 28 12:44:31.461653 np0000005999 devstack@neutron-api.service[87727]: DEBUG neutron.api.rpc.callbacks.version_manager [None req-58a21525-81e9-44af-82e0-284f985f43b8 admin admin] Tracked resource versions report:
Jul 28 12:44:31.461653 np0000005999 devstack@neutron-api.service[87727]: pushed versions:
Jul 28 12:44:31.461653 np0000005999 devstack@neutron-api.service[87727]: { 'AddressGroup': {'1.2'},
Jul 28 12:44:31.461653 np0000005999 devstack@neutron-api.service[87727]: 'Agent': {'1.1'},
Jul 28 12:44:31.461653 np0000005999 devstack@neutron-api.service[87727]: 'ConntrackHelper': {'1.0'},
Jul 28 12:44:31.461653 np0000005999 devstack@neutron-api.service[87727]: 'LocalIPAssociation': {'1.0'},
Jul 28 12:44:31.461653 np0000005999 devstack@neutron-api.service[87727]: 'Log': {'1.0'},
Jul 28 12:44:31.461653 np0000005999 devstack@neutron-api.service[87727]: 'NDPProxy': {'1.0'},
Jul 28 12:44:31.461653 np0000005999 devstack@neutron-api.service[87727]: 'Network': {'1.3'},
Jul 28 12:44:31.461653 np0000005999 devstack@neutron-api.service[87727]: 'Port': {'1.11'},
Jul 28 12:44:31.461653 np0000005999 devstack@neutron-api.service[87727]: 'PortForwarding': {'1.3'},
Jul 28 12:44:31.461653 np0000005999 devstack@neutron-api.service[87727]: 'QosPolicy': {'1.10'},
Jul 28 12:44:31.461653 np0000005999 devstack@neutron-api.service[87727]: 'SecurityGroup': {'1.6'},
Jul 28 12:44:31.461653 np0000005999 devstack@neutron-api.service[87727]: 'SecurityGroupRule': {'1.3'},
Jul 28 12:44:31.461653 np0000005999 devstack@neutron-api.service[87727]: 'SubPort': {'1.0'},
Jul 28 12:44:31.461653 np0000005999 devstack@neutron-api.service[87727]: 'Subnet': {'1.2'},
Jul 28 12:44:31.461653 np0000005999 devstack@neutron-api.service[87727]: 'Trunk': {'1.1'}}
Jul 28 12:44:31.461653 np0000005999 devstack@neutron-api.service[87727]: consumer versions:
Jul 28 12:44:31.461653 np0000005999 devstack@neutron-api.service[87727]: { OVN Controller Gateway agent@np0000005999: {},
Jul 28 12:44:31.461653 np0000005999 devstack@neutron-api.service[87727]: OVN Neutron agent@np0000005999: {}}
Jul 28 12:44:31.461653 np0000005999 devstack@neutron-api.service[87727]: {{(pid=87727) report /opt/stack/neutron/neutron/api/rpc/callbacks/version_manager.py:183}}
Jul 28 12:44:31.480275 np0000005999 devstack@neutron-api.service[87729]: DEBUG neutron.api.rpc.handlers.resources_rpc [None req-d96acaed-9a74-4879-85b1-a61d58bad93a admin admin] Pushing event updated for resources: {'Network': ['ID=1891a6ae-3d43-428f-9a22-33eb72340282,revision_number=1']} {{(pid=87729) push /opt/stack/neutron/neutron/api/rpc/handlers/resources_rpc.py:237}}
Jul 28 12:44:31.482214 np0000005999 devstack@neutron-api.service[87728]: INFO neutron.db.ovn_revision_numbers_db [None req-3b5cbe44-939c-4ed2-9b98-cb3d3f972f4c admin admin] Successfully bumped revision number for resource 589b687e-5680-4741-8db2-383bdf484c1a (type: ports) to 1
Jul 28 12:44:31.488609 np0000005999 devstack@neutron-api.service[87728]: DEBUG neutron.pecan_wsgi.hooks.policy_enforcement [None req-3b5cbe44-939c-4ed2-9b98-cb3d3f972f4c admin admin] Attributes excluded by policy engine: ['standard_attr_id'] {{(pid=87728) _exclude_attributes_by_policy /opt/stack/neutron/neutron/pecan_wsgi/hooks/policy_enforcement.py:259}}
Jul 28 12:44:31.488836 np0000005999 devstack@neutron-api.service[87729]: DEBUG ovsdbapp.backend.ovs_idl.transaction [None req-557b0d81-0f20-44a3-8659-1a91a51bb905 None None] Running txn n=1 command(idx=0): AddNetworkCommand(_result=None, network_uuid=1891a6ae-3d43-428f-9a22-33eb72340282, may_exist=True, columns={'external_ids': {'neutron:network_name': 'tempest-TaggedBootDevicesTest_v242-1175878528-network', 'neutron:mtu': '1372', 'neutron:revision_number': '1', 'neutron:availability_zone_hints': '', 'neutron:provnet-network-type': 'geneve'}, 'other_config': {'mcast_snoop': 'false', 'mcast_flood_unregistered': 'false', 'vlan-passthru': 'false'}}) {{(pid=87729) do_commit /opt/stack/data/venv/lib/python3.12/site-packages/ovsdbapp/backend/ovs_idl/transaction.py:89}}
Jul 28 12:44:31.488944 np0000005999 devstack@neutron-api.service[87728]: DEBUG neutron_lib.callbacks.manager [None req-3b5cbe44-939c-4ed2-9b98-cb3d3f972f4c admin admin] Publish callbacks [] for network (None), before_response {{(pid=87728) _notify_loop /opt/stack/data/venv/lib/python3.12/site-packages/neutron_lib/callbacks/manager.py:184}}
Jul 28 12:44:31.489052 np0000005999 devstack@neutron-api.service[87729]: DEBUG neutron.common.ovn.utils [None req-557b0d81-0f20-44a3-8659-1a91a51bb905 None None] OVS persist_uuid supported=True {{(pid=87729) ovs_persist_uuid_supported /opt/stack/neutron/neutron/common/ovn/utils.py:1565}}
Jul 28 12:44:31.499839 np0000005999 devstack@neutron-api.service[87728]: [pid: 87728|app: 0|req: 16/44] 10.4.3.221 () {68 vars in 1277 bytes} [Tue Jul 28 12:44:30 2026] POST /networking/v2.0/networks => generated 723 bytes in 933 msecs (HTTP/1.1 201) 4 headers in 162 bytes (1 switches on core 0)
Jul 28 12:44:31.501018 np0000005999 devstack@neutron-api.service[87729]: DEBUG neutron.plugins.ml2.drivers.ovn.mech_driver.ovsdb.ovsdb_monitor [None req-557b0d81-0f20-44a3-8659-1a91a51bb905 None None] Hash Ring: Node 548ffbd36f65530ab7ca666afa23a19c (host: np0000005999) handling event "create" for row 1891a6ae-3d43-428f-9a22-33eb72340282 (table: Logical_Switch) {{(pid=87729) notify /opt/stack/neutron/neutron/plugins/ml2/drivers/ovn/mech_driver/ovsdb/ovsdb_monitor.py:1013}}
Jul 28 12:44:31.508562 np0000005999 devstack@neutron-api.service[87727]: DEBUG neutron.plugins.ml2.drivers.ovn.mech_driver.ovsdb.ovsdb_monitor [None req-ed689534-5c25-4937-83fd-ff41b6d560aa None None] Hash Ring: Node 79b9b4f22e7855eabf0c0a3e9d43d4b7 (host: np0000005999) handling event "create" for row 28368382-0020-4d1f-b26c-82da8a180466 (table: Datapath_Binding) {{(pid=87727) notify /opt/stack/neutron/neutron/plugins/ml2/drivers/ovn/mech_driver/ovsdb/ovsdb_monitor.py:1013}}
Jul 28 12:44:31.512081 np0000005999 devstack@neutron-api.service[87727]: DEBUG neutron.plugins.ml2.drivers.helpers [None req-58a21525-81e9-44af-82e0-284f985f43b8 admin admin] geneve segment allocate from pool success with {'geneve_vni': 4791} {{(pid=87727) allocate_partially_specified_segment /opt/stack/neutron/neutron/plugins/ml2/drivers/helpers.py:142}}
Jul 28 12:44:31.522884 np0000005999 devstack@neutron-api.service[87727]: DEBUG neutron_lib.callbacks.manager [None req-58a21525-81e9-44af-82e0-284f985f43b8 admin admin] Publish callbacks ['neutron.plugins.ml2.plugin.Ml2Plugin._handle_segment_change-6723388'] for segment (c834ade8-d164-4fe1-a14e-9c6c3de8e879), precommit_create {{(pid=87727) _notify_loop /opt/stack/data/venv/lib/python3.12/site-packages/neutron_lib/callbacks/manager.py:184}}
Jul 28 12:44:31.522884 np0000005999 devstack@neutron-api.service[87727]: INFO neutron.db.segments_db [None req-58a21525-81e9-44af-82e0-284f985f43b8 admin admin] Added segment c834ade8-d164-4fe1-a14e-9c6c3de8e879 of type geneve for network 7c47b122-c31e-4702-9c01-7f581738525c
Jul 28 12:44:31.526138 np0000005999 devstack@neutron-api.service[87729]: INFO neutron.db.ovn_revision_numbers_db [None req-d96acaed-9a74-4879-85b1-a61d58bad93a admin admin] Successfully bumped revision number for resource 1891a6ae-3d43-428f-9a22-33eb72340282 (type: networks) to 1
Jul 28 12:44:31.537215 np0000005999 devstack@neutron-api.service[87727]: DEBUG neutron.db.provisioning_blocks [None req-8f929140-c2a7-4476-9519-711494d858c3 None None] Transition to ACTIVE for port object 589b687e-5680-4741-8db2-383bdf484c1a will not be triggered until provisioned by entity L2. {{(pid=87727) add_provisioning_component /opt/stack/neutron/neutron/db/provisioning_blocks.py:74}}
Jul 28 12:44:31.542217 np0000005999 devstack@neutron-api.service[87727]: DEBUG neutron_lib.callbacks.manager [None req-58a21525-81e9-44af-82e0-284f985f43b8 admin admin] Publish callbacks ['neutron.services.auto_allocate.db._ensure_external_network_default_value_callback-7854432516410'] for network (7c47b122-c31e-4702-9c01-7f581738525c), precommit_create {{(pid=87727) _notify_loop /opt/stack/data/venv/lib/python3.12/site-packages/neutron_lib/callbacks/manager.py:184}}
Jul 28 12:44:31.570859 np0000005999 devstack@neutron-api.service[87727]: DEBUG neutron.plugins.ml2.drivers.ovn.mech_driver.mech_driver [None req-58a21525-81e9-44af-82e0-284f985f43b8 admin admin] Validating network segment with type geneve, segmentation ID 4791, physical network None {{(pid=87727) _validate_network_segments /opt/stack/neutron/neutron/plugins/ml2/drivers/ovn/mech_driver/mech_driver.py:646}}
Jul 28 12:44:31.571116 np0000005999 devstack@neutron-api.service[87727]: DEBUG neutron.db.ovn_revision_numbers_db [None req-58a21525-81e9-44af-82e0-284f985f43b8 admin admin] create_initial_revision uuid=7c47b122-c31e-4702-9c01-7f581738525c, type=networks, rev=-1 {{(pid=87727) create_initial_revision /opt/stack/neutron/neutron/db/ovn_revision_numbers_db.py:98}}
Jul 28 12:44:31.580386 np0000005999 devstack@neutron-api.service[87729]: DEBUG neutron_lib.callbacks.manager [None req-d96acaed-9a74-4879-85b1-a61d58bad93a admin admin] Publish callbacks ['neutron.plugins.ml2.plugin.SecurityGroupDbMixin._ensure_default_security_group_handler-257086'] for port (None), before_create {{(pid=87729) _notify_loop /opt/stack/data/venv/lib/python3.12/site-packages/neutron_lib/callbacks/manager.py:184}}
Jul 28 12:44:31.587872 np0000005999 devstack@neutron-api.service[87727]: DEBUG neutron_lib.callbacks.manager [None req-58a21525-81e9-44af-82e0-284f985f43b8 admin admin] Publish callbacks ['neutron.plugins.ml2.ovo_rpc._ObjectChangeHandler.handle_event-2034029'] for network (7c47b122-c31e-4702-9c01-7f581738525c), after_create {{(pid=87727) _notify_loop /opt/stack/data/venv/lib/python3.12/site-packages/neutron_lib/callbacks/manager.py:184}}
Jul 28 12:44:31.593945 np0000005999 devstack@neutron-api.service[87727]: DEBUG neutron.plugins.ml2.plugin [None req-8f929140-c2a7-4476-9519-711494d858c3 None None] Current status of the port 589b687e-5680-4741-8db2-383bdf484c1a is: DOWN; New status is: DOWN {{(pid=87727) _update_individual_port_db_status /opt/stack/neutron/neutron/plugins/ml2/plugin.py:2473}}
Jul 28 12:44:31.595961 np0000005999 devstack@neutron-api.service[87727]: DEBUG ovsdbapp.backend.ovs_idl.transaction [None req-fbb615ce-24e9-462d-9361-422555e1e78b None None] Running txn n=1 command(idx=0): DbRemoveCommand(_result=None, table=Logical_Switch_Port, record=589b687e-5680-4741-8db2-383bdf484c1a, column=external_ids, values=('neutron:host_id',), keyvalues={}, if_exists=True) {{(pid=87727) do_commit /opt/stack/data/venv/lib/python3.12/site-packages/ovsdbapp/backend/ovs_idl/transaction.py:89}}
Jul 28 12:44:31.603663 np0000005999 devstack@neutron-api.service[87727]: DEBUG neutron.api.rpc.handlers.resources_rpc [None req-58a21525-81e9-44af-82e0-284f985f43b8 admin admin] Pushing event updated for resources: {'Network': ['ID=7c47b122-c31e-4702-9c01-7f581738525c,revision_number=1']} {{(pid=87727) push /opt/stack/neutron/neutron/api/rpc/handlers/resources_rpc.py:237}}
Jul 28 12:44:31.609547 np0000005999 devstack@neutron-api.service[87727]: DEBUG ovsdbapp.backend.ovs_idl.transaction [None req-fbb615ce-24e9-462d-9361-422555e1e78b None None] Running txn n=1 command(idx=0): AddNetworkCommand(_result=None, network_uuid=7c47b122-c31e-4702-9c01-7f581738525c, may_exist=True, columns={'external_ids': {'neutron:network_name': 'tempest-TaggedAttachmentsTest-1345723481-network', 'neutron:mtu': '1372', 'neutron:revision_number': '1', 'neutron:availability_zone_hints': '', 'neutron:provnet-network-type': 'geneve'}, 'other_config': {'mcast_snoop': 'false', 'mcast_flood_unregistered': 'false', 'vlan-passthru': 'false'}}) {{(pid=87727) do_commit /opt/stack/data/venv/lib/python3.12/site-packages/ovsdbapp/backend/ovs_idl/transaction.py:89}}
Jul 28 12:44:31.612229 np0000005999 devstack@neutron-api.service[87727]: DEBUG neutron.plugins.ml2.drivers.ovn.mech_driver.ovsdb.ovsdb_monitor [None req-fbb615ce-24e9-462d-9361-422555e1e78b None None] Hash Ring: Node 79b9b4f22e7855eabf0c0a3e9d43d4b7 (host: np0000005999) handling event "create" for row 7c47b122-c31e-4702-9c01-7f581738525c (table: Logical_Switch) {{(pid=87727) notify /opt/stack/neutron/neutron/plugins/ml2/drivers/ovn/mech_driver/ovsdb/ovsdb_monitor.py:1013}}
Jul 28 12:44:31.619780 np0000005999 devstack@neutron-api.service[87727]: DEBUG neutron.plugins.ml2.drivers.ovn.mech_driver.ovsdb.ovsdb_monitor [None req-ed689534-5c25-4937-83fd-ff41b6d560aa None None] Hash Ring: Node 79b9b4f22e7855eabf0c0a3e9d43d4b7 (host: np0000005999) handling event "create" for row 62dabe10-f7a1-4099-bddc-e271b6d34ebd (table: Datapath_Binding) {{(pid=87727) notify /opt/stack/neutron/neutron/plugins/ml2/drivers/ovn/mech_driver/ovsdb/ovsdb_monitor.py:1013}}
Jul 28 12:44:31.630648 np0000005999 devstack@neutron-api.service[87727]: INFO neutron.db.ovn_revision_numbers_db [None req-58a21525-81e9-44af-82e0-284f985f43b8 admin admin] Successfully bumped revision number for resource 7c47b122-c31e-4702-9c01-7f581738525c (type: networks) to 1
Jul 28 12:44:31.639812 np0000005999 devstack@neutron-api.service[87727]: DEBUG neutron_lib.callbacks.manager [None req-58a21525-81e9-44af-82e0-284f985f43b8 admin admin] Publish callbacks ['neutron.plugins.ml2.plugin.SecurityGroupDbMixin._ensure_default_security_group_handler-6477778'] for port (None), before_create {{(pid=87727) _notify_loop /opt/stack/data/venv/lib/python3.12/site-packages/neutron_lib/callbacks/manager.py:184}}
Jul 28 12:44:31.671933 np0000005999 devstack@neutron-api.service[87729]: DEBUG neutron_lib.callbacks.manager [None req-d96acaed-9a74-4879-85b1-a61d58bad93a admin admin] Publish callbacks ['neutron.plugins.ml2.drivers.ovn.mech_driver.mech_driver.OVNMechanismDriver._validate_allowed_address_pairs-857558'] for allowed_address_pair (806fff73-fe7d-4179-8254-7f2e1008728b), before_create {{(pid=87729) _notify_loop /opt/stack/data/venv/lib/python3.12/site-packages/neutron_lib/callbacks/manager.py:184}}
Jul 28 12:44:31.672623 np0000005999 devstack@neutron-api.service[87729]: DEBUG neutron_lib.callbacks.manager [None req-d96acaed-9a74-4879-85b1-a61d58bad93a admin admin] Publish callbacks [] for port (806fff73-fe7d-4179-8254-7f2e1008728b), precommit_create {{(pid=87729) _notify_loop /opt/stack/data/venv/lib/python3.12/site-packages/neutron_lib/callbacks/manager.py:184}}
Jul 28 12:44:31.672774 np0000005999 devstack@neutron-api.service[87729]: DEBUG neutron.plugins.ml2.drivers.ovn.mech_driver.mech_driver [None req-d96acaed-9a74-4879-85b1-a61d58bad93a admin admin] No provisioning block for port 806fff73-fe7d-4179-8254-7f2e1008728b since it does not have a host {{(pid=87729) _is_port_provisioning_required /opt/stack/neutron/neutron/plugins/ml2/drivers/ovn/mech_driver/mech_driver.py:899}}
Jul 28 12:44:31.672878 np0000005999 devstack@neutron-api.service[87729]: DEBUG neutron.db.ovn_revision_numbers_db [None req-d96acaed-9a74-4879-85b1-a61d58bad93a admin admin] create_initial_revision uuid=806fff73-fe7d-4179-8254-7f2e1008728b, type=ports, rev=-1 {{(pid=87729) create_initial_revision /opt/stack/neutron/neutron/db/ovn_revision_numbers_db.py:98}}
Jul 28 12:44:31.673901 np0000005999 devstack@neutron-api.service[87728]: DEBUG neutron.api.v2.base [None req-e27a6ac1-bd76-4f8a-81c6-21397fc2e273 admin admin] Request body: {'network': {'name': 'tempest-TaggedBootDevicesTest-356252077-network', 'project_id': '85b0d36aa77b40d885394d35d1d77391'}} {{(pid=87728) prepare_request_body /opt/stack/neutron/neutron/api/v2/base.py:727}}
Jul 28 12:44:31.685408 np0000005999 devstack@neutron-api.service[87728]: DEBUG neutron.pecan_wsgi.hooks.quota_enforcement [None req-e27a6ac1-bd76-4f8a-81c6-21397fc2e273 admin admin] Made reservation on behalf of 85b0d36aa77b40d885394d35d1d77391 for: {'network': 1} {{(pid=87728) before /opt/stack/neutron/neutron/pecan_wsgi/hooks/quota_enforcement.py:66}}
Jul 28 12:44:31.687855 np0000005999 devstack@neutron-api.service[87728]: DEBUG neutron_lib.callbacks.manager [None req-e27a6ac1-bd76-4f8a-81c6-21397fc2e273 admin admin] Publish callbacks ['neutron.plugins.ml2.plugin.SecurityGroupDbMixin._ensure_default_security_group_handler-7568491'] for network (None), before_create {{(pid=87728) _notify_loop /opt/stack/data/venv/lib/python3.12/site-packages/neutron_lib/callbacks/manager.py:184}}
Jul 28 12:44:31.691792 np0000005999 devstack@neutron-api.service[87728]: DEBUG neutron_lib.callbacks.manager [None req-e27a6ac1-bd76-4f8a-81c6-21397fc2e273 admin admin] Publish callbacks [] for security_group (None), before_create {{(pid=87728) _notify_loop /opt/stack/data/venv/lib/python3.12/site-packages/neutron_lib/callbacks/manager.py:184}}
Jul 28 12:44:31.696716 np0000005999 devstack@neutron-api.service[87727]: DEBUG neutron_lib.callbacks.manager [None req-58a21525-81e9-44af-82e0-284f985f43b8 admin admin] Publish callbacks ['neutron.plugins.ml2.drivers.ovn.mech_driver.mech_driver.OVNMechanismDriver._validate_allowed_address_pairs-905034'] for allowed_address_pair (2642f8d3-cff4-4498-88ac-75bba9023124), before_create {{(pid=87727) _notify_loop /opt/stack/data/venv/lib/python3.12/site-packages/neutron_lib/callbacks/manager.py:184}}
Jul 28 12:44:31.697147 np0000005999 devstack@neutron-api.service[87727]: DEBUG neutron_lib.callbacks.manager [None req-58a21525-81e9-44af-82e0-284f985f43b8 admin admin] Publish callbacks [] for port (2642f8d3-cff4-4498-88ac-75bba9023124), precommit_create {{(pid=87727) _notify_loop /opt/stack/data/venv/lib/python3.12/site-packages/neutron_lib/callbacks/manager.py:184}}
Jul 28 12:44:31.697341 np0000005999 devstack@neutron-api.service[87727]: DEBUG neutron.plugins.ml2.drivers.ovn.mech_driver.mech_driver [None req-58a21525-81e9-44af-82e0-284f985f43b8 admin admin] No provisioning block for port 2642f8d3-cff4-4498-88ac-75bba9023124 since it does not have a host {{(pid=87727) _is_port_provisioning_required /opt/stack/neutron/neutron/plugins/ml2/drivers/ovn/mech_driver/mech_driver.py:899}}
Jul 28 12:44:31.697415 np0000005999 devstack@neutron-api.service[87727]: DEBUG neutron.db.ovn_revision_numbers_db [None req-58a21525-81e9-44af-82e0-284f985f43b8 admin admin] create_initial_revision uuid=2642f8d3-cff4-4498-88ac-75bba9023124, type=ports, rev=-1 {{(pid=87727) create_initial_revision /opt/stack/neutron/neutron/db/ovn_revision_numbers_db.py:98}}
Jul 28 12:44:31.711847 np0000005999 devstack@neutron-api.service[87729]: DEBUG neutron_lib.callbacks.manager [None req-d96acaed-9a74-4879-85b1-a61d58bad93a admin admin] Publish callbacks ['neutron.plugins.ml2.ovo_rpc._ObjectChangeHandler.handle_event-1535319'] for port (806fff73-fe7d-4179-8254-7f2e1008728b), after_create {{(pid=87729) _notify_loop /opt/stack/data/venv/lib/python3.12/site-packages/neutron_lib/callbacks/manager.py:184}}
Jul 28 12:44:31.723907 np0000005999 devstack@neutron-api.service[87727]: DEBUG neutron_lib.callbacks.manager [None req-58a21525-81e9-44af-82e0-284f985f43b8 admin admin] Publish callbacks ['neutron.plugins.ml2.ovo_rpc._ObjectChangeHandler.handle_event-2033989'] for port (2642f8d3-cff4-4498-88ac-75bba9023124), after_create {{(pid=87727) _notify_loop /opt/stack/data/venv/lib/python3.12/site-packages/neutron_lib/callbacks/manager.py:184}}
