May 18 19:45:54.908000 np0000000989 devstack@g-api.service[101585]: DEBUG glance.api.middleware.version_negotiation [None req-cb5907db-1049-4439-b801-8bc51b43f00f tempest-ServerBootFromVolumeStableRescueTest-1889408849 tempest-ServerBootFromVolumeStableRescueTest-1889408849-project-member] Determining version of request: POST /v2/images Accept: */* {{(pid=101585) process_request /opt/stack/glance/glance/api/middleware/version_negotiation.py:44}}
May 18 19:45:54.908505 np0000000989 devstack@g-api.service[101585]: DEBUG glance.api.middleware.version_negotiation [None req-cb5907db-1049-4439-b801-8bc51b43f00f tempest-ServerBootFromVolumeStableRescueTest-1889408849 tempest-ServerBootFromVolumeStableRescueTest-1889408849-project-member] Using url versioning {{(pid=101585) process_request /opt/stack/glance/glance/api/middleware/version_negotiation.py:57}}
May 18 19:45:54.908505 np0000000989 devstack@g-api.service[101585]: DEBUG glance.api.middleware.version_negotiation [None req-cb5907db-1049-4439-b801-8bc51b43f00f tempest-ServerBootFromVolumeStableRescueTest-1889408849 tempest-ServerBootFromVolumeStableRescueTest-1889408849-project-member] Matched version: v2 {{(pid=101585) process_request /opt/stack/glance/glance/api/middleware/version_negotiation.py:69}}
May 18 19:45:54.908634 np0000000989 devstack@g-api.service[101585]: DEBUG glance.api.middleware.version_negotiation [None req-cb5907db-1049-4439-b801-8bc51b43f00f tempest-ServerBootFromVolumeStableRescueTest-1889408849 tempest-ServerBootFromVolumeStableRescueTest-1889408849-project-member] new path /v2/images {{(pid=101585) process_request /opt/stack/glance/glance/api/middleware/version_negotiation.py:70}}
May 18 19:45:55.708639 np0000000989 devstack@g-api.service[101585]: [pid: 101585|app: 0|req: 18/51] 127.0.0.1 () {46 vars in 1055 bytes} [Mon May 18 19:45:54 2026] POST /v2/images => generated 1359 bytes in 801 msecs (HTTP/1.1 201) 6 headers in 316 bytes (1 switches on core 0)
May 18 19:45:55.839930 np0000000989 devstack@g-api.service[101583]: DEBUG glance.api.middleware.version_negotiation [None req-cb5907db-1049-4439-b801-8bc51b43f00f tempest-ServerBootFromVolumeStableRescueTest-1889408849 tempest-ServerBootFromVolumeStableRescueTest-1889408849-project-member] Determining version of request: GET /v2/images/3321e86b-52a6-4929-bf12-f19b2e8affdc Accept: application/json {{(pid=101583) process_request /opt/stack/glance/glance/api/middleware/version_negotiation.py:44}}
May 18 19:45:55.840461 np0000000989 devstack@g-api.service[101583]: DEBUG glance.api.middleware.version_negotiation [None req-cb5907db-1049-4439-b801-8bc51b43f00f tempest-ServerBootFromVolumeStableRescueTest-1889408849 tempest-ServerBootFromVolumeStableRescueTest-1889408849-project-member] Using url versioning {{(pid=101583) process_request /opt/stack/glance/glance/api/middleware/version_negotiation.py:57}}
May 18 19:45:55.840461 np0000000989 devstack@g-api.service[101583]: DEBUG glance.api.middleware.version_negotiation [None req-cb5907db-1049-4439-b801-8bc51b43f00f tempest-ServerBootFromVolumeStableRescueTest-1889408849 tempest-ServerBootFromVolumeStableRescueTest-1889408849-project-member] Matched version: v2 {{(pid=101583) process_request /opt/stack/glance/glance/api/middleware/version_negotiation.py:69}}
May 18 19:45:55.840635 np0000000989 devstack@g-api.service[101583]: DEBUG glance.api.middleware.version_negotiation [None req-cb5907db-1049-4439-b801-8bc51b43f00f tempest-ServerBootFromVolumeStableRescueTest-1889408849 tempest-ServerBootFromVolumeStableRescueTest-1889408849-project-member] new path /v2/images/3321e86b-52a6-4929-bf12-f19b2e8affdc {{(pid=101583) process_request /opt/stack/glance/glance/api/middleware/version_negotiation.py:70}}
May 18 19:45:55.855049 np0000000989 devstack@g-api.service[101583]: [pid: 101583|app: 0|req: 17/52] 127.0.0.1 () {40 vars in 838 bytes} [Mon May 18 19:45:55 2026] GET /v2/images/3321e86b-52a6-4929-bf12-f19b2e8affdc => generated 1359 bytes in 15 msecs (HTTP/1.1 200) 4 headers in 158 bytes (1 switches on core 0)
May 18 19:45:56.869623 np0000000989 devstack@g-api.service[101584]: DEBUG glance.api.middleware.version_negotiation [None req-fe1d818f-5285-45fb-aded-21cbc89bece0 tempest-ServerBootFromVolumeStableRescueTest-1889408849 tempest-ServerBootFromVolumeStableRescueTest-1889408849-project-member] Determining version of request: GET /v2/images/3321e86b-52a6-4929-bf12-f19b2e8affdc Accept: application/json {{(pid=101584) process_request /opt/stack/glance/glance/api/middleware/version_negotiation.py:44}}
May 18 19:45:56.869623 np0000000989 devstack@g-api.service[101584]: DEBUG glance.api.middleware.version_negotiation [None req-fe1d818f-5285-45fb-aded-21cbc89bece0 tempest-ServerBootFromVolumeStableRescueTest-1889408849 tempest-ServerBootFromVolumeStableRescueTest-1889408849-project-member] Using url versioning {{(pid=101584) process_request /opt/stack/glance/glance/api/middleware/version_negotiation.py:57}}
May 18 19:45:56.869623 np0000000989 devstack@g-api.service[101584]: DEBUG glance.api.middleware.version_negotiation [None req-fe1d818f-5285-45fb-aded-21cbc89bece0 tempest-ServerBootFromVolumeStableRescueTest-1889408849 tempest-ServerBootFromVolumeStableRescueTest-1889408849-project-member] Matched version: v2 {{(pid=101584) process_request /opt/stack/glance/glance/api/middleware/version_negotiation.py:69}}
May 18 19:45:56.869623 np0000000989 devstack@g-api.service[101584]: DEBUG glance.api.middleware.version_negotiation [None req-fe1d818f-5285-45fb-aded-21cbc89bece0 tempest-ServerBootFromVolumeStableRescueTest-1889408849 tempest-ServerBootFromVolumeStableRescueTest-1889408849-project-member] new path /v2/images/3321e86b-52a6-4929-bf12-f19b2e8affdc {{(pid=101584) process_request /opt/stack/glance/glance/api/middleware/version_negotiation.py:70}}
May 18 19:45:56.889361 np0000000989 devstack@g-api.service[101584]: [pid: 101584|app: 0|req: 18/53] 127.0.0.1 () {40 vars in 838 bytes} [Mon May 18 19:45:56 2026] GET /v2/images/3321e86b-52a6-4929-bf12-f19b2e8affdc => generated 1359 bytes in 23 msecs (HTTP/1.1 200) 4 headers in 158 bytes (1 switches on core 0)
May 18 19:45:57.400214 np0000000989 devstack@g-api.service[101585]: DEBUG glance.api.middleware.version_negotiation [None req-fe1d818f-5285-45fb-aded-21cbc89bece0 tempest-ServerBootFromVolumeStableRescueTest-1889408849 tempest-ServerBootFromVolumeStableRescueTest-1889408849-project-member] Determining version of request: GET /v2/images/3321e86b-52a6-4929-bf12-f19b2e8affdc Accept: */* {{(pid=101585) process_request /opt/stack/glance/glance/api/middleware/version_negotiation.py:44}}
May 18 19:45:57.400214 np0000000989 devstack@g-api.service[101585]: DEBUG glance.api.middleware.version_negotiation [None req-fe1d818f-5285-45fb-aded-21cbc89bece0 tempest-ServerBootFromVolumeStableRescueTest-1889408849 tempest-ServerBootFromVolumeStableRescueTest-1889408849-project-member] Using url versioning {{(pid=101585) process_request /opt/stack/glance/glance/api/middleware/version_negotiation.py:57}}
May 18 19:45:57.400214 np0000000989 devstack@g-api.service[101585]: DEBUG glance.api.middleware.version_negotiation [None req-fe1d818f-5285-45fb-aded-21cbc89bece0 tempest-ServerBootFromVolumeStableRescueTest-1889408849 tempest-ServerBootFromVolumeStableRescueTest-1889408849-project-member] Matched version: v2 {{(pid=101585) process_request /opt/stack/glance/glance/api/middleware/version_negotiation.py:69}}
May 18 19:45:57.400661 np0000000989 devstack@g-api.service[101585]: DEBUG glance.api.middleware.version_negotiation [None req-fe1d818f-5285-45fb-aded-21cbc89bece0 tempest-ServerBootFromVolumeStableRescueTest-1889408849 tempest-ServerBootFromVolumeStableRescueTest-1889408849-project-member] new path /v2/images/3321e86b-52a6-4929-bf12-f19b2e8affdc {{(pid=101585) process_request /opt/stack/glance/glance/api/middleware/version_negotiation.py:70}}
May 18 19:45:57.420425 np0000000989 devstack@g-api.service[101585]: [pid: 101585|app: 0|req: 19/54] 127.0.0.1 () {44 vars in 1115 bytes} [Mon May 18 19:45:57 2026] GET /v2/images/3321e86b-52a6-4929-bf12-f19b2e8affdc => generated 1359 bytes in 20 msecs (HTTP/1.1 200) 4 headers in 158 bytes (1 switches on core 0)
May 18 19:45:57.475284 np0000000989 devstack@g-api.service[101583]: DEBUG glance.api.middleware.version_negotiation [None req-70767657-bda0-4048-b9a6-bec6c43849f1 tempest-ServerBootFromVolumeStableRescueTest-1889408849 tempest-ServerBootFromVolumeStableRescueTest-1889408849-project-member] Determining version of request: GET /v2/schemas/image Accept: */* {{(pid=101583) process_request /opt/stack/glance/glance/api/middleware/version_negotiation.py:44}}
May 18 19:45:57.475696 np0000000989 devstack@g-api.service[101583]: DEBUG glance.api.middleware.version_negotiation [None req-70767657-bda0-4048-b9a6-bec6c43849f1 tempest-ServerBootFromVolumeStableRescueTest-1889408849 tempest-ServerBootFromVolumeStableRescueTest-1889408849-project-member] Using url versioning {{(pid=101583) process_request /opt/stack/glance/glance/api/middleware/version_negotiation.py:57}}
May 18 19:45:57.475696 np0000000989 devstack@g-api.service[101583]: DEBUG glance.api.middleware.version_negotiation [None req-70767657-bda0-4048-b9a6-bec6c43849f1 tempest-ServerBootFromVolumeStableRescueTest-1889408849 tempest-ServerBootFromVolumeStableRescueTest-1889408849-project-member] Matched version: v2 {{(pid=101583) process_request /opt/stack/glance/glance/api/middleware/version_negotiation.py:69}}
May 18 19:45:57.477612 np0000000989 devstack@g-api.service[101583]: DEBUG glance.api.middleware.version_negotiation [None req-70767657-bda0-4048-b9a6-bec6c43849f1 tempest-ServerBootFromVolumeStableRescueTest-1889408849 tempest-ServerBootFromVolumeStableRescueTest-1889408849-project-member] new path /v2/schemas/image {{(pid=101583) process_request /opt/stack/glance/glance/api/middleware/version_negotiation.py:70}}
May 18 19:45:57.478656 np0000000989 devstack@g-api.service[101583]: [pid: 101583|app: 0|req: 18/55] 127.0.0.1 () {44 vars in 1055 bytes} [Mon May 18 19:45:57 2026] GET /v2/schemas/image => generated 6083 bytes in 3 msecs (HTTP/1.1 200) 4 headers in 158 bytes (1 switches on core 0)
May 18 19:45:57.901797 np0000000989 devstack@g-api.service[101584]: DEBUG glance.api.middleware.version_negotiation [None req-26927cf6-1b86-4780-8b01-a0645ad89be0 tempest-ServerBootFromVolumeStableRescueTest-1889408849 tempest-ServerBootFromVolumeStableRescueTest-1889408849-project-member] Determining version of request: GET /v2/images/3321e86b-52a6-4929-bf12-f19b2e8affdc Accept: application/json {{(pid=101584) process_request /opt/stack/glance/glance/api/middleware/version_negotiation.py:44}}
May 18 19:45:57.903372 np0000000989 devstack@g-api.service[101584]: DEBUG glance.api.middleware.version_negotiation [None req-26927cf6-1b86-4780-8b01-a0645ad89be0 tempest-ServerBootFromVolumeStableRescueTest-1889408849 tempest-ServerBootFromVolumeStableRescueTest-1889408849-project-member] Using url versioning {{(pid=101584) process_request /opt/stack/glance/glance/api/middleware/version_negotiation.py:57}}
May 18 19:45:57.903372 np0000000989 devstack@g-api.service[101584]: DEBUG glance.api.middleware.version_negotiation [None req-26927cf6-1b86-4780-8b01-a0645ad89be0 tempest-ServerBootFromVolumeStableRescueTest-1889408849 tempest-ServerBootFromVolumeStableRescueTest-1889408849-project-member] Matched version: v2 {{(pid=101584) process_request /opt/stack/glance/glance/api/middleware/version_negotiation.py:69}}
May 18 19:45:57.903372 np0000000989 devstack@g-api.service[101584]: DEBUG glance.api.middleware.version_negotiation [None req-26927cf6-1b86-4780-8b01-a0645ad89be0 tempest-ServerBootFromVolumeStableRescueTest-1889408849 tempest-ServerBootFromVolumeStableRescueTest-1889408849-project-member] new path /v2/images/3321e86b-52a6-4929-bf12-f19b2e8affdc {{(pid=101584) process_request /opt/stack/glance/glance/api/middleware/version_negotiation.py:70}}
May 18 19:45:57.918645 np0000000989 devstack@g-api.service[101584]: [pid: 101584|app: 0|req: 19/56] 127.0.0.1 () {40 vars in 838 bytes} [Mon May 18 19:45:57 2026] GET /v2/images/3321e86b-52a6-4929-bf12-f19b2e8affdc => generated 1359 bytes in 17 msecs (HTTP/1.1 200) 4 headers in 158 bytes (1 switches on core 0)
May 18 19:45:58.928352 np0000000989 devstack@g-api.service[101585]: DEBUG glance.api.middleware.version_negotiation [None req-fe1d818f-5285-45fb-aded-21cbc89bece0 tempest-ServerBootFromVolumeStableRescueTest-1889408849 tempest-ServerBootFromVolumeStableRescueTest-1889408849-project-member] Determining version of request: GET /v2/images/3321e86b-52a6-4929-bf12-f19b2e8affdc Accept: application/json {{(pid=101585) process_request /opt/stack/glance/glance/api/middleware/version_negotiation.py:44}}
May 18 19:45:58.928859 np0000000989 devstack@g-api.service[101585]: DEBUG glance.api.middleware.version_negotiation [None req-fe1d818f-5285-45fb-aded-21cbc89bece0 tempest-ServerBootFromVolumeStableRescueTest-1889408849 tempest-ServerBootFromVolumeStableRescueTest-1889408849-project-member] Using url versioning {{(pid=101585) process_request /opt/stack/glance/glance/api/middleware/version_negotiation.py:57}}
May 18 19:45:58.928859 np0000000989 devstack@g-api.service[101585]: DEBUG glance.api.middleware.version_negotiation [None req-fe1d818f-5285-45fb-aded-21cbc89bece0 tempest-ServerBootFromVolumeStableRescueTest-1889408849 tempest-ServerBootFromVolumeStableRescueTest-1889408849-project-member] Matched version: v2 {{(pid=101585) process_request /opt/stack/glance/glance/api/middleware/version_negotiation.py:69}}
May 18 19:45:58.928859 np0000000989 devstack@g-api.service[101585]: DEBUG glance.api.middleware.version_negotiation [None req-fe1d818f-5285-45fb-aded-21cbc89bece0 tempest-ServerBootFromVolumeStableRescueTest-1889408849 tempest-ServerBootFromVolumeStableRescueTest-1889408849-project-member] new path /v2/images/3321e86b-52a6-4929-bf12-f19b2e8affdc {{(pid=101585) process_request /opt/stack/glance/glance/api/middleware/version_negotiation.py:70}}
May 18 19:45:58.939829 np0000000989 devstack@g-api.service[101585]: [pid: 101585|app: 0|req: 20/57] 127.0.0.1 () {40 vars in 838 bytes} [Mon May 18 19:45:58 2026] GET /v2/images/3321e86b-52a6-4929-bf12-f19b2e8affdc => generated 1359 bytes in 12 msecs (HTTP/1.1 200) 4 headers in 158 bytes (1 switches on core 0)
May 18 19:45:59.949757 np0000000989 devstack@g-api.service[101583]: DEBUG glance.api.middleware.version_negotiation [None req-fe1d818f-5285-45fb-aded-21cbc89bece0 tempest-ServerBootFromVolumeStableRescueTest-1889408849 tempest-ServerBootFromVolumeStableRescueTest-1889408849-project-member] Determining version of request: GET /v2/images/3321e86b-52a6-4929-bf12-f19b2e8affdc Accept: application/json {{(pid=101583) process_request /opt/stack/glance/glance/api/middleware/version_negotiation.py:44}}
May 18 19:45:59.950110 np0000000989 devstack@g-api.service[101583]: DEBUG glance.api.middleware.version_negotiation [None req-fe1d818f-5285-45fb-aded-21cbc89bece0 tempest-ServerBootFromVolumeStableRescueTest-1889408849 tempest-ServerBootFromVolumeStableRescueTest-1889408849-project-member] Using url versioning {{(pid=101583) process_request /opt/stack/glance/glance/api/middleware/version_negotiation.py:57}}
May 18 19:45:59.950110 np0000000989 devstack@g-api.service[101583]: DEBUG glance.api.middleware.version_negotiation [None req-fe1d818f-5285-45fb-aded-21cbc89bece0 tempest-ServerBootFromVolumeStableRescueTest-1889408849 tempest-ServerBootFromVolumeStableRescueTest-1889408849-project-member] Matched version: v2 {{(pid=101583) process_request /opt/stack/glance/glance/api/middleware/version_negotiation.py:69}}
May 18 19:45:59.950110 np0000000989 devstack@g-api.service[101583]: DEBUG glance.api.middleware.version_negotiation [None req-fe1d818f-5285-45fb-aded-21cbc89bece0 tempest-ServerBootFromVolumeStableRescueTest-1889408849 tempest-ServerBootFromVolumeStableRescueTest-1889408849-project-member] new path /v2/images/3321e86b-52a6-4929-bf12-f19b2e8affdc {{(pid=101583) process_request /opt/stack/glance/glance/api/middleware/version_negotiation.py:70}}
May 18 19:45:59.964584 np0000000989 devstack@g-api.service[101583]: [pid: 101583|app: 0|req: 19/58] 127.0.0.1 () {40 vars in 838 bytes} [Mon May 18 19:45:59 2026] GET /v2/images/3321e86b-52a6-4929-bf12-f19b2e8affdc => generated 1359 bytes in 15 msecs (HTTP/1.1 200) 4 headers in 158 bytes (1 switches on core 0)
May 18 19:46:00.270850 np0000000989 devstack@g-api.service[101584]: DEBUG glance.api.middleware.version_negotiation [None req-62948ac9-1de3-48ed-b527-2a8611abea57 tempest-ServerBootFromVolumeStableRescueTest-1889408849 tempest-ServerBootFromVolumeStableRescueTest-1889408849-project-member] Determining version of request: GET /v2/images/3321e86b-52a6-4929-bf12-f19b2e8affdc Accept: */* {{(pid=101584) process_request /opt/stack/glance/glance/api/middleware/version_negotiation.py:44}}
May 18 19:46:00.271332 np0000000989 devstack@g-api.service[101584]: DEBUG glance.api.middleware.version_negotiation [None req-62948ac9-1de3-48ed-b527-2a8611abea57 tempest-ServerBootFromVolumeStableRescueTest-1889408849 tempest-ServerBootFromVolumeStableRescueTest-1889408849-project-member] Using url versioning {{(pid=101584) process_request /opt/stack/glance/glance/api/middleware/version_negotiation.py:57}}
May 18 19:46:00.271332 np0000000989 devstack@g-api.service[101584]: DEBUG glance.api.middleware.version_negotiation [None req-62948ac9-1de3-48ed-b527-2a8611abea57 tempest-ServerBootFromVolumeStableRescueTest-1889408849 tempest-ServerBootFromVolumeStableRescueTest-1889408849-project-member] Matched version: v2 {{(pid=101584) process_request /opt/stack/glance/glance/api/middleware/version_negotiation.py:69}}
May 18 19:46:00.271332 np0000000989 devstack@g-api.service[101584]: DEBUG glance.api.middleware.version_negotiation [None req-62948ac9-1de3-48ed-b527-2a8611abea57 tempest-ServerBootFromVolumeStableRescueTest-1889408849 tempest-ServerBootFromVolumeStableRescueTest-1889408849-project-member] new path /v2/images/3321e86b-52a6-4929-bf12-f19b2e8affdc {{(pid=101584) process_request /opt/stack/glance/glance/api/middleware/version_negotiation.py:70}}
May 18 19:46:00.283503 np0000000989 devstack@g-api.service[101584]: [pid: 101584|app: 0|req: 20/59] 127.0.0.1 () {44 vars in 1115 bytes} [Mon May 18 19:46:00 2026] GET /v2/images/3321e86b-52a6-4929-bf12-f19b2e8affdc => generated 1359 bytes in 13 msecs (HTTP/1.1 200) 4 headers in 158 bytes (1 switches on core 0)
May 18 19:46:00.320411 np0000000989 devstack@g-api.service[101585]: DEBUG glance.api.middleware.version_negotiation [None req-5b23c4e8-e28e-4fa7-a90b-20c138b16702 tempest-ServerBootFromVolumeStableRescueTest-1889408849 tempest-ServerBootFromVolumeStableRescueTest-1889408849-project-member] Determining version of request: GET /v2/schemas/image Accept: */* {{(pid=101585) process_request /opt/stack/glance/glance/api/middleware/version_negotiation.py:44}}
May 18 19:46:00.320941 np0000000989 devstack@g-api.service[101585]: DEBUG glance.api.middleware.version_negotiation [None req-5b23c4e8-e28e-4fa7-a90b-20c138b16702 tempest-ServerBootFromVolumeStableRescueTest-1889408849 tempest-ServerBootFromVolumeStableRescueTest-1889408849-project-member] Using url versioning {{(pid=101585) process_request /opt/stack/glance/glance/api/middleware/version_negotiation.py:57}}
May 18 19:46:00.320941 np0000000989 devstack@g-api.service[101585]: DEBUG glance.api.middleware.version_negotiation [None req-5b23c4e8-e28e-4fa7-a90b-20c138b16702 tempest-ServerBootFromVolumeStableRescueTest-1889408849 tempest-ServerBootFromVolumeStableRescueTest-1889408849-project-member] Matched version: v2 {{(pid=101585) process_request /opt/stack/glance/glance/api/middleware/version_negotiation.py:69}}
May 18 19:46:00.320941 np0000000989 devstack@g-api.service[101585]: DEBUG glance.api.middleware.version_negotiation [None req-5b23c4e8-e28e-4fa7-a90b-20c138b16702 tempest-ServerBootFromVolumeStableRescueTest-1889408849 tempest-ServerBootFromVolumeStableRescueTest-1889408849-project-member] new path /v2/schemas/image {{(pid=101585) process_request /opt/stack/glance/glance/api/middleware/version_negotiation.py:70}}
May 18 19:46:00.325268 np0000000989 devstack@g-api.service[101585]: [pid: 101585|app: 0|req: 21/60] 127.0.0.1 () {44 vars in 1055 bytes} [Mon May 18 19:46:00 2026] GET /v2/schemas/image => generated 6083 bytes in 5 msecs (HTTP/1.1 200) 4 headers in 158 bytes (1 switches on core 0)
May 18 19:46:00.376711 np0000000989 devstack@g-api.service[101583]: DEBUG glance.api.middleware.version_negotiation [None req-c72d750f-59e1-498a-99ce-0412b3e7ed22 tempest-ServerBootFromVolumeStableRescueTest-1889408849 tempest-ServerBootFromVolumeStableRescueTest-1889408849-project-member] Determining version of request: GET /v2/schemas/image Accept: */* {{(pid=101583) process_request /opt/stack/glance/glance/api/middleware/version_negotiation.py:44}}
May 18 19:46:00.376929 np0000000989 devstack@g-api.service[101583]: DEBUG glance.api.middleware.version_negotiation [None req-c72d750f-59e1-498a-99ce-0412b3e7ed22 tempest-ServerBootFromVolumeStableRescueTest-1889408849 tempest-ServerBootFromVolumeStableRescueTest-1889408849-project-member] Using url versioning {{(pid=101583) process_request /opt/stack/glance/glance/api/middleware/version_negotiation.py:57}}
May 18 19:46:00.377101 np0000000989 devstack@g-api.service[101583]: DEBUG glance.api.middleware.version_negotiation [None req-c72d750f-59e1-498a-99ce-0412b3e7ed22 tempest-ServerBootFromVolumeStableRescueTest-1889408849 tempest-ServerBootFromVolumeStableRescueTest-1889408849-project-member] Matched version: v2 {{(pid=101583) process_request /opt/stack/glance/glance/api/middleware/version_negotiation.py:69}}
May 18 19:46:00.377101 np0000000989 devstack@g-api.service[101583]: DEBUG glance.api.middleware.version_negotiation [None req-c72d750f-59e1-498a-99ce-0412b3e7ed22 tempest-ServerBootFromVolumeStableRescueTest-1889408849 tempest-ServerBootFromVolumeStableRescueTest-1889408849-project-member] new path /v2/schemas/image {{(pid=101583) process_request /opt/stack/glance/glance/api/middleware/version_negotiation.py:70}}
May 18 19:46:00.380066 np0000000989 devstack@g-api.service[101583]: [pid: 101583|app: 0|req: 20/61] 127.0.0.1 () {44 vars in 1055 bytes} [Mon May 18 19:46:00 2026] GET /v2/schemas/image => generated 6083 bytes in 3 msecs (HTTP/1.1 200) 4 headers in 158 bytes (1 switches on core 0)
May 18 19:46:00.426232 np0000000989 devstack@g-api.service[101584]: DEBUG glance.api.middleware.version_negotiation [None req-fe1d818f-5285-45fb-aded-21cbc89bece0 tempest-ServerBootFromVolumeStableRescueTest-1889408849 tempest-ServerBootFromVolumeStableRescueTest-1889408849-project-member] Determining version of request: PATCH /v2/images/3321e86b-52a6-4929-bf12-f19b2e8affdc Accept: */* {{(pid=101584) process_request /opt/stack/glance/glance/api/middleware/version_negotiation.py:44}}
May 18 19:46:00.426485 np0000000989 devstack@g-api.service[101584]: DEBUG glance.api.middleware.version_negotiation [None req-fe1d818f-5285-45fb-aded-21cbc89bece0 tempest-ServerBootFromVolumeStableRescueTest-1889408849 tempest-ServerBootFromVolumeStableRescueTest-1889408849-project-member] Using url versioning {{(pid=101584) process_request /opt/stack/glance/glance/api/middleware/version_negotiation.py:57}}
May 18 19:46:00.426485 np0000000989 devstack@g-api.service[101584]: DEBUG glance.api.middleware.version_negotiation [None req-fe1d818f-5285-45fb-aded-21cbc89bece0 tempest-ServerBootFromVolumeStableRescueTest-1889408849 tempest-ServerBootFromVolumeStableRescueTest-1889408849-project-member] Matched version: v2 {{(pid=101584) process_request /opt/stack/glance/glance/api/middleware/version_negotiation.py:69}}
May 18 19:46:00.426755 np0000000989 devstack@g-api.service[101584]: DEBUG glance.api.middleware.version_negotiation [None req-fe1d818f-5285-45fb-aded-21cbc89bece0 tempest-ServerBootFromVolumeStableRescueTest-1889408849 tempest-ServerBootFromVolumeStableRescueTest-1889408849-project-member] new path /v2/images/3321e86b-52a6-4929-bf12-f19b2e8affdc {{(pid=101584) process_request /opt/stack/glance/glance/api/middleware/version_negotiation.py:70}}
May 18 19:46:00.605442 np0000000989 devstack@g-api.service[101584]: [pid: 101584|app: 0|req: 21/62] 127.0.0.1 () {46 vars in 1158 bytes} [Mon May 18 19:46:00 2026] PATCH /v2/images/3321e86b-52a6-4929-bf12-f19b2e8affdc => generated 1470 bytes in 178 msecs (HTTP/1.1 200) 4 headers in 158 bytes (1 switches on core 0)
May 18 19:46:00.655690 np0000000989 devstack@g-api.service[101585]: DEBUG glance.api.middleware.version_negotiation [None req-fe1d818f-5285-45fb-aded-21cbc89bece0 tempest-ServerBootFromVolumeStableRescueTest-1889408849 tempest-ServerBootFromVolumeStableRescueTest-1889408849-project-member] Determining version of request: GET /v2/images/3321e86b-52a6-4929-bf12-f19b2e8affdc Accept: */* {{(pid=101585) process_request /opt/stack/glance/glance/api/middleware/version_negotiation.py:44}}
May 18 19:46:00.655830 np0000000989 devstack@g-api.service[101585]: DEBUG glance.api.middleware.version_negotiation [None req-fe1d818f-5285-45fb-aded-21cbc89bece0 tempest-ServerBootFromVolumeStableRescueTest-1889408849 tempest-ServerBootFromVolumeStableRescueTest-1889408849-project-member] Using url versioning {{(pid=101585) process_request /opt/stack/glance/glance/api/middleware/version_negotiation.py:57}}
May 18 19:46:00.656015 np0000000989 devstack@g-api.service[101585]: DEBUG glance.api.middleware.version_negotiation [None req-fe1d818f-5285-45fb-aded-21cbc89bece0 tempest-ServerBootFromVolumeStableRescueTest-1889408849 tempest-ServerBootFromVolumeStableRescueTest-1889408849-project-member] Matched version: v2 {{(pid=101585) process_request /opt/stack/glance/glance/api/middleware/version_negotiation.py:69}}
May 18 19:46:00.656123 np0000000989 devstack@g-api.service[101585]: DEBUG glance.api.middleware.version_negotiation [None req-fe1d818f-5285-45fb-aded-21cbc89bece0 tempest-ServerBootFromVolumeStableRescueTest-1889408849 tempest-ServerBootFromVolumeStableRescueTest-1889408849-project-member] new path /v2/images/3321e86b-52a6-4929-bf12-f19b2e8affdc {{(pid=101585) process_request /opt/stack/glance/glance/api/middleware/version_negotiation.py:70}}
May 18 19:46:00.671510 np0000000989 devstack@g-api.service[101585]: [pid: 101585|app: 0|req: 22/63] 127.0.0.1 () {44 vars in 1115 bytes} [Mon May 18 19:46:00 2026] GET /v2/images/3321e86b-52a6-4929-bf12-f19b2e8affdc => generated 1470 bytes in 16 msecs (HTTP/1.1 200) 4 headers in 158 bytes (1 switches on core 0)
May 18 19:46:00.713769 np0000000989 devstack@g-api.service[101583]: DEBUG glance.api.middleware.version_negotiation [None req-fe1d818f-5285-45fb-aded-21cbc89bece0 tempest-ServerBootFromVolumeStableRescueTest-1889408849 tempest-ServerBootFromVolumeStableRescueTest-1889408849-project-member] Determining version of request: PUT /v2/images/3321e86b-52a6-4929-bf12-f19b2e8affdc/file Accept: */* {{(pid=101583) process_request /opt/stack/glance/glance/api/middleware/version_negotiation.py:44}}
May 18 19:46:00.713946 np0000000989 devstack@g-api.service[101583]: DEBUG glance.api.middleware.version_negotiation [None req-fe1d818f-5285-45fb-aded-21cbc89bece0 tempest-ServerBootFromVolumeStableRescueTest-1889408849 tempest-ServerBootFromVolumeStableRescueTest-1889408849-project-member] Using url versioning {{(pid=101583) process_request /opt/stack/glance/glance/api/middleware/version_negotiation.py:57}}
May 18 19:46:00.714000 np0000000989 devstack@g-api.service[101583]: DEBUG glance.api.middleware.version_negotiation [None req-fe1d818f-5285-45fb-aded-21cbc89bece0 tempest-ServerBootFromVolumeStableRescueTest-1889408849 tempest-ServerBootFromVolumeStableRescueTest-1889408849-project-member] Matched version: v2 {{(pid=101583) process_request /opt/stack/glance/glance/api/middleware/version_negotiation.py:69}}
May 18 19:46:00.714072 np0000000989 devstack@g-api.service[101583]: DEBUG glance.api.middleware.version_negotiation [None req-fe1d818f-5285-45fb-aded-21cbc89bece0 tempest-ServerBootFromVolumeStableRescueTest-1889408849 tempest-ServerBootFromVolumeStableRescueTest-1889408849-project-member] new path /v2/images/3321e86b-52a6-4929-bf12-f19b2e8affdc/file {{(pid=101583) process_request /opt/stack/glance/glance/api/middleware/version_negotiation.py:70}}
May 18 19:46:00.973929 np0000000989 devstack@g-api.service[101584]: DEBUG glance.api.middleware.version_negotiation [None req-fe1d818f-5285-45fb-aded-21cbc89bece0 tempest-ServerBootFromVolumeStableRescueTest-1889408849 tempest-ServerBootFromVolumeStableRescueTest-1889408849-project-member] Determining version of request: GET /v2/images/3321e86b-52a6-4929-bf12-f19b2e8affdc Accept: application/json {{(pid=101584) process_request /opt/stack/glance/glance/api/middleware/version_negotiation.py:44}}
May 18 19:46:00.974399 np0000000989 devstack@g-api.service[101584]: DEBUG glance.api.middleware.version_negotiation [None req-fe1d818f-5285-45fb-aded-21cbc89bece0 tempest-ServerBootFromVolumeStableRescueTest-1889408849 tempest-ServerBootFromVolumeStableRescueTest-1889408849-project-member] Using url versioning {{(pid=101584) process_request /opt/stack/glance/glance/api/middleware/version_negotiation.py:57}}
May 18 19:46:00.974399 np0000000989 devstack@g-api.service[101584]: DEBUG glance.api.middleware.version_negotiation [None req-fe1d818f-5285-45fb-aded-21cbc89bece0 tempest-ServerBootFromVolumeStableRescueTest-1889408849 tempest-ServerBootFromVolumeStableRescueTest-1889408849-project-member] Matched version: v2 {{(pid=101584) process_request /opt/stack/glance/glance/api/middleware/version_negotiation.py:69}}
May 18 19:46:00.974501 np0000000989 devstack@g-api.service[101584]: DEBUG glance.api.middleware.version_negotiation [None req-fe1d818f-5285-45fb-aded-21cbc89bece0 tempest-ServerBootFromVolumeStableRescueTest-1889408849 tempest-ServerBootFromVolumeStableRescueTest-1889408849-project-member] new path /v2/images/3321e86b-52a6-4929-bf12-f19b2e8affdc {{(pid=101584) process_request /opt/stack/glance/glance/api/middleware/version_negotiation.py:70}}
May 18 19:46:00.986122 np0000000989 devstack@g-api.service[101584]: [pid: 101584|app: 0|req: 22/64] 127.0.0.1 () {40 vars in 838 bytes} [Mon May 18 19:46:00 2026] GET /v2/images/3321e86b-52a6-4929-bf12-f19b2e8affdc => generated 1470 bytes in 12 msecs (HTTP/1.1 200) 4 headers in 158 bytes (1 switches on core 0)
May 18 19:46:01.409370 np0000000989 devstack@g-api.service[101583]: INFO glance.api.v2.image_data [None req-fe1d818f-5285-45fb-aded-21cbc89bece0 tempest-ServerBootFromVolumeStableRescueTest-1889408849 tempest-ServerBootFromVolumeStableRescueTest-1889408849-project-member] Unable to create trust: no such option collect_timing in group [keystone_authtoken] Use the existing user token.
May 18 19:46:01.998628 np0000000989 devstack@g-api.service[101585]: DEBUG glance.api.middleware.version_negotiation [None req-fe1d818f-5285-45fb-aded-21cbc89bece0 tempest-ServerBootFromVolumeStableRescueTest-1889408849 tempest-ServerBootFromVolumeStableRescueTest-1889408849-project-member] Determining version of request: GET /v2/images/3321e86b-52a6-4929-bf12-f19b2e8affdc Accept: application/json {{(pid=101585) process_request /opt/stack/glance/glance/api/middleware/version_negotiation.py:44}}
May 18 19:46:01.998628 np0000000989 devstack@g-api.service[101585]: DEBUG glance.api.middleware.version_negotiation [None req-fe1d818f-5285-45fb-aded-21cbc89bece0 tempest-ServerBootFromVolumeStableRescueTest-1889408849 tempest-ServerBootFromVolumeStableRescueTest-1889408849-project-member] Using url versioning {{(pid=101585) process_request /opt/stack/glance/glance/api/middleware/version_negotiation.py:57}}
May 18 19:46:01.999107 np0000000989 devstack@g-api.service[101585]: DEBUG glance.api.middleware.version_negotiation [None req-fe1d818f-5285-45fb-aded-21cbc89bece0 tempest-ServerBootFromVolumeStableRescueTest-1889408849 tempest-ServerBootFromVolumeStableRescueTest-1889408849-project-member] Matched version: v2 {{(pid=101585) process_request /opt/stack/glance/glance/api/middleware/version_negotiation.py:69}}
May 18 19:46:01.999107 np0000000989 devstack@g-api.service[101585]: DEBUG glance.api.middleware.version_negotiation [None req-fe1d818f-5285-45fb-aded-21cbc89bece0 tempest-ServerBootFromVolumeStableRescueTest-1889408849 tempest-ServerBootFromVolumeStableRescueTest-1889408849-project-member] new path /v2/images/3321e86b-52a6-4929-bf12-f19b2e8affdc {{(pid=101585) process_request /opt/stack/glance/glance/api/middleware/version_negotiation.py:70}}
May 18 19:46:02.013579 np0000000989 devstack@g-api.service[101585]: [pid: 101585|app: 0|req: 23/65] 127.0.0.1 () {40 vars in 838 bytes} [Mon May 18 19:46:01 2026] GET /v2/images/3321e86b-52a6-4929-bf12-f19b2e8affdc => generated 1470 bytes in 16 msecs (HTTP/1.1 200) 4 headers in 158 bytes (1 switches on core 0)
May 18 19:46:02.237307 np0000000989 devstack@g-api.service[101583]: DEBUG glance.location [None req-fe1d818f-5285-45fb-aded-21cbc89bece0 tempest-ServerBootFromVolumeStableRescueTest-1889408849 tempest-ServerBootFromVolumeStableRescueTest-1889408849-project-member] Enabling in-flight format inspection for qcow2 {{(pid=101583) set_data /opt/stack/glance/glance/location.py:616}}
May 18 19:46:02.237731 np0000000989 devstack@g-api.service[101583]: DEBUG glance_store.backend [None req-fe1d818f-5285-45fb-aded-21cbc89bece0 tempest-ServerBootFromVolumeStableRescueTest-1889408849 tempest-ServerBootFromVolumeStableRescueTest-1889408849-project-member] Attempting to import store swift {{(pid=101583) _load_store /opt/stack/data/venv/lib/python3.12/site-packages/glance_store/backend.py:215}}
May 18 19:46:02.239032 np0000000989 devstack@g-api.service[101583]: DEBUG glance_store.capabilities [None req-fe1d818f-5285-45fb-aded-21cbc89bece0 tempest-ServerBootFromVolumeStableRescueTest-1889408849 tempest-ServerBootFromVolumeStableRescueTest-1889408849-project-member] Store glance_store._drivers.swift.store.SingleTenantStore doesn't support updating dynamic storage capabilities. Please overwrite 'update_capabilities' method of the store to implement updating logics if needed. {{(pid=101583) update_capabilities /opt/stack/data/venv/lib/python3.12/site-packages/glance_store/capabilities.py:91}}
May 18 19:46:02.239176 np0000000989 devstack@g-api.service[101583]: DEBUG glance_store.driver [None req-fe1d818f-5285-45fb-aded-21cbc89bece0 tempest-ServerBootFromVolumeStableRescueTest-1889408849 tempest-ServerBootFromVolumeStableRescueTest-1889408849-project-member] Late loading location class glance_store._drivers.swift.store.StoreLocation {{(pid=101583) get_store_location_class /opt/stack/data/venv/lib/python3.12/site-packages/glance_store/driver.py:134}}
May 18 19:46:02.239378 np0000000989 devstack@g-api.service[101583]: DEBUG glance_store.location [None req-fe1d818f-5285-45fb-aded-21cbc89bece0 tempest-ServerBootFromVolumeStableRescueTest-1889408849 tempest-ServerBootFromVolumeStableRescueTest-1889408849-project-member] Registering scheme swift+https with {'store': , 'location_class': , 'store_entry': 'swift'} {{(pid=101583) register_scheme_map /opt/stack/data/venv/lib/python3.12/site-packages/glance_store/location.py:146}}
May 18 19:46:02.239482 np0000000989 devstack@g-api.service[101583]: DEBUG glance_store.location [None req-fe1d818f-5285-45fb-aded-21cbc89bece0 tempest-ServerBootFromVolumeStableRescueTest-1889408849 tempest-ServerBootFromVolumeStableRescueTest-1889408849-project-member] Registering scheme swift+https with {'store': , 'location_class': , 'store_entry': 'swift'} {{(pid=101583) register_scheme_map /opt/stack/data/venv/lib/python3.12/site-packages/glance_store/location.py:146}}
May 18 19:46:02.239617 np0000000989 devstack@g-api.service[101583]: DEBUG glance_store.location [None req-fe1d818f-5285-45fb-aded-21cbc89bece0 tempest-ServerBootFromVolumeStableRescueTest-1889408849 tempest-ServerBootFromVolumeStableRescueTest-1889408849-project-member] Registering scheme swift with {'store': , 'location_class': , 'store_entry': 'swift'} {{(pid=101583) register_scheme_map /opt/stack/data/venv/lib/python3.12/site-packages/glance_store/location.py:146}}
May 18 19:46:02.239737 np0000000989 devstack@g-api.service[101583]: DEBUG glance_store.location [None req-fe1d818f-5285-45fb-aded-21cbc89bece0 tempest-ServerBootFromVolumeStableRescueTest-1889408849 tempest-ServerBootFromVolumeStableRescueTest-1889408849-project-member] Registering scheme swift+https with {'store': , 'location_class': , 'store_entry': 'swift'} {{(pid=101583) register_scheme_map /opt/stack/data/venv/lib/python3.12/site-packages/glance_store/location.py:146}}
May 18 19:46:02.239950 np0000000989 devstack@g-api.service[101583]: DEBUG glance_store.location [None req-fe1d818f-5285-45fb-aded-21cbc89bece0 tempest-ServerBootFromVolumeStableRescueTest-1889408849 tempest-ServerBootFromVolumeStableRescueTest-1889408849-project-member] Registering scheme swift with {'store': , 'location_class': , 'store_entry': 'swift'} {{(pid=101583) register_scheme_map /opt/stack/data/venv/lib/python3.12/site-packages/glance_store/location.py:146}}
May 18 19:46:02.240160 np0000000989 devstack@g-api.service[101583]: DEBUG glance_store.location [None req-fe1d818f-5285-45fb-aded-21cbc89bece0 tempest-ServerBootFromVolumeStableRescueTest-1889408849 tempest-ServerBootFromVolumeStableRescueTest-1889408849-project-member] Registering scheme swift+http with {'store': , 'location_class': , 'store_entry': 'swift'} {{(pid=101583) register_scheme_map /opt/stack/data/venv/lib/python3.12/site-packages/glance_store/location.py:146}}
May 18 19:46:02.240160 np0000000989 devstack@g-api.service[101583]: DEBUG glance_store.location [None req-fe1d818f-5285-45fb-aded-21cbc89bece0 tempest-ServerBootFromVolumeStableRescueTest-1889408849 tempest-ServerBootFromVolumeStableRescueTest-1889408849-project-member] Registering scheme swift+https with {'store': , 'location_class': , 'store_entry': 'swift'} {{(pid=101583) register_scheme_map /opt/stack/data/venv/lib/python3.12/site-packages/glance_store/location.py:146}}
May 18 19:46:02.240332 np0000000989 devstack@g-api.service[101583]: DEBUG glance_store.location [None req-fe1d818f-5285-45fb-aded-21cbc89bece0 tempest-ServerBootFromVolumeStableRescueTest-1889408849 tempest-ServerBootFromVolumeStableRescueTest-1889408849-project-member] Registering scheme swift with {'store': , 'location_class': , 'store_entry': 'swift'} {{(pid=101583) register_scheme_map /opt/stack/data/venv/lib/python3.12/site-packages/glance_store/location.py:146}}
May 18 19:46:02.240388 np0000000989 devstack@g-api.service[101583]: DEBUG glance_store.location [None req-fe1d818f-5285-45fb-aded-21cbc89bece0 tempest-ServerBootFromVolumeStableRescueTest-1889408849 tempest-ServerBootFromVolumeStableRescueTest-1889408849-project-member] Registering scheme swift+http with {'store': , 'location_class': , 'store_entry': 'swift'} {{(pid=101583) register_scheme_map /opt/stack/data/venv/lib/python3.12/site-packages/glance_store/location.py:146}}
May 18 19:46:02.240554 np0000000989 devstack@g-api.service[101583]: DEBUG glance_store.location [None req-fe1d818f-5285-45fb-aded-21cbc89bece0 tempest-ServerBootFromVolumeStableRescueTest-1889408849 tempest-ServerBootFromVolumeStableRescueTest-1889408849-project-member] Registering scheme swift+config with {'store': , 'location_class': , 'store_entry': 'swift'} {{(pid=101583) register_scheme_map /opt/stack/data/venv/lib/python3.12/site-packages/glance_store/location.py:146}}
May 18 19:46:02.730800 np0000000989 devstack@g-api.service[101583]: DEBUG swiftclient [None req-fe1d818f-5285-45fb-aded-21cbc89bece0 tempest-ServerBootFromVolumeStableRescueTest-1889408849 tempest-ServerBootFromVolumeStableRescueTest-1889408849-project-member] REQ: curl -i https://10.4.3.159:8080/v1/AUTH_3d836d6715fa441b81a6d9178ed5ae32/glance -I -H "X-Auth-Token: gAAAAABqC2x6CLbT..." {{(pid=101583) http_log /opt/stack/data/venv/lib/python3.12/site-packages/swiftclient/client.py:160}}
May 18 19:46:02.731179 np0000000989 devstack@g-api.service[101583]: DEBUG swiftclient [None req-fe1d818f-5285-45fb-aded-21cbc89bece0 tempest-ServerBootFromVolumeStableRescueTest-1889408849 tempest-ServerBootFromVolumeStableRescueTest-1889408849-project-member] RESP STATUS: 204 No Content {{(pid=101583) http_log /opt/stack/data/venv/lib/python3.12/site-packages/swiftclient/client.py:161}}
May 18 19:46:02.731179 np0000000989 devstack@g-api.service[101583]: DEBUG swiftclient [None req-fe1d818f-5285-45fb-aded-21cbc89bece0 tempest-ServerBootFromVolumeStableRescueTest-1889408849 tempest-ServerBootFromVolumeStableRescueTest-1889408849-project-member] RESP HEADERS: {'Date': 'Mon, 18 May 2026 19:46:02 GMT', 'Server': 'Apache/2.4.58 (Ubuntu)', 'Content-Type': 'text/plain; charset=utf-8', 'X-Container-Object-Count': '5', 'X-Container-Bytes-Used': '86048768', 'X-Timestamp': '1779133370.59243', 'Last-Modified': 'Mon, 18 May 2026 19:42:51 GMT', 'Accept-Ranges': 'bytes', 'X-Storage-Policy': 'Policy-0', 'X-Container-Sharding': 'False', 'Vary': 'Accept', 'X-Trans-Id': 'tx7343685f2e6d4ab5907ca-006a0b6c7a', 'X-Openstack-Request-Id': 'tx7343685f2e6d4ab5907ca-006a0b6c7a', 'Connection': 'close'} {{(pid=101583) http_log /opt/stack/data/venv/lib/python3.12/site-packages/swiftclient/client.py:162}}
May 18 19:46:02.731478 np0000000989 devstack@g-api.service[101583]: DEBUG glance_store._drivers.swift.store [None req-fe1d818f-5285-45fb-aded-21cbc89bece0 tempest-ServerBootFromVolumeStableRescueTest-1889408849 tempest-ServerBootFromVolumeStableRescueTest-1889408849-project-member] Adding image object '3321e86b-52a6-4929-bf12-f19b2e8affdc' to Swift {{(pid=101583) add /opt/stack/data/venv/lib/python3.12/site-packages/glance_store/_drivers/swift/store.py:978}}
May 18 19:46:02.731478 np0000000989 devstack@g-api.service[101583]: DEBUG glance_store._drivers.swift.store [None req-fe1d818f-5285-45fb-aded-21cbc89bece0 tempest-ServerBootFromVolumeStableRescueTest-1889408849 tempest-ServerBootFromVolumeStableRescueTest-1889408849-project-member] Cannot determine image size because it is either not provided in the request or chunked-transfer encoding is used. Adding image as a segmented object to Swift. {{(pid=101583) add /opt/stack/data/venv/lib/python3.12/site-packages/glance_store/_drivers/swift/store.py:1002}}
May 18 19:46:02.737165 np0000000989 devstack@g-api.service[101583]: DEBUG oslo_utils.imageutils.format_inspector [None req-fe1d818f-5285-45fb-aded-21cbc89bece0 tempest-ServerBootFromVolumeStableRescueTest-1889408849 tempest-ServerBootFromVolumeStableRescueTest-1889408849-project-member] Format inspector for vmdk does not match, excluding from consideration (Signature KDMV not found: b'QFI\xfb') {{(pid=101583) _process_chunk /opt/stack/data/venv/lib/python3.12/site-packages/oslo_utils/imageutils/format_inspector.py:1538}}
May 18 19:46:02.740015 np0000000989 devstack@g-api.service[101583]: DEBUG oslo_utils.imageutils.format_inspector [None req-fe1d818f-5285-45fb-aded-21cbc89bece0 tempest-ServerBootFromVolumeStableRescueTest-1889408849 tempest-ServerBootFromVolumeStableRescueTest-1889408849-project-member] Format inspector for vhdx does not match, excluding from consideration (Region signature not found at 30000) {{(pid=101583) _process_chunk /opt/stack/data/venv/lib/python3.12/site-packages/oslo_utils/imageutils/format_inspector.py:1538}}
May 18 19:46:03.022300 np0000000989 devstack@g-api.service[101584]: DEBUG glance.api.middleware.version_negotiation [None req-ec6d4970-8048-41cc-8a7a-ae20beaca6be tempest-ServerBootFromVolumeStableRescueTest-1889408849 tempest-ServerBootFromVolumeStableRescueTest-1889408849-project-member] Determining version of request: GET /v2/images/3321e86b-52a6-4929-bf12-f19b2e8affdc Accept: application/json {{(pid=101584) process_request /opt/stack/glance/glance/api/middleware/version_negotiation.py:44}}
May 18 19:46:03.022518 np0000000989 devstack@g-api.service[101584]: DEBUG glance.api.middleware.version_negotiation [None req-ec6d4970-8048-41cc-8a7a-ae20beaca6be tempest-ServerBootFromVolumeStableRescueTest-1889408849 tempest-ServerBootFromVolumeStableRescueTest-1889408849-project-member] Using url versioning {{(pid=101584) process_request /opt/stack/glance/glance/api/middleware/version_negotiation.py:57}}
May 18 19:46:03.022518 np0000000989 devstack@g-api.service[101584]: DEBUG glance.api.middleware.version_negotiation [None req-ec6d4970-8048-41cc-8a7a-ae20beaca6be tempest-ServerBootFromVolumeStableRescueTest-1889408849 tempest-ServerBootFromVolumeStableRescueTest-1889408849-project-member] Matched version: v2 {{(pid=101584) process_request /opt/stack/glance/glance/api/middleware/version_negotiation.py:69}}
May 18 19:46:03.022572 np0000000989 devstack@g-api.service[101584]: DEBUG glance.api.middleware.version_negotiation [None req-ec6d4970-8048-41cc-8a7a-ae20beaca6be tempest-ServerBootFromVolumeStableRescueTest-1889408849 tempest-ServerBootFromVolumeStableRescueTest-1889408849-project-member] new path /v2/images/3321e86b-52a6-4929-bf12-f19b2e8affdc {{(pid=101584) process_request /opt/stack/glance/glance/api/middleware/version_negotiation.py:70}}
May 18 19:46:03.025810 np0000000989 devstack@g-api.service[101583]: DEBUG swiftclient [None req-fe1d818f-5285-45fb-aded-21cbc89bece0 tempest-ServerBootFromVolumeStableRescueTest-1889408849 tempest-ServerBootFromVolumeStableRescueTest-1889408849-project-member] REQ: curl -i https://10.4.3.159:8080/v1/AUTH_3d836d6715fa441b81a6d9178ed5ae32/glance/3321e86b-52a6-4929-bf12-f19b2e8affdc-00001 -X PUT -H "X-Auth-Token: gAAAAABqC2x6CLbT..." {{(pid=101583) http_log /opt/stack/data/venv/lib/python3.12/site-packages/swiftclient/client.py:160}}
May 18 19:46:03.025951 np0000000989 devstack@g-api.service[101583]: DEBUG swiftclient [None req-fe1d818f-5285-45fb-aded-21cbc89bece0 tempest-ServerBootFromVolumeStableRescueTest-1889408849 tempest-ServerBootFromVolumeStableRescueTest-1889408849-project-member] RESP STATUS: 201 Created {{(pid=101583) http_log /opt/stack/data/venv/lib/python3.12/site-packages/swiftclient/client.py:161}}
May 18 19:46:03.026152 np0000000989 devstack@g-api.service[101583]: DEBUG swiftclient [None req-fe1d818f-5285-45fb-aded-21cbc89bece0 tempest-ServerBootFromVolumeStableRescueTest-1889408849 tempest-ServerBootFromVolumeStableRescueTest-1889408849-project-member] RESP HEADERS: {'Date': 'Mon, 18 May 2026 19:46:03 GMT', 'Server': 'Apache/2.4.58 (Ubuntu)', 'Content-Type': 'text/html; charset=UTF-8', 'Content-Length': '0', 'Etag': '4fa343ee581d8d2e78533191fd1ac3e1', 'Last-Modified': 'Mon, 18 May 2026 19:46:03 GMT', 'X-Trans-Id': 'txd5fe41deafba4a02b220c-006a0b6c7a', 'X-Openstack-Request-Id': 'txd5fe41deafba4a02b220c-006a0b6c7a', 'Connection': 'close'} {{(pid=101583) http_log /opt/stack/data/venv/lib/python3.12/site-packages/swiftclient/client.py:162}}
May 18 19:46:03.026299 np0000000989 devstack@g-api.service[101583]: DEBUG glance_store._drivers.swift.store [None req-fe1d818f-5285-45fb-aded-21cbc89bece0 tempest-ServerBootFromVolumeStableRescueTest-1889408849 tempest-ServerBootFromVolumeStableRescueTest-1889408849-project-member] Wrote chunk 3321e86b-52a6-4929-bf12-f19b2e8affdc-00001 (1/?) of length 23527424 to Swift returning MD5 of content: 4fa343ee581d8d2e78533191fd1ac3e1 {{(pid=101583) add /opt/stack/data/venv/lib/python3.12/site-packages/glance_store/_drivers/swift/store.py:1067}}
May 18 19:46:03.026575 np0000000989 devstack@g-api.service[101583]: DEBUG glance_store._drivers.swift.store [None req-fe1d818f-5285-45fb-aded-21cbc89bece0 tempest-ServerBootFromVolumeStableRescueTest-1889408849 tempest-ServerBootFromVolumeStableRescueTest-1889408849-project-member] Not writing zero-length chunk. {{(pid=101583) add /opt/stack/data/venv/lib/python3.12/site-packages/glance_store/_drivers/swift/store.py:1036}}
May 18 19:46:03.030871 np0000000989 devstack@g-api.service[101584]: [pid: 101584|app: 0|req: 23/66] 127.0.0.1 () {40 vars in 838 bytes} [Mon May 18 19:46:03 2026] GET /v2/images/3321e86b-52a6-4929-bf12-f19b2e8affdc => generated 1470 bytes in 9 msecs (HTTP/1.1 200) 4 headers in 158 bytes (1 switches on core 0)
May 18 19:46:03.050946 np0000000989 devstack@g-api.service[101583]: DEBUG swiftclient [None req-fe1d818f-5285-45fb-aded-21cbc89bece0 tempest-ServerBootFromVolumeStableRescueTest-1889408849 tempest-ServerBootFromVolumeStableRescueTest-1889408849-project-member] REQ: curl -i https://10.4.3.159:8080/v1/AUTH_3d836d6715fa441b81a6d9178ed5ae32/glance/3321e86b-52a6-4929-bf12-f19b2e8affdc -X PUT -H "X-Object-Manifest: glance/3321e86b-52a6-4929-bf12-f19b2e8affdc-" -H "X-Auth-Token: gAAAAABqC2x6CLbT..." -H "Content-Length: 0" {{(pid=101583) http_log /opt/stack/data/venv/lib/python3.12/site-packages/swiftclient/client.py:160}}
May 18 19:46:03.051088 np0000000989 devstack@g-api.service[101583]: DEBUG swiftclient [None req-fe1d818f-5285-45fb-aded-21cbc89bece0 tempest-ServerBootFromVolumeStableRescueTest-1889408849 tempest-ServerBootFromVolumeStableRescueTest-1889408849-project-member] RESP STATUS: 201 Created {{(pid=101583) http_log /opt/stack/data/venv/lib/python3.12/site-packages/swiftclient/client.py:161}}
May 18 19:46:03.051409 np0000000989 devstack@g-api.service[101583]: DEBUG swiftclient [None req-fe1d818f-5285-45fb-aded-21cbc89bece0 tempest-ServerBootFromVolumeStableRescueTest-1889408849 tempest-ServerBootFromVolumeStableRescueTest-1889408849-project-member] RESP HEADERS: {'Date': 'Mon, 18 May 2026 19:46:03 GMT', 'Server': 'Apache/2.4.58 (Ubuntu)', 'Content-Type': 'text/html; charset=UTF-8', 'Content-Length': '0', 'Etag': 'd41d8cd98f00b204e9800998ecf8427e', 'Last-Modified': 'Mon, 18 May 2026 19:46:04 GMT', 'X-Trans-Id': 'txf9f5b3d67e534fdabc6d4-006a0b6c7b', 'X-Openstack-Request-Id': 'txf9f5b3d67e534fdabc6d4-006a0b6c7b', 'Connection': 'close'} {{(pid=101583) http_log /opt/stack/data/venv/lib/python3.12/site-packages/swiftclient/client.py:162}}
