May 18 19:42:21.188936 np0000000989 nova-scheduler[95233]: DEBUG cotyledon.oslo_config_glue [-] oslo_limit.certfile = None {{(pid=95233) log_opt_values /opt/stack/data/venv/lib/python3.12/site-packages/oslo_config/cfg.py:3006}}
May 18 19:42:21.188936 np0000000989 nova-scheduler[95233]: DEBUG cotyledon.oslo_config_glue [-] oslo_limit.collect_timing = False {{(pid=95233) log_opt_values /opt/stack/data/venv/lib/python3.12/site-packages/oslo_config/cfg.py:3006}}
May 18 19:42:21.188978 np0000000989 nova-scheduler[95240]: DEBUG cotyledon._service_worker [-] Run service ServiceWrapper(2) [95240] {{(pid=95240) wait_forever /opt/stack/data/venv/lib/python3.12/site-packages/cotyledon/_service_worker.py:218}}
May 18 19:42:21.188999 np0000000989 nova-scheduler[95233]: DEBUG cotyledon.oslo_config_glue [-] oslo_limit.connect_retries = None {{(pid=95233) log_opt_values /opt/stack/data/venv/lib/python3.12/site-packages/oslo_config/cfg.py:3006}}
May 18 19:42:21.188999 np0000000989 nova-scheduler[95233]: DEBUG cotyledon.oslo_config_glue [-] oslo_limit.connect_retry_delay = None {{(pid=95233) log_opt_values /opt/stack/data/venv/lib/python3.12/site-packages/oslo_config/cfg.py:3006}}
May 18 19:42:21.188999 np0000000989 nova-scheduler[95233]: DEBUG cotyledon.oslo_config_glue [-] oslo_limit.endpoint_id = None {{(pid=95233) log_opt_values /opt/stack/data/venv/lib/python3.12/site-packages/oslo_config/cfg.py:3006}}
May 18 19:42:21.188999 np0000000989 nova-scheduler[95233]: DEBUG cotyledon.oslo_config_glue [-] oslo_limit.endpoint_interface = public {{(pid=95233) log_opt_values /opt/stack/data/venv/lib/python3.12/site-packages/oslo_config/cfg.py:3006}}
May 18 19:42:21.188999 np0000000989 nova-scheduler[95233]: DEBUG cotyledon.oslo_config_glue [-] oslo_limit.endpoint_override = None {{(pid=95233) log_opt_values /opt/stack/data/venv/lib/python3.12/site-packages/oslo_config/cfg.py:3006}}
May 18 19:42:21.188999 np0000000989 nova-scheduler[95233]: DEBUG cotyledon.oslo_config_glue [-] oslo_limit.endpoint_region_name = None {{(pid=95233) log_opt_values /opt/stack/data/venv/lib/python3.12/site-packages/oslo_config/cfg.py:3006}}
May 18 19:42:21.188999 np0000000989 nova-scheduler[95233]: DEBUG cotyledon.oslo_config_glue [-] oslo_limit.endpoint_service_name = None {{(pid=95233) log_opt_values /opt/stack/data/venv/lib/python3.12/site-packages/oslo_config/cfg.py:3006}}
May 18 19:42:21.188999 np0000000989 nova-scheduler[95233]: DEBUG cotyledon.oslo_config_glue [-] oslo_limit.endpoint_service_type = None {{(pid=95233) log_opt_values /opt/stack/data/venv/lib/python3.12/site-packages/oslo_config/cfg.py:3006}}
May 18 19:42:21.188999 np0000000989 nova-scheduler[95233]: DEBUG cotyledon.oslo_config_glue [-] oslo_limit.insecure = False {{(pid=95233) log_opt_values /opt/stack/data/venv/lib/python3.12/site-packages/oslo_config/cfg.py:3006}}
May 18 19:42:21.189154 np0000000989 nova-scheduler[95238]: INFO nova.service [-] Starting scheduler node (version 33.1.0)
May 18 19:42:21.189176 np0000000989 nova-scheduler[95233]: DEBUG cotyledon.oslo_config_glue [-] oslo_limit.keyfile = None {{(pid=95233) log_opt_values /opt/stack/data/venv/lib/python3.12/site-packages/oslo_config/cfg.py:3006}}
May 18 19:42:21.189176 np0000000989 nova-scheduler[95233]: DEBUG cotyledon.oslo_config_glue [-] oslo_limit.max_version = None {{(pid=95233) log_opt_values /opt/stack/data/venv/lib/python3.12/site-packages/oslo_config/cfg.py:3006}}
May 18 19:42:21.189214 np0000000989 nova-scheduler[95240]: INFO nova.service [-] Starting scheduler node (version 33.1.0)
May 18 19:42:21.189233 np0000000989 nova-scheduler[95233]: DEBUG cotyledon.oslo_config_glue [-] oslo_limit.min_version = None {{(pid=95233) log_opt_values /opt/stack/data/venv/lib/python3.12/site-packages/oslo_config/cfg.py:3006}}
May 18 19:42:21.189233 np0000000989 nova-scheduler[95233]: DEBUG cotyledon.oslo_config_glue [-] oslo_limit.region_name = None {{(pid=95233) log_opt_values /opt/stack/data/venv/lib/python3.12/site-packages/oslo_config/cfg.py:3006}}
May 18 19:42:21.189233 np0000000989 nova-scheduler[95233]: DEBUG cotyledon.oslo_config_glue [-] oslo_limit.retriable_status_codes = None {{(pid=95233) log_opt_values /opt/stack/data/venv/lib/python3.12/site-packages/oslo_config/cfg.py:3006}}
May 18 19:42:21.189233 np0000000989 nova-scheduler[95233]: DEBUG cotyledon.oslo_config_glue [-] oslo_limit.service_name = None {{(pid=95233) log_opt_values /opt/stack/data/venv/lib/python3.12/site-packages/oslo_config/cfg.py:3006}}
May 18 19:42:21.189233 np0000000989 nova-scheduler[95233]: DEBUG cotyledon.oslo_config_glue [-] oslo_limit.service_type = None {{(pid=95233) log_opt_values /opt/stack/data/venv/lib/python3.12/site-packages/oslo_config/cfg.py:3006}}
May 18 19:42:21.189233 np0000000989 nova-scheduler[95233]: DEBUG cotyledon.oslo_config_glue [-] oslo_limit.split_loggers = False {{(pid=95233) log_opt_values /opt/stack/data/venv/lib/python3.12/site-packages/oslo_config/cfg.py:3006}}
May 18 19:42:21.189233 np0000000989 nova-scheduler[95233]: DEBUG cotyledon.oslo_config_glue [-] oslo_limit.status_code_retries = None {{(pid=95233) log_opt_values /opt/stack/data/venv/lib/python3.12/site-packages/oslo_config/cfg.py:3006}}
May 18 19:42:21.189233 np0000000989 nova-scheduler[95233]: DEBUG cotyledon.oslo_config_glue [-] oslo_limit.status_code_retry_delay = None {{(pid=95233) log_opt_values /opt/stack/data/venv/lib/python3.12/site-packages/oslo_config/cfg.py:3006}}
May 18 19:42:21.189233 np0000000989 nova-scheduler[95233]: DEBUG cotyledon.oslo_config_glue [-] oslo_limit.timeout = None {{(pid=95233) log_opt_values /opt/stack/data/venv/lib/python3.12/site-packages/oslo_config/cfg.py:3006}}
May 18 19:42:21.189383 np0000000989 nova-scheduler[95233]: DEBUG cotyledon.oslo_config_glue [-] oslo_limit.valid_interfaces = None {{(pid=95233) log_opt_values /opt/stack/data/venv/lib/python3.12/site-packages/oslo_config/cfg.py:3006}}
May 18 19:42:21.189383 np0000000989 nova-scheduler[95233]: DEBUG cotyledon.oslo_config_glue [-] oslo_limit.version = None {{(pid=95233) log_opt_values /opt/stack/data/venv/lib/python3.12/site-packages/oslo_config/cfg.py:3006}}
May 18 19:42:21.189383 np0000000989 nova-scheduler[95233]: DEBUG cotyledon.oslo_config_glue [-] oslo_reports.file_event_handler = None {{(pid=95233) log_opt_values /opt/stack/data/venv/lib/python3.12/site-packages/oslo_config/cfg.py:3006}}
May 18 19:42:21.189383 np0000000989 nova-scheduler[95233]: DEBUG cotyledon.oslo_config_glue [-] oslo_reports.file_event_handler_interval = 1 {{(pid=95233) log_opt_values /opt/stack/data/venv/lib/python3.12/site-packages/oslo_config/cfg.py:3006}}
May 18 19:42:21.189383 np0000000989 nova-scheduler[95233]: DEBUG cotyledon.oslo_config_glue [-] oslo_reports.log_dir = None {{(pid=95233) log_opt_values /opt/stack/data/venv/lib/python3.12/site-packages/oslo_config/cfg.py:3006}}
May 18 19:42:21.189383 np0000000989 nova-scheduler[95233]: DEBUG cotyledon.oslo_config_glue [-] ******************************************************************************** {{(pid=95233) log_opt_values /opt/stack/data/venv/lib/python3.12/site-packages/oslo_config/cfg.py:3013}}
May 18 19:42:21.189383 np0000000989 nova-scheduler[95233]: DEBUG cotyledon._service_worker [-] Run service ServiceWrapper(0) [95233] {{(pid=95233) wait_forever /opt/stack/data/venv/lib/python3.12/site-packages/cotyledon/_service_worker.py:218}}
May 18 19:42:21.189383 np0000000989 nova-scheduler[95233]: INFO nova.service [-] Starting scheduler node (version 33.1.0)
May 18 19:42:21.189532 np0000000989 nova-scheduler[95240]: INFO dbcounter [None req-03f41626-4e87-4415-a018-5325597fea16 None None] Registered counter for database nova_cell0
May 18 19:42:21.189556 np0000000989 nova-scheduler[95238]: INFO dbcounter [None req-74061f0c-5d65-4150-8bd6-cd28735b7b29 None None] Registered counter for database nova_cell0
May 18 19:42:21.189576 np0000000989 nova-scheduler[95233]: INFO dbcounter [None req-07bedc11-4389-4f02-8d34-15bd11cd4efe None None] Registered counter for database nova_cell0
May 18 19:42:21.189621 np0000000989 nova-scheduler[95240]: DEBUG oslo_db.sqlalchemy.engines [None req-03f41626-4e87-4415-a018-5325597fea16 None None] MySQL server mode set to STRICT_TRANS_TABLES,STRICT_ALL_TABLES,NO_ZERO_IN_DATE,NO_ZERO_DATE,ERROR_FOR_DIVISION_BY_ZERO,TRADITIONAL,NO_ENGINE_SUBSTITUTION {{(pid=95240) _check_effective_sql_mode /opt/stack/data/venv/lib/python3.12/site-packages/oslo_db/sqlalchemy/engines.py:325}}
May 18 19:42:21.189649 np0000000989 nova-scheduler[95238]: DEBUG oslo_db.sqlalchemy.engines [None req-74061f0c-5d65-4150-8bd6-cd28735b7b29 None None] MySQL server mode set to STRICT_TRANS_TABLES,STRICT_ALL_TABLES,NO_ZERO_IN_DATE,NO_ZERO_DATE,ERROR_FOR_DIVISION_BY_ZERO,TRADITIONAL,NO_ENGINE_SUBSTITUTION {{(pid=95238) _check_effective_sql_mode /opt/stack/data/venv/lib/python3.12/site-packages/oslo_db/sqlalchemy/engines.py:325}}
May 18 19:42:21.189680 np0000000989 nova-scheduler[95240]: DEBUG dbcounter [-] [95240] Writer thread running {{(pid=95240) stat_writer /opt/stack/data/venv/lib/python3.12/site-packages/dbcounter.py:102}}
May 18 19:42:21.189703 np0000000989 nova-scheduler[95233]: DEBUG oslo_db.sqlalchemy.engines [None req-07bedc11-4389-4f02-8d34-15bd11cd4efe None None] MySQL server mode set to STRICT_TRANS_TABLES,STRICT_ALL_TABLES,NO_ZERO_IN_DATE,NO_ZERO_DATE,ERROR_FOR_DIVISION_BY_ZERO,TRADITIONAL,NO_ENGINE_SUBSTITUTION {{(pid=95233) _check_effective_sql_mode /opt/stack/data/venv/lib/python3.12/site-packages/oslo_db/sqlalchemy/engines.py:325}}
May 18 19:42:21.190927 np0000000989 nova-scheduler[95238]: DEBUG dbcounter [-] [95238] Writer thread running {{(pid=95238) stat_writer /opt/stack/data/venv/lib/python3.12/site-packages/dbcounter.py:102}}
May 18 19:42:21.199683 np0000000989 nova-scheduler[95233]: DEBUG dbcounter [-] [95233] Writer thread running {{(pid=95233) stat_writer /opt/stack/data/venv/lib/python3.12/site-packages/dbcounter.py:102}}
May 18 19:42:21.199790 np0000000989 nova-scheduler[95240]: DEBUG nova.service [None req-03f41626-4e87-4415-a018-5325597fea16 None None] Creating RPC server for service: nova-scheduler on topic: scheduler {{(pid=95240) start /opt/stack/nova/nova/service.py:195}}
May 18 19:42:21.202713 np0000000989 nova-scheduler[95233]: DEBUG nova.service [None req-07bedc11-4389-4f02-8d34-15bd11cd4efe None None] Creating RPC server for service: nova-scheduler on topic: scheduler {{(pid=95233) start /opt/stack/nova/nova/service.py:195}}
May 18 19:42:21.208417 np0000000989 nova-scheduler[95238]: DEBUG nova.service [None req-74061f0c-5d65-4150-8bd6-cd28735b7b29 None None] Creating RPC server for service: nova-scheduler on topic: scheduler {{(pid=95238) start /opt/stack/nova/nova/service.py:195}}
May 18 19:42:21.226136 np0000000989 nova-scheduler[95240]: DEBUG nova.service [None req-03f41626-4e87-4415-a018-5325597fea16 None None] Join ServiceGroup membership for this service scheduler {{(pid=95240) start /opt/stack/nova/nova/service.py:221}}
May 18 19:42:21.226371 np0000000989 nova-scheduler[95240]: DEBUG nova.servicegroup.drivers.db [None req-03f41626-4e87-4415-a018-5325597fea16 None None] DB_Driver: join new ServiceGroup member np0000000989 to the scheduler group, service = {{(pid=95240) join /opt/stack/nova/nova/servicegroup/drivers/db.py:44}}
May 18 19:42:21.229383 np0000000989 nova-scheduler[95233]: DEBUG nova.service [None req-07bedc11-4389-4f02-8d34-15bd11cd4efe None None] Join ServiceGroup membership for this service scheduler {{(pid=95233) start /opt/stack/nova/nova/service.py:221}}
May 18 19:42:21.229565 np0000000989 nova-scheduler[95233]: DEBUG nova.servicegroup.drivers.db [None req-07bedc11-4389-4f02-8d34-15bd11cd4efe None None] DB_Driver: join new ServiceGroup member np0000000989 to the scheduler group, service = {{(pid=95233) join /opt/stack/nova/nova/servicegroup/drivers/db.py:44}}
May 18 19:42:21.236350 np0000000989 nova-scheduler[95238]: DEBUG nova.service [None req-74061f0c-5d65-4150-8bd6-cd28735b7b29 None None] Join ServiceGroup membership for this service scheduler {{(pid=95238) start /opt/stack/nova/nova/service.py:221}}
May 18 19:42:21.236656 np0000000989 nova-scheduler[95238]: DEBUG nova.servicegroup.drivers.db [None req-74061f0c-5d65-4150-8bd6-cd28735b7b29 None None] DB_Driver: join new ServiceGroup member np0000000989 to the scheduler group, service = {{(pid=95238) join /opt/stack/nova/nova/servicegroup/drivers/db.py:44}}
May 18 19:42:26.245402 np0000000989 nova-scheduler[95233]: DEBUG oslo.service.backend._threading.loopingcall [-] Fixed interval looping call 'nova.servicegroup.drivers.db.DbDriver._report_state' sleeping for 119.99 seconds {{(pid=95233) _run_loop /opt/stack/data/venv/lib/python3.12/site-packages/oslo_service/backend/_threading/loopingcall.py:125}}
May 18 19:42:26.247173 np0000000989 nova-scheduler[95240]: DEBUG oslo.service.backend._threading.loopingcall [-] Fixed interval looping call 'nova.servicegroup.drivers.db.DbDriver._report_state' sleeping for 119.98 seconds {{(pid=95240) _run_loop /opt/stack/data/venv/lib/python3.12/site-packages/oslo_service/backend/_threading/loopingcall.py:125}}
May 18 19:42:26.247831 np0000000989 nova-scheduler[95238]: DEBUG oslo.service.backend._threading.loopingcall [-] Fixed interval looping call 'nova.servicegroup.drivers.db.DbDriver._report_state' sleeping for 119.99 seconds {{(pid=95238) _run_loop /opt/stack/data/venv/lib/python3.12/site-packages/oslo_service/backend/_threading/loopingcall.py:125}}
May 18 19:42:29.823019 np0000000989 nova-scheduler[94030]: DEBUG dbcounter [-] [94030] Writing DB stats nova_api:SELECT=3 {{(pid=94030) stat_writer /opt/stack/data/venv/lib/python3.12/site-packages/dbcounter.py:115}}
May 18 19:42:29.922805 np0000000989 nova-scheduler[94030]: DEBUG dbcounter [-] [94030] Writing DB stats nova_cell0:SELECT=1 {{(pid=94030) stat_writer /opt/stack/data/venv/lib/python3.12/site-packages/dbcounter.py:115}}
May 18 19:42:29.928353 np0000000989 nova-scheduler[94030]: DEBUG dbcounter [-] [94030] Writing DB stats nova_cell1:SELECT=1 {{(pid=94030) stat_writer /opt/stack/data/venv/lib/python3.12/site-packages/dbcounter.py:115}}
May 18 19:42:36.237066 np0000000989 nova-scheduler[95240]: DEBUG dbcounter [-] [95240] Writing DB stats nova_cell0:SELECT=4,nova_cell0:INSERT=1,nova_cell0:UPDATE=1 {{(pid=95240) stat_writer /opt/stack/data/venv/lib/python3.12/site-packages/dbcounter.py:115}}
May 18 19:42:36.242636 np0000000989 nova-scheduler[95233]: DEBUG dbcounter [-] [95233] Writing DB stats nova_cell0:SELECT=3,nova_cell0:UPDATE=1 {{(pid=95233) stat_writer /opt/stack/data/venv/lib/python3.12/site-packages/dbcounter.py:115}}
May 18 19:42:36.246306 np0000000989 nova-scheduler[95238]: DEBUG dbcounter [-] [95238] Writing DB stats nova_cell0:SELECT=5,nova_cell0:INSERT=1,nova_cell0:UPDATE=1 {{(pid=95238) stat_writer /opt/stack/data/venv/lib/python3.12/site-packages/dbcounter.py:115}}
May 18 19:43:11.238922 np0000000989 nova-scheduler[95238]: DEBUG oslo.service.backend._threading.loopingcall [None req-c55355eb-a79c-4b6b-a572-87d83a87e701 None None] Dynamic interval looping call 'nova.service.Service.periodic_tasks' sleeping for 60.00 seconds {{(pid=95238) _run_loop /opt/stack/data/venv/lib/python3.12/site-packages/oslo_service/backend/_threading/loopingcall.py:125}}
May 18 19:43:14.231313 np0000000989 nova-scheduler[95233]: DEBUG oslo.service.backend._threading.loopingcall [None req-3ef94c64-7004-4041-bb25-980834f84045 None None] Dynamic interval looping call 'nova.service.Service.periodic_tasks' sleeping for 60.00 seconds {{(pid=95233) _run_loop /opt/stack/data/venv/lib/python3.12/site-packages/oslo_service/backend/_threading/loopingcall.py:125}}
May 18 19:43:18.228649 np0000000989 nova-scheduler[95240]: DEBUG oslo.service.backend._threading.loopingcall [None req-696f43fd-e809-4fbd-b0f6-8e00cf3fe7fc None None] Dynamic interval looping call 'nova.service.Service.periodic_tasks' sleeping for 60.00 seconds {{(pid=95240) _run_loop /opt/stack/data/venv/lib/python3.12/site-packages/oslo_service/backend/_threading/loopingcall.py:125}}
May 18 19:44:11.239324 np0000000989 nova-scheduler[95238]: DEBUG oslo.service.backend._threading.loopingcall [None req-c55355eb-a79c-4b6b-a572-87d83a87e701 None None] Dynamic interval looping call 'nova.service.Service.periodic_tasks' sleeping for 60.00 seconds {{(pid=95238) _run_loop /opt/stack/data/venv/lib/python3.12/site-packages/oslo_service/backend/_threading/loopingcall.py:125}}
May 18 19:44:14.231874 np0000000989 nova-scheduler[95233]: DEBUG oslo.service.backend._threading.loopingcall [None req-3ef94c64-7004-4041-bb25-980834f84045 None None] Dynamic interval looping call 'nova.service.Service.periodic_tasks' sleeping for 60.00 seconds {{(pid=95233) _run_loop /opt/stack/data/venv/lib/python3.12/site-packages/oslo_service/backend/_threading/loopingcall.py:125}}
May 18 19:44:18.229274 np0000000989 nova-scheduler[95240]: DEBUG oslo.service.backend._threading.loopingcall [None req-696f43fd-e809-4fbd-b0f6-8e00cf3fe7fc None None] Dynamic interval looping call 'nova.service.Service.periodic_tasks' sleeping for 60.00 seconds {{(pid=95240) _run_loop /opt/stack/data/venv/lib/python3.12/site-packages/oslo_service/backend/_threading/loopingcall.py:125}}
May 18 19:44:26.232740 np0000000989 nova-scheduler[95240]: DEBUG oslo.service.backend._threading.loopingcall [-] Fixed interval looping call 'nova.servicegroup.drivers.db.DbDriver._report_state' sleeping for 119.99 seconds {{(pid=95240) _run_loop /opt/stack/data/venv/lib/python3.12/site-packages/oslo_service/backend/_threading/loopingcall.py:125}}
May 18 19:44:26.239939 np0000000989 nova-scheduler[95233]: DEBUG oslo.service.backend._threading.loopingcall [-] Fixed interval looping call 'nova.servicegroup.drivers.db.DbDriver._report_state' sleeping for 120.00 seconds {{(pid=95233) _run_loop /opt/stack/data/venv/lib/python3.12/site-packages/oslo_service/backend/_threading/loopingcall.py:125}}
May 18 19:44:26.240776 np0000000989 nova-scheduler[95238]: DEBUG oslo.service.backend._threading.loopingcall [-] Fixed interval looping call 'nova.servicegroup.drivers.db.DbDriver._report_state' sleeping for 120.00 seconds {{(pid=95238) _run_loop /opt/stack/data/venv/lib/python3.12/site-packages/oslo_service/backend/_threading/loopingcall.py:125}}
May 18 19:44:36.230525 np0000000989 nova-scheduler[95240]: DEBUG dbcounter [-] [95240] Writing DB stats nova_cell0:SELECT=1,nova_cell0:UPDATE=1 {{(pid=95240) stat_writer /opt/stack/data/venv/lib/python3.12/site-packages/dbcounter.py:115}}
May 18 19:44:36.237693 np0000000989 nova-scheduler[95233]: DEBUG dbcounter [-] [95233] Writing DB stats nova_cell0:SELECT=1 {{(pid=95233) stat_writer /opt/stack/data/venv/lib/python3.12/site-packages/dbcounter.py:115}}
May 18 19:44:36.239561 np0000000989 nova-scheduler[95238]: DEBUG dbcounter [-] [95238] Writing DB stats nova_cell0:SELECT=1 {{(pid=95238) stat_writer /opt/stack/data/venv/lib/python3.12/site-packages/dbcounter.py:115}}
May 18 19:45:07.970699 np0000000989 nova-scheduler[95240]: DEBUG nova.scheduler.manager [None req-7525d93e-f161-448f-b911-264cd9f33482 tempest-ServerActionsTestOtherB-2131355865 tempest-ServerActionsTestOtherB-2131355865-project-member] Starting to schedule for instances: ['0a3fc777-a65f-49ba-86d1-d9366bb5fada'] {{(pid=95240) select_destinations /opt/stack/nova/nova/scheduler/manager.py:210}}
May 18 19:45:07.971965 np0000000989 nova-scheduler[95240]: DEBUG nova.scheduler.request_filter [None req-7525d93e-f161-448f-b911-264cd9f33482 tempest-ServerActionsTestOtherB-2131355865 tempest-ServerActionsTestOtherB-2131355865-project-member] compute_status_filter request filter added forbidden trait COMPUTE_STATUS_DISABLED {{(pid=95240) compute_status_filter /opt/stack/nova/nova/scheduler/request_filter.py:253}}
May 18 19:45:07.972116 np0000000989 nova-scheduler[95240]: DEBUG nova.scheduler.request_filter [None req-7525d93e-f161-448f-b911-264cd9f33482 tempest-ServerActionsTestOtherB-2131355865 tempest-ServerActionsTestOtherB-2131355865-project-member] Request filter 'compute_status_filter' took 0.0 seconds {{(pid=95240) wrapper /opt/stack/nova/nova/scheduler/request_filter.py:46}}
May 18 19:45:07.972796 np0000000989 nova-scheduler[95240]: DEBUG nova.scheduler.request_filter [None req-7525d93e-f161-448f-b911-264cd9f33482 tempest-ServerActionsTestOtherB-2131355865 tempest-ServerActionsTestOtherB-2131355865-project-member] Request filter 'accelerators_filter' took 0.0 seconds {{(pid=95240) wrapper /opt/stack/nova/nova/scheduler/request_filter.py:46}}
May 18 19:45:07.972796 np0000000989 nova-scheduler[95240]: DEBUG nova.scheduler.request_filter [None req-7525d93e-f161-448f-b911-264cd9f33482 tempest-ServerActionsTestOtherB-2131355865 tempest-ServerActionsTestOtherB-2131355865-project-member] Request filter 'packed_virtqueue_filter' took 0.0 seconds {{(pid=95240) wrapper /opt/stack/nova/nova/scheduler/request_filter.py:46}}
May 18 19:45:07.972974 np0000000989 nova-scheduler[95240]: DEBUG nova.scheduler.request_filter [None req-7525d93e-f161-448f-b911-264cd9f33482 tempest-ServerActionsTestOtherB-2131355865 tempest-ServerActionsTestOtherB-2131355865-project-member] Request filter 'remote_managed_ports_filter' took 0.0 seconds {{(pid=95240) wrapper /opt/stack/nova/nova/scheduler/request_filter.py:46}}
May 18 19:45:07.973192 np0000000989 nova-scheduler[95240]: DEBUG nova.scheduler.request_filter [None req-7525d93e-f161-448f-b911-264cd9f33482 tempest-ServerActionsTestOtherB-2131355865 tempest-ServerActionsTestOtherB-2131355865-project-member] ephemeral_encryption_filter skipped {{(pid=95240) ephemeral_encryption_filter /opt/stack/nova/nova/scheduler/request_filter.py:426}}
May 18 19:45:07.973764 np0000000989 nova-scheduler[95240]: DEBUG nova.scheduler.request_filter [None req-7525d93e-f161-448f-b911-264cd9f33482 tempest-ServerActionsTestOtherB-2131355865 tempest-ServerActionsTestOtherB-2131355865-project-member] virtio_sound_filter skipped {{(pid=95240) virtio_sound_filter /opt/stack/nova/nova/scheduler/request_filter.py:460}}
May 18 19:45:07.973981 np0000000989 nova-scheduler[95240]: DEBUG nova.scheduler.request_filter [None req-7525d93e-f161-448f-b911-264cd9f33482 tempest-ServerActionsTestOtherB-2131355865 tempest-ServerActionsTestOtherB-2131355865-project-member] tpm_secret_security_filter skipped {{(pid=95240) tpm_secret_security_filter /opt/stack/nova/nova/scheduler/request_filter.py:477}}
May 18 19:45:08.405364 np0000000989 nova-scheduler[95233]: DEBUG nova.scheduler.manager [None req-aa5d414f-3e16-48a2-a16a-5ea807710592 tempest-AttachVolumeShelveTestJSON-472809527 tempest-AttachVolumeShelveTestJSON-472809527-project-member] Starting to schedule for instances: ['51b1a5c4-859c-4ed0-8163-f28b3deecb25'] {{(pid=95233) select_destinations /opt/stack/nova/nova/scheduler/manager.py:210}}
May 18 19:45:08.406587 np0000000989 nova-scheduler[95233]: DEBUG nova.scheduler.request_filter [None req-aa5d414f-3e16-48a2-a16a-5ea807710592 tempest-AttachVolumeShelveTestJSON-472809527 tempest-AttachVolumeShelveTestJSON-472809527-project-member] compute_status_filter request filter added forbidden trait COMPUTE_STATUS_DISABLED {{(pid=95233) compute_status_filter /opt/stack/nova/nova/scheduler/request_filter.py:253}}
May 18 19:45:08.406781 np0000000989 nova-scheduler[95233]: DEBUG nova.scheduler.request_filter [None req-aa5d414f-3e16-48a2-a16a-5ea807710592 tempest-AttachVolumeShelveTestJSON-472809527 tempest-AttachVolumeShelveTestJSON-472809527-project-member] Request filter 'compute_status_filter' took 0.0 seconds {{(pid=95233) wrapper /opt/stack/nova/nova/scheduler/request_filter.py:46}}
May 18 19:45:08.407152 np0000000989 nova-scheduler[95233]: DEBUG nova.scheduler.request_filter [None req-aa5d414f-3e16-48a2-a16a-5ea807710592 tempest-AttachVolumeShelveTestJSON-472809527 tempest-AttachVolumeShelveTestJSON-472809527-project-member] Request filter 'accelerators_filter' took 0.0 seconds {{(pid=95233) wrapper /opt/stack/nova/nova/scheduler/request_filter.py:46}}
May 18 19:45:08.408966 np0000000989 nova-scheduler[95233]: DEBUG nova.scheduler.request_filter [None req-aa5d414f-3e16-48a2-a16a-5ea807710592 tempest-AttachVolumeShelveTestJSON-472809527 tempest-AttachVolumeShelveTestJSON-472809527-project-member] Request filter 'packed_virtqueue_filter' took 0.0 seconds {{(pid=95233) wrapper /opt/stack/nova/nova/scheduler/request_filter.py:46}}
May 18 19:45:08.408966 np0000000989 nova-scheduler[95233]: DEBUG nova.scheduler.request_filter [None req-aa5d414f-3e16-48a2-a16a-5ea807710592 tempest-AttachVolumeShelveTestJSON-472809527 tempest-AttachVolumeShelveTestJSON-472809527-project-member] Request filter 'remote_managed_ports_filter' took 0.0 seconds {{(pid=95233) wrapper /opt/stack/nova/nova/scheduler/request_filter.py:46}}
May 18 19:45:08.408966 np0000000989 nova-scheduler[95233]: DEBUG nova.scheduler.request_filter [None req-aa5d414f-3e16-48a2-a16a-5ea807710592 tempest-AttachVolumeShelveTestJSON-472809527 tempest-AttachVolumeShelveTestJSON-472809527-project-member] ephemeral_encryption_filter skipped {{(pid=95233) ephemeral_encryption_filter /opt/stack/nova/nova/scheduler/request_filter.py:426}}
May 18 19:45:08.408966 np0000000989 nova-scheduler[95233]: DEBUG nova.scheduler.request_filter [None req-aa5d414f-3e16-48a2-a16a-5ea807710592 tempest-AttachVolumeShelveTestJSON-472809527 tempest-AttachVolumeShelveTestJSON-472809527-project-member] virtio_sound_filter skipped {{(pid=95233) virtio_sound_filter /opt/stack/nova/nova/scheduler/request_filter.py:460}}
May 18 19:45:08.409637 np0000000989 nova-scheduler[95233]: DEBUG nova.scheduler.request_filter [None req-aa5d414f-3e16-48a2-a16a-5ea807710592 tempest-AttachVolumeShelveTestJSON-472809527 tempest-AttachVolumeShelveTestJSON-472809527-project-member] tpm_secret_security_filter skipped {{(pid=95233) tpm_secret_security_filter /opt/stack/nova/nova/scheduler/request_filter.py:477}}
May 18 19:45:08.757809 np0000000989 nova-scheduler[95240]: INFO nova.utils [None req-7525d93e-f161-448f-b911-264cd9f33482 tempest-ServerActionsTestOtherB-2131355865 tempest-ServerActionsTestOtherB-2131355865-project-member] The cell worker thread pool ForkProcess-3.cell_worker is initialized
May 18 19:45:08.758786 np0000000989 nova-scheduler[95240]: DEBUG oslo_concurrency.lockutils [None req-7525d93e-f161-448f-b911-264cd9f33482 tempest-ServerActionsTestOtherB-2131355865 tempest-ServerActionsTestOtherB-2131355865-project-member] Acquiring lock "ba93135d-ac72-4677-ba12-cae2d0e2eb0d" by "nova.context.set_target_cell..get_or_set_cached_cell_and_set_connections" {{(pid=95240) inner /opt/stack/data/venv/lib/python3.12/site-packages/oslo_concurrency/lockutils.py:506}}
May 18 19:45:08.758786 np0000000989 nova-scheduler[95240]: DEBUG oslo_concurrency.lockutils [None req-7525d93e-f161-448f-b911-264cd9f33482 tempest-ServerActionsTestOtherB-2131355865 tempest-ServerActionsTestOtherB-2131355865-project-member] Lock "ba93135d-ac72-4677-ba12-cae2d0e2eb0d" acquired by "nova.context.set_target_cell..get_or_set_cached_cell_and_set_connections" :: waited 0.000s {{(pid=95240) inner /opt/stack/data/venv/lib/python3.12/site-packages/oslo_concurrency/lockutils.py:519}}
May 18 19:45:08.760073 np0000000989 nova-scheduler[95240]: DEBUG oslo_concurrency.lockutils [None req-7525d93e-f161-448f-b911-264cd9f33482 tempest-ServerActionsTestOtherB-2131355865 tempest-ServerActionsTestOtherB-2131355865-project-member] Lock "ba93135d-ac72-4677-ba12-cae2d0e2eb0d" "released" by "nova.context.set_target_cell..get_or_set_cached_cell_and_set_connections" :: held 0.001s {{(pid=95240) inner /opt/stack/data/venv/lib/python3.12/site-packages/oslo_concurrency/lockutils.py:538}}
May 18 19:45:08.762242 np0000000989 nova-scheduler[95240]: INFO dbcounter [None req-7525d93e-f161-448f-b911-264cd9f33482 tempest-ServerActionsTestOtherB-2131355865 tempest-ServerActionsTestOtherB-2131355865-project-member] Registered counter for database nova_cell1
May 18 19:45:08.769585 np0000000989 nova-scheduler[95240]: DEBUG oslo_db.sqlalchemy.engines [None req-7525d93e-f161-448f-b911-264cd9f33482 tempest-ServerActionsTestOtherB-2131355865 tempest-ServerActionsTestOtherB-2131355865-project-member] MySQL server mode set to STRICT_TRANS_TABLES,STRICT_ALL_TABLES,NO_ZERO_IN_DATE,NO_ZERO_DATE,ERROR_FOR_DIVISION_BY_ZERO,TRADITIONAL,NO_ENGINE_SUBSTITUTION {{(pid=95240) _check_effective_sql_mode /opt/stack/data/venv/lib/python3.12/site-packages/oslo_db/sqlalchemy/engines.py:325}}
May 18 19:45:08.776331 np0000000989 nova-scheduler[95240]: DEBUG dbcounter [-] [95240] Writer thread running {{(pid=95240) stat_writer /opt/stack/data/venv/lib/python3.12/site-packages/dbcounter.py:102}}
May 18 19:45:08.788135 np0000000989 nova-scheduler[95240]: DEBUG oslo_db.sqlalchemy.engines [None req-7525d93e-f161-448f-b911-264cd9f33482 tempest-ServerActionsTestOtherB-2131355865 tempest-ServerActionsTestOtherB-2131355865-project-member] Parent process 94030 forked (95240) with an open database connection, which is being discarded and recreated. {{(pid=95240) checkout /opt/stack/data/venv/lib/python3.12/site-packages/oslo_db/sqlalchemy/engines.py:402}}
May 18 19:45:08.793884 np0000000989 nova-scheduler[95240]: DEBUG dbcounter [-] [95240] Writer thread running {{(pid=95240) stat_writer /opt/stack/data/venv/lib/python3.12/site-packages/dbcounter.py:102}}
May 18 19:45:08.796459 np0000000989 nova-scheduler[95240]: DEBUG oslo_concurrency.lockutils [None req-7525d93e-f161-448f-b911-264cd9f33482 tempest-ServerActionsTestOtherB-2131355865 tempest-ServerActionsTestOtherB-2131355865-project-member] Acquiring lock "ba93135d-ac72-4677-ba12-cae2d0e2eb0d" by "nova.context.set_target_cell..get_or_set_cached_cell_and_set_connections" {{(pid=95240) inner /opt/stack/data/venv/lib/python3.12/site-packages/oslo_concurrency/lockutils.py:506}}
May 18 19:45:08.796909 np0000000989 nova-scheduler[95240]: DEBUG oslo_concurrency.lockutils [None req-7525d93e-f161-448f-b911-264cd9f33482 tempest-ServerActionsTestOtherB-2131355865 tempest-ServerActionsTestOtherB-2131355865-project-member] Lock "ba93135d-ac72-4677-ba12-cae2d0e2eb0d" acquired by "nova.context.set_target_cell..get_or_set_cached_cell_and_set_connections" :: waited 0.000s {{(pid=95240) inner /opt/stack/data/venv/lib/python3.12/site-packages/oslo_concurrency/lockutils.py:519}}
May 18 19:45:08.796909 np0000000989 nova-scheduler[95240]: DEBUG oslo_concurrency.lockutils [None req-7525d93e-f161-448f-b911-264cd9f33482 tempest-ServerActionsTestOtherB-2131355865 tempest-ServerActionsTestOtherB-2131355865-project-member] Lock "ba93135d-ac72-4677-ba12-cae2d0e2eb0d" "released" by "nova.context.set_target_cell..get_or_set_cached_cell_and_set_connections" :: held 0.000s {{(pid=95240) inner /opt/stack/data/venv/lib/python3.12/site-packages/oslo_concurrency/lockutils.py:538}}
May 18 19:45:08.799687 np0000000989 nova-scheduler[95240]: DEBUG oslo_concurrency.lockutils [None req-7525d93e-f161-448f-b911-264cd9f33482 tempest-ServerActionsTestOtherB-2131355865 tempest-ServerActionsTestOtherB-2131355865-project-member] Acquiring lock "('np0000000989', 'np0000000989')" by "nova.scheduler.host_manager.HostState.update.._locked_update" {{(pid=95240) inner /opt/stack/data/venv/lib/python3.12/site-packages/oslo_concurrency/lockutils.py:506}}
May 18 19:45:08.799921 np0000000989 nova-scheduler[95240]: DEBUG oslo_concurrency.lockutils [None req-7525d93e-f161-448f-b911-264cd9f33482 tempest-ServerActionsTestOtherB-2131355865 tempest-ServerActionsTestOtherB-2131355865-project-member] Lock "('np0000000989', 'np0000000989')" acquired by "nova.scheduler.host_manager.HostState.update.._locked_update" :: waited 0.000s {{(pid=95240) inner /opt/stack/data/venv/lib/python3.12/site-packages/oslo_concurrency/lockutils.py:519}}
May 18 19:45:08.801486 np0000000989 nova-scheduler[95240]: DEBUG nova.scheduler.host_manager [None req-7525d93e-f161-448f-b911-264cd9f33482 tempest-ServerActionsTestOtherB-2131355865 tempest-ServerActionsTestOtherB-2131355865-project-member] Update host state from compute node: ComputeNode(cpu_allocation_ratio=4.0,cpu_info='{"arch": "x86_64", "model": "EPYC-Milan", "vendor": "AMD", "topology": {"cells": 1, "sockets": 12, "cores": 1, "threads": 1}, "maxphysaddr": {"mode": "emulate", "bits": 40}, "features": ["syscall", "lm", "mds-no", "xsaveopt", "amd-ssbd", "popcnt", "fma", "fsrm", "pclmuldq", "fxsr_opt", "mmxext", "bmi2", "vme", "virt-ssbd", "gds-no", "rdseed", "rdtscp", "sse4.1", "stibp-always-on", "svm", "misalignsse", "pause-filter", "aes", "avx2", "amd-psfd", "fpu", "ibrs", "lahf_lm", "sha-ni", "abm", "tsc-scale", "avx", "xsave", "vgif", "xgetbv1", "cx16", "topoext", "movbe", "ssbd", "fxsr", "tsc", "xsaves", "apic", "cmov", "fsgsbase", "nrip-save", "adx", "skip-l1dfl-vmentry", "mtrr", "tsc_adjust", "sse4.2", "cmp_legacy", "pae", "pcid", "clwb", "pni", "x2apic", "ibpb", "amd-stibp", "mce", "pse36", "clflush", "hypervisor", "de", "pku", "xsaveerptr", "pdpe1gb", "tsc-deadline", "pge", "sse4a", "arch-capabilities", "v-vmsave-vmload", "vpclmulqdq", "osvw", "lbrv", "3dnowprefetch", "mca", "cr8legacy", "vmcb-clean", "f16c", "lfence-always-serializing", "nx", "pse", "perfctr_core", "smap", "rdctl-no", "sse2", "cx8", "svme-addr-chk", "msr", "npt", "clflushopt", "invpcid", "null-sel-clr-base", "clzero", "smep", "spec-ctrl", "xsavec", "pschange-mc-no", "no-nested-data-bp", "pat", "wbnoinvd", "umip", "stibp", "bmi1", "mmx", "flushbyasid", "sep", "erms", "rdrand", "ssse3", "pfthreshold", "sse", "vaes", "arat", "rdpid"]}',created_at=2026-05-18T19:42:47Z,current_workload=0,deleted=False,deleted_at=None,disk_allocation_ratio=1.0,disk_available_least=74,free_disk_gb=95,free_ram_mb=23518,host='np0000000989',host_ip=10.4.3.159,hypervisor_hostname='np0000000989',hypervisor_type='QEMU',hypervisor_version=8002002,id=1,local_gb=95,local_gb_used=0,mapped=1,memory_mb=24030,memory_mb_used=512,metrics='[]',numa_topology='{"nova_object.name": "NUMATopology", "nova_object.namespace": "nova", "nova_object.version": "1.2", "nova_object.data": {"cells": [{"nova_object.name": "NUMACell", "nova_object.namespace": "nova", "nova_object.version": "1.5", "nova_object.data": {"id": 0, "cpuset": [0, 1, 2, 3, 4, 5, 6, 7, 8, 9, 10, 11], "pcpuset": [0, 1, 2, 3, 4, 5, 6, 7, 8, 9, 10, 11], "memory": 24030, "cpu_usage": 0, "memory_usage": 0, "pinned_cpus": [], "siblings": [[6], [2], [5], [11], [8], [4], [1], [7], [10], [0], [3], [9]], "mempages": [{"nova_object.name": "NUMAPagesTopology", "nova_object.namespace": "nova", "nova_object.version": "1.1", "nova_object.data": {"size_kb": 4, "total": 6151798, "used": 0, "reserved": 0}, "nova_object.changes": ["total", "used", "reserved", "size_kb"]}, {"nova_object.name": "NUMAPagesTopology", "nova_object.namespace": "nova", "nova_object.version": "1.1", "nova_object.data": {"size_kb": 2048, "total": 0, "used": 0, "reserved": 0}, "nova_object.changes": ["total", "used", "reserved", "size_kb"]}, {"nova_object.name": "NUMAPagesTopology", "nova_object.namespace": "nova", "nova_object.version": "1.1", "nova_object.data": {"size_kb": 1048576, "total": 0, "used": 0, "reserved": 0}, "nova_object.changes": ["total", "used", "reserved", "size_kb"]}], "network_metadata": {"nova_object.name": "NetworkMetadata", "nova_object.namespace": "nova", "nova_object.version": "1.0", "nova_object.data": {"physnets": [], "tunneled": false}, "nova_object.changes": ["tunneled", "physnets"]}, "socket": null}, "nova_object.changes": ["id", "network_metadata", "mempages", "cpu_usage", "cpuset", "pinned_cpus", "memory_usage", "socket", "memory", "pcpuset", "siblings"]}]}, "nova_object.changes": ["cells"]}',pci_device_pools=PciDevicePoolList,ram_allocation_ratio=1.0,running_vms=0,service_id=3,stats={failed_builds='0',uptime=' 19:44:32 up 23 min, 2 users, load average: 1.39, 1.38, 0.79
May 18 19:45:08.801486 np0000000989 nova-scheduler[95240]: '},supported_hv_specs=[HVSpec,HVSpec,HVSpec,HVSpec,HVSpec,HVSpec,HVSpec,HVSpec,HVSpec,HVSpec,HVSpec,HVSpec,HVSpec,HVSpec,HVSpec,HVSpec,HVSpec,HVSpec,HVSpec,HVSpec,HVSpec,HVSpec,HVSpec,HVSpec,HVSpec],updated_at=2026-05-18T19:44:34Z,uuid=ce28561c-f266-4cd6-8bc1-d092d3dc8790,vcpus=12,vcpus_used=0) {{(pid=95240) _locked_update /opt/stack/nova/nova/scheduler/host_manager.py:168}}
May 18 19:45:08.802446 np0000000989 nova-scheduler[95240]: DEBUG nova.scheduler.host_manager [None req-7525d93e-f161-448f-b911-264cd9f33482 tempest-ServerActionsTestOtherB-2131355865 tempest-ServerActionsTestOtherB-2131355865-project-member] Update host state with aggregates: [] {{(pid=95240) _locked_update /opt/stack/nova/nova/scheduler/host_manager.py:171}}
May 18 19:45:08.802570 np0000000989 nova-scheduler[95240]: DEBUG nova.scheduler.host_manager [None req-7525d93e-f161-448f-b911-264cd9f33482 tempest-ServerActionsTestOtherB-2131355865 tempest-ServerActionsTestOtherB-2131355865-project-member] Update host state with service dict: {'id': 3, 'uuid': 'c28eeb63-a106-4770-802f-c93f7ea1b7f4', 'host': 'np0000000989', 'binary': 'nova-compute', 'topic': 'compute', 'report_count': 2, 'disabled': False, 'disabled_reason': None, 'last_seen_up': datetime.datetime(2026, 5, 18, 19, 44, 55, tzinfo=datetime.timezone.utc), 'forced_down': False, 'version': 72, 'created_at': datetime.datetime(2026, 5, 18, 19, 42, 45, tzinfo=datetime.timezone.utc), 'updated_at': datetime.datetime(2026, 5, 18, 19, 44, 55, tzinfo=datetime.timezone.utc), 'deleted_at': None, 'deleted': False} {{(pid=95240) _locked_update /opt/stack/nova/nova/scheduler/host_manager.py:174}}
May 18 19:45:08.802729 np0000000989 nova-scheduler[95240]: DEBUG nova.scheduler.host_manager [None req-7525d93e-f161-448f-b911-264cd9f33482 tempest-ServerActionsTestOtherB-2131355865 tempest-ServerActionsTestOtherB-2131355865-project-member] Update host state with instances: [] {{(pid=95240) _locked_update /opt/stack/nova/nova/scheduler/host_manager.py:177}}
May 18 19:45:08.803125 np0000000989 nova-scheduler[95240]: DEBUG oslo_concurrency.lockutils [None req-7525d93e-f161-448f-b911-264cd9f33482 tempest-ServerActionsTestOtherB-2131355865 tempest-ServerActionsTestOtherB-2131355865-project-member] Lock "('np0000000989', 'np0000000989')" "released" by "nova.scheduler.host_manager.HostState.update.._locked_update" :: held 0.003s {{(pid=95240) inner /opt/stack/data/venv/lib/python3.12/site-packages/oslo_concurrency/lockutils.py:538}}
May 18 19:45:08.803667 np0000000989 nova-scheduler[95240]: DEBUG nova.filters [None req-7525d93e-f161-448f-b911-264cd9f33482 tempest-ServerActionsTestOtherB-2131355865 tempest-ServerActionsTestOtherB-2131355865-project-member] Starting with 1 host(s) {{(pid=95240) get_filtered_objects /opt/stack/nova/nova/filters.py:70}}
May 18 19:45:08.804163 np0000000989 nova-scheduler[95240]: DEBUG nova.filters [None req-7525d93e-f161-448f-b911-264cd9f33482 tempest-ServerActionsTestOtherB-2131355865 tempest-ServerActionsTestOtherB-2131355865-project-member] Filter ComputeFilter returned 1 host(s) {{(pid=95240) get_filtered_objects /opt/stack/nova/nova/filters.py:102}}
May 18 19:45:08.804335 np0000000989 nova-scheduler[95240]: DEBUG nova.filters [None req-7525d93e-f161-448f-b911-264cd9f33482 tempest-ServerActionsTestOtherB-2131355865 tempest-ServerActionsTestOtherB-2131355865-project-member] Filter ComputeCapabilitiesFilter returned 1 host(s) {{(pid=95240) get_filtered_objects /opt/stack/nova/nova/filters.py:102}}
May 18 19:45:08.804683 np0000000989 nova-scheduler[95240]: DEBUG nova.filters [None req-7525d93e-f161-448f-b911-264cd9f33482 tempest-ServerActionsTestOtherB-2131355865 tempest-ServerActionsTestOtherB-2131355865-project-member] Filter ImagePropertiesFilter returned 1 host(s) {{(pid=95240) get_filtered_objects /opt/stack/nova/nova/filters.py:102}}
May 18 19:45:08.804934 np0000000989 nova-scheduler[95240]: DEBUG nova.filters [None req-7525d93e-f161-448f-b911-264cd9f33482 tempest-ServerActionsTestOtherB-2131355865 tempest-ServerActionsTestOtherB-2131355865-project-member] Filter ServerGroupAntiAffinityFilter returned 1 host(s) {{(pid=95240) get_filtered_objects /opt/stack/nova/nova/filters.py:102}}
May 18 19:45:08.805091 np0000000989 nova-scheduler[95240]: DEBUG nova.filters [None req-7525d93e-f161-448f-b911-264cd9f33482 tempest-ServerActionsTestOtherB-2131355865 tempest-ServerActionsTestOtherB-2131355865-project-member] Filter ServerGroupAffinityFilter returned 1 host(s) {{(pid=95240) get_filtered_objects /opt/stack/nova/nova/filters.py:102}}
May 18 19:45:08.805240 np0000000989 nova-scheduler[95240]: DEBUG nova.filters [None req-7525d93e-f161-448f-b911-264cd9f33482 tempest-ServerActionsTestOtherB-2131355865 tempest-ServerActionsTestOtherB-2131355865-project-member] Filter SameHostFilter returned 1 host(s) {{(pid=95240) get_filtered_objects /opt/stack/nova/nova/filters.py:102}}
May 18 19:45:08.805486 np0000000989 nova-scheduler[95240]: DEBUG nova.filters [None req-7525d93e-f161-448f-b911-264cd9f33482 tempest-ServerActionsTestOtherB-2131355865 tempest-ServerActionsTestOtherB-2131355865-project-member] Filter DifferentHostFilter returned 1 host(s) {{(pid=95240) get_filtered_objects /opt/stack/nova/nova/filters.py:102}}
May 18 19:45:08.805653 np0000000989 nova-scheduler[95240]: DEBUG nova.scheduler.manager [None req-7525d93e-f161-448f-b911-264cd9f33482 tempest-ServerActionsTestOtherB-2131355865 tempest-ServerActionsTestOtherB-2131355865-project-member] Filtered [(np0000000989, np0000000989) ram: 23518MB disk: 75776MB io_ops: 0 instances: 0, allocation_candidates: 1] {{(pid=95240) _get_sorted_hosts /opt/stack/nova/nova/scheduler/manager.py:743}}
May 18 19:45:08.805869 np0000000989 nova-scheduler[95240]: DEBUG nova.scheduler.manager [None req-7525d93e-f161-448f-b911-264cd9f33482 tempest-ServerActionsTestOtherB-2131355865 tempest-ServerActionsTestOtherB-2131355865-project-member] Weighed [WeighedHost [host: (np0000000989, np0000000989) ram: 23518MB disk: 75776MB io_ops: 0 instances: 0, allocation_candidates: 1, weight: 0.0]] {{(pid=95240) _get_sorted_hosts /opt/stack/nova/nova/scheduler/manager.py:765}}
May 18 19:45:08.806060 np0000000989 nova-scheduler[95240]: DEBUG nova.scheduler.utils [None req-7525d93e-f161-448f-b911-264cd9f33482 tempest-ServerActionsTestOtherB-2131355865 tempest-ServerActionsTestOtherB-2131355865-project-member] Attempting to claim resources in the placement API for instance 0a3fc777-a65f-49ba-86d1-d9366bb5fada {{(pid=95240) claim_resources /opt/stack/nova/nova/scheduler/utils.py:1304}}
May 18 19:45:08.916029 np0000000989 nova-scheduler[95233]: INFO nova.utils [None req-aa5d414f-3e16-48a2-a16a-5ea807710592 tempest-AttachVolumeShelveTestJSON-472809527 tempest-AttachVolumeShelveTestJSON-472809527-project-member] The cell worker thread pool ForkProcess-1.cell_worker is initialized
May 18 19:45:08.917090 np0000000989 nova-scheduler[95233]: DEBUG oslo_concurrency.lockutils [None req-aa5d414f-3e16-48a2-a16a-5ea807710592 tempest-AttachVolumeShelveTestJSON-472809527 tempest-AttachVolumeShelveTestJSON-472809527-project-member] Acquiring lock "ba93135d-ac72-4677-ba12-cae2d0e2eb0d" by "nova.context.set_target_cell..get_or_set_cached_cell_and_set_connections" {{(pid=95233) inner /opt/stack/data/venv/lib/python3.12/site-packages/oslo_concurrency/lockutils.py:506}}
May 18 19:45:08.917690 np0000000989 nova-scheduler[95233]: DEBUG oslo_concurrency.lockutils [None req-aa5d414f-3e16-48a2-a16a-5ea807710592 tempest-AttachVolumeShelveTestJSON-472809527 tempest-AttachVolumeShelveTestJSON-472809527-project-member] Lock "ba93135d-ac72-4677-ba12-cae2d0e2eb0d" acquired by "nova.context.set_target_cell..get_or_set_cached_cell_and_set_connections" :: waited 0.000s {{(pid=95233) inner /opt/stack/data/venv/lib/python3.12/site-packages/oslo_concurrency/lockutils.py:519}}
May 18 19:45:08.919574 np0000000989 nova-scheduler[95233]: DEBUG oslo_concurrency.lockutils [None req-aa5d414f-3e16-48a2-a16a-5ea807710592 tempest-AttachVolumeShelveTestJSON-472809527 tempest-AttachVolumeShelveTestJSON-472809527-project-member] Lock "ba93135d-ac72-4677-ba12-cae2d0e2eb0d" "released" by "nova.context.set_target_cell..get_or_set_cached_cell_and_set_connections" :: held 0.002s {{(pid=95233) inner /opt/stack/data/venv/lib/python3.12/site-packages/oslo_concurrency/lockutils.py:538}}
May 18 19:45:08.923630 np0000000989 nova-scheduler[95233]: INFO dbcounter [None req-aa5d414f-3e16-48a2-a16a-5ea807710592 tempest-AttachVolumeShelveTestJSON-472809527 tempest-AttachVolumeShelveTestJSON-472809527-project-member] Registered counter for database nova_cell1
May 18 19:45:08.929875 np0000000989 nova-scheduler[95233]: DEBUG oslo_db.sqlalchemy.engines [None req-aa5d414f-3e16-48a2-a16a-5ea807710592 tempest-AttachVolumeShelveTestJSON-472809527 tempest-AttachVolumeShelveTestJSON-472809527-project-member] MySQL server mode set to STRICT_TRANS_TABLES,STRICT_ALL_TABLES,NO_ZERO_IN_DATE,NO_ZERO_DATE,ERROR_FOR_DIVISION_BY_ZERO,TRADITIONAL,NO_ENGINE_SUBSTITUTION {{(pid=95233) _check_effective_sql_mode /opt/stack/data/venv/lib/python3.12/site-packages/oslo_db/sqlalchemy/engines.py:325}}
May 18 19:45:08.936739 np0000000989 nova-scheduler[95233]: DEBUG dbcounter [-] [95233] Writer thread running {{(pid=95233) stat_writer /opt/stack/data/venv/lib/python3.12/site-packages/dbcounter.py:102}}
May 18 19:45:08.960119 np0000000989 nova-scheduler[95233]: DEBUG dbcounter [-] [95233] Writer thread running {{(pid=95233) stat_writer /opt/stack/data/venv/lib/python3.12/site-packages/dbcounter.py:102}}
May 18 19:45:08.963634 np0000000989 nova-scheduler[95233]: DEBUG oslo_concurrency.lockutils [None req-aa5d414f-3e16-48a2-a16a-5ea807710592 tempest-AttachVolumeShelveTestJSON-472809527 tempest-AttachVolumeShelveTestJSON-472809527-project-member] Acquiring lock "ba93135d-ac72-4677-ba12-cae2d0e2eb0d" by "nova.context.set_target_cell..get_or_set_cached_cell_and_set_connections" {{(pid=95233) inner /opt/stack/data/venv/lib/python3.12/site-packages/oslo_concurrency/lockutils.py:506}}
May 18 19:45:08.963808 np0000000989 nova-scheduler[95233]: DEBUG oslo_concurrency.lockutils [None req-aa5d414f-3e16-48a2-a16a-5ea807710592 tempest-AttachVolumeShelveTestJSON-472809527 tempest-AttachVolumeShelveTestJSON-472809527-project-member] Lock "ba93135d-ac72-4677-ba12-cae2d0e2eb0d" acquired by "nova.context.set_target_cell..get_or_set_cached_cell_and_set_connections" :: waited 0.001s {{(pid=95233) inner /opt/stack/data/venv/lib/python3.12/site-packages/oslo_concurrency/lockutils.py:519}}
May 18 19:45:08.963960 np0000000989 nova-scheduler[95233]: DEBUG oslo_concurrency.lockutils [None req-aa5d414f-3e16-48a2-a16a-5ea807710592 tempest-AttachVolumeShelveTestJSON-472809527 tempest-AttachVolumeShelveTestJSON-472809527-project-member] Lock "ba93135d-ac72-4677-ba12-cae2d0e2eb0d" "released" by "nova.context.set_target_cell..get_or_set_cached_cell_and_set_connections" :: held 0.000s {{(pid=95233) inner /opt/stack/data/venv/lib/python3.12/site-packages/oslo_concurrency/lockutils.py:538}}
May 18 19:45:08.969105 np0000000989 nova-scheduler[95233]: DEBUG oslo_concurrency.lockutils [None req-aa5d414f-3e16-48a2-a16a-5ea807710592 tempest-AttachVolumeShelveTestJSON-472809527 tempest-AttachVolumeShelveTestJSON-472809527-project-member] Acquiring lock "('np0000000989', 'np0000000989')" by "nova.scheduler.host_manager.HostState.update.._locked_update" {{(pid=95233) inner /opt/stack/data/venv/lib/python3.12/site-packages/oslo_concurrency/lockutils.py:506}}
May 18 19:45:08.969289 np0000000989 nova-scheduler[95233]: DEBUG oslo_concurrency.lockutils [None req-aa5d414f-3e16-48a2-a16a-5ea807710592 tempest-AttachVolumeShelveTestJSON-472809527 tempest-AttachVolumeShelveTestJSON-472809527-project-member] Lock "('np0000000989', 'np0000000989')" acquired by "nova.scheduler.host_manager.HostState.update.._locked_update" :: waited 0.000s {{(pid=95233) inner /opt/stack/data/venv/lib/python3.12/site-packages/oslo_concurrency/lockutils.py:519}}
