May 18 19:41:56.549838 np0000000989 neutron-periodic-workers[91564]: DEBUG cotyledon.oslo_config_glue [-] ovn.dhcp_default_lease_time = 43200 {{(pid=91564) log_opt_values /opt/stack/data/venv/lib/python3.12/site-packages/oslo_config/cfg.py:3006}}
May 18 19:41:56.549838 np0000000989 neutron-periodic-workers[91564]: DEBUG cotyledon.oslo_config_glue [-] ovn.disable_ovn_dhcp_for_baremetal_ports = False {{(pid=91564) log_opt_values /opt/stack/data/venv/lib/python3.12/site-packages/oslo_config/cfg.py:3006}}
May 18 19:41:56.549838 np0000000989 neutron-periodic-workers[91564]: DEBUG cotyledon.oslo_config_glue [-] ovn.dns_records_ovn_owned = False {{(pid=91564) log_opt_values /opt/stack/data/venv/lib/python3.12/site-packages/oslo_config/cfg.py:3006}}
May 18 19:41:56.549838 np0000000989 neutron-periodic-workers[91564]: DEBUG cotyledon.oslo_config_glue [-] ovn.dns_servers = [] {{(pid=91564) log_opt_values /opt/stack/data/venv/lib/python3.12/site-packages/oslo_config/cfg.py:3006}}
May 18 19:41:56.549838 np0000000989 neutron-periodic-workers[91564]: DEBUG cotyledon.oslo_config_glue [-] ovn.enable_distributed_floating_ip = False {{(pid=91564) log_opt_values /opt/stack/data/venv/lib/python3.12/site-packages/oslo_config/cfg.py:3006}}
May 18 19:41:56.549838 np0000000989 neutron-periodic-workers[91564]: DEBUG cotyledon.oslo_config_glue [-] ovn.fdb_age_threshold = 300 {{(pid=91564) log_opt_values /opt/stack/data/venv/lib/python3.12/site-packages/oslo_config/cfg.py:3006}}
May 18 19:41:56.549838 np0000000989 neutron-periodic-workers[91564]: DEBUG cotyledon.oslo_config_glue [-] ovn.ha_failover_strategy = normal {{(pid=91564) log_opt_values /opt/stack/data/venv/lib/python3.12/site-packages/oslo_config/cfg.py:3006}}
May 18 19:41:56.549838 np0000000989 neutron-periodic-workers[91564]: DEBUG cotyledon.oslo_config_glue [-] ovn.live_migration_activation_strategy = rarp {{(pid=91564) log_opt_values /opt/stack/data/venv/lib/python3.12/site-packages/oslo_config/cfg.py:3006}}
May 18 19:41:56.550209 np0000000989 neutron-periodic-workers[91564]: DEBUG cotyledon.oslo_config_glue [-] ovn.localnet_learn_fdb = False {{(pid=91564) log_opt_values /opt/stack/data/venv/lib/python3.12/site-packages/oslo_config/cfg.py:3006}}
May 18 19:41:56.550209 np0000000989 neutron-periodic-workers[91564]: DEBUG cotyledon.oslo_config_glue [-] ovn.mac_binding_age_threshold = 300 {{(pid=91564) log_opt_values /opt/stack/data/venv/lib/python3.12/site-packages/oslo_config/cfg.py:3006}}
May 18 19:41:56.550209 np0000000989 neutron-periodic-workers[91564]: DEBUG cotyledon.oslo_config_glue [-] ovn.neutron_sync_mode = log {{(pid=91564) log_opt_values /opt/stack/data/venv/lib/python3.12/site-packages/oslo_config/cfg.py:3006}}
May 18 19:41:56.550209 np0000000989 neutron-periodic-workers[91564]: DEBUG cotyledon.oslo_config_glue [-] ovn.ovn_dhcp4_global_options = {} {{(pid=91564) log_opt_values /opt/stack/data/venv/lib/python3.12/site-packages/oslo_config/cfg.py:3006}}
May 18 19:41:56.550209 np0000000989 neutron-periodic-workers[91564]: DEBUG cotyledon.oslo_config_glue [-] ovn.ovn_dhcp6_global_options = {} {{(pid=91564) log_opt_values /opt/stack/data/venv/lib/python3.12/site-packages/oslo_config/cfg.py:3006}}
May 18 19:41:56.550209 np0000000989 neutron-periodic-workers[91564]: DEBUG cotyledon.oslo_config_glue [-] ovn.ovn_l3_scheduler = leastloaded {{(pid=91564) log_opt_values /opt/stack/data/venv/lib/python3.12/site-packages/oslo_config/cfg.py:3006}}
May 18 19:41:56.550209 np0000000989 neutron-periodic-workers[91564]: DEBUG cotyledon.oslo_config_glue [-] ovn.ovn_metadata_enabled = True {{(pid=91564) log_opt_values /opt/stack/data/venv/lib/python3.12/site-packages/oslo_config/cfg.py:3006}}
May 18 19:41:56.550209 np0000000989 neutron-periodic-workers[91564]: DEBUG cotyledon.oslo_config_glue [-] ovn.ovn_nb_ca_cert = /opt/stack/data/CA/int-ca/ca-chain.pem {{(pid=91564) log_opt_values /opt/stack/data/venv/lib/python3.12/site-packages/oslo_config/cfg.py:3006}}
May 18 19:41:56.550209 np0000000989 neutron-periodic-workers[91564]: DEBUG cotyledon.oslo_config_glue [-] ovn.ovn_nb_certificate = /opt/stack/data/CA/int-ca/devstack-cert.crt {{(pid=91564) log_opt_values /opt/stack/data/venv/lib/python3.12/site-packages/oslo_config/cfg.py:3006}}
May 18 19:41:56.550574 np0000000989 neutron-periodic-workers[91564]: DEBUG cotyledon.oslo_config_glue [-] ovn.ovn_nb_connection = ['ssl:10.4.3.159:6641'] {{(pid=91564) log_opt_values /opt/stack/data/venv/lib/python3.12/site-packages/oslo_config/cfg.py:3006}}
May 18 19:41:56.550574 np0000000989 neutron-periodic-workers[91564]: DEBUG cotyledon.oslo_config_glue [-] ovn.ovn_nb_private_key = /opt/stack/data/CA/int-ca/private/devstack-cert.key {{(pid=91564) log_opt_values /opt/stack/data/venv/lib/python3.12/site-packages/oslo_config/cfg.py:3006}}
May 18 19:41:56.550574 np0000000989 neutron-periodic-workers[91564]: DEBUG cotyledon.oslo_config_glue [-] ovn.ovn_router_indirect_snat = False {{(pid=91564) log_opt_values /opt/stack/data/venv/lib/python3.12/site-packages/oslo_config/cfg.py:3006}}
May 18 19:41:56.550574 np0000000989 neutron-periodic-workers[91564]: DEBUG cotyledon.oslo_config_glue [-] ovn.ovn_sb_ca_cert = /opt/stack/data/CA/int-ca/ca-chain.pem {{(pid=91564) log_opt_values /opt/stack/data/venv/lib/python3.12/site-packages/oslo_config/cfg.py:3006}}
May 18 19:41:56.550574 np0000000989 neutron-periodic-workers[91564]: DEBUG cotyledon.oslo_config_glue [-] ovn.ovn_sb_certificate = /opt/stack/data/CA/int-ca/devstack-cert.crt {{(pid=91564) log_opt_values /opt/stack/data/venv/lib/python3.12/site-packages/oslo_config/cfg.py:3006}}
May 18 19:41:56.550574 np0000000989 neutron-periodic-workers[91564]: DEBUG cotyledon.oslo_config_glue [-] ovn.ovn_sb_connection = ['ssl:10.4.3.159:6642'] {{(pid=91564) log_opt_values /opt/stack/data/venv/lib/python3.12/site-packages/oslo_config/cfg.py:3006}}
May 18 19:41:56.550574 np0000000989 neutron-periodic-workers[91564]: DEBUG cotyledon.oslo_config_glue [-] ovn.ovn_sb_private_key = /opt/stack/data/CA/int-ca/private/devstack-cert.key {{(pid=91564) log_opt_values /opt/stack/data/venv/lib/python3.12/site-packages/oslo_config/cfg.py:3006}}
May 18 19:41:56.550574 np0000000989 neutron-periodic-workers[91564]: DEBUG cotyledon.oslo_config_glue [-] ovn.ovs_create_tap = False {{(pid=91564) log_opt_values /opt/stack/data/venv/lib/python3.12/site-packages/oslo_config/cfg.py:3006}}
May 18 19:41:56.550986 np0000000989 neutron-periodic-workers[91564]: DEBUG cotyledon.oslo_config_glue [-] ovn.ovsdb_connection_timeout = 180 {{(pid=91564) log_opt_values /opt/stack/data/venv/lib/python3.12/site-packages/oslo_config/cfg.py:3006}}
May 18 19:41:56.550986 np0000000989 neutron-periodic-workers[91564]: DEBUG cotyledon.oslo_config_glue [-] ovn.ovsdb_log_level = INFO {{(pid=91564) log_opt_values /opt/stack/data/venv/lib/python3.12/site-packages/oslo_config/cfg.py:3006}}
May 18 19:41:56.550986 np0000000989 neutron-periodic-workers[91564]: DEBUG cotyledon.oslo_config_glue [-] ovn.ovsdb_probe_interval = 60000 {{(pid=91564) log_opt_values /opt/stack/data/venv/lib/python3.12/site-packages/oslo_config/cfg.py:3006}}
May 18 19:41:56.550986 np0000000989 neutron-periodic-workers[91564]: DEBUG cotyledon.oslo_config_glue [-] ovn.ovsdb_retry_max_interval = 180 {{(pid=91564) log_opt_values /opt/stack/data/venv/lib/python3.12/site-packages/oslo_config/cfg.py:3006}}
May 18 19:41:56.550986 np0000000989 neutron-periodic-workers[91564]: DEBUG cotyledon.oslo_config_glue [-] ovn.stateless_nat_enabled = False {{(pid=91564) log_opt_values /opt/stack/data/venv/lib/python3.12/site-packages/oslo_config/cfg.py:3006}}
May 18 19:41:56.550986 np0000000989 neutron-periodic-workers[91564]: DEBUG cotyledon.oslo_config_glue [-] ovn.vhost_sock_dir = /var/run/openvswitch {{(pid=91564) log_opt_values /opt/stack/data/venv/lib/python3.12/site-packages/oslo_config/cfg.py:3006}}
May 18 19:41:56.550986 np0000000989 neutron-periodic-workers[91564]: DEBUG cotyledon.oslo_config_glue [-] OVS.bridge_mac_table_size = 50000 {{(pid=91564) log_opt_values /opt/stack/data/venv/lib/python3.12/site-packages/oslo_config/cfg.py:3006}}
May 18 19:41:56.550986 np0000000989 neutron-periodic-workers[91564]: DEBUG cotyledon.oslo_config_glue [-] OVS.igmp_flood = False {{(pid=91564) log_opt_values /opt/stack/data/venv/lib/python3.12/site-packages/oslo_config/cfg.py:3006}}
May 18 19:41:56.550986 np0000000989 neutron-periodic-workers[91564]: DEBUG cotyledon.oslo_config_glue [-] OVS.igmp_flood_reports = True {{(pid=91564) log_opt_values /opt/stack/data/venv/lib/python3.12/site-packages/oslo_config/cfg.py:3006}}
May 18 19:41:56.551315 np0000000989 neutron-periodic-workers[91564]: DEBUG cotyledon.oslo_config_glue [-] OVS.igmp_flood_unregistered = False {{(pid=91564) log_opt_values /opt/stack/data/venv/lib/python3.12/site-packages/oslo_config/cfg.py:3006}}
May 18 19:41:56.551315 np0000000989 neutron-periodic-workers[91564]: DEBUG cotyledon.oslo_config_glue [-] OVS.igmp_snooping_enable = False {{(pid=91564) log_opt_values /opt/stack/data/venv/lib/python3.12/site-packages/oslo_config/cfg.py:3006}}
May 18 19:41:56.551315 np0000000989 neutron-periodic-workers[91564]: DEBUG cotyledon.oslo_config_glue [-] OVS.ovsdb_timeout = 10 {{(pid=91564) log_opt_values /opt/stack/data/venv/lib/python3.12/site-packages/oslo_config/cfg.py:3006}}
May 18 19:41:56.551315 np0000000989 neutron-periodic-workers[91564]: DEBUG cotyledon.oslo_config_glue [-] ovn_nb_global.fdb_removal_limit = 0 {{(pid=91564) log_opt_values /opt/stack/data/venv/lib/python3.12/site-packages/oslo_config/cfg.py:3006}}
May 18 19:41:56.551315 np0000000989 neutron-periodic-workers[91564]: DEBUG cotyledon.oslo_config_glue [-] ovn_nb_global.ignore_lsp_down = False {{(pid=91564) log_opt_values /opt/stack/data/venv/lib/python3.12/site-packages/oslo_config/cfg.py:3006}}
May 18 19:41:56.551315 np0000000989 neutron-periodic-workers[91564]: DEBUG cotyledon.oslo_config_glue [-] ovn_nb_global.mac_binding_removal_limit = 0 {{(pid=91564) log_opt_values /opt/stack/data/venv/lib/python3.12/site-packages/oslo_config/cfg.py:3006}}
May 18 19:41:56.551315 np0000000989 neutron-periodic-workers[91564]: DEBUG cotyledon.oslo_config_glue [-] ******************************************************************************** {{(pid=91564) log_opt_values /opt/stack/data/venv/lib/python3.12/site-packages/oslo_config/cfg.py:3013}}
May 18 19:41:56.551315 np0000000989 neutron-periodic-workers[91564]: DEBUG cotyledon._service_worker [-] Run service ServiceWrapper(0) [91564] {{(pid=91564) wait_forever /opt/stack/data/venv/lib/python3.12/site-packages/cotyledon/_service_worker.py:218}}
May 18 19:42:06.162770 np0000000989 neutron-periodic-workers[90565]: DEBUG dbcounter [-] [90565] Writing DB stats neutron:SELECT=4 {{(pid=90565) stat_writer /opt/stack/data/venv/lib/python3.12/site-packages/dbcounter.py:115}}
May 18 19:42:52.524653 np0000000989 neutron-periodic-workers[91537]: DEBUG oslo_db.sqlalchemy.engines [None req-c08bd538-800f-4934-ad81-84add3cd2dec None None] Parent process 90565 forked (91537) with an open database connection, which is being discarded and recreated. {{(pid=91537) checkout /opt/stack/data/venv/lib/python3.12/site-packages/oslo_db/sqlalchemy/engines.py:402}}
May 18 19:42:52.530878 np0000000989 neutron-periodic-workers[91537]: DEBUG dbcounter [-] [91537] Writer thread running {{(pid=91537) stat_writer /opt/stack/data/venv/lib/python3.12/site-packages/dbcounter.py:102}}
May 18 19:42:52.535100 np0000000989 neutron-periodic-workers[91537]: DEBUG neutron.db.agents_db [None req-c08bd538-800f-4934-ad81-84add3cd2dec None None] Agent healthcheck: found 0 active agents {{(pid=91537) agent_health_check /opt/stack/neutron/neutron/db/agents_db.py:322}}
May 18 19:42:52.535297 np0000000989 neutron-periodic-workers[91537]: DEBUG oslo.service.backend._threading.loopingcall [None req-c08bd538-800f-4934-ad81-84add3cd2dec None None] Fixed interval looping call 'neutron.plugins.ml2.plugin.AgentDbMixin.agent_health_check' sleeping for 36.98 seconds {{(pid=91537) _run_loop /opt/stack/data/venv/lib/python3.12/site-packages/oslo_service/backend/_threading/loopingcall.py:125}}
May 18 19:42:53.586351 np0000000989 neutron-periodic-workers[91564]: DEBUG dbcounter [-] [91564] Writer thread running {{(pid=91564) stat_writer /opt/stack/data/venv/lib/python3.12/site-packages/dbcounter.py:102}}
May 18 19:42:53.599247 np0000000989 neutron-periodic-workers[91564]: DEBUG oslo.service.backend._threading.loopingcall [None req-32a43926-258b-47d1-a388-7ab57f4f8dbb None None] Fixed interval looping call 'neutron.services.ovn_l3.plugin.L3_NAT_dbonly_mixin._clean_garbage' sleeping for 299.95 seconds {{(pid=91564) _run_loop /opt/stack/data/venv/lib/python3.12/site-packages/oslo_service/backend/_threading/loopingcall.py:125}}
May 18 19:43:02.531290 np0000000989 neutron-periodic-workers[91537]: DEBUG dbcounter [-] [91537] Writing DB stats neutron:SELECT=1 {{(pid=91537) stat_writer /opt/stack/data/venv/lib/python3.12/site-packages/dbcounter.py:115}}
May 18 19:43:09.508410 np0000000989 neutron-periodic-workers[91532]: DEBUG dbcounter [-] [91532] Writer thread running {{(pid=91532) stat_writer /opt/stack/data/venv/lib/python3.12/site-packages/dbcounter.py:102}}
May 18 19:43:09.516199 np0000000989 neutron-periodic-workers[91532]: DEBUG oslo.service.backend._threading.loopingcall [None req-13dca374-51c2-4770-bb0c-0555b1a5d939 None None] Fixed interval looping call 'neutron.plugins.ml2.plugin.DhcpAgentSchedulerDbMixin.remove_networks_from_down_agents' sleeping for 36.98 seconds {{(pid=91532) _run_loop /opt/stack/data/venv/lib/python3.12/site-packages/oslo_service/backend/_threading/loopingcall.py:125}}
May 18 19:43:13.587161 np0000000989 neutron-periodic-workers[91564]: DEBUG dbcounter [-] [91564] Writing DB stats neutron:SELECT=1 {{(pid=91564) stat_writer /opt/stack/data/venv/lib/python3.12/site-packages/dbcounter.py:115}}
May 18 19:43:19.515265 np0000000989 neutron-periodic-workers[91532]: DEBUG dbcounter [-] [91532] Writing DB stats neutron:SELECT=3 {{(pid=91532) stat_writer /opt/stack/data/venv/lib/python3.12/site-packages/dbcounter.py:115}}
May 18 19:43:29.519071 np0000000989 neutron-periodic-workers[91537]: DEBUG neutron.db.agents_db [None req-c08bd538-800f-4934-ad81-84add3cd2dec None None] Agent healthcheck: found 0 active agents {{(pid=91537) agent_health_check /opt/stack/neutron/neutron/db/agents_db.py:322}}
May 18 19:43:29.519071 np0000000989 neutron-periodic-workers[91537]: DEBUG oslo.service.backend._threading.loopingcall [None req-c08bd538-800f-4934-ad81-84add3cd2dec None None] Fixed interval looping call 'neutron.plugins.ml2.plugin.AgentDbMixin.agent_health_check' sleeping for 37.00 seconds {{(pid=91537) _run_loop /opt/stack/data/venv/lib/python3.12/site-packages/oslo_service/backend/_threading/loopingcall.py:125}}
May 18 19:43:39.517853 np0000000989 neutron-periodic-workers[91537]: DEBUG dbcounter [-] [91537] Writing DB stats neutron:SELECT=1 {{(pid=91537) stat_writer /opt/stack/data/venv/lib/python3.12/site-packages/dbcounter.py:115}}
May 18 19:43:46.501954 np0000000989 neutron-periodic-workers[91532]: DEBUG oslo.service.backend._threading.loopingcall [None req-13dca374-51c2-4770-bb0c-0555b1a5d939 None None] Fixed interval looping call 'neutron.plugins.ml2.plugin.DhcpAgentSchedulerDbMixin.remove_networks_from_down_agents' sleeping for 36.99 seconds {{(pid=91532) _run_loop /opt/stack/data/venv/lib/python3.12/site-packages/oslo_service/backend/_threading/loopingcall.py:125}}
May 18 19:43:56.501164 np0000000989 neutron-periodic-workers[91532]: DEBUG dbcounter [-] [91532] Writing DB stats neutron:SELECT=3 {{(pid=91532) stat_writer /opt/stack/data/venv/lib/python3.12/site-packages/dbcounter.py:115}}
May 18 19:43:56.531096 np0000000989 neutron-periodic-workers[91546]: DEBUG dbcounter [-] [91546] Writer thread running {{(pid=91546) stat_writer /opt/stack/data/venv/lib/python3.12/site-packages/dbcounter.py:102}}
May 18 19:43:56.532822 np0000000989 neutron-periodic-workers[91546]: DEBUG oslo.service.backend._threading.loopingcall [None req-bc14746e-8b7b-455e-b6dd-efc7f8594272 None None] Fixed interval looping call 'neutron.db.quota.driver_nolock.DbQuotaNoLockDriver._remove_expired_reservations' sleeping for 119.99 seconds {{(pid=91546) _run_loop /opt/stack/data/venv/lib/python3.12/site-packages/oslo_service/backend/_threading/loopingcall.py:125}}
May 18 19:44:06.522399 np0000000989 neutron-periodic-workers[91537]: DEBUG neutron.db.agents_db [None req-c08bd538-800f-4934-ad81-84add3cd2dec None None] Agent healthcheck: found 0 active agents {{(pid=91537) agent_health_check /opt/stack/neutron/neutron/db/agents_db.py:322}}
May 18 19:44:06.522986 np0000000989 neutron-periodic-workers[91537]: DEBUG oslo.service.backend._threading.loopingcall [None req-c08bd538-800f-4934-ad81-84add3cd2dec None None] Fixed interval looping call 'neutron.plugins.ml2.plugin.AgentDbMixin.agent_health_check' sleeping for 37.00 seconds {{(pid=91537) _run_loop /opt/stack/data/venv/lib/python3.12/site-packages/oslo_service/backend/_threading/loopingcall.py:125}}
May 18 19:44:06.531585 np0000000989 neutron-periodic-workers[91546]: DEBUG dbcounter [-] [91546] Writing DB stats neutron:DELETE=1 {{(pid=91546) stat_writer /opt/stack/data/venv/lib/python3.12/site-packages/dbcounter.py:115}}
May 18 19:44:16.521320 np0000000989 neutron-periodic-workers[91537]: DEBUG dbcounter [-] [91537] Writing DB stats neutron:SELECT=1 {{(pid=91537) stat_writer /opt/stack/data/venv/lib/python3.12/site-packages/dbcounter.py:115}}
May 18 19:44:23.498592 np0000000989 neutron-periodic-workers[91532]: DEBUG oslo.service.backend._threading.loopingcall [None req-13dca374-51c2-4770-bb0c-0555b1a5d939 None None] Fixed interval looping call 'neutron.plugins.ml2.plugin.DhcpAgentSchedulerDbMixin.remove_networks_from_down_agents' sleeping for 36.99 seconds {{(pid=91532) _run_loop /opt/stack/data/venv/lib/python3.12/site-packages/oslo_service/backend/_threading/loopingcall.py:125}}
May 18 19:44:33.497620 np0000000989 neutron-periodic-workers[91532]: DEBUG dbcounter [-] [91532] Writing DB stats neutron:SELECT=3 {{(pid=91532) stat_writer /opt/stack/data/venv/lib/python3.12/site-packages/dbcounter.py:115}}
May 18 19:44:43.525617 np0000000989 neutron-periodic-workers[91537]: DEBUG neutron.db.agents_db [None req-c08bd538-800f-4934-ad81-84add3cd2dec None None] Agent healthcheck: found 0 active agents {{(pid=91537) agent_health_check /opt/stack/neutron/neutron/db/agents_db.py:322}}
May 18 19:44:43.525991 np0000000989 neutron-periodic-workers[91537]: DEBUG oslo.service.backend._threading.loopingcall [None req-c08bd538-800f-4934-ad81-84add3cd2dec None None] Fixed interval looping call 'neutron.plugins.ml2.plugin.AgentDbMixin.agent_health_check' sleeping for 37.00 seconds {{(pid=91537) _run_loop /opt/stack/data/venv/lib/python3.12/site-packages/oslo_service/backend/_threading/loopingcall.py:125}}
May 18 19:44:53.524914 np0000000989 neutron-periodic-workers[91537]: DEBUG dbcounter [-] [91537] Writing DB stats neutron:SELECT=1 {{(pid=91537) stat_writer /opt/stack/data/venv/lib/python3.12/site-packages/dbcounter.py:115}}
May 18 19:45:00.496026 np0000000989 neutron-periodic-workers[91532]: DEBUG oslo.service.backend._threading.loopingcall [None req-13dca374-51c2-4770-bb0c-0555b1a5d939 None None] Fixed interval looping call 'neutron.plugins.ml2.plugin.DhcpAgentSchedulerDbMixin.remove_networks_from_down_agents' sleeping for 36.99 seconds {{(pid=91532) _run_loop /opt/stack/data/venv/lib/python3.12/site-packages/oslo_service/backend/_threading/loopingcall.py:125}}
May 18 19:45:10.495360 np0000000989 neutron-periodic-workers[91532]: DEBUG dbcounter [-] [91532] Writing DB stats neutron:SELECT=3 {{(pid=91532) stat_writer /opt/stack/data/venv/lib/python3.12/site-packages/dbcounter.py:115}}
May 18 19:45:20.529203 np0000000989 neutron-periodic-workers[91537]: DEBUG neutron.db.agents_db [None req-c08bd538-800f-4934-ad81-84add3cd2dec None None] Agent healthcheck: found 0 active agents {{(pid=91537) agent_health_check /opt/stack/neutron/neutron/db/agents_db.py:322}}
May 18 19:45:20.529722 np0000000989 neutron-periodic-workers[91537]: DEBUG oslo.service.backend._threading.loopingcall [None req-c08bd538-800f-4934-ad81-84add3cd2dec None None] Fixed interval looping call 'neutron.plugins.ml2.plugin.AgentDbMixin.agent_health_check' sleeping for 37.00 seconds {{(pid=91537) _run_loop /opt/stack/data/venv/lib/python3.12/site-packages/oslo_service/backend/_threading/loopingcall.py:125}}
May 18 19:45:30.528730 np0000000989 neutron-periodic-workers[91537]: DEBUG dbcounter [-] [91537] Writing DB stats neutron:SELECT=1 {{(pid=91537) stat_writer /opt/stack/data/venv/lib/python3.12/site-packages/dbcounter.py:115}}
May 18 19:45:37.497962 np0000000989 neutron-periodic-workers[91532]: DEBUG oslo.service.backend._threading.loopingcall [None req-13dca374-51c2-4770-bb0c-0555b1a5d939 None None] Fixed interval looping call 'neutron.plugins.ml2.plugin.DhcpAgentSchedulerDbMixin.remove_networks_from_down_agents' sleeping for 36.99 seconds {{(pid=91532) _run_loop /opt/stack/data/venv/lib/python3.12/site-packages/oslo_service/backend/_threading/loopingcall.py:125}}
May 18 19:45:47.497093 np0000000989 neutron-periodic-workers[91532]: DEBUG dbcounter [-] [91532] Writing DB stats neutron:SELECT=3 {{(pid=91532) stat_writer /opt/stack/data/venv/lib/python3.12/site-packages/dbcounter.py:115}}
May 18 19:45:56.528169 np0000000989 neutron-periodic-workers[91546]: DEBUG oslo.service.backend._threading.loopingcall [None req-bc14746e-8b7b-455e-b6dd-efc7f8594272 None None] Fixed interval looping call 'neutron.db.quota.driver_nolock.DbQuotaNoLockDriver._remove_expired_reservations' sleeping for 120.00 seconds {{(pid=91546) _run_loop /opt/stack/data/venv/lib/python3.12/site-packages/oslo_service/backend/_threading/loopingcall.py:125}}
May 18 19:45:57.538641 np0000000989 neutron-periodic-workers[91537]: DEBUG neutron.db.agents_db [None req-c08bd538-800f-4934-ad81-84add3cd2dec None None] Agent healthcheck: found 0 active agents {{(pid=91537) agent_health_check /opt/stack/neutron/neutron/db/agents_db.py:322}}
May 18 19:45:57.538641 np0000000989 neutron-periodic-workers[91537]: DEBUG oslo.service.backend._threading.loopingcall [None req-c08bd538-800f-4934-ad81-84add3cd2dec None None] Fixed interval looping call 'neutron.plugins.ml2.plugin.AgentDbMixin.agent_health_check' sleeping for 36.99 seconds {{(pid=91537) _run_loop /opt/stack/data/venv/lib/python3.12/site-packages/oslo_service/backend/_threading/loopingcall.py:125}}
May 18 19:46:06.527005 np0000000989 neutron-periodic-workers[91546]: DEBUG dbcounter [-] [91546] Writing DB stats neutron:DELETE=1 {{(pid=91546) stat_writer /opt/stack/data/venv/lib/python3.12/site-packages/dbcounter.py:115}}
May 18 19:46:07.532787 np0000000989 neutron-periodic-workers[91537]: DEBUG dbcounter [-] [91537] Writing DB stats neutron:SELECT=1 {{(pid=91537) stat_writer /opt/stack/data/venv/lib/python3.12/site-packages/dbcounter.py:115}}
May 18 19:46:14.500451 np0000000989 neutron-periodic-workers[91532]: DEBUG oslo.service.backend._threading.loopingcall [None req-13dca374-51c2-4770-bb0c-0555b1a5d939 None None] Fixed interval looping call 'neutron.plugins.ml2.plugin.DhcpAgentSchedulerDbMixin.remove_networks_from_down_agents' sleeping for 36.99 seconds {{(pid=91532) _run_loop /opt/stack/data/venv/lib/python3.12/site-packages/oslo_service/backend/_threading/loopingcall.py:125}}
May 18 19:46:24.500217 np0000000989 neutron-periodic-workers[91532]: DEBUG dbcounter [-] [91532] Writing DB stats neutron:SELECT=3 {{(pid=91532) stat_writer /opt/stack/data/venv/lib/python3.12/site-packages/dbcounter.py:115}}
May 18 19:46:34.531207 np0000000989 neutron-periodic-workers[91537]: DEBUG neutron.db.agents_db [None req-c08bd538-800f-4934-ad81-84add3cd2dec None None] Agent healthcheck: found 0 active agents {{(pid=91537) agent_health_check /opt/stack/neutron/neutron/db/agents_db.py:322}}
May 18 19:46:34.531207 np0000000989 neutron-periodic-workers[91537]: DEBUG oslo.service.backend._threading.loopingcall [None req-c08bd538-800f-4934-ad81-84add3cd2dec None None] Fixed interval looping call 'neutron.plugins.ml2.plugin.AgentDbMixin.agent_health_check' sleeping for 37.00 seconds {{(pid=91537) _run_loop /opt/stack/data/venv/lib/python3.12/site-packages/oslo_service/backend/_threading/loopingcall.py:125}}
May 18 19:46:44.529623 np0000000989 neutron-periodic-workers[91537]: DEBUG dbcounter [-] [91537] Writing DB stats neutron:SELECT=1 {{(pid=91537) stat_writer /opt/stack/data/venv/lib/python3.12/site-packages/dbcounter.py:115}}
May 18 19:46:51.501183 np0000000989 neutron-periodic-workers[91532]: DEBUG oslo.service.backend._threading.loopingcall [None req-13dca374-51c2-4770-bb0c-0555b1a5d939 None None] Fixed interval looping call 'neutron.plugins.ml2.plugin.DhcpAgentSchedulerDbMixin.remove_networks_from_down_agents' sleeping for 36.99 seconds {{(pid=91532) _run_loop /opt/stack/data/venv/lib/python3.12/site-packages/oslo_service/backend/_threading/loopingcall.py:125}}
May 18 19:47:01.501834 np0000000989 neutron-periodic-workers[91532]: DEBUG dbcounter [-] [91532] Writing DB stats neutron:SELECT=3 {{(pid=91532) stat_writer /opt/stack/data/venv/lib/python3.12/site-packages/dbcounter.py:115}}
May 18 19:47:11.536862 np0000000989 neutron-periodic-workers[91537]: DEBUG neutron.db.agents_db [None req-c08bd538-800f-4934-ad81-84add3cd2dec None None] Agent healthcheck: found 0 active agents {{(pid=91537) agent_health_check /opt/stack/neutron/neutron/db/agents_db.py:322}}
May 18 19:47:11.537310 np0000000989 neutron-periodic-workers[91537]: DEBUG oslo.service.backend._threading.loopingcall [None req-c08bd538-800f-4934-ad81-84add3cd2dec None None] Fixed interval looping call 'neutron.plugins.ml2.plugin.AgentDbMixin.agent_health_check' sleeping for 36.99 seconds {{(pid=91537) _run_loop /opt/stack/data/venv/lib/python3.12/site-packages/oslo_service/backend/_threading/loopingcall.py:125}}
May 18 19:47:21.536341 np0000000989 neutron-periodic-workers[91537]: DEBUG dbcounter [-] [91537] Writing DB stats neutron:SELECT=1 {{(pid=91537) stat_writer /opt/stack/data/venv/lib/python3.12/site-packages/dbcounter.py:115}}
May 18 19:47:28.503763 np0000000989 neutron-periodic-workers[91532]: DEBUG oslo.service.backend._threading.loopingcall [None req-13dca374-51c2-4770-bb0c-0555b1a5d939 None None] Fixed interval looping call 'neutron.plugins.ml2.plugin.DhcpAgentSchedulerDbMixin.remove_networks_from_down_agents' sleeping for 36.99 seconds {{(pid=91532) _run_loop /opt/stack/data/venv/lib/python3.12/site-packages/oslo_service/backend/_threading/loopingcall.py:125}}
May 18 19:47:38.502180 np0000000989 neutron-periodic-workers[91532]: DEBUG dbcounter [-] [91532] Writing DB stats neutron:SELECT=3 {{(pid=91532) stat_writer /opt/stack/data/venv/lib/python3.12/site-packages/dbcounter.py:115}}
May 18 19:47:48.530947 np0000000989 neutron-periodic-workers[91537]: DEBUG neutron.db.agents_db [None req-c08bd538-800f-4934-ad81-84add3cd2dec None None] Agent healthcheck: found 0 active agents {{(pid=91537) agent_health_check /opt/stack/neutron/neutron/db/agents_db.py:322}}
May 18 19:47:48.532686 np0000000989 neutron-periodic-workers[91537]: DEBUG oslo.service.backend._threading.loopingcall [None req-c08bd538-800f-4934-ad81-84add3cd2dec None None] Fixed interval looping call 'neutron.plugins.ml2.plugin.AgentDbMixin.agent_health_check' sleeping for 36.99 seconds {{(pid=91537) _run_loop /opt/stack/data/venv/lib/python3.12/site-packages/oslo_service/backend/_threading/loopingcall.py:125}}
May 18 19:47:53.570660 np0000000989 neutron-periodic-workers[91564]: DEBUG oslo.service.backend._threading.loopingcall [None req-32a43926-258b-47d1-a388-7ab57f4f8dbb None None] Fixed interval looping call 'neutron.services.ovn_l3.plugin.L3_NAT_dbonly_mixin._clean_garbage' sleeping for 299.98 seconds {{(pid=91564) _run_loop /opt/stack/data/venv/lib/python3.12/site-packages/oslo_service/backend/_threading/loopingcall.py:125}}
May 18 19:47:56.533135 np0000000989 neutron-periodic-workers[91546]: DEBUG oslo.service.backend._threading.loopingcall [None req-bc14746e-8b7b-455e-b6dd-efc7f8594272 None None] Fixed interval looping call 'neutron.db.quota.driver_nolock.DbQuotaNoLockDriver._remove_expired_reservations' sleeping for 120.00 seconds {{(pid=91546) _run_loop /opt/stack/data/venv/lib/python3.12/site-packages/oslo_service/backend/_threading/loopingcall.py:125}}
May 18 19:47:58.529959 np0000000989 neutron-periodic-workers[91537]: DEBUG dbcounter [-] [91537] Writing DB stats neutron:SELECT=1 {{(pid=91537) stat_writer /opt/stack/data/venv/lib/python3.12/site-packages/dbcounter.py:115}}
May 18 19:48:03.552290 np0000000989 neutron-periodic-workers[91564]: DEBUG dbcounter [-] [91564] Writing DB stats neutron:SELECT=1 {{(pid=91564) stat_writer /opt/stack/data/venv/lib/python3.12/site-packages/dbcounter.py:115}}
May 18 19:48:05.509330 np0000000989 neutron-periodic-workers[91532]: DEBUG oslo.service.backend._threading.loopingcall [None req-13dca374-51c2-4770-bb0c-0555b1a5d939 None None] Fixed interval looping call 'neutron.plugins.ml2.plugin.DhcpAgentSchedulerDbMixin.remove_networks_from_down_agents' sleeping for 36.98 seconds {{(pid=91532) _run_loop /opt/stack/data/venv/lib/python3.12/site-packages/oslo_service/backend/_threading/loopingcall.py:125}}
May 18 19:48:06.532082 np0000000989 neutron-periodic-workers[91546]: DEBUG dbcounter [-] [91546] Writing DB stats neutron:DELETE=1 {{(pid=91546) stat_writer /opt/stack/data/venv/lib/python3.12/site-packages/dbcounter.py:115}}
May 18 19:48:15.508235 np0000000989 neutron-periodic-workers[91532]: DEBUG dbcounter [-] [91532] Writing DB stats neutron:SELECT=3 {{(pid=91532) stat_writer /opt/stack/data/venv/lib/python3.12/site-packages/dbcounter.py:115}}
May 18 19:48:25.529289 np0000000989 neutron-periodic-workers[91537]: DEBUG neutron.db.agents_db [None req-c08bd538-800f-4934-ad81-84add3cd2dec None None] Agent healthcheck: found 0 active agents {{(pid=91537) agent_health_check /opt/stack/neutron/neutron/db/agents_db.py:322}}
May 18 19:48:25.529744 np0000000989 neutron-periodic-workers[91537]: DEBUG oslo.service.backend._threading.loopingcall [None req-c08bd538-800f-4934-ad81-84add3cd2dec None None] Fixed interval looping call 'neutron.plugins.ml2.plugin.AgentDbMixin.agent_health_check' sleeping for 36.99 seconds {{(pid=91537) _run_loop /opt/stack/data/venv/lib/python3.12/site-packages/oslo_service/backend/_threading/loopingcall.py:125}}
May 18 19:48:35.526816 np0000000989 neutron-periodic-workers[91537]: DEBUG dbcounter [-] [91537] Writing DB stats neutron:SELECT=1 {{(pid=91537) stat_writer /opt/stack/data/venv/lib/python3.12/site-packages/dbcounter.py:115}}
May 18 19:48:42.496956 np0000000989 neutron-periodic-workers[91532]: DEBUG oslo.service.backend._threading.loopingcall [None req-13dca374-51c2-4770-bb0c-0555b1a5d939 None None] Fixed interval looping call 'neutron.plugins.ml2.plugin.DhcpAgentSchedulerDbMixin.remove_networks_from_down_agents' sleeping for 36.99 seconds {{(pid=91532) _run_loop /opt/stack/data/venv/lib/python3.12/site-packages/oslo_service/backend/_threading/loopingcall.py:125}}
May 18 19:48:52.496536 np0000000989 neutron-periodic-workers[91532]: DEBUG dbcounter [-] [91532] Writing DB stats neutron:SELECT=3 {{(pid=91532) stat_writer /opt/stack/data/venv/lib/python3.12/site-packages/dbcounter.py:115}}
May 18 19:49:02.527027 np0000000989 neutron-periodic-workers[91537]: DEBUG neutron.db.agents_db [None req-c08bd538-800f-4934-ad81-84add3cd2dec None None] Agent healthcheck: found 0 active agents {{(pid=91537) agent_health_check /opt/stack/neutron/neutron/db/agents_db.py:322}}
May 18 19:49:02.527385 np0000000989 neutron-periodic-workers[91537]: DEBUG oslo.service.backend._threading.loopingcall [None req-c08bd538-800f-4934-ad81-84add3cd2dec None None] Fixed interval looping call 'neutron.plugins.ml2.plugin.AgentDbMixin.agent_health_check' sleeping for 36.99 seconds {{(pid=91537) _run_loop /opt/stack/data/venv/lib/python3.12/site-packages/oslo_service/backend/_threading/loopingcall.py:125}}
May 18 19:49:12.522195 np0000000989 neutron-periodic-workers[91537]: DEBUG dbcounter [-] [91537] Writing DB stats neutron:SELECT=1 {{(pid=91537) stat_writer /opt/stack/data/venv/lib/python3.12/site-packages/dbcounter.py:115}}
May 18 19:49:19.497529 np0000000989 neutron-periodic-workers[91532]: DEBUG oslo.service.backend._threading.loopingcall [None req-13dca374-51c2-4770-bb0c-0555b1a5d939 None None] Fixed interval looping call 'neutron.plugins.ml2.plugin.DhcpAgentSchedulerDbMixin.remove_networks_from_down_agents' sleeping for 36.99 seconds {{(pid=91532) _run_loop /opt/stack/data/venv/lib/python3.12/site-packages/oslo_service/backend/_threading/loopingcall.py:125}}
May 18 19:49:29.496398 np0000000989 neutron-periodic-workers[91532]: DEBUG dbcounter [-] [91532] Writing DB stats neutron:SELECT=3 {{(pid=91532) stat_writer /opt/stack/data/venv/lib/python3.12/site-packages/dbcounter.py:115}}
May 18 19:49:39.524631 np0000000989 neutron-periodic-workers[91537]: DEBUG neutron.db.agents_db [None req-c08bd538-800f-4934-ad81-84add3cd2dec None None] Agent healthcheck: found 0 active agents {{(pid=91537) agent_health_check /opt/stack/neutron/neutron/db/agents_db.py:322}}
May 18 19:49:39.524631 np0000000989 neutron-periodic-workers[91537]: DEBUG oslo.service.backend._threading.loopingcall [None req-c08bd538-800f-4934-ad81-84add3cd2dec None None] Fixed interval looping call 'neutron.plugins.ml2.plugin.AgentDbMixin.agent_health_check' sleeping for 36.99 seconds {{(pid=91537) _run_loop /opt/stack/data/venv/lib/python3.12/site-packages/oslo_service/backend/_threading/loopingcall.py:125}}
May 18 19:49:49.523104 np0000000989 neutron-periodic-workers[91537]: DEBUG dbcounter [-] [91537] Writing DB stats neutron:SELECT=1 {{(pid=91537) stat_writer /opt/stack/data/venv/lib/python3.12/site-packages/dbcounter.py:115}}
May 18 19:49:56.511220 np0000000989 neutron-periodic-workers[91532]: DEBUG oslo.service.backend._threading.loopingcall [None req-13dca374-51c2-4770-bb0c-0555b1a5d939 None None] Fixed interval looping call 'neutron.plugins.ml2.plugin.DhcpAgentSchedulerDbMixin.remove_networks_from_down_agents' sleeping for 36.98 seconds {{(pid=91532) _run_loop /opt/stack/data/venv/lib/python3.12/site-packages/oslo_service/backend/_threading/loopingcall.py:125}}
May 18 19:49:56.539578 np0000000989 neutron-periodic-workers[91546]: DEBUG oslo.service.backend._threading.loopingcall [None req-bc14746e-8b7b-455e-b6dd-efc7f8594272 None None] Fixed interval looping call 'neutron.db.quota.driver_nolock.DbQuotaNoLockDriver._remove_expired_reservations' sleeping for 119.99 seconds {{(pid=91546) _run_loop /opt/stack/data/venv/lib/python3.12/site-packages/oslo_service/backend/_threading/loopingcall.py:125}}
May 18 19:50:06.509117 np0000000989 neutron-periodic-workers[91532]: DEBUG dbcounter [-] [91532] Writing DB stats neutron:SELECT=3 {{(pid=91532) stat_writer /opt/stack/data/venv/lib/python3.12/site-packages/dbcounter.py:115}}
May 18 19:50:06.536540 np0000000989 neutron-periodic-workers[91546]: DEBUG dbcounter [-] [91546] Writing DB stats neutron:DELETE=1 {{(pid=91546) stat_writer /opt/stack/data/venv/lib/python3.12/site-packages/dbcounter.py:115}}
May 18 19:50:16.521051 np0000000989 neutron-periodic-workers[91537]: DEBUG neutron.db.agents_db [None req-c08bd538-800f-4934-ad81-84add3cd2dec None None] Agent healthcheck: found 0 active agents {{(pid=91537) agent_health_check /opt/stack/neutron/neutron/db/agents_db.py:322}}
May 18 19:50:16.521522 np0000000989 neutron-periodic-workers[91537]: DEBUG oslo.service.backend._threading.loopingcall [None req-c08bd538-800f-4934-ad81-84add3cd2dec None None] Fixed interval looping call 'neutron.plugins.ml2.plugin.AgentDbMixin.agent_health_check' sleeping for 36.99 seconds {{(pid=91537) _run_loop /opt/stack/data/venv/lib/python3.12/site-packages/oslo_service/backend/_threading/loopingcall.py:125}}
May 18 19:50:26.517689 np0000000989 neutron-periodic-workers[91537]: DEBUG dbcounter [-] [91537] Writing DB stats neutron:SELECT=1 {{(pid=91537) stat_writer /opt/stack/data/venv/lib/python3.12/site-packages/dbcounter.py:115}}
May 18 19:50:33.515615 np0000000989 neutron-periodic-workers[91532]: DEBUG oslo.service.backend._threading.loopingcall [None req-13dca374-51c2-4770-bb0c-0555b1a5d939 None None] Fixed interval looping call 'neutron.plugins.ml2.plugin.DhcpAgentSchedulerDbMixin.remove_networks_from_down_agents' sleeping for 36.98 seconds {{(pid=91532) _run_loop /opt/stack/data/venv/lib/python3.12/site-packages/oslo_service/backend/_threading/loopingcall.py:125}}
May 18 19:50:43.512365 np0000000989 neutron-periodic-workers[91532]: DEBUG dbcounter [-] [91532] Writing DB stats neutron:SELECT=3 {{(pid=91532) stat_writer /opt/stack/data/venv/lib/python3.12/site-packages/dbcounter.py:115}}
May 18 19:50:53.518853 np0000000989 neutron-periodic-workers[91537]: DEBUG neutron.db.agents_db [None req-c08bd538-800f-4934-ad81-84add3cd2dec None None] Agent healthcheck: found 0 active agents {{(pid=91537) agent_health_check /opt/stack/neutron/neutron/db/agents_db.py:322}}
May 18 19:50:53.519314 np0000000989 neutron-periodic-workers[91537]: DEBUG oslo.service.backend._threading.loopingcall [None req-c08bd538-800f-4934-ad81-84add3cd2dec None None] Fixed interval looping call 'neutron.plugins.ml2.plugin.AgentDbMixin.agent_health_check' sleeping for 36.99 seconds {{(pid=91537) _run_loop /opt/stack/data/venv/lib/python3.12/site-packages/oslo_service/backend/_threading/loopingcall.py:125}}
May 18 19:51:03.518061 np0000000989 neutron-periodic-workers[91537]: DEBUG dbcounter [-] [91537] Writing DB stats neutron:SELECT=1 {{(pid=91537) stat_writer /opt/stack/data/venv/lib/python3.12/site-packages/dbcounter.py:115}}
May 18 19:51:10.510982 np0000000989 neutron-periodic-workers[91532]: DEBUG oslo.service.backend._threading.loopingcall [None req-13dca374-51c2-4770-bb0c-0555b1a5d939 None None] Fixed interval looping call 'neutron.plugins.ml2.plugin.DhcpAgentSchedulerDbMixin.remove_networks_from_down_agents' sleeping for 36.99 seconds {{(pid=91532) _run_loop /opt/stack/data/venv/lib/python3.12/site-packages/oslo_service/backend/_threading/loopingcall.py:125}}
May 18 19:51:20.507706 np0000000989 neutron-periodic-workers[91532]: DEBUG dbcounter [-] [91532] Writing DB stats neutron:SELECT=3 {{(pid=91532) stat_writer /opt/stack/data/venv/lib/python3.12/site-packages/dbcounter.py:115}}
May 18 19:51:30.516792 np0000000989 neutron-periodic-workers[91537]: DEBUG neutron.db.agents_db [None req-c08bd538-800f-4934-ad81-84add3cd2dec None None] Agent healthcheck: found 0 active agents {{(pid=91537) agent_health_check /opt/stack/neutron/neutron/db/agents_db.py:322}}
May 18 19:51:30.517186 np0000000989 neutron-periodic-workers[91537]: DEBUG oslo.service.backend._threading.loopingcall [None req-c08bd538-800f-4934-ad81-84add3cd2dec None None] Fixed interval looping call 'neutron.plugins.ml2.plugin.AgentDbMixin.agent_health_check' sleeping for 36.99 seconds {{(pid=91537) _run_loop /opt/stack/data/venv/lib/python3.12/site-packages/oslo_service/backend/_threading/loopingcall.py:125}}
May 18 19:51:40.515079 np0000000989 neutron-periodic-workers[91537]: DEBUG dbcounter [-] [91537] Writing DB stats neutron:SELECT=1 {{(pid=91537) stat_writer /opt/stack/data/venv/lib/python3.12/site-packages/dbcounter.py:115}}
May 18 19:51:47.520720 np0000000989 neutron-periodic-workers[91532]: DEBUG oslo.service.backend._threading.loopingcall [None req-13dca374-51c2-4770-bb0c-0555b1a5d939 None None] Fixed interval looping call 'neutron.plugins.ml2.plugin.DhcpAgentSchedulerDbMixin.remove_networks_from_down_agents' sleeping for 36.98 seconds {{(pid=91532) _run_loop /opt/stack/data/venv/lib/python3.12/site-packages/oslo_service/backend/_threading/loopingcall.py:125}}
May 18 19:51:56.533669 np0000000989 neutron-periodic-workers[91546]: DEBUG oslo.service.backend._threading.loopingcall [None req-bc14746e-8b7b-455e-b6dd-efc7f8594272 None None] Fixed interval looping call 'neutron.db.quota.driver_nolock.DbQuotaNoLockDriver._remove_expired_reservations' sleeping for 120.00 seconds {{(pid=91546) _run_loop /opt/stack/data/venv/lib/python3.12/site-packages/oslo_service/backend/_threading/loopingcall.py:125}}
May 18 19:51:57.518086 np0000000989 neutron-periodic-workers[91532]: DEBUG dbcounter [-] [91532] Writing DB stats neutron:SELECT=3 {{(pid=91532) stat_writer /opt/stack/data/venv/lib/python3.12/site-packages/dbcounter.py:115}}
May 18 19:52:06.532702 np0000000989 neutron-periodic-workers[91546]: DEBUG dbcounter [-] [91546] Writing DB stats neutron:DELETE=1 {{(pid=91546) stat_writer /opt/stack/data/venv/lib/python3.12/site-packages/dbcounter.py:115}}
May 18 19:52:07.510700 np0000000989 neutron-periodic-workers[91537]: DEBUG neutron.db.agents_db [None req-c08bd538-800f-4934-ad81-84add3cd2dec None None] Agent healthcheck: found 0 active agents {{(pid=91537) agent_health_check /opt/stack/neutron/neutron/db/agents_db.py:322}}
May 18 19:52:07.511128 np0000000989 neutron-periodic-workers[91537]: DEBUG oslo.service.backend._threading.loopingcall [None req-c08bd538-800f-4934-ad81-84add3cd2dec None None] Fixed interval looping call 'neutron.plugins.ml2.plugin.AgentDbMixin.agent_health_check' sleeping for 37.00 seconds {{(pid=91537) _run_loop /opt/stack/data/venv/lib/python3.12/site-packages/oslo_service/backend/_threading/loopingcall.py:125}}
May 18 19:52:17.509890 np0000000989 neutron-periodic-workers[91537]: DEBUG dbcounter [-] [91537] Writing DB stats neutron:SELECT=1 {{(pid=91537) stat_writer /opt/stack/data/venv/lib/python3.12/site-packages/dbcounter.py:115}}
May 18 19:52:24.521463 np0000000989 neutron-periodic-workers[91532]: DEBUG oslo.service.backend._threading.loopingcall [None req-13dca374-51c2-4770-bb0c-0555b1a5d939 None None] Fixed interval looping call 'neutron.plugins.ml2.plugin.DhcpAgentSchedulerDbMixin.remove_networks_from_down_agents' sleeping for 36.98 seconds {{(pid=91532) _run_loop /opt/stack/data/venv/lib/python3.12/site-packages/oslo_service/backend/_threading/loopingcall.py:125}}
May 18 19:52:34.514561 np0000000989 neutron-periodic-workers[91532]: DEBUG dbcounter [-] [91532] Writing DB stats neutron:SELECT=3 {{(pid=91532) stat_writer /opt/stack/data/venv/lib/python3.12/site-packages/dbcounter.py:115}}
May 18 19:52:45.147116 np0000000989 neutron-periodic-workers[91537]: DEBUG neutron.db.agents_db [None req-c08bd538-800f-4934-ad81-84add3cd2dec None None] Agent healthcheck: found 0 active agents {{(pid=91537) agent_health_check /opt/stack/neutron/neutron/db/agents_db.py:322}}
May 18 19:52:45.147116 np0000000989 neutron-periodic-workers[91537]: DEBUG oslo.service.backend._threading.loopingcall [None req-c08bd538-800f-4934-ad81-84add3cd2dec None None] Fixed interval looping call 'neutron.plugins.ml2.plugin.AgentDbMixin.agent_health_check' sleeping for 37.00 seconds {{(pid=91537) _run_loop /opt/stack/data/venv/lib/python3.12/site-packages/oslo_service/backend/_threading/loopingcall.py:125}}
May 18 19:52:53.558481 np0000000989 neutron-periodic-workers[91564]: DEBUG oslo.service.backend._threading.loopingcall [None req-32a43926-258b-47d1-a388-7ab57f4f8dbb None None] Fixed interval looping call 'neutron.services.ovn_l3.plugin.L3_NAT_dbonly_mixin._clean_garbage' sleeping for 299.99 seconds {{(pid=91564) _run_loop /opt/stack/data/venv/lib/python3.12/site-packages/oslo_service/backend/_threading/loopingcall.py:125}}
May 18 19:52:54.513477 np0000000989 neutron-periodic-workers[91537]: DEBUG dbcounter [-] [91537] Writing DB stats neutron:SELECT=1 {{(pid=91537) stat_writer /opt/stack/data/venv/lib/python3.12/site-packages/dbcounter.py:115}}
May 18 19:53:01.523748 np0000000989 neutron-periodic-workers[91532]: DEBUG oslo.service.backend._threading.loopingcall [None req-13dca374-51c2-4770-bb0c-0555b1a5d939 None None] Fixed interval looping call 'neutron.plugins.ml2.plugin.DhcpAgentSchedulerDbMixin.remove_networks_from_down_agents' sleeping for 36.98 seconds {{(pid=91532) _run_loop /opt/stack/data/venv/lib/python3.12/site-packages/oslo_service/backend/_threading/loopingcall.py:125}}
May 18 19:53:03.553160 np0000000989 neutron-periodic-workers[91564]: DEBUG dbcounter [-] [91564] Writing DB stats neutron:SELECT=1 {{(pid=91564) stat_writer /opt/stack/data/venv/lib/python3.12/site-packages/dbcounter.py:115}}
May 18 19:53:11.518064 np0000000989 neutron-periodic-workers[91532]: DEBUG dbcounter [-] [91532] Writing DB stats neutron:SELECT=3 {{(pid=91532) stat_writer /opt/stack/data/venv/lib/python3.12/site-packages/dbcounter.py:115}}
May 18 19:53:21.520855 np0000000989 neutron-periodic-workers[91537]: DEBUG neutron.db.agents_db [None req-c08bd538-800f-4934-ad81-84add3cd2dec None None] Agent healthcheck: found 0 active agents {{(pid=91537) agent_health_check /opt/stack/neutron/neutron/db/agents_db.py:322}}
May 18 19:53:21.521318 np0000000989 neutron-periodic-workers[91537]: DEBUG oslo.service.backend._threading.loopingcall [None req-c08bd538-800f-4934-ad81-84add3cd2dec None None] Fixed interval looping call 'neutron.plugins.ml2.plugin.AgentDbMixin.agent_health_check' sleeping for 37.00 seconds {{(pid=91537) _run_loop /opt/stack/data/venv/lib/python3.12/site-packages/oslo_service/backend/_threading/loopingcall.py:125}}
May 18 19:53:31.518722 np0000000989 neutron-periodic-workers[91537]: DEBUG dbcounter [-] [91537] Writing DB stats neutron:SELECT=1 {{(pid=91537) stat_writer /opt/stack/data/venv/lib/python3.12/site-packages/dbcounter.py:115}}
May 18 19:53:38.511387 np0000000989 neutron-periodic-workers[91532]: DEBUG oslo.service.backend._threading.loopingcall [None req-13dca374-51c2-4770-bb0c-0555b1a5d939 None None] Fixed interval looping call 'neutron.plugins.ml2.plugin.DhcpAgentSchedulerDbMixin.remove_networks_from_down_agents' sleeping for 36.99 seconds {{(pid=91532) _run_loop /opt/stack/data/venv/lib/python3.12/site-packages/oslo_service/backend/_threading/loopingcall.py:125}}
May 18 19:53:48.510340 np0000000989 neutron-periodic-workers[91532]: DEBUG dbcounter [-] [91532] Writing DB stats neutron:SELECT=3 {{(pid=91532) stat_writer /opt/stack/data/venv/lib/python3.12/site-packages/dbcounter.py:115}}
May 18 19:53:56.536865 np0000000989 neutron-periodic-workers[91546]: DEBUG oslo.service.backend._threading.loopingcall [None req-bc14746e-8b7b-455e-b6dd-efc7f8594272 None None] Fixed interval looping call 'neutron.db.quota.driver_nolock.DbQuotaNoLockDriver._remove_expired_reservations' sleeping for 120.00 seconds {{(pid=91546) _run_loop /opt/stack/data/venv/lib/python3.12/site-packages/oslo_service/backend/_threading/loopingcall.py:125}}
May 18 19:53:58.527538 np0000000989 neutron-periodic-workers[91537]: DEBUG neutron.db.agents_db [None req-c08bd538-800f-4934-ad81-84add3cd2dec None None] Agent healthcheck: found 0 active agents {{(pid=91537) agent_health_check /opt/stack/neutron/neutron/db/agents_db.py:322}}
May 18 19:53:58.527538 np0000000989 neutron-periodic-workers[91537]: DEBUG oslo.service.backend._threading.loopingcall [None req-c08bd538-800f-4934-ad81-84add3cd2dec None None] Fixed interval looping call 'neutron.plugins.ml2.plugin.AgentDbMixin.agent_health_check' sleeping for 37.00 seconds {{(pid=91537) _run_loop /opt/stack/data/venv/lib/python3.12/site-packages/oslo_service/backend/_threading/loopingcall.py:125}}
May 18 19:54:06.538733 np0000000989 neutron-periodic-workers[91546]: DEBUG dbcounter [-] [91546] Writing DB stats neutron:DELETE=1 {{(pid=91546) stat_writer /opt/stack/data/venv/lib/python3.12/site-packages/dbcounter.py:115}}
May 18 19:54:08.526941 np0000000989 neutron-periodic-workers[91537]: DEBUG dbcounter [-] [91537] Writing DB stats neutron:SELECT=1 {{(pid=91537) stat_writer /opt/stack/data/venv/lib/python3.12/site-packages/dbcounter.py:115}}
May 18 19:54:15.508284 np0000000989 neutron-periodic-workers[91532]: DEBUG oslo.service.backend._threading.loopingcall [None req-13dca374-51c2-4770-bb0c-0555b1a5d939 None None] Fixed interval looping call 'neutron.plugins.ml2.plugin.DhcpAgentSchedulerDbMixin.remove_networks_from_down_agents' sleeping for 36.99 seconds {{(pid=91532) _run_loop /opt/stack/data/venv/lib/python3.12/site-packages/oslo_service/backend/_threading/loopingcall.py:125}}
May 18 19:54:25.507271 np0000000989 neutron-periodic-workers[91532]: DEBUG dbcounter [-] [91532] Writing DB stats neutron:SELECT=3 {{(pid=91532) stat_writer /opt/stack/data/venv/lib/python3.12/site-packages/dbcounter.py:115}}
May 18 19:54:35.531457 np0000000989 neutron-periodic-workers[91537]: DEBUG neutron.db.agents_db [None req-c08bd538-800f-4934-ad81-84add3cd2dec None None] Agent healthcheck: found 0 active agents {{(pid=91537) agent_health_check /opt/stack/neutron/neutron/db/agents_db.py:322}}
May 18 19:54:35.531944 np0000000989 neutron-periodic-workers[91537]: DEBUG oslo.service.backend._threading.loopingcall [None req-c08bd538-800f-4934-ad81-84add3cd2dec None None] Fixed interval looping call 'neutron.plugins.ml2.plugin.AgentDbMixin.agent_health_check' sleeping for 37.00 seconds {{(pid=91537) _run_loop /opt/stack/data/venv/lib/python3.12/site-packages/oslo_service/backend/_threading/loopingcall.py:125}}
May 18 19:54:45.530637 np0000000989 neutron-periodic-workers[91537]: DEBUG dbcounter [-] [91537] Writing DB stats neutron:SELECT=1 {{(pid=91537) stat_writer /opt/stack/data/venv/lib/python3.12/site-packages/dbcounter.py:115}}
May 18 19:54:52.507072 np0000000989 neutron-periodic-workers[91532]: DEBUG oslo.service.backend._threading.loopingcall [None req-13dca374-51c2-4770-bb0c-0555b1a5d939 None None] Fixed interval looping call 'neutron.plugins.ml2.plugin.DhcpAgentSchedulerDbMixin.remove_networks_from_down_agents' sleeping for 36.99 seconds {{(pid=91532) _run_loop /opt/stack/data/venv/lib/python3.12/site-packages/oslo_service/backend/_threading/loopingcall.py:125}}
May 18 19:55:02.507402 np0000000989 neutron-periodic-workers[91532]: DEBUG dbcounter [-] [91532] Writing DB stats neutron:SELECT=3 {{(pid=91532) stat_writer /opt/stack/data/venv/lib/python3.12/site-packages/dbcounter.py:115}}
