Jul 06 23:46:28.514688 np0000004688 nova-scheduler[96341]: DEBUG cotyledon.oslo_config_glue [-] oslo_messaging_metrics.metrics_socket_file = /var/tmp/metrics_collector.sock {{(pid=96341) log_opt_values /opt/stack/data/venv/lib/python3.12/site-packages/oslo_config/cfg.py:3253}}
Jul 06 23:46:28.514759 np0000004688 nova-scheduler[96341]: DEBUG cotyledon.oslo_config_glue [-] oslo_messaging_metrics.metrics_thread_stop_timeout = 10 {{(pid=96341) log_opt_values /opt/stack/data/venv/lib/python3.12/site-packages/oslo_config/cfg.py:3253}}
Jul 06 23:46:28.514827 np0000004688 nova-scheduler[96341]: DEBUG cotyledon.oslo_config_glue [-] profiler.connection_string = messaging:// {{(pid=96341) log_opt_values /opt/stack/data/venv/lib/python3.12/site-packages/oslo_config/cfg.py:3253}}
Jul 06 23:46:28.514883 np0000004688 nova-scheduler[96341]: DEBUG cotyledon.oslo_config_glue [-] profiler.enabled = False {{(pid=96341) log_opt_values /opt/stack/data/venv/lib/python3.12/site-packages/oslo_config/cfg.py:3253}}
Jul 06 23:46:28.514934 np0000004688 nova-scheduler[96341]: DEBUG cotyledon.oslo_config_glue [-] profiler.es_doc_type = notification {{(pid=96341) log_opt_values /opt/stack/data/venv/lib/python3.12/site-packages/oslo_config/cfg.py:3253}}
Jul 06 23:46:28.515010 np0000004688 nova-scheduler[96341]: DEBUG cotyledon.oslo_config_glue [-] profiler.es_scroll_size = 10000 {{(pid=96341) log_opt_values /opt/stack/data/venv/lib/python3.12/site-packages/oslo_config/cfg.py:3253}}
Jul 06 23:46:28.515073 np0000004688 nova-scheduler[96341]: DEBUG cotyledon.oslo_config_glue [-] profiler.es_scroll_time = 2m {{(pid=96341) log_opt_values /opt/stack/data/venv/lib/python3.12/site-packages/oslo_config/cfg.py:3253}}
Jul 06 23:46:28.515119 np0000004688 nova-scheduler[96341]: DEBUG cotyledon.oslo_config_glue [-] profiler.filter_error_trace = False {{(pid=96341) log_opt_values /opt/stack/data/venv/lib/python3.12/site-packages/oslo_config/cfg.py:3253}}
Jul 06 23:46:28.515169 np0000004688 nova-scheduler[96341]: DEBUG cotyledon.oslo_config_glue [-] profiler.hmac_keys = **** {{(pid=96341) log_opt_values /opt/stack/data/venv/lib/python3.12/site-packages/oslo_config/cfg.py:3253}}
Jul 06 23:46:28.515208 np0000004688 nova-scheduler[96341]: DEBUG cotyledon.oslo_config_glue [-] profiler.sentinel_service_name = mymaster {{(pid=96341) log_opt_values /opt/stack/data/venv/lib/python3.12/site-packages/oslo_config/cfg.py:3253}}
Jul 06 23:46:28.515263 np0000004688 nova-scheduler[96341]: DEBUG cotyledon.oslo_config_glue [-] profiler.socket_timeout = 0.1 {{(pid=96341) log_opt_values /opt/stack/data/venv/lib/python3.12/site-packages/oslo_config/cfg.py:3253}}
Jul 06 23:46:28.515320 np0000004688 nova-scheduler[96341]: DEBUG cotyledon.oslo_config_glue [-] profiler.trace_requests = False {{(pid=96341) log_opt_values /opt/stack/data/venv/lib/python3.12/site-packages/oslo_config/cfg.py:3253}}
Jul 06 23:46:28.515372 np0000004688 nova-scheduler[96341]: DEBUG cotyledon.oslo_config_glue [-] profiler.trace_sqlalchemy = False {{(pid=96341) log_opt_values /opt/stack/data/venv/lib/python3.12/site-packages/oslo_config/cfg.py:3253}}
Jul 06 23:46:28.515437 np0000004688 nova-scheduler[96341]: DEBUG cotyledon.oslo_config_glue [-] profiler_jaeger.process_tags = {} {{(pid=96341) log_opt_values /opt/stack/data/venv/lib/python3.12/site-packages/oslo_config/cfg.py:3253}}
Jul 06 23:46:28.515502 np0000004688 nova-scheduler[96341]: DEBUG cotyledon.oslo_config_glue [-] profiler_jaeger.service_name_prefix = None {{(pid=96341) log_opt_values /opt/stack/data/venv/lib/python3.12/site-packages/oslo_config/cfg.py:3253}}
Jul 06 23:46:28.515584 np0000004688 nova-scheduler[96341]: DEBUG cotyledon.oslo_config_glue [-] profiler_otlp.service_name_prefix = None {{(pid=96341) log_opt_values /opt/stack/data/venv/lib/python3.12/site-packages/oslo_config/cfg.py:3253}}
Jul 06 23:46:28.515687 np0000004688 nova-scheduler[96341]: DEBUG cotyledon.oslo_config_glue [-] oslo_messaging_rabbit.amqp_auto_delete = False {{(pid=96341) log_opt_values /opt/stack/data/venv/lib/python3.12/site-packages/oslo_config/cfg.py:3253}}
Jul 06 23:46:28.515756 np0000004688 nova-scheduler[96341]: DEBUG cotyledon.oslo_config_glue [-] oslo_messaging_rabbit.amqp_durable_queues = False {{(pid=96341) log_opt_values /opt/stack/data/venv/lib/python3.12/site-packages/oslo_config/cfg.py:3253}}
Jul 06 23:46:28.515829 np0000004688 nova-scheduler[96341]: DEBUG cotyledon.oslo_config_glue [-] oslo_messaging_rabbit.conn_pool_min_size = 2 {{(pid=96341) log_opt_values /opt/stack/data/venv/lib/python3.12/site-packages/oslo_config/cfg.py:3253}}
Jul 06 23:46:28.515897 np0000004688 nova-scheduler[96341]: DEBUG cotyledon.oslo_config_glue [-] oslo_messaging_rabbit.conn_pool_ttl = 1200 {{(pid=96341) log_opt_values /opt/stack/data/venv/lib/python3.12/site-packages/oslo_config/cfg.py:3253}}
Jul 06 23:46:28.515957 np0000004688 nova-scheduler[96341]: DEBUG cotyledon.oslo_config_glue [-] oslo_messaging_rabbit.direct_mandatory_flag = True {{(pid=96341) log_opt_values /opt/stack/data/venv/lib/python3.12/site-packages/oslo_config/cfg.py:3253}}
Jul 06 23:46:28.516017 np0000004688 nova-scheduler[96341]: DEBUG cotyledon.oslo_config_glue [-] oslo_messaging_rabbit.enable_cancel_on_failover = False {{(pid=96341) log_opt_values /opt/stack/data/venv/lib/python3.12/site-packages/oslo_config/cfg.py:3253}}
Jul 06 23:46:28.516079 np0000004688 nova-scheduler[96341]: DEBUG cotyledon.oslo_config_glue [-] oslo_messaging_rabbit.heartbeat_rate = 3 {{(pid=96341) log_opt_values /opt/stack/data/venv/lib/python3.12/site-packages/oslo_config/cfg.py:3253}}
Jul 06 23:46:28.516137 np0000004688 nova-scheduler[96341]: DEBUG cotyledon.oslo_config_glue [-] oslo_messaging_rabbit.heartbeat_timeout_threshold = 60 {{(pid=96341) log_opt_values /opt/stack/data/venv/lib/python3.12/site-packages/oslo_config/cfg.py:3253}}
Jul 06 23:46:28.516198 np0000004688 nova-scheduler[96341]: DEBUG cotyledon.oslo_config_glue [-] oslo_messaging_rabbit.hostname = np0000004688 {{(pid=96341) log_opt_values /opt/stack/data/venv/lib/python3.12/site-packages/oslo_config/cfg.py:3253}}
Jul 06 23:46:28.516260 np0000004688 nova-scheduler[96341]: DEBUG cotyledon.oslo_config_glue [-] oslo_messaging_rabbit.kombu_compression = None {{(pid=96341) log_opt_values /opt/stack/data/venv/lib/python3.12/site-packages/oslo_config/cfg.py:3253}}
Jul 06 23:46:28.516332 np0000004688 nova-scheduler[96341]: DEBUG cotyledon.oslo_config_glue [-] oslo_messaging_rabbit.kombu_failover_strategy = round-robin {{(pid=96341) log_opt_values /opt/stack/data/venv/lib/python3.12/site-packages/oslo_config/cfg.py:3253}}
Jul 06 23:46:28.516392 np0000004688 nova-scheduler[96341]: DEBUG cotyledon.oslo_config_glue [-] oslo_messaging_rabbit.kombu_missing_consumer_retry_timeout = 60 {{(pid=96341) log_opt_values /opt/stack/data/venv/lib/python3.12/site-packages/oslo_config/cfg.py:3253}}
Jul 06 23:46:28.516462 np0000004688 nova-scheduler[96341]: DEBUG cotyledon.oslo_config_glue [-] oslo_messaging_rabbit.kombu_reconnect_delay = 1.0 {{(pid=96341) log_opt_values /opt/stack/data/venv/lib/python3.12/site-packages/oslo_config/cfg.py:3253}}
Jul 06 23:46:28.516525 np0000004688 nova-scheduler[96341]: DEBUG cotyledon.oslo_config_glue [-] oslo_messaging_rabbit.kombu_reconnect_splay = 0.0 {{(pid=96341) log_opt_values /opt/stack/data/venv/lib/python3.12/site-packages/oslo_config/cfg.py:3253}}
Jul 06 23:46:28.516627 np0000004688 nova-scheduler[96341]: DEBUG cotyledon.oslo_config_glue [-] oslo_messaging_rabbit.processname = nova-scheduler {{(pid=96341) log_opt_values /opt/stack/data/venv/lib/python3.12/site-packages/oslo_config/cfg.py:3253}}
Jul 06 23:46:28.516691 np0000004688 nova-scheduler[96341]: DEBUG cotyledon.oslo_config_glue [-] oslo_messaging_rabbit.rabbit_ha_queues = False {{(pid=96341) log_opt_values /opt/stack/data/venv/lib/python3.12/site-packages/oslo_config/cfg.py:3253}}
Jul 06 23:46:28.516751 np0000004688 nova-scheduler[96341]: DEBUG cotyledon.oslo_config_glue [-] oslo_messaging_rabbit.rabbit_interval_max = 30 {{(pid=96341) log_opt_values /opt/stack/data/venv/lib/python3.12/site-packages/oslo_config/cfg.py:3253}}
Jul 06 23:46:28.516809 np0000004688 nova-scheduler[96341]: DEBUG cotyledon.oslo_config_glue [-] oslo_messaging_rabbit.rabbit_login_method = AMQPLAIN {{(pid=96341) log_opt_values /opt/stack/data/venv/lib/python3.12/site-packages/oslo_config/cfg.py:3253}}
Jul 06 23:46:28.516851 np0000004688 nova-scheduler[96341]: DEBUG cotyledon.oslo_config_glue [-] oslo_messaging_rabbit.rabbit_qos_prefetch_count = 0 {{(pid=96341) log_opt_values /opt/stack/data/venv/lib/python3.12/site-packages/oslo_config/cfg.py:3253}}
Jul 06 23:46:28.516916 np0000004688 nova-scheduler[96341]: DEBUG cotyledon.oslo_config_glue [-] oslo_messaging_rabbit.rabbit_quorum_delivery_limit = 0 {{(pid=96341) log_opt_values /opt/stack/data/venv/lib/python3.12/site-packages/oslo_config/cfg.py:3253}}
Jul 06 23:46:28.516975 np0000004688 nova-scheduler[96341]: DEBUG cotyledon.oslo_config_glue [-] oslo_messaging_rabbit.rabbit_quorum_max_memory_bytes = 0 {{(pid=96341) log_opt_values /opt/stack/data/venv/lib/python3.12/site-packages/oslo_config/cfg.py:3253}}
Jul 06 23:46:28.517030 np0000004688 nova-scheduler[96341]: DEBUG cotyledon.oslo_config_glue [-] oslo_messaging_rabbit.rabbit_quorum_max_memory_length = 0 {{(pid=96341) log_opt_values /opt/stack/data/venv/lib/python3.12/site-packages/oslo_config/cfg.py:3253}}
Jul 06 23:46:28.517081 np0000004688 nova-scheduler[96341]: DEBUG cotyledon.oslo_config_glue [-] oslo_messaging_rabbit.rabbit_quorum_queue = False {{(pid=96341) log_opt_values /opt/stack/data/venv/lib/python3.12/site-packages/oslo_config/cfg.py:3253}}
Jul 06 23:46:28.517134 np0000004688 nova-scheduler[96341]: DEBUG cotyledon.oslo_config_glue [-] oslo_messaging_rabbit.rabbit_retry_backoff = 2 {{(pid=96341) log_opt_values /opt/stack/data/venv/lib/python3.12/site-packages/oslo_config/cfg.py:3253}}
Jul 06 23:46:28.517195 np0000004688 nova-scheduler[96341]: DEBUG cotyledon.oslo_config_glue [-] oslo_messaging_rabbit.rabbit_retry_interval = 1 {{(pid=96341) log_opt_values /opt/stack/data/venv/lib/python3.12/site-packages/oslo_config/cfg.py:3253}}
Jul 06 23:46:28.517255 np0000004688 nova-scheduler[96341]: DEBUG cotyledon.oslo_config_glue [-] oslo_messaging_rabbit.rabbit_stream_fanout = False {{(pid=96341) log_opt_values /opt/stack/data/venv/lib/python3.12/site-packages/oslo_config/cfg.py:3253}}
Jul 06 23:46:28.517307 np0000004688 nova-scheduler[96341]: DEBUG cotyledon.oslo_config_glue [-] oslo_messaging_rabbit.rabbit_transient_queues_ttl = 1800 {{(pid=96341) log_opt_values /opt/stack/data/venv/lib/python3.12/site-packages/oslo_config/cfg.py:3253}}
Jul 06 23:46:28.517357 np0000004688 nova-scheduler[96341]: DEBUG cotyledon.oslo_config_glue [-] oslo_messaging_rabbit.rabbit_transient_quorum_queue = False {{(pid=96341) log_opt_values /opt/stack/data/venv/lib/python3.12/site-packages/oslo_config/cfg.py:3253}}
Jul 06 23:46:28.517413 np0000004688 nova-scheduler[96341]: DEBUG cotyledon.oslo_config_glue [-] oslo_messaging_rabbit.rpc_conn_pool_size = 30 {{(pid=96341) log_opt_values /opt/stack/data/venv/lib/python3.12/site-packages/oslo_config/cfg.py:3253}}
Jul 06 23:46:28.517478 np0000004688 nova-scheduler[96341]: DEBUG cotyledon.oslo_config_glue [-] oslo_messaging_rabbit.ssl = False {{(pid=96341) log_opt_values /opt/stack/data/venv/lib/python3.12/site-packages/oslo_config/cfg.py:3253}}
Jul 06 23:46:28.517547 np0000004688 nova-scheduler[96341]: DEBUG cotyledon.oslo_config_glue [-] oslo_messaging_rabbit.ssl_ca_file = {{(pid=96341) log_opt_values /opt/stack/data/venv/lib/python3.12/site-packages/oslo_config/cfg.py:3253}}
Jul 06 23:46:28.517626 np0000004688 nova-scheduler[96341]: DEBUG cotyledon.oslo_config_glue [-] oslo_messaging_rabbit.ssl_cert_file = {{(pid=96341) log_opt_values /opt/stack/data/venv/lib/python3.12/site-packages/oslo_config/cfg.py:3253}}
Jul 06 23:46:28.517678 np0000004688 nova-scheduler[96341]: DEBUG cotyledon.oslo_config_glue [-] oslo_messaging_rabbit.ssl_enforce_fips_mode = False {{(pid=96341) log_opt_values /opt/stack/data/venv/lib/python3.12/site-packages/oslo_config/cfg.py:3253}}
Jul 06 23:46:28.517738 np0000004688 nova-scheduler[96341]: DEBUG cotyledon.oslo_config_glue [-] oslo_messaging_rabbit.ssl_enforce_hostname_verification = True {{(pid=96341) log_opt_values /opt/stack/data/venv/lib/python3.12/site-packages/oslo_config/cfg.py:3253}}
Jul 06 23:46:28.517797 np0000004688 nova-scheduler[96341]: DEBUG cotyledon.oslo_config_glue [-] oslo_messaging_rabbit.ssl_key_file = {{(pid=96341) log_opt_values /opt/stack/data/venv/lib/python3.12/site-packages/oslo_config/cfg.py:3253}}
Jul 06 23:46:28.517864 np0000004688 nova-scheduler[96341]: DEBUG cotyledon.oslo_config_glue [-] oslo_messaging_rabbit.ssl_version = {{(pid=96341) log_opt_values /opt/stack/data/venv/lib/python3.12/site-packages/oslo_config/cfg.py:3253}}
Jul 06 23:46:28.517921 np0000004688 nova-scheduler[96341]: DEBUG cotyledon.oslo_config_glue [-] oslo_messaging_rabbit.use_queue_manager = False {{(pid=96341) log_opt_values /opt/stack/data/venv/lib/python3.12/site-packages/oslo_config/cfg.py:3253}}
Jul 06 23:46:28.517999 np0000004688 nova-scheduler[96341]: DEBUG cotyledon.oslo_config_glue [-] oslo_messaging_notifications.driver = ['messagingv2'] {{(pid=96341) log_opt_values /opt/stack/data/venv/lib/python3.12/site-packages/oslo_config/cfg.py:3253}}
Jul 06 23:46:28.518057 np0000004688 nova-scheduler[96341]: DEBUG cotyledon.oslo_config_glue [-] oslo_messaging_notifications.retry = -1 {{(pid=96341) log_opt_values /opt/stack/data/venv/lib/python3.12/site-packages/oslo_config/cfg.py:3253}}
Jul 06 23:46:28.518125 np0000004688 nova-scheduler[96341]: DEBUG cotyledon.oslo_config_glue [-] oslo_messaging_notifications.topics = ['notifications'] {{(pid=96341) log_opt_values /opt/stack/data/venv/lib/python3.12/site-packages/oslo_config/cfg.py:3253}}
Jul 06 23:46:28.518178 np0000004688 nova-scheduler[96341]: DEBUG cotyledon.oslo_config_glue [-] oslo_messaging_notifications.transport_url = **** {{(pid=96341) log_opt_values /opt/stack/data/venv/lib/python3.12/site-packages/oslo_config/cfg.py:3253}}
Jul 06 23:46:28.518261 np0000004688 nova-scheduler[96341]: DEBUG cotyledon.oslo_config_glue [-] oslo_limit.auth_section = None {{(pid=96341) log_opt_values /opt/stack/data/venv/lib/python3.12/site-packages/oslo_config/cfg.py:3253}}
Jul 06 23:46:28.518335 np0000004688 nova-scheduler[96341]: DEBUG cotyledon.oslo_config_glue [-] oslo_limit.auth_type = None {{(pid=96341) log_opt_values /opt/stack/data/venv/lib/python3.12/site-packages/oslo_config/cfg.py:3253}}
Jul 06 23:46:28.518403 np0000004688 nova-scheduler[96341]: DEBUG cotyledon.oslo_config_glue [-] oslo_limit.cafile = None {{(pid=96341) log_opt_values /opt/stack/data/venv/lib/python3.12/site-packages/oslo_config/cfg.py:3253}}
Jul 06 23:46:28.518459 np0000004688 nova-scheduler[96341]: DEBUG cotyledon.oslo_config_glue [-] oslo_limit.certfile = None {{(pid=96341) log_opt_values /opt/stack/data/venv/lib/python3.12/site-packages/oslo_config/cfg.py:3253}}
Jul 06 23:46:28.518510 np0000004688 nova-scheduler[96341]: DEBUG cotyledon.oslo_config_glue [-] oslo_limit.collect_timing = False {{(pid=96341) log_opt_values /opt/stack/data/venv/lib/python3.12/site-packages/oslo_config/cfg.py:3253}}
Jul 06 23:46:28.518611 np0000004688 nova-scheduler[96341]: DEBUG cotyledon.oslo_config_glue [-] oslo_limit.connect_retries = None {{(pid=96341) log_opt_values /opt/stack/data/venv/lib/python3.12/site-packages/oslo_config/cfg.py:3253}}
Jul 06 23:46:28.518677 np0000004688 nova-scheduler[96341]: DEBUG cotyledon.oslo_config_glue [-] oslo_limit.connect_retry_delay = None {{(pid=96341) log_opt_values /opt/stack/data/venv/lib/python3.12/site-packages/oslo_config/cfg.py:3253}}
Jul 06 23:46:28.518734 np0000004688 nova-scheduler[96341]: DEBUG cotyledon.oslo_config_glue [-] oslo_limit.endpoint_id = None {{(pid=96341) log_opt_values /opt/stack/data/venv/lib/python3.12/site-packages/oslo_config/cfg.py:3253}}
Jul 06 23:46:28.518800 np0000004688 nova-scheduler[96341]: DEBUG cotyledon.oslo_config_glue [-] oslo_limit.endpoint_interface = public {{(pid=96341) log_opt_values /opt/stack/data/venv/lib/python3.12/site-packages/oslo_config/cfg.py:3253}}
Jul 06 23:46:28.518844 np0000004688 nova-scheduler[96341]: DEBUG cotyledon.oslo_config_glue [-] oslo_limit.endpoint_override = None {{(pid=96341) log_opt_values /opt/stack/data/venv/lib/python3.12/site-packages/oslo_config/cfg.py:3253}}
Jul 06 23:46:28.518916 np0000004688 nova-scheduler[96341]: DEBUG cotyledon.oslo_config_glue [-] oslo_limit.endpoint_region_name = None {{(pid=96341) log_opt_values /opt/stack/data/venv/lib/python3.12/site-packages/oslo_config/cfg.py:3253}}
Jul 06 23:46:28.518983 np0000004688 nova-scheduler[96341]: DEBUG cotyledon.oslo_config_glue [-] oslo_limit.endpoint_service_name = None {{(pid=96341) log_opt_values /opt/stack/data/venv/lib/python3.12/site-packages/oslo_config/cfg.py:3253}}
Jul 06 23:46:28.519046 np0000004688 nova-scheduler[96341]: DEBUG cotyledon.oslo_config_glue [-] oslo_limit.endpoint_service_type = None {{(pid=96341) log_opt_values /opt/stack/data/venv/lib/python3.12/site-packages/oslo_config/cfg.py:3253}}
Jul 06 23:46:28.519098 np0000004688 nova-scheduler[96341]: DEBUG cotyledon.oslo_config_glue [-] oslo_limit.insecure = False {{(pid=96341) log_opt_values /opt/stack/data/venv/lib/python3.12/site-packages/oslo_config/cfg.py:3253}}
Jul 06 23:46:28.519147 np0000004688 nova-scheduler[96341]: DEBUG cotyledon.oslo_config_glue [-] oslo_limit.keyfile = None {{(pid=96341) log_opt_values /opt/stack/data/venv/lib/python3.12/site-packages/oslo_config/cfg.py:3253}}
Jul 06 23:46:28.519204 np0000004688 nova-scheduler[96341]: DEBUG cotyledon.oslo_config_glue [-] oslo_limit.max_version = None {{(pid=96341) log_opt_values /opt/stack/data/venv/lib/python3.12/site-packages/oslo_config/cfg.py:3253}}
Jul 06 23:46:28.519251 np0000004688 nova-scheduler[96341]: DEBUG cotyledon.oslo_config_glue [-] oslo_limit.min_version = None {{(pid=96341) log_opt_values /opt/stack/data/venv/lib/python3.12/site-packages/oslo_config/cfg.py:3253}}
Jul 06 23:46:28.519320 np0000004688 nova-scheduler[96341]: DEBUG cotyledon.oslo_config_glue [-] oslo_limit.region_name = None {{(pid=96341) log_opt_values /opt/stack/data/venv/lib/python3.12/site-packages/oslo_config/cfg.py:3253}}
Jul 06 23:46:28.519371 np0000004688 nova-scheduler[96341]: DEBUG cotyledon.oslo_config_glue [-] oslo_limit.retriable_status_codes = None {{(pid=96341) log_opt_values /opt/stack/data/venv/lib/python3.12/site-packages/oslo_config/cfg.py:3253}}
Jul 06 23:46:28.519430 np0000004688 nova-scheduler[96341]: DEBUG cotyledon.oslo_config_glue [-] oslo_limit.service_name = None {{(pid=96341) log_opt_values /opt/stack/data/venv/lib/python3.12/site-packages/oslo_config/cfg.py:3253}}
Jul 06 23:46:28.519490 np0000004688 nova-scheduler[96341]: DEBUG cotyledon.oslo_config_glue [-] oslo_limit.service_type = None {{(pid=96341) log_opt_values /opt/stack/data/venv/lib/python3.12/site-packages/oslo_config/cfg.py:3253}}
Jul 06 23:46:28.519608 np0000004688 nova-scheduler[96341]: DEBUG cotyledon.oslo_config_glue [-] oslo_limit.split_loggers = False {{(pid=96341) log_opt_values /opt/stack/data/venv/lib/python3.12/site-packages/oslo_config/cfg.py:3253}}
Jul 06 23:46:28.519658 np0000004688 nova-scheduler[96341]: DEBUG cotyledon.oslo_config_glue [-] oslo_limit.status_code_retries = None {{(pid=96341) log_opt_values /opt/stack/data/venv/lib/python3.12/site-packages/oslo_config/cfg.py:3253}}
Jul 06 23:46:28.519709 np0000004688 nova-scheduler[96341]: DEBUG cotyledon.oslo_config_glue [-] oslo_limit.status_code_retry_delay = None {{(pid=96341) log_opt_values /opt/stack/data/venv/lib/python3.12/site-packages/oslo_config/cfg.py:3253}}
Jul 06 23:46:28.519746 np0000004688 nova-scheduler[96341]: DEBUG cotyledon.oslo_config_glue [-] oslo_limit.timeout = None {{(pid=96341) log_opt_values /opt/stack/data/venv/lib/python3.12/site-packages/oslo_config/cfg.py:3253}}
Jul 06 23:46:28.519787 np0000004688 nova-scheduler[96341]: DEBUG cotyledon.oslo_config_glue [-] oslo_limit.valid_interfaces = None {{(pid=96341) log_opt_values /opt/stack/data/venv/lib/python3.12/site-packages/oslo_config/cfg.py:3253}}
Jul 06 23:46:28.519839 np0000004688 nova-scheduler[96341]: DEBUG cotyledon.oslo_config_glue [-] oslo_limit.version = None {{(pid=96341) log_opt_values /opt/stack/data/venv/lib/python3.12/site-packages/oslo_config/cfg.py:3253}}
Jul 06 23:46:28.519932 np0000004688 nova-scheduler[96341]: DEBUG cotyledon.oslo_config_glue [-] oslo_reports.file_event_handler = None {{(pid=96341) log_opt_values /opt/stack/data/venv/lib/python3.12/site-packages/oslo_config/cfg.py:3253}}
Jul 06 23:46:28.519990 np0000004688 nova-scheduler[96341]: DEBUG cotyledon.oslo_config_glue [-] oslo_reports.file_event_handler_interval = 1 {{(pid=96341) log_opt_values /opt/stack/data/venv/lib/python3.12/site-packages/oslo_config/cfg.py:3253}}
Jul 06 23:46:28.520050 np0000004688 nova-scheduler[96341]: DEBUG cotyledon.oslo_config_glue [-] oslo_reports.log_dir = None {{(pid=96341) log_opt_values /opt/stack/data/venv/lib/python3.12/site-packages/oslo_config/cfg.py:3253}}
Jul 06 23:46:28.520103 np0000004688 nova-scheduler[96341]: DEBUG cotyledon.oslo_config_glue [-] ******************************************************************************** {{(pid=96341) log_opt_values /opt/stack/data/venv/lib/python3.12/site-packages/oslo_config/cfg.py:3260}}
Jul 06 23:46:28.520283 np0000004688 nova-scheduler[96341]: DEBUG cotyledon._service_worker [-] Run service ServiceWrapper(3) [96341] {{(pid=96341) wait_forever /opt/stack/data/venv/lib/python3.12/site-packages/cotyledon/_service_worker.py:218}}
Jul 06 23:46:28.521877 np0000004688 nova-scheduler[96341]: INFO nova.service [-] Starting scheduler node (version 33.1.0)
Jul 06 23:46:28.524312 np0000004688 nova-scheduler[96329]: DEBUG nova.service [None req-78e74b00-41fb-42a1-a7d1-a611efbcbf93 None None] Creating RPC server for service: nova-scheduler on topic: scheduler {{(pid=96329) start /opt/stack/nova/nova/service.py:196}}
Jul 06 23:46:28.527323 np0000004688 nova-scheduler[96341]: INFO dbcounter [None req-6ca9eedf-edaf-4eff-a788-42d16ab69411 None None] Registered counter for database nova_cell0
Jul 06 23:46:28.534113 np0000004688 nova-scheduler[96337]: DEBUG oslo_db.sqlalchemy.engines [None req-bf4d9ebc-e3b5-465f-aa4d-165dab4e0acf None None] MySQL server mode set to STRICT_TRANS_TABLES,STRICT_ALL_TABLES,NO_ZERO_IN_DATE,NO_ZERO_DATE,ERROR_FOR_DIVISION_BY_ZERO,TRADITIONAL,NO_ENGINE_SUBSTITUTION {{(pid=96337) _check_effective_sql_mode /opt/stack/data/venv/lib/python3.12/site-packages/oslo_db/sqlalchemy/engines.py:325}}
Jul 06 23:46:28.540869 np0000004688 nova-scheduler[96335]: DEBUG oslo_db.sqlalchemy.engines [None req-803566ab-be24-4c1f-a66a-a3058312e967 None None] MySQL server mode set to STRICT_TRANS_TABLES,STRICT_ALL_TABLES,NO_ZERO_IN_DATE,NO_ZERO_DATE,ERROR_FOR_DIVISION_BY_ZERO,TRADITIONAL,NO_ENGINE_SUBSTITUTION {{(pid=96335) _check_effective_sql_mode /opt/stack/data/venv/lib/python3.12/site-packages/oslo_db/sqlalchemy/engines.py:325}}
Jul 06 23:46:28.544275 np0000004688 nova-scheduler[96337]: DEBUG dbcounter [-] [96337] Writer thread running {{(pid=96337) stat_writer /opt/stack/data/venv/lib/python3.12/site-packages/dbcounter.py:102}}
Jul 06 23:46:28.547571 np0000004688 nova-scheduler[96337]: DEBUG nova.service [None req-bf4d9ebc-e3b5-465f-aa4d-165dab4e0acf None None] Creating RPC server for service: nova-scheduler on topic: scheduler {{(pid=96337) start /opt/stack/nova/nova/service.py:196}}
Jul 06 23:46:28.550193 np0000004688 nova-scheduler[96335]: DEBUG dbcounter [-] [96335] Writer thread running {{(pid=96335) stat_writer /opt/stack/data/venv/lib/python3.12/site-packages/dbcounter.py:102}}
Jul 06 23:46:28.553177 np0000004688 nova-scheduler[96335]: DEBUG nova.service [None req-803566ab-be24-4c1f-a66a-a3058312e967 None None] Creating RPC server for service: nova-scheduler on topic: scheduler {{(pid=96335) start /opt/stack/nova/nova/service.py:196}}
Jul 06 23:46:28.553494 np0000004688 nova-scheduler[96329]: DEBUG nova.service [None req-78e74b00-41fb-42a1-a7d1-a611efbcbf93 None None] Join ServiceGroup membership for this service scheduler {{(pid=96329) start /opt/stack/nova/nova/service.py:222}}
Jul 06 23:46:28.553791 np0000004688 nova-scheduler[96329]: DEBUG nova.servicegroup.drivers.db [None req-78e74b00-41fb-42a1-a7d1-a611efbcbf93 None None] DB_Driver: join new ServiceGroup member np0000004688 to the scheduler group, service = {{(pid=96329) join /opt/stack/nova/nova/servicegroup/drivers/db.py:44}}
Jul 06 23:46:28.570465 np0000004688 nova-scheduler[96337]: DEBUG nova.service [None req-bf4d9ebc-e3b5-465f-aa4d-165dab4e0acf None None] Join ServiceGroup membership for this service scheduler {{(pid=96337) start /opt/stack/nova/nova/service.py:222}}
Jul 06 23:46:28.570719 np0000004688 nova-scheduler[96337]: DEBUG nova.servicegroup.drivers.db [None req-bf4d9ebc-e3b5-465f-aa4d-165dab4e0acf None None] DB_Driver: join new ServiceGroup member np0000004688 to the scheduler group, service = {{(pid=96337) join /opt/stack/nova/nova/servicegroup/drivers/db.py:44}}
Jul 06 23:46:28.570927 np0000004688 nova-scheduler[96335]: DEBUG nova.service [None req-803566ab-be24-4c1f-a66a-a3058312e967 None None] Join ServiceGroup membership for this service scheduler {{(pid=96335) start /opt/stack/nova/nova/service.py:222}}
Jul 06 23:46:28.571204 np0000004688 nova-scheduler[96335]: DEBUG nova.servicegroup.drivers.db [None req-803566ab-be24-4c1f-a66a-a3058312e967 None None] DB_Driver: join new ServiceGroup member np0000004688 to the scheduler group, service = {{(pid=96335) join /opt/stack/nova/nova/servicegroup/drivers/db.py:44}}
Jul 06 23:46:28.591614 np0000004688 nova-scheduler[96341]: DEBUG oslo_db.sqlalchemy.engines [None req-6ca9eedf-edaf-4eff-a788-42d16ab69411 None None] MySQL server mode set to STRICT_TRANS_TABLES,STRICT_ALL_TABLES,NO_ZERO_IN_DATE,NO_ZERO_DATE,ERROR_FOR_DIVISION_BY_ZERO,TRADITIONAL,NO_ENGINE_SUBSTITUTION {{(pid=96341) _check_effective_sql_mode /opt/stack/data/venv/lib/python3.12/site-packages/oslo_db/sqlalchemy/engines.py:325}}
Jul 06 23:46:28.602572 np0000004688 nova-scheduler[96341]: DEBUG dbcounter [-] [96341] Writer thread running {{(pid=96341) stat_writer /opt/stack/data/venv/lib/python3.12/site-packages/dbcounter.py:102}}
Jul 06 23:46:28.606105 np0000004688 nova-scheduler[96341]: DEBUG nova.service [None req-6ca9eedf-edaf-4eff-a788-42d16ab69411 None None] Creating RPC server for service: nova-scheduler on topic: scheduler {{(pid=96341) start /opt/stack/nova/nova/service.py:196}}
Jul 06 23:46:28.624564 np0000004688 nova-scheduler[96341]: DEBUG nova.service [None req-6ca9eedf-edaf-4eff-a788-42d16ab69411 None None] Join ServiceGroup membership for this service scheduler {{(pid=96341) start /opt/stack/nova/nova/service.py:222}}
Jul 06 23:46:28.624767 np0000004688 nova-scheduler[96341]: DEBUG nova.servicegroup.drivers.db [None req-6ca9eedf-edaf-4eff-a788-42d16ab69411 None None] DB_Driver: join new ServiceGroup member np0000004688 to the scheduler group, service = {{(pid=96341) join /opt/stack/nova/nova/servicegroup/drivers/db.py:44}}
Jul 06 23:46:33.566721 np0000004688 nova-scheduler[96329]: DEBUG oslo.service.backend._threading.loopingcall [-] Fixed interval looping call 'nova.servicegroup.drivers.db.DbDriver._report_state' sleeping for 119.99 seconds {{(pid=96329) _run_loop /opt/stack/data/venv/lib/python3.12/site-packages/oslo_service/backend/_threading/loopingcall.py:125}}
Jul 06 23:46:33.581194 np0000004688 nova-scheduler[96337]: DEBUG oslo.service.backend._threading.loopingcall [-] Fixed interval looping call 'nova.servicegroup.drivers.db.DbDriver._report_state' sleeping for 119.99 seconds {{(pid=96337) _run_loop /opt/stack/data/venv/lib/python3.12/site-packages/oslo_service/backend/_threading/loopingcall.py:125}}
Jul 06 23:46:33.581926 np0000004688 nova-scheduler[96335]: DEBUG oslo.service.backend._threading.loopingcall [-] Fixed interval looping call 'nova.servicegroup.drivers.db.DbDriver._report_state' sleeping for 119.99 seconds {{(pid=96335) _run_loop /opt/stack/data/venv/lib/python3.12/site-packages/oslo_service/backend/_threading/loopingcall.py:125}}
Jul 06 23:46:33.628046 np0000004688 nova-scheduler[96341]: DEBUG oslo.service.backend._threading.loopingcall [None req-9b5a3692-210c-4c64-bb33-e94ccee81cc9 None None] Dynamic interval looping call 'nova.service.Service.periodic_tasks' sleeping for 60.00 seconds {{(pid=96341) _run_loop /opt/stack/data/venv/lib/python3.12/site-packages/oslo_service/backend/_threading/loopingcall.py:125}}
Jul 06 23:46:33.635939 np0000004688 nova-scheduler[96341]: DEBUG oslo.service.backend._threading.loopingcall [-] Fixed interval looping call 'nova.servicegroup.drivers.db.DbDriver._report_state' sleeping for 119.99 seconds {{(pid=96341) _run_loop /opt/stack/data/venv/lib/python3.12/site-packages/oslo_service/backend/_threading/loopingcall.py:125}}
Jul 06 23:46:34.556051 np0000004688 nova-scheduler[96329]: DEBUG oslo.service.backend._threading.loopingcall [None req-ce32ec04-dac8-4567-9655-611cd841c1b1 None None] Dynamic interval looping call 'nova.service.Service.periodic_tasks' sleeping for 60.00 seconds {{(pid=96329) _run_loop /opt/stack/data/venv/lib/python3.12/site-packages/oslo_service/backend/_threading/loopingcall.py:125}}
Jul 06 23:46:37.120577 np0000004688 nova-scheduler[95126]: DEBUG dbcounter [-] [95126] Writing DB stats nova_api:SELECT=3 {{(pid=95126) stat_writer /opt/stack/data/venv/lib/python3.12/site-packages/dbcounter.py:115}}
Jul 06 23:46:37.262607 np0000004688 nova-scheduler[95126]: DEBUG dbcounter [-] [95126] Writing DB stats nova_cell0:SELECT=1 {{(pid=95126) stat_writer /opt/stack/data/venv/lib/python3.12/site-packages/dbcounter.py:115}}
Jul 06 23:46:37.267051 np0000004688 nova-scheduler[95126]: DEBUG dbcounter [-] [95126] Writing DB stats nova_cell1:SELECT=1 {{(pid=95126) stat_writer /opt/stack/data/venv/lib/python3.12/site-packages/dbcounter.py:115}}
Jul 06 23:46:43.562986 np0000004688 nova-scheduler[96329]: DEBUG dbcounter [-] [96329] Writing DB stats nova_cell0:SELECT=4,nova_cell0:INSERT=1,nova_cell0:UPDATE=1 {{(pid=96329) stat_writer /opt/stack/data/venv/lib/python3.12/site-packages/dbcounter.py:115}}
Jul 06 23:46:43.582819 np0000004688 nova-scheduler[96335]: DEBUG dbcounter [-] [96335] Writing DB stats nova_cell0:SELECT=3 {{(pid=96335) stat_writer /opt/stack/data/venv/lib/python3.12/site-packages/dbcounter.py:115}}
Jul 06 23:46:43.583047 np0000004688 nova-scheduler[96337]: DEBUG dbcounter [-] [96337] Writing DB stats nova_cell0:SELECT=3 {{(pid=96337) stat_writer /opt/stack/data/venv/lib/python3.12/site-packages/dbcounter.py:115}}
Jul 06 23:46:43.633154 np0000004688 nova-scheduler[96341]: DEBUG dbcounter [-] [96341] Writing DB stats nova_cell0:SELECT=3 {{(pid=96341) stat_writer /opt/stack/data/venv/lib/python3.12/site-packages/dbcounter.py:115}}
Jul 06 23:46:46.573372 np0000004688 nova-scheduler[96337]: DEBUG oslo.service.backend._threading.loopingcall [None req-52fc650a-0f0a-4824-b309-f4d859b71ac3 None None] Dynamic interval looping call 'nova.service.Service.periodic_tasks' sleeping for 60.00 seconds {{(pid=96337) _run_loop /opt/stack/data/venv/lib/python3.12/site-packages/oslo_service/backend/_threading/loopingcall.py:125}}
Jul 06 23:46:51.573850 np0000004688 nova-scheduler[96335]: DEBUG oslo.service.backend._threading.loopingcall [None req-8d2b1d47-3e6f-4db1-b8ad-f138c077c0b4 None None] Dynamic interval looping call 'nova.service.Service.periodic_tasks' sleeping for 60.00 seconds {{(pid=96335) _run_loop /opt/stack/data/venv/lib/python3.12/site-packages/oslo_service/backend/_threading/loopingcall.py:125}}
Jul 06 23:47:33.628620 np0000004688 nova-scheduler[96341]: DEBUG oslo.service.backend._threading.loopingcall [None req-9b5a3692-210c-4c64-bb33-e94ccee81cc9 None None] Dynamic interval looping call 'nova.service.Service.periodic_tasks' sleeping for 60.00 seconds {{(pid=96341) _run_loop /opt/stack/data/venv/lib/python3.12/site-packages/oslo_service/backend/_threading/loopingcall.py:125}}
Jul 06 23:47:34.556653 np0000004688 nova-scheduler[96329]: DEBUG oslo.service.backend._threading.loopingcall [None req-ce32ec04-dac8-4567-9655-611cd841c1b1 None None] Dynamic interval looping call 'nova.service.Service.periodic_tasks' sleeping for 60.00 seconds {{(pid=96329) _run_loop /opt/stack/data/venv/lib/python3.12/site-packages/oslo_service/backend/_threading/loopingcall.py:125}}
Jul 06 23:47:46.573915 np0000004688 nova-scheduler[96337]: DEBUG oslo.service.backend._threading.loopingcall [None req-52fc650a-0f0a-4824-b309-f4d859b71ac3 None None] Dynamic interval looping call 'nova.service.Service.periodic_tasks' sleeping for 60.00 seconds {{(pid=96337) _run_loop /opt/stack/data/venv/lib/python3.12/site-packages/oslo_service/backend/_threading/loopingcall.py:125}}
Jul 06 23:47:51.574553 np0000004688 nova-scheduler[96335]: DEBUG oslo.service.backend._threading.loopingcall [None req-8d2b1d47-3e6f-4db1-b8ad-f138c077c0b4 None None] Dynamic interval looping call 'nova.service.Service.periodic_tasks' sleeping for 60.00 seconds {{(pid=96335) _run_loop /opt/stack/data/venv/lib/python3.12/site-packages/oslo_service/backend/_threading/loopingcall.py:125}}
Jul 06 23:48:33.568930 np0000004688 nova-scheduler[96329]: DEBUG oslo.service.backend._threading.loopingcall [-] Fixed interval looping call 'nova.servicegroup.drivers.db.DbDriver._report_state' sleeping for 119.99 seconds {{(pid=96329) _run_loop /opt/stack/data/venv/lib/python3.12/site-packages/oslo_service/backend/_threading/loopingcall.py:125}}
Jul 06 23:48:33.577416 np0000004688 nova-scheduler[96335]: DEBUG oslo.service.backend._threading.loopingcall [-] Fixed interval looping call 'nova.servicegroup.drivers.db.DbDriver._report_state' sleeping for 120.00 seconds {{(pid=96335) _run_loop /opt/stack/data/venv/lib/python3.12/site-packages/oslo_service/backend/_threading/loopingcall.py:125}}
Jul 06 23:48:33.578112 np0000004688 nova-scheduler[96337]: DEBUG oslo.service.backend._threading.loopingcall [-] Fixed interval looping call 'nova.servicegroup.drivers.db.DbDriver._report_state' sleeping for 119.99 seconds {{(pid=96337) _run_loop /opt/stack/data/venv/lib/python3.12/site-packages/oslo_service/backend/_threading/loopingcall.py:125}}
Jul 06 23:48:33.629683 np0000004688 nova-scheduler[96341]: DEBUG oslo.service.backend._threading.loopingcall [None req-9b5a3692-210c-4c64-bb33-e94ccee81cc9 None None] Dynamic interval looping call 'nova.service.Service.periodic_tasks' sleeping for 60.00 seconds {{(pid=96341) _run_loop /opt/stack/data/venv/lib/python3.12/site-packages/oslo_service/backend/_threading/loopingcall.py:125}}
Jul 06 23:48:33.634090 np0000004688 nova-scheduler[96341]: DEBUG oslo.service.backend._threading.loopingcall [-] Fixed interval looping call 'nova.servicegroup.drivers.db.DbDriver._report_state' sleeping for 119.99 seconds {{(pid=96341) _run_loop /opt/stack/data/venv/lib/python3.12/site-packages/oslo_service/backend/_threading/loopingcall.py:125}}
Jul 06 23:48:34.557242 np0000004688 nova-scheduler[96329]: DEBUG oslo.service.backend._threading.loopingcall [None req-ce32ec04-dac8-4567-9655-611cd841c1b1 None None] Dynamic interval looping call 'nova.service.Service.periodic_tasks' sleeping for 60.00 seconds {{(pid=96329) _run_loop /opt/stack/data/venv/lib/python3.12/site-packages/oslo_service/backend/_threading/loopingcall.py:125}}
Jul 06 23:48:43.561189 np0000004688 nova-scheduler[96329]: DEBUG dbcounter [-] [96329] Writing DB stats nova_cell0:SELECT=1,nova_cell0:UPDATE=1 {{(pid=96329) stat_writer /opt/stack/data/venv/lib/python3.12/site-packages/dbcounter.py:115}}
Jul 06 23:48:43.573380 np0000004688 nova-scheduler[96337]: DEBUG dbcounter [-] [96337] Writing DB stats nova_cell0:SELECT=1 {{(pid=96337) stat_writer /opt/stack/data/venv/lib/python3.12/site-packages/dbcounter.py:115}}
Jul 06 23:48:43.574771 np0000004688 nova-scheduler[96335]: DEBUG dbcounter [-] [96335] Writing DB stats nova_cell0:SELECT=1 {{(pid=96335) stat_writer /opt/stack/data/venv/lib/python3.12/site-packages/dbcounter.py:115}}
Jul 06 23:48:43.628062 np0000004688 nova-scheduler[96341]: DEBUG dbcounter [-] [96341] Writing DB stats nova_cell0:SELECT=1 {{(pid=96341) stat_writer /opt/stack/data/venv/lib/python3.12/site-packages/dbcounter.py:115}}
Jul 06 23:48:46.574514 np0000004688 nova-scheduler[96337]: DEBUG oslo.service.backend._threading.loopingcall [None req-52fc650a-0f0a-4824-b309-f4d859b71ac3 None None] Dynamic interval looping call 'nova.service.Service.periodic_tasks' sleeping for 60.00 seconds {{(pid=96337) _run_loop /opt/stack/data/venv/lib/python3.12/site-packages/oslo_service/backend/_threading/loopingcall.py:125}}
Jul 06 23:48:51.575023 np0000004688 nova-scheduler[96335]: DEBUG oslo.service.backend._threading.loopingcall [None req-8d2b1d47-3e6f-4db1-b8ad-f138c077c0b4 None None] Dynamic interval looping call 'nova.service.Service.periodic_tasks' sleeping for 60.00 seconds {{(pid=96335) _run_loop /opt/stack/data/venv/lib/python3.12/site-packages/oslo_service/backend/_threading/loopingcall.py:125}}
Jul 06 23:48:52.133715 np0000004688 nova-scheduler[96329]: DEBUG nova.scheduler.manager [None req-3f6f5448-5a44-450c-9901-fdda0494c1bf tempest-DeleteServersTestJSON-1761923373 tempest-DeleteServersTestJSON-1761923373-project-member] Starting to schedule for instances: ['cf156214-bcdb-47f3-96a2-12118ea50a44'] {{(pid=96329) select_destinations /opt/stack/nova/nova/scheduler/manager.py:209}}
Jul 06 23:48:52.136331 np0000004688 nova-scheduler[96329]: DEBUG nova.scheduler.request_filter [None req-3f6f5448-5a44-450c-9901-fdda0494c1bf tempest-DeleteServersTestJSON-1761923373 tempest-DeleteServersTestJSON-1761923373-project-member] compute_status_filter request filter added forbidden trait COMPUTE_STATUS_DISABLED {{(pid=96329) compute_status_filter /opt/stack/nova/nova/scheduler/request_filter.py:253}}
Jul 06 23:48:52.136331 np0000004688 nova-scheduler[96329]: DEBUG nova.scheduler.request_filter [None req-3f6f5448-5a44-450c-9901-fdda0494c1bf tempest-DeleteServersTestJSON-1761923373 tempest-DeleteServersTestJSON-1761923373-project-member] Request filter 'compute_status_filter' took 0.0 seconds {{(pid=96329) wrapper /opt/stack/nova/nova/scheduler/request_filter.py:46}}
Jul 06 23:48:52.137131 np0000004688 nova-scheduler[96329]: DEBUG nova.scheduler.request_filter [None req-3f6f5448-5a44-450c-9901-fdda0494c1bf tempest-DeleteServersTestJSON-1761923373 tempest-DeleteServersTestJSON-1761923373-project-member] Request filter 'accelerators_filter' took 0.0 seconds {{(pid=96329) wrapper /opt/stack/nova/nova/scheduler/request_filter.py:46}}
Jul 06 23:48:52.137736 np0000004688 nova-scheduler[96329]: DEBUG nova.scheduler.request_filter [None req-3f6f5448-5a44-450c-9901-fdda0494c1bf tempest-DeleteServersTestJSON-1761923373 tempest-DeleteServersTestJSON-1761923373-project-member] Request filter 'packed_virtqueue_filter' took 0.0 seconds {{(pid=96329) wrapper /opt/stack/nova/nova/scheduler/request_filter.py:46}}
Jul 06 23:48:52.137806 np0000004688 nova-scheduler[96329]: DEBUG nova.scheduler.request_filter [None req-3f6f5448-5a44-450c-9901-fdda0494c1bf tempest-DeleteServersTestJSON-1761923373 tempest-DeleteServersTestJSON-1761923373-project-member] Request filter 'remote_managed_ports_filter' took 0.0 seconds {{(pid=96329) wrapper /opt/stack/nova/nova/scheduler/request_filter.py:46}}
Jul 06 23:48:52.138069 np0000004688 nova-scheduler[96329]: DEBUG nova.scheduler.request_filter [None req-3f6f5448-5a44-450c-9901-fdda0494c1bf tempest-DeleteServersTestJSON-1761923373 tempest-DeleteServersTestJSON-1761923373-project-member] ephemeral_encryption_filter skipped {{(pid=96329) ephemeral_encryption_filter /opt/stack/nova/nova/scheduler/request_filter.py:426}}
Jul 06 23:48:52.138683 np0000004688 nova-scheduler[96329]: DEBUG nova.scheduler.request_filter [None req-3f6f5448-5a44-450c-9901-fdda0494c1bf tempest-DeleteServersTestJSON-1761923373 tempest-DeleteServersTestJSON-1761923373-project-member] virtio_sound_filter skipped {{(pid=96329) virtio_sound_filter /opt/stack/nova/nova/scheduler/request_filter.py:460}}
Jul 06 23:48:52.139681 np0000004688 nova-scheduler[96329]: DEBUG nova.scheduler.request_filter [None req-3f6f5448-5a44-450c-9901-fdda0494c1bf tempest-DeleteServersTestJSON-1761923373 tempest-DeleteServersTestJSON-1761923373-project-member] tpm_secret_security_filter skipped {{(pid=96329) tpm_secret_security_filter /opt/stack/nova/nova/scheduler/request_filter.py:477}}
Jul 06 23:48:53.132134 np0000004688 nova-scheduler[96329]: INFO nova.utils [None req-3f6f5448-5a44-450c-9901-fdda0494c1bf tempest-DeleteServersTestJSON-1761923373 tempest-DeleteServersTestJSON-1761923373-project-member] The cell worker thread pool ForkProcess-1.cell_worker is initialized
Jul 06 23:48:53.132984 np0000004688 nova-scheduler[96329]: DEBUG oslo_concurrency.lockutils [None req-3f6f5448-5a44-450c-9901-fdda0494c1bf tempest-DeleteServersTestJSON-1761923373 tempest-DeleteServersTestJSON-1761923373-project-member] Acquiring lock "35fa1fc3-e832-4748-a4b1-e196e9f3244f" by "nova.context.set_target_cell..get_or_set_cached_cell_and_set_connections" {{(pid=96329) inner /opt/stack/data/venv/lib/python3.12/site-packages/oslo_concurrency/lockutils.py:511}}
Jul 06 23:48:53.132984 np0000004688 nova-scheduler[96329]: DEBUG oslo_concurrency.lockutils [None req-3f6f5448-5a44-450c-9901-fdda0494c1bf tempest-DeleteServersTestJSON-1761923373 tempest-DeleteServersTestJSON-1761923373-project-member] Lock "35fa1fc3-e832-4748-a4b1-e196e9f3244f" acquired by "nova.context.set_target_cell..get_or_set_cached_cell_and_set_connections" :: waited 0.000s {{(pid=96329) inner /opt/stack/data/venv/lib/python3.12/site-packages/oslo_concurrency/lockutils.py:524}}
Jul 06 23:48:53.135524 np0000004688 nova-scheduler[96329]: DEBUG oslo_concurrency.lockutils [None req-3f6f5448-5a44-450c-9901-fdda0494c1bf tempest-DeleteServersTestJSON-1761923373 tempest-DeleteServersTestJSON-1761923373-project-member] Lock "35fa1fc3-e832-4748-a4b1-e196e9f3244f" "released" by "nova.context.set_target_cell..get_or_set_cached_cell_and_set_connections" :: held 0.002s {{(pid=96329) inner /opt/stack/data/venv/lib/python3.12/site-packages/oslo_concurrency/lockutils.py:543}}
Jul 06 23:48:53.136904 np0000004688 nova-scheduler[96329]: INFO dbcounter [None req-3f6f5448-5a44-450c-9901-fdda0494c1bf tempest-DeleteServersTestJSON-1761923373 tempest-DeleteServersTestJSON-1761923373-project-member] Registered counter for database nova_cell1
Jul 06 23:48:53.202998 np0000004688 nova-scheduler[96329]: DEBUG oslo_db.sqlalchemy.engines [None req-3f6f5448-5a44-450c-9901-fdda0494c1bf tempest-DeleteServersTestJSON-1761923373 tempest-DeleteServersTestJSON-1761923373-project-member] MySQL server mode set to STRICT_TRANS_TABLES,STRICT_ALL_TABLES,NO_ZERO_IN_DATE,NO_ZERO_DATE,ERROR_FOR_DIVISION_BY_ZERO,TRADITIONAL,NO_ENGINE_SUBSTITUTION {{(pid=96329) _check_effective_sql_mode /opt/stack/data/venv/lib/python3.12/site-packages/oslo_db/sqlalchemy/engines.py:325}}
Jul 06 23:48:53.208839 np0000004688 nova-scheduler[96329]: DEBUG dbcounter [-] [96329] Writer thread running {{(pid=96329) stat_writer /opt/stack/data/venv/lib/python3.12/site-packages/dbcounter.py:102}}
Jul 06 23:48:53.222861 np0000004688 nova-scheduler[96329]: DEBUG oslo_db.sqlalchemy.engines [None req-3f6f5448-5a44-450c-9901-fdda0494c1bf tempest-DeleteServersTestJSON-1761923373 tempest-DeleteServersTestJSON-1761923373-project-member] Parent process 95126 forked (96329) with an open database connection, which is being discarded and recreated. {{(pid=96329) checkout /opt/stack/data/venv/lib/python3.12/site-packages/oslo_db/sqlalchemy/engines.py:402}}
Jul 06 23:48:53.278445 np0000004688 nova-scheduler[96329]: DEBUG dbcounter [-] [96329] Writer thread running {{(pid=96329) stat_writer /opt/stack/data/venv/lib/python3.12/site-packages/dbcounter.py:102}}
Jul 06 23:48:53.281458 np0000004688 nova-scheduler[96329]: DEBUG oslo_concurrency.lockutils [None req-3f6f5448-5a44-450c-9901-fdda0494c1bf tempest-DeleteServersTestJSON-1761923373 tempest-DeleteServersTestJSON-1761923373-project-member] Acquiring lock "35fa1fc3-e832-4748-a4b1-e196e9f3244f" by "nova.context.set_target_cell..get_or_set_cached_cell_and_set_connections" {{(pid=96329) inner /opt/stack/data/venv/lib/python3.12/site-packages/oslo_concurrency/lockutils.py:511}}
Jul 06 23:48:53.281757 np0000004688 nova-scheduler[96329]: DEBUG oslo_concurrency.lockutils [None req-3f6f5448-5a44-450c-9901-fdda0494c1bf tempest-DeleteServersTestJSON-1761923373 tempest-DeleteServersTestJSON-1761923373-project-member] Lock "35fa1fc3-e832-4748-a4b1-e196e9f3244f" acquired by "nova.context.set_target_cell..get_or_set_cached_cell_and_set_connections" :: waited 0.000s {{(pid=96329) inner /opt/stack/data/venv/lib/python3.12/site-packages/oslo_concurrency/lockutils.py:524}}
Jul 06 23:48:53.281895 np0000004688 nova-scheduler[96329]: DEBUG oslo_concurrency.lockutils [None req-3f6f5448-5a44-450c-9901-fdda0494c1bf tempest-DeleteServersTestJSON-1761923373 tempest-DeleteServersTestJSON-1761923373-project-member] Lock "35fa1fc3-e832-4748-a4b1-e196e9f3244f" "released" by "nova.context.set_target_cell..get_or_set_cached_cell_and_set_connections" :: held 0.000s {{(pid=96329) inner /opt/stack/data/venv/lib/python3.12/site-packages/oslo_concurrency/lockutils.py:543}}
Jul 06 23:48:53.285807 np0000004688 nova-scheduler[96329]: DEBUG oslo_concurrency.lockutils [None req-3f6f5448-5a44-450c-9901-fdda0494c1bf tempest-DeleteServersTestJSON-1761923373 tempest-DeleteServersTestJSON-1761923373-project-member] Acquiring lock "np0000004688-np0000004688" by "nova.scheduler.host_manager.HostState.update.._locked_update" {{(pid=96329) inner /opt/stack/data/venv/lib/python3.12/site-packages/oslo_concurrency/lockutils.py:511}}
Jul 06 23:48:53.285926 np0000004688 nova-scheduler[96329]: DEBUG oslo_concurrency.lockutils [None req-3f6f5448-5a44-450c-9901-fdda0494c1bf tempest-DeleteServersTestJSON-1761923373 tempest-DeleteServersTestJSON-1761923373-project-member] Lock "np0000004688-np0000004688" acquired by "nova.scheduler.host_manager.HostState.update.._locked_update" :: waited 0.000s {{(pid=96329) inner /opt/stack/data/venv/lib/python3.12/site-packages/oslo_concurrency/lockutils.py:524}}
