Jul 06 23:46:33.829333 np0000004688 nova-conductor[98788]: DEBUG cotyledon.oslo_config_glue [-] oslo_middleware.http_basic_auth_user_file = /etc/htpasswd {{(pid=98788) log_opt_values /opt/stack/data/venv/lib/python3.12/site-packages/oslo_config/cfg.py:3253}}
Jul 06 23:46:33.829333 np0000004688 nova-conductor[98788]: DEBUG cotyledon.oslo_config_glue [-] profiler.connection_string = messaging:// {{(pid=98788) log_opt_values /opt/stack/data/venv/lib/python3.12/site-packages/oslo_config/cfg.py:3253}}
Jul 06 23:46:33.829333 np0000004688 nova-conductor[98788]: DEBUG cotyledon.oslo_config_glue [-] profiler.enabled = False {{(pid=98788) log_opt_values /opt/stack/data/venv/lib/python3.12/site-packages/oslo_config/cfg.py:3253}}
Jul 06 23:46:33.829333 np0000004688 nova-conductor[98788]: DEBUG cotyledon.oslo_config_glue [-] profiler.es_doc_type = notification {{(pid=98788) log_opt_values /opt/stack/data/venv/lib/python3.12/site-packages/oslo_config/cfg.py:3253}}
Jul 06 23:46:33.829333 np0000004688 nova-conductor[98788]: DEBUG cotyledon.oslo_config_glue [-] profiler.es_scroll_size = 10000 {{(pid=98788) log_opt_values /opt/stack/data/venv/lib/python3.12/site-packages/oslo_config/cfg.py:3253}}
Jul 06 23:46:33.829333 np0000004688 nova-conductor[98788]: DEBUG cotyledon.oslo_config_glue [-] profiler.es_scroll_time = 2m {{(pid=98788) log_opt_values /opt/stack/data/venv/lib/python3.12/site-packages/oslo_config/cfg.py:3253}}
Jul 06 23:46:33.829333 np0000004688 nova-conductor[98788]: DEBUG cotyledon.oslo_config_glue [-] profiler.filter_error_trace = False {{(pid=98788) log_opt_values /opt/stack/data/venv/lib/python3.12/site-packages/oslo_config/cfg.py:3253}}
Jul 06 23:46:33.829333 np0000004688 nova-conductor[98788]: DEBUG cotyledon.oslo_config_glue [-] profiler.hmac_keys = **** {{(pid=98788) log_opt_values /opt/stack/data/venv/lib/python3.12/site-packages/oslo_config/cfg.py:3253}}
Jul 06 23:46:33.829519 np0000004688 nova-conductor[98788]: DEBUG cotyledon.oslo_config_glue [-] profiler.sentinel_service_name = mymaster {{(pid=98788) log_opt_values /opt/stack/data/venv/lib/python3.12/site-packages/oslo_config/cfg.py:3253}}
Jul 06 23:46:33.829519 np0000004688 nova-conductor[98788]: DEBUG cotyledon.oslo_config_glue [-] profiler.socket_timeout = 0.1 {{(pid=98788) log_opt_values /opt/stack/data/venv/lib/python3.12/site-packages/oslo_config/cfg.py:3253}}
Jul 06 23:46:33.829519 np0000004688 nova-conductor[98788]: DEBUG cotyledon.oslo_config_glue [-] profiler.trace_requests = False {{(pid=98788) log_opt_values /opt/stack/data/venv/lib/python3.12/site-packages/oslo_config/cfg.py:3253}}
Jul 06 23:46:33.829519 np0000004688 nova-conductor[98788]: DEBUG cotyledon.oslo_config_glue [-] profiler.trace_sqlalchemy = False {{(pid=98788) log_opt_values /opt/stack/data/venv/lib/python3.12/site-packages/oslo_config/cfg.py:3253}}
Jul 06 23:46:33.829519 np0000004688 nova-conductor[98788]: DEBUG cotyledon.oslo_config_glue [-] profiler_jaeger.process_tags = {} {{(pid=98788) log_opt_values /opt/stack/data/venv/lib/python3.12/site-packages/oslo_config/cfg.py:3253}}
Jul 06 23:46:33.829519 np0000004688 nova-conductor[98788]: DEBUG cotyledon.oslo_config_glue [-] profiler_jaeger.service_name_prefix = None {{(pid=98788) log_opt_values /opt/stack/data/venv/lib/python3.12/site-packages/oslo_config/cfg.py:3253}}
Jul 06 23:46:33.829519 np0000004688 nova-conductor[98788]: DEBUG cotyledon.oslo_config_glue [-] profiler_otlp.service_name_prefix = None {{(pid=98788) log_opt_values /opt/stack/data/venv/lib/python3.12/site-packages/oslo_config/cfg.py:3253}}
Jul 06 23:46:33.829519 np0000004688 nova-conductor[98788]: DEBUG cotyledon.oslo_config_glue [-] oslo_messaging_rabbit.amqp_auto_delete = False {{(pid=98788) log_opt_values /opt/stack/data/venv/lib/python3.12/site-packages/oslo_config/cfg.py:3253}}
Jul 06 23:46:33.829519 np0000004688 nova-conductor[98788]: DEBUG cotyledon.oslo_config_glue [-] oslo_messaging_rabbit.amqp_durable_queues = False {{(pid=98788) log_opt_values /opt/stack/data/venv/lib/python3.12/site-packages/oslo_config/cfg.py:3253}}
Jul 06 23:46:33.829716 np0000004688 nova-conductor[98788]: DEBUG cotyledon.oslo_config_glue [-] oslo_messaging_rabbit.conn_pool_min_size = 2 {{(pid=98788) log_opt_values /opt/stack/data/venv/lib/python3.12/site-packages/oslo_config/cfg.py:3253}}
Jul 06 23:46:33.829716 np0000004688 nova-conductor[98788]: DEBUG cotyledon.oslo_config_glue [-] oslo_messaging_rabbit.conn_pool_ttl = 1200 {{(pid=98788) log_opt_values /opt/stack/data/venv/lib/python3.12/site-packages/oslo_config/cfg.py:3253}}
Jul 06 23:46:33.829716 np0000004688 nova-conductor[98788]: DEBUG cotyledon.oslo_config_glue [-] oslo_messaging_rabbit.direct_mandatory_flag = True {{(pid=98788) log_opt_values /opt/stack/data/venv/lib/python3.12/site-packages/oslo_config/cfg.py:3253}}
Jul 06 23:46:33.829716 np0000004688 nova-conductor[98788]: DEBUG cotyledon.oslo_config_glue [-] oslo_messaging_rabbit.enable_cancel_on_failover = False {{(pid=98788) log_opt_values /opt/stack/data/venv/lib/python3.12/site-packages/oslo_config/cfg.py:3253}}
Jul 06 23:46:33.829716 np0000004688 nova-conductor[98788]: DEBUG cotyledon.oslo_config_glue [-] oslo_messaging_rabbit.heartbeat_rate = 3 {{(pid=98788) log_opt_values /opt/stack/data/venv/lib/python3.12/site-packages/oslo_config/cfg.py:3253}}
Jul 06 23:46:33.829716 np0000004688 nova-conductor[98788]: DEBUG cotyledon.oslo_config_glue [-] oslo_messaging_rabbit.heartbeat_timeout_threshold = 60 {{(pid=98788) log_opt_values /opt/stack/data/venv/lib/python3.12/site-packages/oslo_config/cfg.py:3253}}
Jul 06 23:46:33.829716 np0000004688 nova-conductor[98788]: DEBUG cotyledon.oslo_config_glue [-] oslo_messaging_rabbit.hostname = np0000004688 {{(pid=98788) log_opt_values /opt/stack/data/venv/lib/python3.12/site-packages/oslo_config/cfg.py:3253}}
Jul 06 23:46:33.829716 np0000004688 nova-conductor[98788]: DEBUG cotyledon.oslo_config_glue [-] oslo_messaging_rabbit.kombu_compression = None {{(pid=98788) log_opt_values /opt/stack/data/venv/lib/python3.12/site-packages/oslo_config/cfg.py:3253}}
Jul 06 23:46:33.829716 np0000004688 nova-conductor[98788]: DEBUG cotyledon.oslo_config_glue [-] oslo_messaging_rabbit.kombu_failover_strategy = round-robin {{(pid=98788) log_opt_values /opt/stack/data/venv/lib/python3.12/site-packages/oslo_config/cfg.py:3253}}
Jul 06 23:46:33.829904 np0000004688 nova-conductor[98788]: DEBUG cotyledon.oslo_config_glue [-] oslo_messaging_rabbit.kombu_missing_consumer_retry_timeout = 60 {{(pid=98788) log_opt_values /opt/stack/data/venv/lib/python3.12/site-packages/oslo_config/cfg.py:3253}}
Jul 06 23:46:33.829904 np0000004688 nova-conductor[98788]: DEBUG cotyledon.oslo_config_glue [-] oslo_messaging_rabbit.kombu_reconnect_delay = 1.0 {{(pid=98788) log_opt_values /opt/stack/data/venv/lib/python3.12/site-packages/oslo_config/cfg.py:3253}}
Jul 06 23:46:33.829904 np0000004688 nova-conductor[98788]: DEBUG cotyledon.oslo_config_glue [-] oslo_messaging_rabbit.kombu_reconnect_splay = 0.0 {{(pid=98788) log_opt_values /opt/stack/data/venv/lib/python3.12/site-packages/oslo_config/cfg.py:3253}}
Jul 06 23:46:33.829904 np0000004688 nova-conductor[98788]: DEBUG cotyledon.oslo_config_glue [-] oslo_messaging_rabbit.processname = nova-conductor {{(pid=98788) log_opt_values /opt/stack/data/venv/lib/python3.12/site-packages/oslo_config/cfg.py:3253}}
Jul 06 23:46:33.829904 np0000004688 nova-conductor[98788]: DEBUG cotyledon.oslo_config_glue [-] oslo_messaging_rabbit.rabbit_ha_queues = False {{(pid=98788) log_opt_values /opt/stack/data/venv/lib/python3.12/site-packages/oslo_config/cfg.py:3253}}
Jul 06 23:46:33.829904 np0000004688 nova-conductor[98788]: DEBUG cotyledon.oslo_config_glue [-] oslo_messaging_rabbit.rabbit_interval_max = 30 {{(pid=98788) log_opt_values /opt/stack/data/venv/lib/python3.12/site-packages/oslo_config/cfg.py:3253}}
Jul 06 23:46:33.829904 np0000004688 nova-conductor[98788]: DEBUG cotyledon.oslo_config_glue [-] oslo_messaging_rabbit.rabbit_login_method = AMQPLAIN {{(pid=98788) log_opt_values /opt/stack/data/venv/lib/python3.12/site-packages/oslo_config/cfg.py:3253}}
Jul 06 23:46:33.829904 np0000004688 nova-conductor[98788]: DEBUG cotyledon.oslo_config_glue [-] oslo_messaging_rabbit.rabbit_qos_prefetch_count = 0 {{(pid=98788) log_opt_values /opt/stack/data/venv/lib/python3.12/site-packages/oslo_config/cfg.py:3253}}
Jul 06 23:46:33.829904 np0000004688 nova-conductor[98788]: DEBUG cotyledon.oslo_config_glue [-] oslo_messaging_rabbit.rabbit_quorum_delivery_limit = 0 {{(pid=98788) log_opt_values /opt/stack/data/venv/lib/python3.12/site-packages/oslo_config/cfg.py:3253}}
Jul 06 23:46:33.830079 np0000004688 nova-conductor[98788]: DEBUG cotyledon.oslo_config_glue [-] oslo_messaging_rabbit.rabbit_quorum_max_memory_bytes = 0 {{(pid=98788) log_opt_values /opt/stack/data/venv/lib/python3.12/site-packages/oslo_config/cfg.py:3253}}
Jul 06 23:46:33.830079 np0000004688 nova-conductor[98788]: DEBUG cotyledon.oslo_config_glue [-] oslo_messaging_rabbit.rabbit_quorum_max_memory_length = 0 {{(pid=98788) log_opt_values /opt/stack/data/venv/lib/python3.12/site-packages/oslo_config/cfg.py:3253}}
Jul 06 23:46:33.830079 np0000004688 nova-conductor[98788]: DEBUG cotyledon.oslo_config_glue [-] oslo_messaging_rabbit.rabbit_quorum_queue = False {{(pid=98788) log_opt_values /opt/stack/data/venv/lib/python3.12/site-packages/oslo_config/cfg.py:3253}}
Jul 06 23:46:33.830079 np0000004688 nova-conductor[98788]: DEBUG cotyledon.oslo_config_glue [-] oslo_messaging_rabbit.rabbit_retry_backoff = 2 {{(pid=98788) log_opt_values /opt/stack/data/venv/lib/python3.12/site-packages/oslo_config/cfg.py:3253}}
Jul 06 23:46:33.830079 np0000004688 nova-conductor[98788]: DEBUG cotyledon.oslo_config_glue [-] oslo_messaging_rabbit.rabbit_retry_interval = 1 {{(pid=98788) log_opt_values /opt/stack/data/venv/lib/python3.12/site-packages/oslo_config/cfg.py:3253}}
Jul 06 23:46:33.830079 np0000004688 nova-conductor[98788]: DEBUG cotyledon.oslo_config_glue [-] oslo_messaging_rabbit.rabbit_stream_fanout = False {{(pid=98788) log_opt_values /opt/stack/data/venv/lib/python3.12/site-packages/oslo_config/cfg.py:3253}}
Jul 06 23:46:33.830079 np0000004688 nova-conductor[98788]: DEBUG cotyledon.oslo_config_glue [-] oslo_messaging_rabbit.rabbit_transient_queues_ttl = 1800 {{(pid=98788) log_opt_values /opt/stack/data/venv/lib/python3.12/site-packages/oslo_config/cfg.py:3253}}
Jul 06 23:46:33.830079 np0000004688 nova-conductor[98788]: DEBUG cotyledon.oslo_config_glue [-] oslo_messaging_rabbit.rabbit_transient_quorum_queue = False {{(pid=98788) log_opt_values /opt/stack/data/venv/lib/python3.12/site-packages/oslo_config/cfg.py:3253}}
Jul 06 23:46:33.830223 np0000004688 nova-conductor[98788]: DEBUG cotyledon.oslo_config_glue [-] oslo_messaging_rabbit.rpc_conn_pool_size = 30 {{(pid=98788) log_opt_values /opt/stack/data/venv/lib/python3.12/site-packages/oslo_config/cfg.py:3253}}
Jul 06 23:46:33.830223 np0000004688 nova-conductor[98788]: DEBUG cotyledon.oslo_config_glue [-] oslo_messaging_rabbit.ssl = False {{(pid=98788) log_opt_values /opt/stack/data/venv/lib/python3.12/site-packages/oslo_config/cfg.py:3253}}
Jul 06 23:46:33.830223 np0000004688 nova-conductor[98788]: DEBUG cotyledon.oslo_config_glue [-] oslo_messaging_rabbit.ssl_ca_file = {{(pid=98788) log_opt_values /opt/stack/data/venv/lib/python3.12/site-packages/oslo_config/cfg.py:3253}}
Jul 06 23:46:33.830223 np0000004688 nova-conductor[98788]: DEBUG cotyledon.oslo_config_glue [-] oslo_messaging_rabbit.ssl_cert_file = {{(pid=98788) log_opt_values /opt/stack/data/venv/lib/python3.12/site-packages/oslo_config/cfg.py:3253}}
Jul 06 23:46:33.830223 np0000004688 nova-conductor[98788]: DEBUG cotyledon.oslo_config_glue [-] oslo_messaging_rabbit.ssl_enforce_fips_mode = False {{(pid=98788) log_opt_values /opt/stack/data/venv/lib/python3.12/site-packages/oslo_config/cfg.py:3253}}
Jul 06 23:46:33.830223 np0000004688 nova-conductor[98788]: DEBUG cotyledon.oslo_config_glue [-] oslo_messaging_rabbit.ssl_enforce_hostname_verification = True {{(pid=98788) log_opt_values /opt/stack/data/venv/lib/python3.12/site-packages/oslo_config/cfg.py:3253}}
Jul 06 23:46:33.830223 np0000004688 nova-conductor[98788]: DEBUG cotyledon.oslo_config_glue [-] oslo_messaging_rabbit.ssl_key_file = {{(pid=98788) log_opt_values /opt/stack/data/venv/lib/python3.12/site-packages/oslo_config/cfg.py:3253}}
Jul 06 23:46:33.830223 np0000004688 nova-conductor[98788]: DEBUG cotyledon.oslo_config_glue [-] oslo_messaging_rabbit.ssl_version = {{(pid=98788) log_opt_values /opt/stack/data/venv/lib/python3.12/site-packages/oslo_config/cfg.py:3253}}
Jul 06 23:46:33.830223 np0000004688 nova-conductor[98788]: DEBUG cotyledon.oslo_config_glue [-] oslo_messaging_rabbit.use_queue_manager = False {{(pid=98788) log_opt_values /opt/stack/data/venv/lib/python3.12/site-packages/oslo_config/cfg.py:3253}}
Jul 06 23:46:33.830382 np0000004688 nova-conductor[98788]: DEBUG cotyledon.oslo_config_glue [-] oslo_messaging_notifications.driver = ['messagingv2'] {{(pid=98788) log_opt_values /opt/stack/data/venv/lib/python3.12/site-packages/oslo_config/cfg.py:3253}}
Jul 06 23:46:33.830382 np0000004688 nova-conductor[98788]: DEBUG cotyledon.oslo_config_glue [-] oslo_messaging_notifications.retry = -1 {{(pid=98788) log_opt_values /opt/stack/data/venv/lib/python3.12/site-packages/oslo_config/cfg.py:3253}}
Jul 06 23:46:33.830382 np0000004688 nova-conductor[98788]: DEBUG cotyledon.oslo_config_glue [-] oslo_messaging_notifications.topics = ['notifications'] {{(pid=98788) log_opt_values /opt/stack/data/venv/lib/python3.12/site-packages/oslo_config/cfg.py:3253}}
Jul 06 23:46:33.830382 np0000004688 nova-conductor[98788]: DEBUG cotyledon.oslo_config_glue [-] oslo_messaging_notifications.transport_url = **** {{(pid=98788) log_opt_values /opt/stack/data/venv/lib/python3.12/site-packages/oslo_config/cfg.py:3253}}
Jul 06 23:46:33.830382 np0000004688 nova-conductor[98788]: DEBUG cotyledon.oslo_config_glue [-] oslo_limit.auth_section = None {{(pid=98788) log_opt_values /opt/stack/data/venv/lib/python3.12/site-packages/oslo_config/cfg.py:3253}}
Jul 06 23:46:33.830382 np0000004688 nova-conductor[98788]: DEBUG cotyledon.oslo_config_glue [-] oslo_limit.auth_type = None {{(pid=98788) log_opt_values /opt/stack/data/venv/lib/python3.12/site-packages/oslo_config/cfg.py:3253}}
Jul 06 23:46:33.830382 np0000004688 nova-conductor[98788]: DEBUG cotyledon.oslo_config_glue [-] oslo_limit.cafile = None {{(pid=98788) log_opt_values /opt/stack/data/venv/lib/python3.12/site-packages/oslo_config/cfg.py:3253}}
Jul 06 23:46:33.830382 np0000004688 nova-conductor[98788]: DEBUG cotyledon.oslo_config_glue [-] oslo_limit.certfile = None {{(pid=98788) log_opt_values /opt/stack/data/venv/lib/python3.12/site-packages/oslo_config/cfg.py:3253}}
Jul 06 23:46:33.830382 np0000004688 nova-conductor[98788]: DEBUG cotyledon.oslo_config_glue [-] oslo_limit.collect_timing = False {{(pid=98788) log_opt_values /opt/stack/data/venv/lib/python3.12/site-packages/oslo_config/cfg.py:3253}}
Jul 06 23:46:33.830558 np0000004688 nova-conductor[98788]: DEBUG cotyledon.oslo_config_glue [-] oslo_limit.connect_retries = None {{(pid=98788) log_opt_values /opt/stack/data/venv/lib/python3.12/site-packages/oslo_config/cfg.py:3253}}
Jul 06 23:46:33.830558 np0000004688 nova-conductor[98788]: DEBUG cotyledon.oslo_config_glue [-] oslo_limit.connect_retry_delay = None {{(pid=98788) log_opt_values /opt/stack/data/venv/lib/python3.12/site-packages/oslo_config/cfg.py:3253}}
Jul 06 23:46:33.830558 np0000004688 nova-conductor[98788]: DEBUG cotyledon.oslo_config_glue [-] oslo_limit.endpoint_id = None {{(pid=98788) log_opt_values /opt/stack/data/venv/lib/python3.12/site-packages/oslo_config/cfg.py:3253}}
Jul 06 23:46:33.830558 np0000004688 nova-conductor[98788]: DEBUG cotyledon.oslo_config_glue [-] oslo_limit.endpoint_interface = public {{(pid=98788) log_opt_values /opt/stack/data/venv/lib/python3.12/site-packages/oslo_config/cfg.py:3253}}
Jul 06 23:46:33.830558 np0000004688 nova-conductor[98788]: DEBUG cotyledon.oslo_config_glue [-] oslo_limit.endpoint_override = None {{(pid=98788) log_opt_values /opt/stack/data/venv/lib/python3.12/site-packages/oslo_config/cfg.py:3253}}
Jul 06 23:46:33.830558 np0000004688 nova-conductor[98788]: DEBUG cotyledon.oslo_config_glue [-] oslo_limit.endpoint_region_name = None {{(pid=98788) log_opt_values /opt/stack/data/venv/lib/python3.12/site-packages/oslo_config/cfg.py:3253}}
Jul 06 23:46:33.830558 np0000004688 nova-conductor[98788]: DEBUG cotyledon.oslo_config_glue [-] oslo_limit.endpoint_service_name = None {{(pid=98788) log_opt_values /opt/stack/data/venv/lib/python3.12/site-packages/oslo_config/cfg.py:3253}}
Jul 06 23:46:33.830558 np0000004688 nova-conductor[98788]: DEBUG cotyledon.oslo_config_glue [-] oslo_limit.endpoint_service_type = None {{(pid=98788) log_opt_values /opt/stack/data/venv/lib/python3.12/site-packages/oslo_config/cfg.py:3253}}
Jul 06 23:46:33.830558 np0000004688 nova-conductor[98788]: DEBUG cotyledon.oslo_config_glue [-] oslo_limit.insecure = False {{(pid=98788) log_opt_values /opt/stack/data/venv/lib/python3.12/site-packages/oslo_config/cfg.py:3253}}
Jul 06 23:46:33.830765 np0000004688 nova-conductor[98788]: DEBUG cotyledon.oslo_config_glue [-] oslo_limit.keyfile = None {{(pid=98788) log_opt_values /opt/stack/data/venv/lib/python3.12/site-packages/oslo_config/cfg.py:3253}}
Jul 06 23:46:33.830765 np0000004688 nova-conductor[98788]: DEBUG cotyledon.oslo_config_glue [-] oslo_limit.max_version = None {{(pid=98788) log_opt_values /opt/stack/data/venv/lib/python3.12/site-packages/oslo_config/cfg.py:3253}}
Jul 06 23:46:33.830805 np0000004688 nova-conductor[98783]: INFO dbcounter [None req-efe718d2-5f89-4e70-be12-71865163a074 None None] Registered counter for database nova_cell0
Jul 06 23:46:33.830836 np0000004688 nova-conductor[98788]: DEBUG cotyledon.oslo_config_glue [-] oslo_limit.min_version = None {{(pid=98788) log_opt_values /opt/stack/data/venv/lib/python3.12/site-packages/oslo_config/cfg.py:3253}}
Jul 06 23:46:33.830836 np0000004688 nova-conductor[98788]: DEBUG cotyledon.oslo_config_glue [-] oslo_limit.region_name = None {{(pid=98788) log_opt_values /opt/stack/data/venv/lib/python3.12/site-packages/oslo_config/cfg.py:3253}}
Jul 06 23:46:33.830836 np0000004688 nova-conductor[98788]: DEBUG cotyledon.oslo_config_glue [-] oslo_limit.retriable_status_codes = None {{(pid=98788) log_opt_values /opt/stack/data/venv/lib/python3.12/site-packages/oslo_config/cfg.py:3253}}
Jul 06 23:46:33.830836 np0000004688 nova-conductor[98788]: DEBUG cotyledon.oslo_config_glue [-] oslo_limit.service_name = None {{(pid=98788) log_opt_values /opt/stack/data/venv/lib/python3.12/site-packages/oslo_config/cfg.py:3253}}
Jul 06 23:46:33.830836 np0000004688 nova-conductor[98788]: DEBUG cotyledon.oslo_config_glue [-] oslo_limit.service_type = None {{(pid=98788) log_opt_values /opt/stack/data/venv/lib/python3.12/site-packages/oslo_config/cfg.py:3253}}
Jul 06 23:46:33.830836 np0000004688 nova-conductor[98788]: DEBUG cotyledon.oslo_config_glue [-] oslo_limit.split_loggers = False {{(pid=98788) log_opt_values /opt/stack/data/venv/lib/python3.12/site-packages/oslo_config/cfg.py:3253}}
Jul 06 23:46:33.830836 np0000004688 nova-conductor[98788]: DEBUG cotyledon.oslo_config_glue [-] oslo_limit.status_code_retries = None {{(pid=98788) log_opt_values /opt/stack/data/venv/lib/python3.12/site-packages/oslo_config/cfg.py:3253}}
Jul 06 23:46:33.830836 np0000004688 nova-conductor[98788]: DEBUG cotyledon.oslo_config_glue [-] oslo_limit.status_code_retry_delay = None {{(pid=98788) log_opt_values /opt/stack/data/venv/lib/python3.12/site-packages/oslo_config/cfg.py:3253}}
Jul 06 23:46:33.830836 np0000004688 nova-conductor[98788]: DEBUG cotyledon.oslo_config_glue [-] oslo_limit.timeout = None {{(pid=98788) log_opt_values /opt/stack/data/venv/lib/python3.12/site-packages/oslo_config/cfg.py:3253}}
Jul 06 23:46:33.831025 np0000004688 nova-conductor[98788]: DEBUG cotyledon.oslo_config_glue [-] oslo_limit.valid_interfaces = None {{(pid=98788) log_opt_values /opt/stack/data/venv/lib/python3.12/site-packages/oslo_config/cfg.py:3253}}
Jul 06 23:46:33.831025 np0000004688 nova-conductor[98788]: DEBUG cotyledon.oslo_config_glue [-] oslo_limit.version = None {{(pid=98788) log_opt_values /opt/stack/data/venv/lib/python3.12/site-packages/oslo_config/cfg.py:3253}}
Jul 06 23:46:33.831025 np0000004688 nova-conductor[98788]: DEBUG cotyledon.oslo_config_glue [-] oslo_reports.file_event_handler = None {{(pid=98788) log_opt_values /opt/stack/data/venv/lib/python3.12/site-packages/oslo_config/cfg.py:3253}}
Jul 06 23:46:33.831025 np0000004688 nova-conductor[98788]: DEBUG cotyledon.oslo_config_glue [-] oslo_reports.file_event_handler_interval = 1 {{(pid=98788) log_opt_values /opt/stack/data/venv/lib/python3.12/site-packages/oslo_config/cfg.py:3253}}
Jul 06 23:46:33.831025 np0000004688 nova-conductor[98788]: DEBUG cotyledon.oslo_config_glue [-] oslo_reports.log_dir = None {{(pid=98788) log_opt_values /opt/stack/data/venv/lib/python3.12/site-packages/oslo_config/cfg.py:3253}}
Jul 06 23:46:33.831025 np0000004688 nova-conductor[98788]: DEBUG cotyledon.oslo_config_glue [-] ******************************************************************************** {{(pid=98788) log_opt_values /opt/stack/data/venv/lib/python3.12/site-packages/oslo_config/cfg.py:3260}}
Jul 06 23:46:33.831025 np0000004688 nova-conductor[98788]: DEBUG cotyledon._service_worker [-] Run service ServiceWrapper(3) [98788] {{(pid=98788) wait_forever /opt/stack/data/venv/lib/python3.12/site-packages/cotyledon/_service_worker.py:218}}
Jul 06 23:46:33.831025 np0000004688 nova-conductor[98788]: INFO nova.service [-] Starting conductor node (version 33.1.0)
Jul 06 23:46:33.831188 np0000004688 nova-conductor[98762]: DEBUG oslo_db.sqlalchemy.engines [None req-5096cf22-1937-4ce4-8664-1fed6d111acb None None] MySQL server mode set to STRICT_TRANS_TABLES,STRICT_ALL_TABLES,NO_ZERO_IN_DATE,NO_ZERO_DATE,ERROR_FOR_DIVISION_BY_ZERO,TRADITIONAL,NO_ENGINE_SUBSTITUTION {{(pid=98762) _check_effective_sql_mode /opt/stack/data/venv/lib/python3.12/site-packages/oslo_db/sqlalchemy/engines.py:325}}
Jul 06 23:46:33.831213 np0000004688 nova-conductor[98788]: INFO dbcounter [None req-b4f32be0-dbe5-4ce1-b92c-365c03e3de0c None None] Registered counter for database nova_cell0
Jul 06 23:46:33.831235 np0000004688 nova-conductor[98762]: DEBUG dbcounter [-] [98762] Writer thread running {{(pid=98762) stat_writer /opt/stack/data/venv/lib/python3.12/site-packages/dbcounter.py:102}}
Jul 06 23:46:33.831257 np0000004688 nova-conductor[98769]: DEBUG oslo_db.sqlalchemy.engines [None req-419ecda4-b8a2-45ab-b276-6e73ca768cc9 None None] MySQL server mode set to STRICT_TRANS_TABLES,STRICT_ALL_TABLES,NO_ZERO_IN_DATE,NO_ZERO_DATE,ERROR_FOR_DIVISION_BY_ZERO,TRADITIONAL,NO_ENGINE_SUBSTITUTION {{(pid=98769) _check_effective_sql_mode /opt/stack/data/venv/lib/python3.12/site-packages/oslo_db/sqlalchemy/engines.py:325}}
Jul 06 23:46:33.831294 np0000004688 nova-conductor[98762]: DEBUG nova.service [None req-5096cf22-1937-4ce4-8664-1fed6d111acb None None] Creating RPC server for service: nova-conductor on topic: conductor {{(pid=98762) start /opt/stack/nova/nova/service.py:196}}
Jul 06 23:46:33.831321 np0000004688 nova-conductor[98769]: DEBUG dbcounter [-] [98769] Writer thread running {{(pid=98769) stat_writer /opt/stack/data/venv/lib/python3.12/site-packages/dbcounter.py:102}}
Jul 06 23:46:33.831321 np0000004688 nova-conductor[98769]: DEBUG nova.service [None req-419ecda4-b8a2-45ab-b276-6e73ca768cc9 None None] Creating RPC server for service: nova-conductor on topic: conductor {{(pid=98769) start /opt/stack/nova/nova/service.py:196}}
Jul 06 23:46:33.839641 np0000004688 nova-conductor[98783]: DEBUG oslo_db.sqlalchemy.engines [None req-efe718d2-5f89-4e70-be12-71865163a074 None None] MySQL server mode set to STRICT_TRANS_TABLES,STRICT_ALL_TABLES,NO_ZERO_IN_DATE,NO_ZERO_DATE,ERROR_FOR_DIVISION_BY_ZERO,TRADITIONAL,NO_ENGINE_SUBSTITUTION {{(pid=98783) _check_effective_sql_mode /opt/stack/data/venv/lib/python3.12/site-packages/oslo_db/sqlalchemy/engines.py:325}}
Jul 06 23:46:33.842893 np0000004688 nova-conductor[98788]: DEBUG oslo_db.sqlalchemy.engines [None req-b4f32be0-dbe5-4ce1-b92c-365c03e3de0c None None] MySQL server mode set to STRICT_TRANS_TABLES,STRICT_ALL_TABLES,NO_ZERO_IN_DATE,NO_ZERO_DATE,ERROR_FOR_DIVISION_BY_ZERO,TRADITIONAL,NO_ENGINE_SUBSTITUTION {{(pid=98788) _check_effective_sql_mode /opt/stack/data/venv/lib/python3.12/site-packages/oslo_db/sqlalchemy/engines.py:325}}
Jul 06 23:46:33.848231 np0000004688 nova-conductor[98783]: DEBUG dbcounter [-] [98783] Writer thread running {{(pid=98783) stat_writer /opt/stack/data/venv/lib/python3.12/site-packages/dbcounter.py:102}}
Jul 06 23:46:33.849668 np0000004688 nova-conductor[98762]: DEBUG nova.service [None req-5096cf22-1937-4ce4-8664-1fed6d111acb None None] Join ServiceGroup membership for this service conductor {{(pid=98762) start /opt/stack/nova/nova/service.py:222}}
Jul 06 23:46:33.849986 np0000004688 nova-conductor[98762]: DEBUG nova.servicegroup.drivers.db [None req-5096cf22-1937-4ce4-8664-1fed6d111acb None None] DB_Driver: join new ServiceGroup member np0000004688 to the conductor group, service = {{(pid=98762) join /opt/stack/nova/nova/servicegroup/drivers/db.py:44}}
Jul 06 23:46:33.851605 np0000004688 nova-conductor[98783]: DEBUG nova.service [None req-efe718d2-5f89-4e70-be12-71865163a074 None None] Creating RPC server for service: nova-conductor on topic: conductor {{(pid=98783) start /opt/stack/nova/nova/service.py:196}}
Jul 06 23:46:33.853229 np0000004688 nova-conductor[98769]: DEBUG nova.service [None req-419ecda4-b8a2-45ab-b276-6e73ca768cc9 None None] Join ServiceGroup membership for this service conductor {{(pid=98769) start /opt/stack/nova/nova/service.py:222}}
Jul 06 23:46:33.853414 np0000004688 nova-conductor[98769]: DEBUG nova.servicegroup.drivers.db [None req-419ecda4-b8a2-45ab-b276-6e73ca768cc9 None None] DB_Driver: join new ServiceGroup member np0000004688 to the conductor group, service = {{(pid=98769) join /opt/stack/nova/nova/servicegroup/drivers/db.py:44}}
Jul 06 23:46:33.854221 np0000004688 nova-conductor[98788]: DEBUG dbcounter [-] [98788] Writer thread running {{(pid=98788) stat_writer /opt/stack/data/venv/lib/python3.12/site-packages/dbcounter.py:102}}
Jul 06 23:46:33.855580 np0000004688 nova-conductor[98769]: DEBUG oslo.service.backend._threading.loopingcall [None req-4daad37d-1987-43e0-8c92-ab0e0d270e35 None None] Dynamic interval looping call 'nova.service.Service.periodic_tasks' sleeping for 60.00 seconds {{(pid=98769) _run_loop /opt/stack/data/venv/lib/python3.12/site-packages/oslo_service/backend/_threading/loopingcall.py:125}}
Jul 06 23:46:33.857076 np0000004688 nova-conductor[98788]: DEBUG nova.service [None req-b4f32be0-dbe5-4ce1-b92c-365c03e3de0c None None] Creating RPC server for service: nova-conductor on topic: conductor {{(pid=98788) start /opt/stack/nova/nova/service.py:196}}
Jul 06 23:46:33.873386 np0000004688 nova-conductor[98783]: DEBUG nova.service [None req-efe718d2-5f89-4e70-be12-71865163a074 None None] Join ServiceGroup membership for this service conductor {{(pid=98783) start /opt/stack/nova/nova/service.py:222}}
Jul 06 23:46:33.873386 np0000004688 nova-conductor[98783]: DEBUG nova.servicegroup.drivers.db [None req-efe718d2-5f89-4e70-be12-71865163a074 None None] DB_Driver: join new ServiceGroup member np0000004688 to the conductor group, service = {{(pid=98783) join /opt/stack/nova/nova/servicegroup/drivers/db.py:44}}
Jul 06 23:46:33.881113 np0000004688 nova-conductor[98788]: DEBUG nova.service [None req-b4f32be0-dbe5-4ce1-b92c-365c03e3de0c None None] Join ServiceGroup membership for this service conductor {{(pid=98788) start /opt/stack/nova/nova/service.py:222}}
Jul 06 23:46:33.881854 np0000004688 nova-conductor[98788]: DEBUG nova.servicegroup.drivers.db [None req-b4f32be0-dbe5-4ce1-b92c-365c03e3de0c None None] DB_Driver: join new ServiceGroup member np0000004688 to the conductor group, service = {{(pid=98788) join /opt/stack/nova/nova/servicegroup/drivers/db.py:44}}
Jul 06 23:46:38.866049 np0000004688 nova-conductor[98762]: DEBUG oslo.service.backend._threading.loopingcall [-] Fixed interval looping call 'nova.servicegroup.drivers.db.DbDriver._report_state' sleeping for 119.99 seconds {{(pid=98762) _run_loop /opt/stack/data/venv/lib/python3.12/site-packages/oslo_service/backend/_threading/loopingcall.py:125}}
Jul 06 23:46:38.866878 np0000004688 nova-conductor[98769]: DEBUG oslo.service.backend._threading.loopingcall [-] Fixed interval looping call 'nova.servicegroup.drivers.db.DbDriver._report_state' sleeping for 119.99 seconds {{(pid=98769) _run_loop /opt/stack/data/venv/lib/python3.12/site-packages/oslo_service/backend/_threading/loopingcall.py:125}}
Jul 06 23:46:38.885858 np0000004688 nova-conductor[98783]: DEBUG oslo.service.backend._threading.loopingcall [-] Fixed interval looping call 'nova.servicegroup.drivers.db.DbDriver._report_state' sleeping for 119.99 seconds {{(pid=98783) _run_loop /opt/stack/data/venv/lib/python3.12/site-packages/oslo_service/backend/_threading/loopingcall.py:125}}
Jul 06 23:46:38.892202 np0000004688 nova-conductor[98788]: DEBUG oslo.service.backend._threading.loopingcall [-] Fixed interval looping call 'nova.servicegroup.drivers.db.DbDriver._report_state' sleeping for 119.99 seconds {{(pid=98788) _run_loop /opt/stack/data/venv/lib/python3.12/site-packages/oslo_service/backend/_threading/loopingcall.py:125}}
Jul 06 23:46:42.447166 np0000004688 nova-conductor[97276]: DEBUG dbcounter [-] [97276] Writing DB stats nova_api:SELECT=1 {{(pid=97276) stat_writer /opt/stack/data/venv/lib/python3.12/site-packages/dbcounter.py:115}}
Jul 06 23:46:42.589432 np0000004688 nova-conductor[97276]: DEBUG dbcounter [-] [97276] Writing DB stats nova_cell1:SELECT=1 {{(pid=97276) stat_writer /opt/stack/data/venv/lib/python3.12/site-packages/dbcounter.py:115}}
Jul 06 23:46:42.593367 np0000004688 nova-conductor[97276]: DEBUG dbcounter [-] [97276] Writing DB stats nova_cell0:SELECT=1 {{(pid=97276) stat_writer /opt/stack/data/venv/lib/python3.12/site-packages/dbcounter.py:115}}
Jul 06 23:46:48.858288 np0000004688 nova-conductor[98762]: DEBUG dbcounter [-] [98762] Writing DB stats nova_cell0:SELECT=4,nova_cell0:INSERT=1,nova_cell0:UPDATE=1 {{(pid=98762) stat_writer /opt/stack/data/venv/lib/python3.12/site-packages/dbcounter.py:115}}
Jul 06 23:46:48.863518 np0000004688 nova-conductor[98769]: DEBUG dbcounter [-] [98769] Writing DB stats nova_cell0:SELECT=3,nova_cell0:UPDATE=1 {{(pid=98769) stat_writer /opt/stack/data/venv/lib/python3.12/site-packages/dbcounter.py:115}}
Jul 06 23:46:48.881804 np0000004688 nova-conductor[98783]: DEBUG dbcounter [-] [98783] Writing DB stats nova_cell0:SELECT=3 {{(pid=98783) stat_writer /opt/stack/data/venv/lib/python3.12/site-packages/dbcounter.py:115}}
Jul 06 23:46:48.890456 np0000004688 nova-conductor[98788]: DEBUG dbcounter [-] [98788] Writing DB stats nova_cell0:SELECT=3 {{(pid=98788) stat_writer /opt/stack/data/venv/lib/python3.12/site-packages/dbcounter.py:115}}
Jul 06 23:46:51.883435 np0000004688 nova-conductor[98788]: DEBUG oslo.service.backend._threading.loopingcall [None req-935d89fd-c22a-4507-afa3-0f53f9612c2c None None] Dynamic interval looping call 'nova.service.Service.periodic_tasks' sleeping for 60.00 seconds {{(pid=98788) _run_loop /opt/stack/data/venv/lib/python3.12/site-packages/oslo_service/backend/_threading/loopingcall.py:125}}
Jul 06 23:47:03.852175 np0000004688 nova-conductor[98762]: DEBUG oslo.service.backend._threading.loopingcall [None req-2915b599-e006-4ab6-a94a-49025958b2f9 None None] Dynamic interval looping call 'nova.service.Service.periodic_tasks' sleeping for 60.00 seconds {{(pid=98762) _run_loop /opt/stack/data/venv/lib/python3.12/site-packages/oslo_service/backend/_threading/loopingcall.py:125}}
Jul 06 23:47:15.874885 np0000004688 nova-conductor[98783]: DEBUG oslo.service.backend._threading.loopingcall [None req-6fd0747e-8218-490a-8f03-679dd0c2d67c None None] Dynamic interval looping call 'nova.service.Service.periodic_tasks' sleeping for 60.00 seconds {{(pid=98783) _run_loop /opt/stack/data/venv/lib/python3.12/site-packages/oslo_service/backend/_threading/loopingcall.py:125}}
Jul 06 23:47:33.856012 np0000004688 nova-conductor[98769]: DEBUG oslo.service.backend._threading.loopingcall [None req-4daad37d-1987-43e0-8c92-ab0e0d270e35 None None] Dynamic interval looping call 'nova.service.Service.periodic_tasks' sleeping for 60.00 seconds {{(pid=98769) _run_loop /opt/stack/data/venv/lib/python3.12/site-packages/oslo_service/backend/_threading/loopingcall.py:125}}
Jul 06 23:47:51.883972 np0000004688 nova-conductor[98788]: DEBUG oslo.service.backend._threading.loopingcall [None req-935d89fd-c22a-4507-afa3-0f53f9612c2c None None] Dynamic interval looping call 'nova.service.Service.periodic_tasks' sleeping for 60.00 seconds {{(pid=98788) _run_loop /opt/stack/data/venv/lib/python3.12/site-packages/oslo_service/backend/_threading/loopingcall.py:125}}
Jul 06 23:48:03.852706 np0000004688 nova-conductor[98762]: DEBUG oslo.service.backend._threading.loopingcall [None req-2915b599-e006-4ab6-a94a-49025958b2f9 None None] Dynamic interval looping call 'nova.service.Service.periodic_tasks' sleeping for 60.00 seconds {{(pid=98762) _run_loop /opt/stack/data/venv/lib/python3.12/site-packages/oslo_service/backend/_threading/loopingcall.py:125}}
Jul 06 23:48:15.875452 np0000004688 nova-conductor[98783]: DEBUG oslo.service.backend._threading.loopingcall [None req-6fd0747e-8218-490a-8f03-679dd0c2d67c None None] Dynamic interval looping call 'nova.service.Service.periodic_tasks' sleeping for 60.00 seconds {{(pid=98783) _run_loop /opt/stack/data/venv/lib/python3.12/site-packages/oslo_service/backend/_threading/loopingcall.py:125}}
Jul 06 23:48:33.856869 np0000004688 nova-conductor[98769]: DEBUG oslo.service.backend._threading.loopingcall [None req-4daad37d-1987-43e0-8c92-ab0e0d270e35 None None] Dynamic interval looping call 'nova.service.Service.periodic_tasks' sleeping for 60.00 seconds {{(pid=98769) _run_loop /opt/stack/data/venv/lib/python3.12/site-packages/oslo_service/backend/_threading/loopingcall.py:125}}
Jul 06 23:48:39.232278 np0000004688 nova-conductor[98762]: DEBUG oslo.service.backend._threading.loopingcall [-] Fixed interval looping call 'nova.servicegroup.drivers.db.DbDriver._report_state' sleeping for 119.98 seconds {{(pid=98762) _run_loop /opt/stack/data/venv/lib/python3.12/site-packages/oslo_service/backend/_threading/loopingcall.py:125}}
Jul 06 23:48:39.234233 np0000004688 nova-conductor[98769]: DEBUG oslo.service.backend._threading.loopingcall [-] Fixed interval looping call 'nova.servicegroup.drivers.db.DbDriver._report_state' sleeping for 119.98 seconds {{(pid=98769) _run_loop /opt/stack/data/venv/lib/python3.12/site-packages/oslo_service/backend/_threading/loopingcall.py:125}}
Jul 06 23:48:39.235079 np0000004688 nova-conductor[98783]: DEBUG oslo.service.backend._threading.loopingcall [-] Fixed interval looping call 'nova.servicegroup.drivers.db.DbDriver._report_state' sleeping for 119.99 seconds {{(pid=98783) _run_loop /opt/stack/data/venv/lib/python3.12/site-packages/oslo_service/backend/_threading/loopingcall.py:125}}
Jul 06 23:48:39.235763 np0000004688 nova-conductor[98788]: DEBUG oslo.service.backend._threading.loopingcall [-] Fixed interval looping call 'nova.servicegroup.drivers.db.DbDriver._report_state' sleeping for 120.00 seconds {{(pid=98788) _run_loop /opt/stack/data/venv/lib/python3.12/site-packages/oslo_service/backend/_threading/loopingcall.py:125}}
Jul 06 23:48:48.861043 np0000004688 nova-conductor[98762]: DEBUG dbcounter [-] [98762] Writing DB stats nova_cell0:SELECT=1,nova_cell0:UPDATE=1 {{(pid=98762) stat_writer /opt/stack/data/venv/lib/python3.12/site-packages/dbcounter.py:115}}
Jul 06 23:48:48.862433 np0000004688 nova-conductor[98769]: DEBUG dbcounter [-] [98769] Writing DB stats nova_cell0:SELECT=1,nova_cell0:UPDATE=1 {{(pid=98769) stat_writer /opt/stack/data/venv/lib/python3.12/site-packages/dbcounter.py:115}}
Jul 06 23:48:48.880640 np0000004688 nova-conductor[98783]: DEBUG dbcounter [-] [98783] Writing DB stats nova_cell0:SELECT=1 {{(pid=98783) stat_writer /opt/stack/data/venv/lib/python3.12/site-packages/dbcounter.py:115}}
Jul 06 23:48:48.884306 np0000004688 nova-conductor[98788]: DEBUG dbcounter [-] [98788] Writing DB stats nova_cell0:SELECT=1 {{(pid=98788) stat_writer /opt/stack/data/venv/lib/python3.12/site-packages/dbcounter.py:115}}
Jul 06 23:48:51.885511 np0000004688 nova-conductor[98788]: DEBUG oslo.service.backend._threading.loopingcall [None req-935d89fd-c22a-4507-afa3-0f53f9612c2c None None] Dynamic interval looping call 'nova.service.Service.periodic_tasks' sleeping for 60.00 seconds {{(pid=98788) _run_loop /opt/stack/data/venv/lib/python3.12/site-packages/oslo_service/backend/_threading/loopingcall.py:125}}
Jul 06 23:48:52.010634 np0000004688 nova-conductor[98762]: DEBUG oslo_db.sqlalchemy.engines [None req-3f6f5448-5a44-450c-9901-fdda0494c1bf tempest-DeleteServersTestJSON-1761923373 tempest-DeleteServersTestJSON-1761923373-project-member] Parent process 97276 forked (98762) with an open database connection, which is being discarded and recreated. {{(pid=98762) checkout /opt/stack/data/venv/lib/python3.12/site-packages/oslo_db/sqlalchemy/engines.py:402}}
Jul 06 23:48:52.082025 np0000004688 nova-conductor[98762]: DEBUG dbcounter [-] [98762] Writer thread running {{(pid=98762) stat_writer /opt/stack/data/venv/lib/python3.12/site-packages/dbcounter.py:102}}
Jul 06 23:48:53.629057 np0000004688 nova-conductor[98762]: DEBUG nova.conductor.manager [None req-3f6f5448-5a44-450c-9901-fdda0494c1bf tempest-DeleteServersTestJSON-1761923373 tempest-DeleteServersTestJSON-1761923373-project-member] Took 1.54 seconds to select destinations for 1 instance(s). {{(pid=98762) _schedule_instances /opt/stack/nova/nova/conductor/manager.py:968}}
Jul 06 23:48:53.656341 np0000004688 nova-conductor[98762]: DEBUG oslo_concurrency.lockutils [None req-3f6f5448-5a44-450c-9901-fdda0494c1bf tempest-DeleteServersTestJSON-1761923373 tempest-DeleteServersTestJSON-1761923373-project-member] Acquiring lock "35fa1fc3-e832-4748-a4b1-e196e9f3244f" by "nova.context.set_target_cell..get_or_set_cached_cell_and_set_connections" {{(pid=98762) inner /opt/stack/data/venv/lib/python3.12/site-packages/oslo_concurrency/lockutils.py:511}}
Jul 06 23:48:53.656885 np0000004688 nova-conductor[98762]: DEBUG oslo_concurrency.lockutils [None req-3f6f5448-5a44-450c-9901-fdda0494c1bf tempest-DeleteServersTestJSON-1761923373 tempest-DeleteServersTestJSON-1761923373-project-member] Lock "35fa1fc3-e832-4748-a4b1-e196e9f3244f" acquired by "nova.context.set_target_cell..get_or_set_cached_cell_and_set_connections" :: waited 0.000s {{(pid=98762) inner /opt/stack/data/venv/lib/python3.12/site-packages/oslo_concurrency/lockutils.py:524}}
Jul 06 23:48:53.659036 np0000004688 nova-conductor[98762]: DEBUG oslo_concurrency.lockutils [None req-3f6f5448-5a44-450c-9901-fdda0494c1bf tempest-DeleteServersTestJSON-1761923373 tempest-DeleteServersTestJSON-1761923373-project-member] Lock "35fa1fc3-e832-4748-a4b1-e196e9f3244f" "released" by "nova.context.set_target_cell..get_or_set_cached_cell_and_set_connections" :: held 0.002s {{(pid=98762) inner /opt/stack/data/venv/lib/python3.12/site-packages/oslo_concurrency/lockutils.py:543}}
Jul 06 23:48:53.662389 np0000004688 nova-conductor[98762]: INFO dbcounter [None req-3f6f5448-5a44-450c-9901-fdda0494c1bf tempest-DeleteServersTestJSON-1761923373 tempest-DeleteServersTestJSON-1761923373-project-member] Registered counter for database nova_cell1
Jul 06 23:48:53.719148 np0000004688 nova-conductor[98762]: DEBUG oslo_db.sqlalchemy.engines [None req-3f6f5448-5a44-450c-9901-fdda0494c1bf tempest-DeleteServersTestJSON-1761923373 tempest-DeleteServersTestJSON-1761923373-project-member] MySQL server mode set to STRICT_TRANS_TABLES,STRICT_ALL_TABLES,NO_ZERO_IN_DATE,NO_ZERO_DATE,ERROR_FOR_DIVISION_BY_ZERO,TRADITIONAL,NO_ENGINE_SUBSTITUTION {{(pid=98762) _check_effective_sql_mode /opt/stack/data/venv/lib/python3.12/site-packages/oslo_db/sqlalchemy/engines.py:325}}
Jul 06 23:48:53.725778 np0000004688 nova-conductor[98762]: DEBUG dbcounter [-] [98762] Writer thread running {{(pid=98762) stat_writer /opt/stack/data/venv/lib/python3.12/site-packages/dbcounter.py:102}}
Jul 06 23:48:53.752914 np0000004688 nova-conductor[98769]: DEBUG dbcounter [-] [98769] Writer thread running {{(pid=98769) stat_writer /opt/stack/data/venv/lib/python3.12/site-packages/dbcounter.py:102}}
Jul 06 23:48:53.803659 np0000004688 nova-conductor[98762]: INFO nova.utils [None req-3f6f5448-5a44-450c-9901-fdda0494c1bf tempest-DeleteServersTestJSON-1761923373 tempest-DeleteServersTestJSON-1761923373-project-member] The cell worker thread pool ForkProcess-1.cell_worker is initialized
Jul 06 23:48:53.804077 np0000004688 nova-conductor[98762]: DEBUG oslo_concurrency.lockutils [None req-3f6f5448-5a44-450c-9901-fdda0494c1bf tempest-DeleteServersTestJSON-1761923373 tempest-DeleteServersTestJSON-1761923373-project-member] Acquiring lock "00000000-0000-0000-0000-000000000000" by "nova.context.set_target_cell..get_or_set_cached_cell_and_set_connections" {{(pid=98762) inner /opt/stack/data/venv/lib/python3.12/site-packages/oslo_concurrency/lockutils.py:511}}
Jul 06 23:48:53.804192 np0000004688 nova-conductor[98762]: DEBUG oslo_concurrency.lockutils [None req-3f6f5448-5a44-450c-9901-fdda0494c1bf tempest-DeleteServersTestJSON-1761923373 tempest-DeleteServersTestJSON-1761923373-project-member] Lock "00000000-0000-0000-0000-000000000000" acquired by "nova.context.set_target_cell..get_or_set_cached_cell_and_set_connections" :: waited 0.000s {{(pid=98762) inner /opt/stack/data/venv/lib/python3.12/site-packages/oslo_concurrency/lockutils.py:524}}
Jul 06 23:48:53.804620 np0000004688 nova-conductor[98762]: DEBUG oslo_concurrency.lockutils [None req-3f6f5448-5a44-450c-9901-fdda0494c1bf tempest-DeleteServersTestJSON-1761923373 tempest-DeleteServersTestJSON-1761923373-project-member] Lock "00000000-0000-0000-0000-000000000000" "released" by "nova.context.set_target_cell..get_or_set_cached_cell_and_set_connections" :: held 0.000s {{(pid=98762) inner /opt/stack/data/venv/lib/python3.12/site-packages/oslo_concurrency/lockutils.py:543}}
Jul 06 23:48:53.805212 np0000004688 nova-conductor[98762]: DEBUG oslo_concurrency.lockutils [None req-3f6f5448-5a44-450c-9901-fdda0494c1bf tempest-DeleteServersTestJSON-1761923373 tempest-DeleteServersTestJSON-1761923373-project-member] Acquiring lock "35fa1fc3-e832-4748-a4b1-e196e9f3244f" by "nova.context.set_target_cell..get_or_set_cached_cell_and_set_connections" {{(pid=98762) inner /opt/stack/data/venv/lib/python3.12/site-packages/oslo_concurrency/lockutils.py:511}}
Jul 06 23:48:53.806404 np0000004688 nova-conductor[98762]: INFO dbcounter [None req-3f6f5448-5a44-450c-9901-fdda0494c1bf tempest-DeleteServersTestJSON-1761923373 tempest-DeleteServersTestJSON-1761923373-project-member] Registered counter for database nova_cell0
Jul 06 23:48:53.808082 np0000004688 nova-conductor[98762]: DEBUG oslo_concurrency.lockutils [None req-3f6f5448-5a44-450c-9901-fdda0494c1bf tempest-DeleteServersTestJSON-1761923373 tempest-DeleteServersTestJSON-1761923373-project-member] Lock "35fa1fc3-e832-4748-a4b1-e196e9f3244f" acquired by "nova.context.set_target_cell..get_or_set_cached_cell_and_set_connections" :: waited 0.001s {{(pid=98762) inner /opt/stack/data/venv/lib/python3.12/site-packages/oslo_concurrency/lockutils.py:524}}
Jul 06 23:48:53.808243 np0000004688 nova-conductor[98762]: DEBUG oslo_concurrency.lockutils [None req-3f6f5448-5a44-450c-9901-fdda0494c1bf tempest-DeleteServersTestJSON-1761923373 tempest-DeleteServersTestJSON-1761923373-project-member] Lock "35fa1fc3-e832-4748-a4b1-e196e9f3244f" "released" by "nova.context.set_target_cell..get_or_set_cached_cell_and_set_connections" :: held 0.002s {{(pid=98762) inner /opt/stack/data/venv/lib/python3.12/site-packages/oslo_concurrency/lockutils.py:543}}
Jul 06 23:48:53.862589 np0000004688 nova-conductor[98762]: DEBUG oslo_db.sqlalchemy.engines [None req-3f6f5448-5a44-450c-9901-fdda0494c1bf tempest-DeleteServersTestJSON-1761923373 tempest-DeleteServersTestJSON-1761923373-project-member] MySQL server mode set to STRICT_TRANS_TABLES,STRICT_ALL_TABLES,NO_ZERO_IN_DATE,NO_ZERO_DATE,ERROR_FOR_DIVISION_BY_ZERO,TRADITIONAL,NO_ENGINE_SUBSTITUTION {{(pid=98762) _check_effective_sql_mode /opt/stack/data/venv/lib/python3.12/site-packages/oslo_db/sqlalchemy/engines.py:325}}
Jul 06 23:48:53.871512 np0000004688 nova-conductor[98762]: DEBUG dbcounter [-] [98762] Writer thread running {{(pid=98762) stat_writer /opt/stack/data/venv/lib/python3.12/site-packages/dbcounter.py:102}}
Jul 06 23:48:53.884969 np0000004688 nova-conductor[98762]: DEBUG nova.quota [None req-3f6f5448-5a44-450c-9901-fdda0494c1bf tempest-DeleteServersTestJSON-1761923373 tempest-DeleteServersTestJSON-1761923373-project-member] Getting quotas for project 71b9041530d34db18bea7f7eb9bd98cd. Resources: {'ram', 'cores', 'instances'} {{(pid=98762) _get_quotas /opt/stack/nova/nova/quota.py:389}}
Jul 06 23:48:53.889495 np0000004688 nova-conductor[98762]: DEBUG nova.quota [None req-3f6f5448-5a44-450c-9901-fdda0494c1bf tempest-DeleteServersTestJSON-1761923373 tempest-DeleteServersTestJSON-1761923373-project-member] Getting quotas for user b46efb5289af4b3bbedafa3cccb7934c and project 71b9041530d34db18bea7f7eb9bd98cd. Resources: {'ram', 'cores', 'instances'} {{(pid=98762) _get_quotas /opt/stack/nova/nova/quota.py:379}}
Jul 06 23:48:53.898623 np0000004688 nova-conductor[98762]: DEBUG nova.conductor.manager [None req-3f6f5448-5a44-450c-9901-fdda0494c1bf tempest-DeleteServersTestJSON-1761923373 tempest-DeleteServersTestJSON-1761923373-project-member] [instance: cf156214-bcdb-47f3-96a2-12118ea50a44] Selected host: np0000004688; Selected node: np0000004688; Alternates: [] {{(pid=98762) schedule_and_build_instances /opt/stack/nova/nova/conductor/manager.py:1784}}
Jul 06 23:48:53.900466 np0000004688 nova-conductor[98762]: DEBUG oslo_concurrency.lockutils [None req-3f6f5448-5a44-450c-9901-fdda0494c1bf tempest-DeleteServersTestJSON-1761923373 tempest-DeleteServersTestJSON-1761923373-project-member] Acquiring lock "35fa1fc3-e832-4748-a4b1-e196e9f3244f" by "nova.context.set_target_cell..get_or_set_cached_cell_and_set_connections" {{(pid=98762) inner /opt/stack/data/venv/lib/python3.12/site-packages/oslo_concurrency/lockutils.py:511}}
Jul 06 23:48:53.900466 np0000004688 nova-conductor[98762]: DEBUG oslo_concurrency.lockutils [None req-3f6f5448-5a44-450c-9901-fdda0494c1bf tempest-DeleteServersTestJSON-1761923373 tempest-DeleteServersTestJSON-1761923373-project-member] Lock "35fa1fc3-e832-4748-a4b1-e196e9f3244f" acquired by "nova.context.set_target_cell..get_or_set_cached_cell_and_set_connections" :: waited 0.000s {{(pid=98762) inner /opt/stack/data/venv/lib/python3.12/site-packages/oslo_concurrency/lockutils.py:524}}
Jul 06 23:48:53.900466 np0000004688 nova-conductor[98762]: DEBUG oslo_concurrency.lockutils [None req-3f6f5448-5a44-450c-9901-fdda0494c1bf tempest-DeleteServersTestJSON-1761923373 tempest-DeleteServersTestJSON-1761923373-project-member] Lock "35fa1fc3-e832-4748-a4b1-e196e9f3244f" "released" by "nova.context.set_target_cell..get_or_set_cached_cell_and_set_connections" :: held 0.000s {{(pid=98762) inner /opt/stack/data/venv/lib/python3.12/site-packages/oslo_concurrency/lockutils.py:543}}
Jul 06 23:48:53.911309 np0000004688 nova-conductor[98762]: DEBUG nova.conductor.manager [None req-3f6f5448-5a44-450c-9901-fdda0494c1bf tempest-DeleteServersTestJSON-1761923373 tempest-DeleteServersTestJSON-1761923373-project-member] [instance: cf156214-bcdb-47f3-96a2-12118ea50a44] block_device_mapping [BlockDeviceMapping(attachment_id=,boot_index=0,connection_info=None,created_at=,delete_on_termination=True,deleted=,deleted_at=,destination_type='local',device_name=None,device_type='disk',disk_bus=None,encrypted=False,encryption_format=None,encryption_options=None,encryption_secret_uuid=None,guest_format=None,id=,image_id='300665e7-594b-4ea1-8fb1-795456042ac9',instance=,instance_uuid=,no_device=False,snapshot_id=None,source_type='image',tag=None,updated_at=,uuid=,volume_id=None,volume_size=None,volume_type=None)] {{(pid=98762) _create_block_device_mapping /opt/stack/nova/nova/conductor/manager.py:1529}}
Jul 06 23:48:53.913104 np0000004688 nova-conductor[98762]: DEBUG oslo_concurrency.lockutils [None req-3f6f5448-5a44-450c-9901-fdda0494c1bf tempest-DeleteServersTestJSON-1761923373 tempest-DeleteServersTestJSON-1761923373-project-member] Acquiring lock "35fa1fc3-e832-4748-a4b1-e196e9f3244f" by "nova.context.set_target_cell..get_or_set_cached_cell_and_set_connections" {{(pid=98762) inner /opt/stack/data/venv/lib/python3.12/site-packages/oslo_concurrency/lockutils.py:511}}
Jul 06 23:48:53.913321 np0000004688 nova-conductor[98762]: DEBUG oslo_concurrency.lockutils [None req-3f6f5448-5a44-450c-9901-fdda0494c1bf tempest-DeleteServersTestJSON-1761923373 tempest-DeleteServersTestJSON-1761923373-project-member] Lock "35fa1fc3-e832-4748-a4b1-e196e9f3244f" acquired by "nova.context.set_target_cell..get_or_set_cached_cell_and_set_connections" :: waited 0.000s {{(pid=98762) inner /opt/stack/data/venv/lib/python3.12/site-packages/oslo_concurrency/lockutils.py:524}}
Jul 06 23:48:53.913490 np0000004688 nova-conductor[98762]: DEBUG oslo_concurrency.lockutils [None req-3f6f5448-5a44-450c-9901-fdda0494c1bf tempest-DeleteServersTestJSON-1761923373 tempest-DeleteServersTestJSON-1761923373-project-member] Lock "35fa1fc3-e832-4748-a4b1-e196e9f3244f" "released" by "nova.context.set_target_cell..get_or_set_cached_cell_and_set_connections" :: held 0.000s {{(pid=98762) inner /opt/stack/data/venv/lib/python3.12/site-packages/oslo_concurrency/lockutils.py:543}}
