Jul 01 01:50:08.279338 np0000004064 nova-scheduler[96306]: DEBUG cotyledon.oslo_config_glue [-] profiler.hmac_keys = **** {{(pid=96306) log_opt_values /opt/stack/data/venv/lib/python3.12/site-packages/oslo_config/cfg.py:3253}}
Jul 01 01:50:08.279338 np0000004064 nova-scheduler[96306]: DEBUG cotyledon.oslo_config_glue [-] profiler.sentinel_service_name = mymaster {{(pid=96306) log_opt_values /opt/stack/data/venv/lib/python3.12/site-packages/oslo_config/cfg.py:3253}}
Jul 01 01:50:08.279338 np0000004064 nova-scheduler[96306]: DEBUG cotyledon.oslo_config_glue [-] profiler.socket_timeout = 0.1 {{(pid=96306) log_opt_values /opt/stack/data/venv/lib/python3.12/site-packages/oslo_config/cfg.py:3253}}
Jul 01 01:50:08.279338 np0000004064 nova-scheduler[96306]: DEBUG cotyledon.oslo_config_glue [-] profiler.trace_requests = False {{(pid=96306) log_opt_values /opt/stack/data/venv/lib/python3.12/site-packages/oslo_config/cfg.py:3253}}
Jul 01 01:50:08.279338 np0000004064 nova-scheduler[96306]: DEBUG cotyledon.oslo_config_glue [-] profiler.trace_sqlalchemy = False {{(pid=96306) log_opt_values /opt/stack/data/venv/lib/python3.12/site-packages/oslo_config/cfg.py:3253}}
Jul 01 01:50:08.279338 np0000004064 nova-scheduler[96306]: DEBUG cotyledon.oslo_config_glue [-] profiler_jaeger.process_tags = {} {{(pid=96306) log_opt_values /opt/stack/data/venv/lib/python3.12/site-packages/oslo_config/cfg.py:3253}}
Jul 01 01:50:08.279338 np0000004064 nova-scheduler[96306]: DEBUG cotyledon.oslo_config_glue [-] profiler_jaeger.service_name_prefix = None {{(pid=96306) log_opt_values /opt/stack/data/venv/lib/python3.12/site-packages/oslo_config/cfg.py:3253}}
Jul 01 01:50:08.279338 np0000004064 nova-scheduler[96306]: DEBUG cotyledon.oslo_config_glue [-] profiler_otlp.service_name_prefix = None {{(pid=96306) log_opt_values /opt/stack/data/venv/lib/python3.12/site-packages/oslo_config/cfg.py:3253}}
Jul 01 01:50:08.279539 np0000004064 nova-scheduler[96306]: DEBUG cotyledon.oslo_config_glue [-] oslo_messaging_rabbit.amqp_auto_delete = False {{(pid=96306) log_opt_values /opt/stack/data/venv/lib/python3.12/site-packages/oslo_config/cfg.py:3253}}
Jul 01 01:50:08.279539 np0000004064 nova-scheduler[96306]: DEBUG cotyledon.oslo_config_glue [-] oslo_messaging_rabbit.amqp_durable_queues = False {{(pid=96306) log_opt_values /opt/stack/data/venv/lib/python3.12/site-packages/oslo_config/cfg.py:3253}}
Jul 01 01:50:08.279539 np0000004064 nova-scheduler[96306]: DEBUG cotyledon.oslo_config_glue [-] oslo_messaging_rabbit.conn_pool_min_size = 2 {{(pid=96306) log_opt_values /opt/stack/data/venv/lib/python3.12/site-packages/oslo_config/cfg.py:3253}}
Jul 01 01:50:08.279539 np0000004064 nova-scheduler[96306]: DEBUG cotyledon.oslo_config_glue [-] oslo_messaging_rabbit.conn_pool_ttl = 1200 {{(pid=96306) log_opt_values /opt/stack/data/venv/lib/python3.12/site-packages/oslo_config/cfg.py:3253}}
Jul 01 01:50:08.279539 np0000004064 nova-scheduler[96306]: DEBUG cotyledon.oslo_config_glue [-] oslo_messaging_rabbit.direct_mandatory_flag = True {{(pid=96306) log_opt_values /opt/stack/data/venv/lib/python3.12/site-packages/oslo_config/cfg.py:3253}}
Jul 01 01:50:08.279539 np0000004064 nova-scheduler[96306]: DEBUG cotyledon.oslo_config_glue [-] oslo_messaging_rabbit.enable_cancel_on_failover = False {{(pid=96306) log_opt_values /opt/stack/data/venv/lib/python3.12/site-packages/oslo_config/cfg.py:3253}}
Jul 01 01:50:08.279539 np0000004064 nova-scheduler[96306]: DEBUG cotyledon.oslo_config_glue [-] oslo_messaging_rabbit.heartbeat_rate = 3 {{(pid=96306) log_opt_values /opt/stack/data/venv/lib/python3.12/site-packages/oslo_config/cfg.py:3253}}
Jul 01 01:50:08.279539 np0000004064 nova-scheduler[96306]: DEBUG cotyledon.oslo_config_glue [-] oslo_messaging_rabbit.heartbeat_timeout_threshold = 60 {{(pid=96306) log_opt_values /opt/stack/data/venv/lib/python3.12/site-packages/oslo_config/cfg.py:3253}}
Jul 01 01:50:08.279539 np0000004064 nova-scheduler[96306]: DEBUG cotyledon.oslo_config_glue [-] oslo_messaging_rabbit.hostname = np0000004064 {{(pid=96306) log_opt_values /opt/stack/data/venv/lib/python3.12/site-packages/oslo_config/cfg.py:3253}}
Jul 01 01:50:08.279710 np0000004064 nova-scheduler[96306]: DEBUG cotyledon.oslo_config_glue [-] oslo_messaging_rabbit.kombu_compression = None {{(pid=96306) log_opt_values /opt/stack/data/venv/lib/python3.12/site-packages/oslo_config/cfg.py:3253}}
Jul 01 01:50:08.279710 np0000004064 nova-scheduler[96306]: DEBUG cotyledon.oslo_config_glue [-] oslo_messaging_rabbit.kombu_failover_strategy = round-robin {{(pid=96306) log_opt_values /opt/stack/data/venv/lib/python3.12/site-packages/oslo_config/cfg.py:3253}}
Jul 01 01:50:08.279710 np0000004064 nova-scheduler[96306]: DEBUG cotyledon.oslo_config_glue [-] oslo_messaging_rabbit.kombu_missing_consumer_retry_timeout = 60 {{(pid=96306) log_opt_values /opt/stack/data/venv/lib/python3.12/site-packages/oslo_config/cfg.py:3253}}
Jul 01 01:50:08.279710 np0000004064 nova-scheduler[96306]: DEBUG cotyledon.oslo_config_glue [-] oslo_messaging_rabbit.kombu_reconnect_delay = 1.0 {{(pid=96306) log_opt_values /opt/stack/data/venv/lib/python3.12/site-packages/oslo_config/cfg.py:3253}}
Jul 01 01:50:08.279710 np0000004064 nova-scheduler[96306]: DEBUG cotyledon.oslo_config_glue [-] oslo_messaging_rabbit.kombu_reconnect_splay = 0.0 {{(pid=96306) log_opt_values /opt/stack/data/venv/lib/python3.12/site-packages/oslo_config/cfg.py:3253}}
Jul 01 01:50:08.279710 np0000004064 nova-scheduler[96306]: DEBUG cotyledon.oslo_config_glue [-] oslo_messaging_rabbit.processname = nova-scheduler {{(pid=96306) log_opt_values /opt/stack/data/venv/lib/python3.12/site-packages/oslo_config/cfg.py:3253}}
Jul 01 01:50:08.279710 np0000004064 nova-scheduler[96306]: DEBUG cotyledon.oslo_config_glue [-] oslo_messaging_rabbit.rabbit_ha_queues = False {{(pid=96306) log_opt_values /opt/stack/data/venv/lib/python3.12/site-packages/oslo_config/cfg.py:3253}}
Jul 01 01:50:08.279710 np0000004064 nova-scheduler[96306]: DEBUG cotyledon.oslo_config_glue [-] oslo_messaging_rabbit.rabbit_interval_max = 30 {{(pid=96306) log_opt_values /opt/stack/data/venv/lib/python3.12/site-packages/oslo_config/cfg.py:3253}}
Jul 01 01:50:08.279710 np0000004064 nova-scheduler[96306]: DEBUG cotyledon.oslo_config_glue [-] oslo_messaging_rabbit.rabbit_login_method = AMQPLAIN {{(pid=96306) log_opt_values /opt/stack/data/venv/lib/python3.12/site-packages/oslo_config/cfg.py:3253}}
Jul 01 01:50:08.279889 np0000004064 nova-scheduler[96306]: DEBUG cotyledon.oslo_config_glue [-] oslo_messaging_rabbit.rabbit_qos_prefetch_count = 0 {{(pid=96306) log_opt_values /opt/stack/data/venv/lib/python3.12/site-packages/oslo_config/cfg.py:3253}}
Jul 01 01:50:08.279889 np0000004064 nova-scheduler[96306]: DEBUG cotyledon.oslo_config_glue [-] oslo_messaging_rabbit.rabbit_quorum_delivery_limit = 0 {{(pid=96306) log_opt_values /opt/stack/data/venv/lib/python3.12/site-packages/oslo_config/cfg.py:3253}}
Jul 01 01:50:08.279889 np0000004064 nova-scheduler[96306]: DEBUG cotyledon.oslo_config_glue [-] oslo_messaging_rabbit.rabbit_quorum_max_memory_bytes = 0 {{(pid=96306) log_opt_values /opt/stack/data/venv/lib/python3.12/site-packages/oslo_config/cfg.py:3253}}
Jul 01 01:50:08.279889 np0000004064 nova-scheduler[96306]: DEBUG cotyledon.oslo_config_glue [-] oslo_messaging_rabbit.rabbit_quorum_max_memory_length = 0 {{(pid=96306) log_opt_values /opt/stack/data/venv/lib/python3.12/site-packages/oslo_config/cfg.py:3253}}
Jul 01 01:50:08.279889 np0000004064 nova-scheduler[96306]: DEBUG cotyledon.oslo_config_glue [-] oslo_messaging_rabbit.rabbit_quorum_queue = False {{(pid=96306) log_opt_values /opt/stack/data/venv/lib/python3.12/site-packages/oslo_config/cfg.py:3253}}
Jul 01 01:50:08.279889 np0000004064 nova-scheduler[96306]: DEBUG cotyledon.oslo_config_glue [-] oslo_messaging_rabbit.rabbit_retry_backoff = 2 {{(pid=96306) log_opt_values /opt/stack/data/venv/lib/python3.12/site-packages/oslo_config/cfg.py:3253}}
Jul 01 01:50:08.279889 np0000004064 nova-scheduler[96306]: DEBUG cotyledon.oslo_config_glue [-] oslo_messaging_rabbit.rabbit_retry_interval = 1 {{(pid=96306) log_opt_values /opt/stack/data/venv/lib/python3.12/site-packages/oslo_config/cfg.py:3253}}
Jul 01 01:50:08.279889 np0000004064 nova-scheduler[96306]: DEBUG cotyledon.oslo_config_glue [-] oslo_messaging_rabbit.rabbit_stream_fanout = False {{(pid=96306) log_opt_values /opt/stack/data/venv/lib/python3.12/site-packages/oslo_config/cfg.py:3253}}
Jul 01 01:50:08.280045 np0000004064 nova-scheduler[96306]: DEBUG cotyledon.oslo_config_glue [-] oslo_messaging_rabbit.rabbit_transient_queues_ttl = 1800 {{(pid=96306) log_opt_values /opt/stack/data/venv/lib/python3.12/site-packages/oslo_config/cfg.py:3253}}
Jul 01 01:50:08.280045 np0000004064 nova-scheduler[96306]: DEBUG cotyledon.oslo_config_glue [-] oslo_messaging_rabbit.rabbit_transient_quorum_queue = False {{(pid=96306) log_opt_values /opt/stack/data/venv/lib/python3.12/site-packages/oslo_config/cfg.py:3253}}
Jul 01 01:50:08.280045 np0000004064 nova-scheduler[96306]: DEBUG cotyledon.oslo_config_glue [-] oslo_messaging_rabbit.rpc_conn_pool_size = 30 {{(pid=96306) log_opt_values /opt/stack/data/venv/lib/python3.12/site-packages/oslo_config/cfg.py:3253}}
Jul 01 01:50:08.280045 np0000004064 nova-scheduler[96306]: DEBUG cotyledon.oslo_config_glue [-] oslo_messaging_rabbit.ssl = False {{(pid=96306) log_opt_values /opt/stack/data/venv/lib/python3.12/site-packages/oslo_config/cfg.py:3253}}
Jul 01 01:50:08.280045 np0000004064 nova-scheduler[96306]: DEBUG cotyledon.oslo_config_glue [-] oslo_messaging_rabbit.ssl_ca_file = {{(pid=96306) log_opt_values /opt/stack/data/venv/lib/python3.12/site-packages/oslo_config/cfg.py:3253}}
Jul 01 01:50:08.280045 np0000004064 nova-scheduler[96306]: DEBUG cotyledon.oslo_config_glue [-] oslo_messaging_rabbit.ssl_cert_file = {{(pid=96306) log_opt_values /opt/stack/data/venv/lib/python3.12/site-packages/oslo_config/cfg.py:3253}}
Jul 01 01:50:08.280045 np0000004064 nova-scheduler[96306]: DEBUG cotyledon.oslo_config_glue [-] oslo_messaging_rabbit.ssl_enforce_fips_mode = False {{(pid=96306) log_opt_values /opt/stack/data/venv/lib/python3.12/site-packages/oslo_config/cfg.py:3253}}
Jul 01 01:50:08.280045 np0000004064 nova-scheduler[96306]: DEBUG cotyledon.oslo_config_glue [-] oslo_messaging_rabbit.ssl_enforce_hostname_verification = True {{(pid=96306) log_opt_values /opt/stack/data/venv/lib/python3.12/site-packages/oslo_config/cfg.py:3253}}
Jul 01 01:50:08.280045 np0000004064 nova-scheduler[96306]: DEBUG cotyledon.oslo_config_glue [-] oslo_messaging_rabbit.ssl_key_file = {{(pid=96306) log_opt_values /opt/stack/data/venv/lib/python3.12/site-packages/oslo_config/cfg.py:3253}}
Jul 01 01:50:08.280366 np0000004064 nova-scheduler[96306]: DEBUG cotyledon.oslo_config_glue [-] oslo_messaging_rabbit.ssl_version = {{(pid=96306) log_opt_values /opt/stack/data/venv/lib/python3.12/site-packages/oslo_config/cfg.py:3253}}
Jul 01 01:50:08.280366 np0000004064 nova-scheduler[96306]: DEBUG cotyledon.oslo_config_glue [-] oslo_messaging_rabbit.use_queue_manager = False {{(pid=96306) log_opt_values /opt/stack/data/venv/lib/python3.12/site-packages/oslo_config/cfg.py:3253}}
Jul 01 01:50:08.280366 np0000004064 nova-scheduler[96306]: DEBUG cotyledon.oslo_config_glue [-] oslo_messaging_notifications.driver = ['messagingv2'] {{(pid=96306) log_opt_values /opt/stack/data/venv/lib/python3.12/site-packages/oslo_config/cfg.py:3253}}
Jul 01 01:50:08.280366 np0000004064 nova-scheduler[96306]: DEBUG cotyledon.oslo_config_glue [-] oslo_messaging_notifications.retry = -1 {{(pid=96306) log_opt_values /opt/stack/data/venv/lib/python3.12/site-packages/oslo_config/cfg.py:3253}}
Jul 01 01:50:08.280366 np0000004064 nova-scheduler[96306]: DEBUG cotyledon.oslo_config_glue [-] oslo_messaging_notifications.topics = ['notifications'] {{(pid=96306) log_opt_values /opt/stack/data/venv/lib/python3.12/site-packages/oslo_config/cfg.py:3253}}
Jul 01 01:50:08.280366 np0000004064 nova-scheduler[96306]: DEBUG cotyledon.oslo_config_glue [-] oslo_messaging_notifications.transport_url = **** {{(pid=96306) log_opt_values /opt/stack/data/venv/lib/python3.12/site-packages/oslo_config/cfg.py:3253}}
Jul 01 01:50:08.280366 np0000004064 nova-scheduler[96306]: DEBUG cotyledon.oslo_config_glue [-] oslo_limit.auth_section = None {{(pid=96306) log_opt_values /opt/stack/data/venv/lib/python3.12/site-packages/oslo_config/cfg.py:3253}}
Jul 01 01:50:08.280366 np0000004064 nova-scheduler[96306]: DEBUG cotyledon.oslo_config_glue [-] oslo_limit.auth_type = None {{(pid=96306) log_opt_values /opt/stack/data/venv/lib/python3.12/site-packages/oslo_config/cfg.py:3253}}
Jul 01 01:50:08.280366 np0000004064 nova-scheduler[96306]: DEBUG cotyledon.oslo_config_glue [-] oslo_limit.cafile = None {{(pid=96306) log_opt_values /opt/stack/data/venv/lib/python3.12/site-packages/oslo_config/cfg.py:3253}}
Jul 01 01:50:08.280570 np0000004064 nova-scheduler[96306]: DEBUG cotyledon.oslo_config_glue [-] oslo_limit.certfile = None {{(pid=96306) log_opt_values /opt/stack/data/venv/lib/python3.12/site-packages/oslo_config/cfg.py:3253}}
Jul 01 01:50:08.280570 np0000004064 nova-scheduler[96306]: DEBUG cotyledon.oslo_config_glue [-] oslo_limit.collect_timing = False {{(pid=96306) log_opt_values /opt/stack/data/venv/lib/python3.12/site-packages/oslo_config/cfg.py:3253}}
Jul 01 01:50:08.280570 np0000004064 nova-scheduler[96306]: DEBUG cotyledon.oslo_config_glue [-] oslo_limit.connect_retries = None {{(pid=96306) log_opt_values /opt/stack/data/venv/lib/python3.12/site-packages/oslo_config/cfg.py:3253}}
Jul 01 01:50:08.280570 np0000004064 nova-scheduler[96306]: DEBUG cotyledon.oslo_config_glue [-] oslo_limit.connect_retry_delay = None {{(pid=96306) log_opt_values /opt/stack/data/venv/lib/python3.12/site-packages/oslo_config/cfg.py:3253}}
Jul 01 01:50:08.280570 np0000004064 nova-scheduler[96306]: DEBUG cotyledon.oslo_config_glue [-] oslo_limit.endpoint_id = None {{(pid=96306) log_opt_values /opt/stack/data/venv/lib/python3.12/site-packages/oslo_config/cfg.py:3253}}
Jul 01 01:50:08.280570 np0000004064 nova-scheduler[96306]: DEBUG cotyledon.oslo_config_glue [-] oslo_limit.endpoint_interface = public {{(pid=96306) log_opt_values /opt/stack/data/venv/lib/python3.12/site-packages/oslo_config/cfg.py:3253}}
Jul 01 01:50:08.280570 np0000004064 nova-scheduler[96306]: DEBUG cotyledon.oslo_config_glue [-] oslo_limit.endpoint_override = None {{(pid=96306) log_opt_values /opt/stack/data/venv/lib/python3.12/site-packages/oslo_config/cfg.py:3253}}
Jul 01 01:50:08.280570 np0000004064 nova-scheduler[96306]: DEBUG cotyledon.oslo_config_glue [-] oslo_limit.endpoint_region_name = None {{(pid=96306) log_opt_values /opt/stack/data/venv/lib/python3.12/site-packages/oslo_config/cfg.py:3253}}
Jul 01 01:50:08.280570 np0000004064 nova-scheduler[96306]: DEBUG cotyledon.oslo_config_glue [-] oslo_limit.endpoint_service_name = None {{(pid=96306) log_opt_values /opt/stack/data/venv/lib/python3.12/site-packages/oslo_config/cfg.py:3253}}
Jul 01 01:50:08.280732 np0000004064 nova-scheduler[96306]: DEBUG cotyledon.oslo_config_glue [-] oslo_limit.endpoint_service_type = None {{(pid=96306) log_opt_values /opt/stack/data/venv/lib/python3.12/site-packages/oslo_config/cfg.py:3253}}
Jul 01 01:50:08.280732 np0000004064 nova-scheduler[96306]: DEBUG cotyledon.oslo_config_glue [-] oslo_limit.insecure = False {{(pid=96306) log_opt_values /opt/stack/data/venv/lib/python3.12/site-packages/oslo_config/cfg.py:3253}}
Jul 01 01:50:08.280732 np0000004064 nova-scheduler[96306]: DEBUG cotyledon.oslo_config_glue [-] oslo_limit.keyfile = None {{(pid=96306) log_opt_values /opt/stack/data/venv/lib/python3.12/site-packages/oslo_config/cfg.py:3253}}
Jul 01 01:50:08.280732 np0000004064 nova-scheduler[96306]: DEBUG cotyledon.oslo_config_glue [-] oslo_limit.max_version = None {{(pid=96306) log_opt_values /opt/stack/data/venv/lib/python3.12/site-packages/oslo_config/cfg.py:3253}}
Jul 01 01:50:08.280732 np0000004064 nova-scheduler[96306]: DEBUG cotyledon.oslo_config_glue [-] oslo_limit.min_version = None {{(pid=96306) log_opt_values /opt/stack/data/venv/lib/python3.12/site-packages/oslo_config/cfg.py:3253}}
Jul 01 01:50:08.280832 np0000004064 nova-scheduler[96302]: INFO dbcounter [None req-ceea459d-cb94-4df8-b483-9f3441998b54 None None] Registered counter for database nova_cell0
Jul 01 01:50:08.280876 np0000004064 nova-scheduler[96306]: DEBUG cotyledon.oslo_config_glue [-] oslo_limit.region_name = None {{(pid=96306) log_opt_values /opt/stack/data/venv/lib/python3.12/site-packages/oslo_config/cfg.py:3253}}
Jul 01 01:50:08.280876 np0000004064 nova-scheduler[96306]: DEBUG cotyledon.oslo_config_glue [-] oslo_limit.retriable_status_codes = None {{(pid=96306) log_opt_values /opt/stack/data/venv/lib/python3.12/site-packages/oslo_config/cfg.py:3253}}
Jul 01 01:50:08.280876 np0000004064 nova-scheduler[96306]: DEBUG cotyledon.oslo_config_glue [-] oslo_limit.service_name = None {{(pid=96306) log_opt_values /opt/stack/data/venv/lib/python3.12/site-packages/oslo_config/cfg.py:3253}}
Jul 01 01:50:08.280876 np0000004064 nova-scheduler[96306]: DEBUG cotyledon.oslo_config_glue [-] oslo_limit.service_type = None {{(pid=96306) log_opt_values /opt/stack/data/venv/lib/python3.12/site-packages/oslo_config/cfg.py:3253}}
Jul 01 01:50:08.280876 np0000004064 nova-scheduler[96306]: DEBUG cotyledon.oslo_config_glue [-] oslo_limit.split_loggers = False {{(pid=96306) log_opt_values /opt/stack/data/venv/lib/python3.12/site-packages/oslo_config/cfg.py:3253}}
Jul 01 01:50:08.280876 np0000004064 nova-scheduler[96306]: DEBUG cotyledon.oslo_config_glue [-] oslo_limit.status_code_retries = None {{(pid=96306) log_opt_values /opt/stack/data/venv/lib/python3.12/site-packages/oslo_config/cfg.py:3253}}
Jul 01 01:50:08.280876 np0000004064 nova-scheduler[96306]: DEBUG cotyledon.oslo_config_glue [-] oslo_limit.status_code_retry_delay = None {{(pid=96306) log_opt_values /opt/stack/data/venv/lib/python3.12/site-packages/oslo_config/cfg.py:3253}}
Jul 01 01:50:08.280876 np0000004064 nova-scheduler[96306]: DEBUG cotyledon.oslo_config_glue [-] oslo_limit.timeout = None {{(pid=96306) log_opt_values /opt/stack/data/venv/lib/python3.12/site-packages/oslo_config/cfg.py:3253}}
Jul 01 01:50:08.280876 np0000004064 nova-scheduler[96306]: DEBUG cotyledon.oslo_config_glue [-] oslo_limit.valid_interfaces = None {{(pid=96306) log_opt_values /opt/stack/data/venv/lib/python3.12/site-packages/oslo_config/cfg.py:3253}}
Jul 01 01:50:08.281054 np0000004064 nova-scheduler[96306]: DEBUG cotyledon.oslo_config_glue [-] oslo_limit.version = None {{(pid=96306) log_opt_values /opt/stack/data/venv/lib/python3.12/site-packages/oslo_config/cfg.py:3253}}
Jul 01 01:50:08.281054 np0000004064 nova-scheduler[96306]: DEBUG cotyledon.oslo_config_glue [-] oslo_reports.file_event_handler = None {{(pid=96306) log_opt_values /opt/stack/data/venv/lib/python3.12/site-packages/oslo_config/cfg.py:3253}}
Jul 01 01:50:08.281054 np0000004064 nova-scheduler[96306]: DEBUG cotyledon.oslo_config_glue [-] oslo_reports.file_event_handler_interval = 1 {{(pid=96306) log_opt_values /opt/stack/data/venv/lib/python3.12/site-packages/oslo_config/cfg.py:3253}}
Jul 01 01:50:08.281054 np0000004064 nova-scheduler[96306]: DEBUG cotyledon.oslo_config_glue [-] oslo_reports.log_dir = None {{(pid=96306) log_opt_values /opt/stack/data/venv/lib/python3.12/site-packages/oslo_config/cfg.py:3253}}
Jul 01 01:50:08.281054 np0000004064 nova-scheduler[96306]: DEBUG cotyledon.oslo_config_glue [-] ******************************************************************************** {{(pid=96306) log_opt_values /opt/stack/data/venv/lib/python3.12/site-packages/oslo_config/cfg.py:3260}}
Jul 01 01:50:08.281054 np0000004064 nova-scheduler[96306]: DEBUG cotyledon._service_worker [-] Run service ServiceWrapper(3) [96306] {{(pid=96306) wait_forever /opt/stack/data/venv/lib/python3.12/site-packages/cotyledon/_service_worker.py:218}}
Jul 01 01:50:08.281054 np0000004064 nova-scheduler[96306]: INFO nova.service [-] Starting scheduler node (version 33.1.0)
Jul 01 01:50:08.281054 np0000004064 nova-scheduler[96306]: INFO dbcounter [None req-7d1e16c0-4db2-457e-b26e-0053abd66734 None None] Registered counter for database nova_cell0
Jul 01 01:50:08.284559 np0000004064 nova-scheduler[96300]: DEBUG oslo_db.sqlalchemy.engines [None req-302bb8d6-15cb-45fa-acab-96767e720e2a None None] MySQL server mode set to STRICT_TRANS_TABLES,STRICT_ALL_TABLES,NO_ZERO_IN_DATE,NO_ZERO_DATE,ERROR_FOR_DIVISION_BY_ZERO,TRADITIONAL,NO_ENGINE_SUBSTITUTION {{(pid=96300) _check_effective_sql_mode /opt/stack/data/venv/lib/python3.12/site-packages/oslo_db/sqlalchemy/engines.py:325}}
Jul 01 01:50:08.288544 np0000004064 nova-scheduler[96304]: DEBUG oslo_db.sqlalchemy.engines [None req-18679604-395e-46ee-a174-91e27755a4ee None None] MySQL server mode set to STRICT_TRANS_TABLES,STRICT_ALL_TABLES,NO_ZERO_IN_DATE,NO_ZERO_DATE,ERROR_FOR_DIVISION_BY_ZERO,TRADITIONAL,NO_ENGINE_SUBSTITUTION {{(pid=96304) _check_effective_sql_mode /opt/stack/data/venv/lib/python3.12/site-packages/oslo_db/sqlalchemy/engines.py:325}}
Jul 01 01:50:08.294232 np0000004064 nova-scheduler[96300]: DEBUG dbcounter [-] [96300] Writer thread running {{(pid=96300) stat_writer /opt/stack/data/venv/lib/python3.12/site-packages/dbcounter.py:102}}
Jul 01 01:50:08.298237 np0000004064 nova-scheduler[96304]: DEBUG dbcounter [-] [96304] Writer thread running {{(pid=96304) stat_writer /opt/stack/data/venv/lib/python3.12/site-packages/dbcounter.py:102}}
Jul 01 01:50:08.302473 np0000004064 nova-scheduler[96306]: DEBUG oslo_db.sqlalchemy.engines [None req-7d1e16c0-4db2-457e-b26e-0053abd66734 None None] MySQL server mode set to STRICT_TRANS_TABLES,STRICT_ALL_TABLES,NO_ZERO_IN_DATE,NO_ZERO_DATE,ERROR_FOR_DIVISION_BY_ZERO,TRADITIONAL,NO_ENGINE_SUBSTITUTION {{(pid=96306) _check_effective_sql_mode /opt/stack/data/venv/lib/python3.12/site-packages/oslo_db/sqlalchemy/engines.py:325}}
Jul 01 01:50:08.305712 np0000004064 nova-scheduler[96302]: DEBUG oslo_db.sqlalchemy.engines [None req-ceea459d-cb94-4df8-b483-9f3441998b54 None None] MySQL server mode set to STRICT_TRANS_TABLES,STRICT_ALL_TABLES,NO_ZERO_IN_DATE,NO_ZERO_DATE,ERROR_FOR_DIVISION_BY_ZERO,TRADITIONAL,NO_ENGINE_SUBSTITUTION {{(pid=96302) _check_effective_sql_mode /opt/stack/data/venv/lib/python3.12/site-packages/oslo_db/sqlalchemy/engines.py:325}}
Jul 01 01:50:08.313224 np0000004064 nova-scheduler[96306]: DEBUG dbcounter [-] [96306] Writer thread running {{(pid=96306) stat_writer /opt/stack/data/venv/lib/python3.12/site-packages/dbcounter.py:102}}
Jul 01 01:50:08.313554 np0000004064 nova-scheduler[96300]: DEBUG nova.service [None req-302bb8d6-15cb-45fa-acab-96767e720e2a None None] Creating RPC server for service: nova-scheduler on topic: scheduler {{(pid=96300) start /opt/stack/nova/nova/service.py:196}}
Jul 01 01:50:08.316226 np0000004064 nova-scheduler[96306]: DEBUG nova.service [None req-7d1e16c0-4db2-457e-b26e-0053abd66734 None None] Creating RPC server for service: nova-scheduler on topic: scheduler {{(pid=96306) start /opt/stack/nova/nova/service.py:196}}
Jul 01 01:50:08.317215 np0000004064 nova-scheduler[96302]: DEBUG dbcounter [-] [96302] Writer thread running {{(pid=96302) stat_writer /opt/stack/data/venv/lib/python3.12/site-packages/dbcounter.py:102}}
Jul 01 01:50:08.319584 np0000004064 nova-scheduler[96304]: DEBUG nova.service [None req-18679604-395e-46ee-a174-91e27755a4ee None None] Creating RPC server for service: nova-scheduler on topic: scheduler {{(pid=96304) start /opt/stack/nova/nova/service.py:196}}
Jul 01 01:50:08.320456 np0000004064 nova-scheduler[96302]: DEBUG nova.service [None req-ceea459d-cb94-4df8-b483-9f3441998b54 None None] Creating RPC server for service: nova-scheduler on topic: scheduler {{(pid=96302) start /opt/stack/nova/nova/service.py:196}}
Jul 01 01:50:08.339917 np0000004064 nova-scheduler[96306]: DEBUG nova.service [None req-7d1e16c0-4db2-457e-b26e-0053abd66734 None None] Join ServiceGroup membership for this service scheduler {{(pid=96306) start /opt/stack/nova/nova/service.py:222}}
Jul 01 01:50:08.340058 np0000004064 nova-scheduler[96300]: DEBUG nova.service [None req-302bb8d6-15cb-45fa-acab-96767e720e2a None None] Join ServiceGroup membership for this service scheduler {{(pid=96300) start /opt/stack/nova/nova/service.py:222}}
Jul 01 01:50:08.340129 np0000004064 nova-scheduler[96300]: DEBUG nova.servicegroup.drivers.db [None req-302bb8d6-15cb-45fa-acab-96767e720e2a None None] DB_Driver: join new ServiceGroup member np0000004064 to the scheduler group, service = {{(pid=96300) join /opt/stack/nova/nova/servicegroup/drivers/db.py:44}}
Jul 01 01:50:08.340189 np0000004064 nova-scheduler[96306]: DEBUG nova.servicegroup.drivers.db [None req-7d1e16c0-4db2-457e-b26e-0053abd66734 None None] DB_Driver: join new ServiceGroup member np0000004064 to the scheduler group, service = {{(pid=96306) join /opt/stack/nova/nova/servicegroup/drivers/db.py:44}}
Jul 01 01:50:08.342632 np0000004064 nova-scheduler[96304]: DEBUG nova.service [None req-18679604-395e-46ee-a174-91e27755a4ee None None] Join ServiceGroup membership for this service scheduler {{(pid=96304) start /opt/stack/nova/nova/service.py:222}}
Jul 01 01:50:08.342696 np0000004064 nova-scheduler[96302]: DEBUG nova.service [None req-ceea459d-cb94-4df8-b483-9f3441998b54 None None] Join ServiceGroup membership for this service scheduler {{(pid=96302) start /opt/stack/nova/nova/service.py:222}}
Jul 01 01:50:08.342832 np0000004064 nova-scheduler[96304]: DEBUG nova.servicegroup.drivers.db [None req-18679604-395e-46ee-a174-91e27755a4ee None None] DB_Driver: join new ServiceGroup member np0000004064 to the scheduler group, service = {{(pid=96304) join /opt/stack/nova/nova/servicegroup/drivers/db.py:44}}
Jul 01 01:50:08.342896 np0000004064 nova-scheduler[96302]: DEBUG nova.servicegroup.drivers.db [None req-ceea459d-cb94-4df8-b483-9f3441998b54 None None] DB_Driver: join new ServiceGroup member np0000004064 to the scheduler group, service = {{(pid=96302) join /opt/stack/nova/nova/servicegroup/drivers/db.py:44}}
Jul 01 01:50:13.357034 np0000004064 nova-scheduler[96304]: DEBUG oslo.service.backend._threading.loopingcall [-] Fixed interval looping call 'nova.servicegroup.drivers.db.DbDriver._report_state' sleeping for 119.99 seconds {{(pid=96304) _run_loop /opt/stack/data/venv/lib/python3.12/site-packages/oslo_service/backend/_threading/loopingcall.py:125}}
Jul 01 01:50:13.358348 np0000004064 nova-scheduler[96306]: DEBUG oslo.service.backend._threading.loopingcall [-] Fixed interval looping call 'nova.servicegroup.drivers.db.DbDriver._report_state' sleeping for 119.98 seconds {{(pid=96306) _run_loop /opt/stack/data/venv/lib/python3.12/site-packages/oslo_service/backend/_threading/loopingcall.py:125}}
Jul 01 01:50:13.359825 np0000004064 nova-scheduler[96300]: DEBUG oslo.service.backend._threading.loopingcall [-] Fixed interval looping call 'nova.servicegroup.drivers.db.DbDriver._report_state' sleeping for 119.98 seconds {{(pid=96300) _run_loop /opt/stack/data/venv/lib/python3.12/site-packages/oslo_service/backend/_threading/loopingcall.py:125}}
Jul 01 01:50:13.360043 np0000004064 nova-scheduler[96302]: DEBUG oslo.service.backend._threading.loopingcall [-] Fixed interval looping call 'nova.servicegroup.drivers.db.DbDriver._report_state' sleeping for 119.99 seconds {{(pid=96302) _run_loop /opt/stack/data/venv/lib/python3.12/site-packages/oslo_service/backend/_threading/loopingcall.py:125}}
Jul 01 01:50:15.345196 np0000004064 nova-scheduler[96304]: DEBUG oslo.service.backend._threading.loopingcall [None req-540634ba-4e3f-4662-a18f-5f0c7504a974 None None] Dynamic interval looping call 'nova.service.Service.periodic_tasks' sleeping for 60.00 seconds {{(pid=96304) _run_loop /opt/stack/data/venv/lib/python3.12/site-packages/oslo_service/backend/_threading/loopingcall.py:125}}
Jul 01 01:50:16.850467 np0000004064 nova-scheduler[95098]: DEBUG dbcounter [-] [95098] Writing DB stats nova_api:SELECT=3 {{(pid=95098) stat_writer /opt/stack/data/venv/lib/python3.12/site-packages/dbcounter.py:115}}
Jul 01 01:50:17.000463 np0000004064 nova-scheduler[95098]: DEBUG dbcounter [-] [95098] Writing DB stats nova_cell1:SELECT=1 {{(pid=95098) stat_writer /opt/stack/data/venv/lib/python3.12/site-packages/dbcounter.py:115}}
Jul 01 01:50:17.009921 np0000004064 nova-scheduler[95098]: DEBUG dbcounter [-] [95098] Writing DB stats nova_cell0:SELECT=1 {{(pid=95098) stat_writer /opt/stack/data/venv/lib/python3.12/site-packages/dbcounter.py:115}}
Jul 01 01:50:19.346338 np0000004064 nova-scheduler[96302]: DEBUG oslo.service.backend._threading.loopingcall [None req-656e1157-2018-461f-854a-ebaed7df0888 None None] Dynamic interval looping call 'nova.service.Service.periodic_tasks' sleeping for 60.00 seconds {{(pid=96302) _run_loop /opt/stack/data/venv/lib/python3.12/site-packages/oslo_service/backend/_threading/loopingcall.py:125}}
Jul 01 01:50:21.343600 np0000004064 nova-scheduler[96300]: DEBUG oslo.service.backend._threading.loopingcall [None req-a6c28e55-62c1-4804-9a96-7eeb1499d3e0 None None] Dynamic interval looping call 'nova.service.Service.periodic_tasks' sleeping for 60.00 seconds {{(pid=96300) _run_loop /opt/stack/data/venv/lib/python3.12/site-packages/oslo_service/backend/_threading/loopingcall.py:125}}
Jul 01 01:50:23.352449 np0000004064 nova-scheduler[96304]: DEBUG dbcounter [-] [96304] Writing DB stats nova_cell0:SELECT=5,nova_cell0:INSERT=1,nova_cell0:UPDATE=1 {{(pid=96304) stat_writer /opt/stack/data/venv/lib/python3.12/site-packages/dbcounter.py:115}}
Jul 01 01:50:23.352879 np0000004064 nova-scheduler[96306]: DEBUG dbcounter [-] [96306] Writing DB stats nova_cell0:SELECT=3,nova_cell0:UPDATE=1 {{(pid=96306) stat_writer /opt/stack/data/venv/lib/python3.12/site-packages/dbcounter.py:115}}
Jul 01 01:50:23.353151 np0000004064 nova-scheduler[96300]: DEBUG dbcounter [-] [96300] Writing DB stats nova_cell0:SELECT=4,nova_cell0:INSERT=1,nova_cell0:UPDATE=1 {{(pid=96300) stat_writer /opt/stack/data/venv/lib/python3.12/site-packages/dbcounter.py:115}}
Jul 01 01:50:23.359137 np0000004064 nova-scheduler[96302]: DEBUG dbcounter [-] [96302] Writing DB stats nova_cell0:SELECT=3,nova_cell0:UPDATE=1 {{(pid=96302) stat_writer /opt/stack/data/venv/lib/python3.12/site-packages/dbcounter.py:115}}
Jul 01 01:50:55.341783 np0000004064 nova-scheduler[96306]: DEBUG oslo.service.backend._threading.loopingcall [None req-e2308b7d-dd41-434a-ad48-3f76095a87f3 None None] Dynamic interval looping call 'nova.service.Service.periodic_tasks' sleeping for 60.00 seconds {{(pid=96306) _run_loop /opt/stack/data/venv/lib/python3.12/site-packages/oslo_service/backend/_threading/loopingcall.py:125}}
Jul 01 01:51:15.345601 np0000004064 nova-scheduler[96304]: DEBUG oslo.service.backend._threading.loopingcall [None req-540634ba-4e3f-4662-a18f-5f0c7504a974 None None] Dynamic interval looping call 'nova.service.Service.periodic_tasks' sleeping for 60.00 seconds {{(pid=96304) _run_loop /opt/stack/data/venv/lib/python3.12/site-packages/oslo_service/backend/_threading/loopingcall.py:125}}
Jul 01 01:51:19.346816 np0000004064 nova-scheduler[96302]: DEBUG oslo.service.backend._threading.loopingcall [None req-656e1157-2018-461f-854a-ebaed7df0888 None None] Dynamic interval looping call 'nova.service.Service.periodic_tasks' sleeping for 60.00 seconds {{(pid=96302) _run_loop /opt/stack/data/venv/lib/python3.12/site-packages/oslo_service/backend/_threading/loopingcall.py:125}}
Jul 01 01:51:21.344136 np0000004064 nova-scheduler[96300]: DEBUG oslo.service.backend._threading.loopingcall [None req-a6c28e55-62c1-4804-9a96-7eeb1499d3e0 None None] Dynamic interval looping call 'nova.service.Service.periodic_tasks' sleeping for 60.00 seconds {{(pid=96300) _run_loop /opt/stack/data/venv/lib/python3.12/site-packages/oslo_service/backend/_threading/loopingcall.py:125}}
Jul 01 01:51:55.342367 np0000004064 nova-scheduler[96306]: DEBUG oslo.service.backend._threading.loopingcall [None req-e2308b7d-dd41-434a-ad48-3f76095a87f3 None None] Dynamic interval looping call 'nova.service.Service.periodic_tasks' sleeping for 60.00 seconds {{(pid=96306) _run_loop /opt/stack/data/venv/lib/python3.12/site-packages/oslo_service/backend/_threading/loopingcall.py:125}}
Jul 01 01:52:13.346263 np0000004064 nova-scheduler[96306]: DEBUG oslo.service.backend._threading.loopingcall [-] Fixed interval looping call 'nova.servicegroup.drivers.db.DbDriver._report_state' sleeping for 119.99 seconds {{(pid=96306) _run_loop /opt/stack/data/venv/lib/python3.12/site-packages/oslo_service/backend/_threading/loopingcall.py:125}}
Jul 01 01:52:13.347385 np0000004064 nova-scheduler[96300]: DEBUG oslo.service.backend._threading.loopingcall [-] Fixed interval looping call 'nova.servicegroup.drivers.db.DbDriver._report_state' sleeping for 119.99 seconds {{(pid=96300) _run_loop /opt/stack/data/venv/lib/python3.12/site-packages/oslo_service/backend/_threading/loopingcall.py:125}}
Jul 01 01:52:13.352369 np0000004064 nova-scheduler[96304]: DEBUG oslo.service.backend._threading.loopingcall [-] Fixed interval looping call 'nova.servicegroup.drivers.db.DbDriver._report_state' sleeping for 119.99 seconds {{(pid=96304) _run_loop /opt/stack/data/venv/lib/python3.12/site-packages/oslo_service/backend/_threading/loopingcall.py:125}}
Jul 01 01:52:13.353755 np0000004064 nova-scheduler[96302]: DEBUG oslo.service.backend._threading.loopingcall [-] Fixed interval looping call 'nova.servicegroup.drivers.db.DbDriver._report_state' sleeping for 120.00 seconds {{(pid=96302) _run_loop /opt/stack/data/venv/lib/python3.12/site-packages/oslo_service/backend/_threading/loopingcall.py:125}}
Jul 01 01:52:15.346074 np0000004064 nova-scheduler[96304]: DEBUG oslo.service.backend._threading.loopingcall [None req-540634ba-4e3f-4662-a18f-5f0c7504a974 None None] Dynamic interval looping call 'nova.service.Service.periodic_tasks' sleeping for 60.00 seconds {{(pid=96304) _run_loop /opt/stack/data/venv/lib/python3.12/site-packages/oslo_service/backend/_threading/loopingcall.py:125}}
Jul 01 01:52:19.689225 np0000004064 nova-scheduler[96302]: DEBUG oslo.service.backend._threading.loopingcall [None req-656e1157-2018-461f-854a-ebaed7df0888 None None] Dynamic interval looping call 'nova.service.Service.periodic_tasks' sleeping for 60.00 seconds {{(pid=96302) _run_loop /opt/stack/data/venv/lib/python3.12/site-packages/oslo_service/backend/_threading/loopingcall.py:125}}
Jul 01 01:52:21.344780 np0000004064 nova-scheduler[96300]: DEBUG oslo.service.backend._threading.loopingcall [None req-a6c28e55-62c1-4804-9a96-7eeb1499d3e0 None None] Dynamic interval looping call 'nova.service.Service.periodic_tasks' sleeping for 60.00 seconds {{(pid=96300) _run_loop /opt/stack/data/venv/lib/python3.12/site-packages/oslo_service/backend/_threading/loopingcall.py:125}}
Jul 01 01:52:23.342634 np0000004064 nova-scheduler[96306]: DEBUG dbcounter [-] [96306] Writing DB stats nova_cell0:SELECT=1,nova_cell0:UPDATE=1 {{(pid=96306) stat_writer /opt/stack/data/venv/lib/python3.12/site-packages/dbcounter.py:115}}
Jul 01 01:52:23.343485 np0000004064 nova-scheduler[96300]: DEBUG dbcounter [-] [96300] Writing DB stats nova_cell0:SELECT=1,nova_cell0:UPDATE=1 {{(pid=96300) stat_writer /opt/stack/data/venv/lib/python3.12/site-packages/dbcounter.py:115}}
Jul 01 01:52:23.349123 np0000004064 nova-scheduler[96304]: DEBUG dbcounter [-] [96304] Writing DB stats nova_cell0:SELECT=1 {{(pid=96304) stat_writer /opt/stack/data/venv/lib/python3.12/site-packages/dbcounter.py:115}}
Jul 01 01:52:23.352188 np0000004064 nova-scheduler[96302]: DEBUG dbcounter [-] [96302] Writing DB stats nova_cell0:SELECT=1 {{(pid=96302) stat_writer /opt/stack/data/venv/lib/python3.12/site-packages/dbcounter.py:115}}
Jul 01 01:52:34.000258 np0000004064 nova-scheduler[96300]: DEBUG nova.scheduler.manager [None req-1b5f4e90-e2fe-4563-b3c9-9dee07494d6b tempest-ServerActionsTestOtherA-790758797 tempest-ServerActionsTestOtherA-790758797-project-member] Starting to schedule for instances: ['71b34b53-b46c-4178-a1db-47d06bba50ba'] {{(pid=96300) select_destinations /opt/stack/nova/nova/scheduler/manager.py:209}}
Jul 01 01:52:34.001317 np0000004064 nova-scheduler[96300]: DEBUG nova.scheduler.request_filter [None req-1b5f4e90-e2fe-4563-b3c9-9dee07494d6b tempest-ServerActionsTestOtherA-790758797 tempest-ServerActionsTestOtherA-790758797-project-member] compute_status_filter request filter added forbidden trait COMPUTE_STATUS_DISABLED {{(pid=96300) compute_status_filter /opt/stack/nova/nova/scheduler/request_filter.py:253}}
Jul 01 01:52:34.001558 np0000004064 nova-scheduler[96300]: DEBUG nova.scheduler.request_filter [None req-1b5f4e90-e2fe-4563-b3c9-9dee07494d6b tempest-ServerActionsTestOtherA-790758797 tempest-ServerActionsTestOtherA-790758797-project-member] Request filter 'compute_status_filter' took 0.0 seconds {{(pid=96300) wrapper /opt/stack/nova/nova/scheduler/request_filter.py:46}}
Jul 01 01:52:34.002510 np0000004064 nova-scheduler[96300]: DEBUG nova.scheduler.request_filter [None req-1b5f4e90-e2fe-4563-b3c9-9dee07494d6b tempest-ServerActionsTestOtherA-790758797 tempest-ServerActionsTestOtherA-790758797-project-member] Request filter 'accelerators_filter' took 0.0 seconds {{(pid=96300) wrapper /opt/stack/nova/nova/scheduler/request_filter.py:46}}
Jul 01 01:52:34.003484 np0000004064 nova-scheduler[96300]: DEBUG nova.scheduler.request_filter [None req-1b5f4e90-e2fe-4563-b3c9-9dee07494d6b tempest-ServerActionsTestOtherA-790758797 tempest-ServerActionsTestOtherA-790758797-project-member] Request filter 'packed_virtqueue_filter' took 0.0 seconds {{(pid=96300) wrapper /opt/stack/nova/nova/scheduler/request_filter.py:46}}
Jul 01 01:52:34.004022 np0000004064 nova-scheduler[96300]: DEBUG nova.scheduler.request_filter [None req-1b5f4e90-e2fe-4563-b3c9-9dee07494d6b tempest-ServerActionsTestOtherA-790758797 tempest-ServerActionsTestOtherA-790758797-project-member] Request filter 'remote_managed_ports_filter' took 0.0 seconds {{(pid=96300) wrapper /opt/stack/nova/nova/scheduler/request_filter.py:46}}
Jul 01 01:52:34.004457 np0000004064 nova-scheduler[96300]: DEBUG nova.scheduler.request_filter [None req-1b5f4e90-e2fe-4563-b3c9-9dee07494d6b tempest-ServerActionsTestOtherA-790758797 tempest-ServerActionsTestOtherA-790758797-project-member] ephemeral_encryption_filter skipped {{(pid=96300) ephemeral_encryption_filter /opt/stack/nova/nova/scheduler/request_filter.py:426}}
Jul 01 01:52:34.004631 np0000004064 nova-scheduler[96300]: DEBUG nova.scheduler.request_filter [None req-1b5f4e90-e2fe-4563-b3c9-9dee07494d6b tempest-ServerActionsTestOtherA-790758797 tempest-ServerActionsTestOtherA-790758797-project-member] virtio_sound_filter skipped {{(pid=96300) virtio_sound_filter /opt/stack/nova/nova/scheduler/request_filter.py:460}}
Jul 01 01:52:34.004871 np0000004064 nova-scheduler[96300]: DEBUG nova.scheduler.request_filter [None req-1b5f4e90-e2fe-4563-b3c9-9dee07494d6b tempest-ServerActionsTestOtherA-790758797 tempest-ServerActionsTestOtherA-790758797-project-member] tpm_secret_security_filter skipped {{(pid=96300) tpm_secret_security_filter /opt/stack/nova/nova/scheduler/request_filter.py:477}}
Jul 01 01:52:34.590444 np0000004064 nova-scheduler[96300]: INFO nova.utils [None req-1b5f4e90-e2fe-4563-b3c9-9dee07494d6b tempest-ServerActionsTestOtherA-790758797 tempest-ServerActionsTestOtherA-790758797-project-member] The cell worker thread pool ForkProcess-1.cell_worker is initialized
Jul 01 01:52:34.590924 np0000004064 nova-scheduler[96300]: DEBUG oslo_concurrency.lockutils [None req-1b5f4e90-e2fe-4563-b3c9-9dee07494d6b tempest-ServerActionsTestOtherA-790758797 tempest-ServerActionsTestOtherA-790758797-project-member] Acquiring lock "e8f3da68-a34a-4a0e-89c5-546854e62805" by "nova.context.set_target_cell..get_or_set_cached_cell_and_set_connections" {{(pid=96300) inner /opt/stack/data/venv/lib/python3.12/site-packages/oslo_concurrency/lockutils.py:511}}
Jul 01 01:52:34.591395 np0000004064 nova-scheduler[96300]: DEBUG oslo_concurrency.lockutils [None req-1b5f4e90-e2fe-4563-b3c9-9dee07494d6b tempest-ServerActionsTestOtherA-790758797 tempest-ServerActionsTestOtherA-790758797-project-member] Lock "e8f3da68-a34a-4a0e-89c5-546854e62805" acquired by "nova.context.set_target_cell..get_or_set_cached_cell_and_set_connections" :: waited 0.000s {{(pid=96300) inner /opt/stack/data/venv/lib/python3.12/site-packages/oslo_concurrency/lockutils.py:524}}
Jul 01 01:52:34.592594 np0000004064 nova-scheduler[96300]: DEBUG oslo_concurrency.lockutils [None req-1b5f4e90-e2fe-4563-b3c9-9dee07494d6b tempest-ServerActionsTestOtherA-790758797 tempest-ServerActionsTestOtherA-790758797-project-member] Lock "e8f3da68-a34a-4a0e-89c5-546854e62805" "released" by "nova.context.set_target_cell..get_or_set_cached_cell_and_set_connections" :: held 0.001s {{(pid=96300) inner /opt/stack/data/venv/lib/python3.12/site-packages/oslo_concurrency/lockutils.py:543}}
Jul 01 01:52:34.594483 np0000004064 nova-scheduler[96300]: INFO dbcounter [None req-1b5f4e90-e2fe-4563-b3c9-9dee07494d6b tempest-ServerActionsTestOtherA-790758797 tempest-ServerActionsTestOtherA-790758797-project-member] Registered counter for database nova_cell1
Jul 01 01:52:34.635787 np0000004064 nova-scheduler[96300]: DEBUG oslo_db.sqlalchemy.engines [None req-1b5f4e90-e2fe-4563-b3c9-9dee07494d6b tempest-ServerActionsTestOtherA-790758797 tempest-ServerActionsTestOtherA-790758797-project-member] MySQL server mode set to STRICT_TRANS_TABLES,STRICT_ALL_TABLES,NO_ZERO_IN_DATE,NO_ZERO_DATE,ERROR_FOR_DIVISION_BY_ZERO,TRADITIONAL,NO_ENGINE_SUBSTITUTION {{(pid=96300) _check_effective_sql_mode /opt/stack/data/venv/lib/python3.12/site-packages/oslo_db/sqlalchemy/engines.py:325}}
Jul 01 01:52:34.641446 np0000004064 nova-scheduler[96300]: DEBUG dbcounter [-] [96300] Writer thread running {{(pid=96300) stat_writer /opt/stack/data/venv/lib/python3.12/site-packages/dbcounter.py:102}}
Jul 01 01:52:34.662485 np0000004064 nova-scheduler[96300]: DEBUG oslo_db.sqlalchemy.engines [None req-1b5f4e90-e2fe-4563-b3c9-9dee07494d6b tempest-ServerActionsTestOtherA-790758797 tempest-ServerActionsTestOtherA-790758797-project-member] Parent process 95098 forked (96300) with an open database connection, which is being discarded and recreated. {{(pid=96300) checkout /opt/stack/data/venv/lib/python3.12/site-packages/oslo_db/sqlalchemy/engines.py:402}}
Jul 01 01:52:34.711082 np0000004064 nova-scheduler[96300]: DEBUG dbcounter [-] [96300] Writer thread running {{(pid=96300) stat_writer /opt/stack/data/venv/lib/python3.12/site-packages/dbcounter.py:102}}
Jul 01 01:52:34.713919 np0000004064 nova-scheduler[96300]: DEBUG oslo_concurrency.lockutils [None req-1b5f4e90-e2fe-4563-b3c9-9dee07494d6b tempest-ServerActionsTestOtherA-790758797 tempest-ServerActionsTestOtherA-790758797-project-member] Acquiring lock "e8f3da68-a34a-4a0e-89c5-546854e62805" by "nova.context.set_target_cell..get_or_set_cached_cell_and_set_connections" {{(pid=96300) inner /opt/stack/data/venv/lib/python3.12/site-packages/oslo_concurrency/lockutils.py:511}}
Jul 01 01:52:34.713919 np0000004064 nova-scheduler[96300]: DEBUG oslo_concurrency.lockutils [None req-1b5f4e90-e2fe-4563-b3c9-9dee07494d6b tempest-ServerActionsTestOtherA-790758797 tempest-ServerActionsTestOtherA-790758797-project-member] Lock "e8f3da68-a34a-4a0e-89c5-546854e62805" acquired by "nova.context.set_target_cell..get_or_set_cached_cell_and_set_connections" :: waited 0.000s {{(pid=96300) inner /opt/stack/data/venv/lib/python3.12/site-packages/oslo_concurrency/lockutils.py:524}}
Jul 01 01:52:34.714034 np0000004064 nova-scheduler[96300]: DEBUG oslo_concurrency.lockutils [None req-1b5f4e90-e2fe-4563-b3c9-9dee07494d6b tempest-ServerActionsTestOtherA-790758797 tempest-ServerActionsTestOtherA-790758797-project-member] Lock "e8f3da68-a34a-4a0e-89c5-546854e62805" "released" by "nova.context.set_target_cell..get_or_set_cached_cell_and_set_connections" :: held 0.000s {{(pid=96300) inner /opt/stack/data/venv/lib/python3.12/site-packages/oslo_concurrency/lockutils.py:543}}
Jul 01 01:52:34.721070 np0000004064 nova-scheduler[96300]: DEBUG oslo_concurrency.lockutils [None req-1b5f4e90-e2fe-4563-b3c9-9dee07494d6b tempest-ServerActionsTestOtherA-790758797 tempest-ServerActionsTestOtherA-790758797-project-member] Acquiring lock "np0000004064-np0000004064" by "nova.scheduler.host_manager.HostState.update.._locked_update" {{(pid=96300) inner /opt/stack/data/venv/lib/python3.12/site-packages/oslo_concurrency/lockutils.py:511}}
Jul 01 01:52:34.721224 np0000004064 nova-scheduler[96300]: DEBUG oslo_concurrency.lockutils [None req-1b5f4e90-e2fe-4563-b3c9-9dee07494d6b tempest-ServerActionsTestOtherA-790758797 tempest-ServerActionsTestOtherA-790758797-project-member] Lock "np0000004064-np0000004064" acquired by "nova.scheduler.host_manager.HostState.update.._locked_update" :: waited 0.000s {{(pid=96300) inner /opt/stack/data/venv/lib/python3.12/site-packages/oslo_concurrency/lockutils.py:524}}
Jul 01 01:52:34.722387 np0000004064 nova-scheduler[96300]: DEBUG nova.scheduler.host_manager [None req-1b5f4e90-e2fe-4563-b3c9-9dee07494d6b tempest-ServerActionsTestOtherA-790758797 tempest-ServerActionsTestOtherA-790758797-project-member] Update host state from compute node: ComputeNode(cpu_allocation_ratio=4.0,cpu_info='{"arch": "x86_64", "model": "EPYC-Milan", "vendor": "AMD", "topology": {"cells": 1, "sockets": 16, "cores": 1, "threads": 1}, "maxphysaddr": {"mode": "emulate", "bits": 40}, "features": ["fpu", "tsc", "mmxext", "amd-psfd", "adx", "sha-ni", "smap", "rdseed", "rdtscp", "clzero", "perfctr_core", "xsave", "syscall", "lfence-always-serializing", "topoext", "gds-no", "xsaves", "no-nested-data-bp", "bmi1", "amd-stibp", "xsaveopt", "svm", "xsaveerptr", "fxsr_opt", "cx16", "3dnowprefetch", "clwb", "hypervisor", "pse36", "x2apic", "de", "pclmuldq", "rdpid", "erms", "pfthreshold", "ibrs", "flushbyasid", "pschange-mc-no", "fma", "tsc_adjust", "clflushopt", "vmcb-clean", "ibpb", "cmp_legacy", "nx", "pae", "null-sel-clr-base", "arat", "rdctl-no", "pause-filter", "clflush", "misalignsse", "npt", "tsc-deadline", "fsgsbase", "virt-ssbd", "xgetbv1", "vgif", "vme", "pni", "sse4.2", "pdpe1gb", "fxsr", "umip", "mmx", "v-vmsave-vmload", "pat", "svme-addr-chk", "f16c", "sse2", "sep", "sse4.1", "skip-l1dfl-vmentry", "ssse3", "stibp", "avx2", "stibp-always-on", "vaes", "pcid", "wbnoinvd", "pku", "vpclmulqdq", "sse", "mce", "mca", "ssbd", "cx8", "sse4a", "abm", "msr", "apic", "bmi2", "osvw", "xsavec", "cmov", "popcnt", "lbrv", "lahf_lm", "amd-ssbd", "invpcid", "movbe", "aes", "mds-no", "mtrr", "cr8legacy", "nrip-save", "tsc-scale", "rdrand", "arch-capabilities", "lm", "spec-ctrl", "fsrm", "smep", "avx", "pge", "pse"]}',created_at=2026-07-01T01:50:33Z,current_workload=0,deleted=False,deleted_at=None,disk_allocation_ratio=1.0,disk_available_least=75,free_disk_gb=95,free_ram_mb=63789,host='np0000004064',host_ip=10.4.3.108,hypervisor_hostname='np0000004064',hypervisor_type='QEMU',hypervisor_version=8002002,id=1,local_gb=95,local_gb_used=0,mapped=1,memory_mb=64301,memory_mb_used=512,metrics='[]',numa_topology='{"nova_object.name": "NUMATopology", "nova_object.namespace": "nova", "nova_object.version": "1.2", "nova_object.data": {"cells": [{"nova_object.name": "NUMACell", "nova_object.namespace": "nova", "nova_object.version": "1.5", "nova_object.data": {"id": 0, "cpuset": [0, 1, 2, 3, 4, 5, 6, 7, 8, 9, 10, 11, 12, 13, 14, 15], "pcpuset": [0, 1, 2, 3, 4, 5, 6, 7, 8, 9, 10, 11, 12, 13, 14, 15], "memory": 64301, "cpu_usage": 0, "memory_usage": 0, "pinned_cpus": [], "siblings": [[6], [12], [2], [15], [5], [11], [8], [14], [4], [1], [7], [10], [0], [13], [3], [9]], "mempages": [{"nova_object.name": "NUMAPagesTopology", "nova_object.namespace": "nova", "nova_object.version": "1.1", "nova_object.data": {"size_kb": 4, "total": 16461069, "used": 0, "reserved": 0}, "nova_object.changes": ["size_kb", "total", "reserved", "used"]}, {"nova_object.name": "NUMAPagesTopology", "nova_object.namespace": "nova", "nova_object.version": "1.1", "nova_object.data": {"size_kb": 2048, "total": 0, "used": 0, "reserved": 0}, "nova_object.changes": ["size_kb", "total", "reserved", "used"]}, {"nova_object.name": "NUMAPagesTopology", "nova_object.namespace": "nova", "nova_object.version": "1.1", "nova_object.data": {"size_kb": 1048576, "total": 0, "used": 0, "reserved": 0}, "nova_object.changes": ["size_kb", "total", "reserved", "used"]}], "network_metadata": {"nova_object.name": "NetworkMetadata", "nova_object.namespace": "nova", "nova_object.version": "1.0", "nova_object.data": {"physnets": [], "tunneled": false}, "nova_object.changes": ["physnets", "tunneled"]}, "socket": null}, "nova_object.changes": ["socket", "pinned_cpus", "memory_usage", "cpu_usage", "pcpuset", "cpuset", "id", "siblings", "mempages", "memory", "network_metadata"]}]}, "nova_object.changes": ["cells"]}',pci_device_pools=PciDevicePoolList,ram_allocation_ratio=1.0,running_vms=0,service_id=2,stats={failed_builds='0',uptime=' 01:52:19 up 25 min, 2 users, load average: 2.12, 1.69, 0.94
Jul 01 01:52:34.722387 np0000004064 nova-scheduler[96300]: '},supported_hv_specs=[HVSpec,HVSpec,HVSpec,HVSpec,HVSpec,HVSpec,HVSpec,HVSpec,HVSpec,HVSpec,HVSpec,HVSpec,HVSpec,HVSpec,HVSpec,HVSpec,HVSpec,HVSpec,HVSpec,HVSpec,HVSpec,HVSpec,HVSpec,HVSpec,HVSpec],updated_at=2026-07-01T01:52:21Z,uuid=02bcb1aa-3925-41df-a7a7-c0e8f58ba59d,vcpus=16,vcpus_used=0) {{(pid=96300) _locked_update /opt/stack/nova/nova/scheduler/host_manager.py:168}}
Jul 01 01:52:34.723235 np0000004064 nova-scheduler[96300]: DEBUG nova.scheduler.host_manager [None req-1b5f4e90-e2fe-4563-b3c9-9dee07494d6b tempest-ServerActionsTestOtherA-790758797 tempest-ServerActionsTestOtherA-790758797-project-member] Update host state with aggregates: [] {{(pid=96300) _locked_update /opt/stack/nova/nova/scheduler/host_manager.py:171}}
