Jul 01 01:49:43.216840 np0000004064 devstack@neutron-api.service[90438]: DEBUG neutron.api.extensions [None req-cf824109-1902-4660-bb90-e89b16fce5ee None None] Ext name="Neutron Service Flavors" alias="flavors" description="Flavor specification for Neutron advanced services." updated="2015-09-17T10:00:00-00:00" {{(pid=90438) _check_extension /opt/stack/neutron/neutron/api/extensions.py:415}}
Jul 01 01:49:43.216914 np0000004064 devstack@neutron-api.service[90437]: INFO neutron.api.extensions [None req-33cfe1c1-216a-447b-ba57-089628480f0d None None] Loaded extension: provider
Jul 01 01:49:43.216992 np0000004064 devstack@neutron-api.service[90437]: DEBUG neutron.api.extensions [None req-33cfe1c1-216a-447b-ba57-089628480f0d None None] Loading extension file: pvlan.py {{(pid=90437) _load_all_extensions_from_path /opt/stack/neutron/neutron/api/extensions.py:449}}
Jul 01 01:49:43.217038 np0000004064 devstack@neutron-api.service[90438]: INFO neutron.api.extensions [None req-cf824109-1902-4660-bb90-e89b16fce5ee None None] Loaded extension: flavors
Jul 01 01:49:43.217089 np0000004064 devstack@neutron-api.service[90438]: DEBUG neutron.api.extensions [None req-cf824109-1902-4660-bb90-e89b16fce5ee None None] Loading extension file: floating_ip_port_forwarding.py {{(pid=90438) _load_all_extensions_from_path /opt/stack/neutron/neutron/api/extensions.py:449}}
Jul 01 01:49:43.217528 np0000004064 devstack@neutron-api.service[90437]: DEBUG neutron.api.extensions [None req-33cfe1c1-216a-447b-ba57-089628480f0d None None] Ext name="Private VLAN" alias="pvlan" description="The Private VLAN semantics extension." updated="2026-02-03T10:00:00-00:00" {{(pid=90437) _check_extension /opt/stack/neutron/neutron/api/extensions.py:415}}
Jul 01 01:49:43.217575 np0000004064 devstack@neutron-api.service[90438]: DEBUG neutron.api.extensions [None req-cf824109-1902-4660-bb90-e89b16fce5ee None None] Ext name="Floating IP Port Forwarding" alias="floating-ip-port-forwarding" description="Allow port forwarding from floating IP port to an internal port" updated="2018-01-19T10:00:00-00:00" {{(pid=90438) _check_extension /opt/stack/neutron/neutron/api/extensions.py:415}}
Jul 01 01:49:43.217691 np0000004064 devstack@neutron-api.service[90440]: INFO neutron.services.logapi.drivers.ovn.driver [None req-2d5ae1ce-3aad-496c-8e05-22f35c3a5d3a None None] OVN logging driver registered
Jul 01 01:49:43.217691 np0000004064 devstack@neutron-api.service[90440]: DEBUG neutron_lib.callbacks.manager [None req-2d5ae1ce-3aad-496c-8e05-22f35c3a5d3a None None] Subscribe: ._register_pvlan_driver at 0x7e0e46f8dd00> pvlan_plugin before_spawn 55550000, False {{(pid=90440) subscribe /opt/stack/data/venv/lib/python3.12/site-packages/neutron_lib/callbacks/manager.py:52}}
Jul 01 01:49:43.217768 np0000004064 devstack@neutron-api.service[90437]: INFO neutron.api.extensions [None req-33cfe1c1-216a-447b-ba57-089628480f0d None None] Extension pvlan not supported by any of loaded plugins
Jul 01 01:49:43.217922 np0000004064 devstack@neutron-api.service[90438]: INFO neutron.api.extensions [None req-cf824109-1902-4660-bb90-e89b16fce5ee None None] Extension floating-ip-port-forwarding not supported by any of loaded plugins
Jul 01 01:49:43.217922 np0000004064 devstack@neutron-api.service[90438]: DEBUG neutron.api.extensions [None req-cf824109-1902-4660-bb90-e89b16fce5ee None None] Loading extension file: floatingip_pools.py {{(pid=90438) _load_all_extensions_from_path /opt/stack/neutron/neutron/api/extensions.py:449}}
Jul 01 01:49:43.218035 np0000004064 devstack@neutron-api.service[90437]: DEBUG neutron.api.extensions [None req-33cfe1c1-216a-447b-ba57-089628480f0d None None] Loading extension file: qinq.py {{(pid=90437) _load_all_extensions_from_path /opt/stack/neutron/neutron/api/extensions.py:449}}
Jul 01 01:49:43.218075 np0000004064 devstack@neutron-api.service[90440]: DEBUG neutron_lib.callbacks.manager [None req-2d5ae1ce-3aad-496c-8e05-22f35c3a5d3a None None] Subscribe: process after_init 55550000, False {{(pid=90440) subscribe /opt/stack/data/venv/lib/python3.12/site-packages/neutron_lib/callbacks/manager.py:52}}
Jul 01 01:49:43.218116 np0000004064 devstack@neutron-api.service[90437]: DEBUG neutron.api.extensions [None req-33cfe1c1-216a-447b-ba57-089628480f0d None None] Ext name="QinQ networks" alias="qinq" description="Expose network 'qinq' attribute in the API. This allows to configure network to allow vlan in vlan configuration using 0x88a8 ethertype (QinQ)." updated="2024-12-02T10:00:00-00:00" {{(pid=90437) _check_extension /opt/stack/neutron/neutron/api/extensions.py:415}}
Jul 01 01:49:43.218210 np0000004064 devstack@neutron-api.service[90438]: DEBUG neutron.api.extensions [None req-cf824109-1902-4660-bb90-e89b16fce5ee None None] Ext name="Floating IP Pools Extension" alias="floatingip-pools" description="Provides a floating IP pools API." updated="2018-03-21T10:00:00-00:00" {{(pid=90438) _check_extension /opt/stack/neutron/neutron/api/extensions.py:415}}
Jul 01 01:49:43.218308 np0000004064 devstack@neutron-api.service[90437]: INFO neutron.api.extensions [None req-33cfe1c1-216a-447b-ba57-089628480f0d None None] Loaded extension: qinq
Jul 01 01:49:43.218388 np0000004064 devstack@neutron-api.service[90438]: INFO neutron.api.extensions [None req-cf824109-1902-4660-bb90-e89b16fce5ee None None] Loaded extension: floatingip-pools
Jul 01 01:49:43.218507 np0000004064 devstack@neutron-api.service[90437]: DEBUG neutron.api.extensions [None req-33cfe1c1-216a-447b-ba57-089628480f0d None None] Loading extension file: qos.py {{(pid=90437) _load_all_extensions_from_path /opt/stack/neutron/neutron/api/extensions.py:449}}
Jul 01 01:49:43.218601 np0000004064 devstack@neutron-api.service[90438]: DEBUG neutron.api.extensions [None req-cf824109-1902-4660-bb90-e89b16fce5ee None None] Loading extension file: ip_allocation.py {{(pid=90438) _load_all_extensions_from_path /opt/stack/neutron/neutron/api/extensions.py:449}}
Jul 01 01:49:43.218601 np0000004064 devstack@neutron-api.service[90438]: DEBUG neutron.api.extensions [None req-cf824109-1902-4660-bb90-e89b16fce5ee None None] Ext name="IP Allocation" alias="ip_allocation" description="IP allocation extension." updated="2016-06-10T23:00:00-00:00" {{(pid=90438) _check_extension /opt/stack/neutron/neutron/api/extensions.py:415}}
Jul 01 01:49:43.218601 np0000004064 devstack@neutron-api.service[90438]: INFO neutron.api.extensions [None req-cf824109-1902-4660-bb90-e89b16fce5ee None None] Extension ip_allocation not supported by any of loaded plugins
Jul 01 01:49:43.218807 np0000004064 devstack@neutron-api.service[90438]: DEBUG neutron.api.extensions [None req-cf824109-1902-4660-bb90-e89b16fce5ee None None] Loading extension file: ip_substring_port_filtering.py {{(pid=90438) _load_all_extensions_from_path /opt/stack/neutron/neutron/api/extensions.py:449}}
Jul 01 01:49:43.218951 np0000004064 devstack@neutron-api.service[90438]: DEBUG neutron.api.extensions [None req-cf824109-1902-4660-bb90-e89b16fce5ee None None] Ext name="IP address substring filtering" alias="ip-substring-filtering" description="Provides IP address substring filtering when listing ports" updated="2017-11-28T09:00:00-00:00" {{(pid=90438) _check_extension /opt/stack/neutron/neutron/api/extensions.py:415}}
Jul 01 01:49:43.219118 np0000004064 devstack@neutron-api.service[90437]: DEBUG neutron.api.extensions [None req-33cfe1c1-216a-447b-ba57-089628480f0d None None] Ext name="Quality of Service" alias="qos" description="The Quality of Service extension." updated="2015-06-08T10:00:00-00:00" {{(pid=90437) _check_extension /opt/stack/neutron/neutron/api/extensions.py:415}}
Jul 01 01:49:43.219172 np0000004064 devstack@neutron-api.service[90438]: INFO neutron.api.extensions [None req-cf824109-1902-4660-bb90-e89b16fce5ee None None] Extension ip-substring-filtering not supported by any of loaded plugins
Jul 01 01:49:43.219172 np0000004064 devstack@neutron-api.service[90438]: DEBUG neutron.api.extensions [None req-cf824109-1902-4660-bb90-e89b16fce5ee None None] Loading extension file: l2_adjacency.py {{(pid=90438) _load_all_extensions_from_path /opt/stack/neutron/neutron/api/extensions.py:449}}
Jul 01 01:49:43.219258 np0000004064 devstack@neutron-api.service[90437]: INFO neutron.api.extensions [None req-33cfe1c1-216a-447b-ba57-089628480f0d None None] Extension qos not supported by any of loaded plugins
Jul 01 01:49:43.219421 np0000004064 devstack@neutron-api.service[90437]: DEBUG neutron.api.extensions [None req-33cfe1c1-216a-447b-ba57-089628480f0d None None] Loading extension file: qos_bw_limit_direction.py {{(pid=90437) _load_all_extensions_from_path /opt/stack/neutron/neutron/api/extensions.py:449}}
Jul 01 01:49:43.219556 np0000004064 devstack@neutron-api.service[90438]: DEBUG neutron.api.extensions [None req-cf824109-1902-4660-bb90-e89b16fce5ee None None] Ext name="L2 Adjacency" alias="l2_adjacency" description="Display L2 Adjacency for Neutron Networks." updated="2016-04-12T16:00:00-00:00" {{(pid=90438) _check_extension /opt/stack/neutron/neutron/api/extensions.py:415}}
Jul 01 01:49:43.219641 np0000004064 devstack@neutron-api.service[90440]: DEBUG neutron.plugins.ml2.plugin [None req-2d5ae1ce-3aad-496c-8e05-22f35c3a5d3a None None] neutron.plugins.ml2.plugin.Ml2Plugin method _start_rpc_notifiers called with arguments () {} {{(pid=90440) wrapper /opt/stack/data/venv/lib/python3.12/site-packages/oslo_log/helpers.py:77}}
Jul 01 01:49:43.219724 np0000004064 devstack@neutron-api.service[90438]: INFO neutron.api.extensions [None req-cf824109-1902-4660-bb90-e89b16fce5ee None None] Extension l2_adjacency not supported by any of loaded plugins
Jul 01 01:49:43.219833 np0000004064 devstack@neutron-api.service[90437]: DEBUG neutron.api.extensions [None req-33cfe1c1-216a-447b-ba57-089628480f0d None None] Ext name="Direction for QoS bandwidth limit rule" alias="qos-bw-limit-direction" description="Allow to configure QoS bandwidth limit rule with specific direction: ingress or egress" updated="2017-04-10T10:00:00-00:00" {{(pid=90437) _check_extension /opt/stack/neutron/neutron/api/extensions.py:415}}
Jul 01 01:49:43.219981 np0000004064 devstack@neutron-api.service[90438]: DEBUG neutron.api.extensions [None req-cf824109-1902-4660-bb90-e89b16fce5ee None None] Loading extension file: l3.py {{(pid=90438) _load_all_extensions_from_path /opt/stack/neutron/neutron/api/extensions.py:449}}
Jul 01 01:49:43.220066 np0000004064 devstack@neutron-api.service[90437]: INFO neutron.api.extensions [None req-33cfe1c1-216a-447b-ba57-089628480f0d None None] Extension qos-bw-limit-direction not supported by any of loaded plugins
Jul 01 01:49:43.220066 np0000004064 devstack@neutron-api.service[90437]: DEBUG neutron.api.extensions [None req-33cfe1c1-216a-447b-ba57-089628480f0d None None] Loading extension file: qos_bw_minimum_ingress.py {{(pid=90437) _load_all_extensions_from_path /opt/stack/neutron/neutron/api/extensions.py:449}}
Jul 01 01:49:43.220212 np0000004064 devstack@neutron-api.service[90440]: DEBUG neutron_lib.callbacks.manager [None req-2d5ae1ce-3aad-496c-8e05-22f35c3a5d3a None None] Subscribe: > port after_create 55550000, False {{(pid=90440) subscribe /opt/stack/data/venv/lib/python3.12/site-packages/neutron_lib/callbacks/manager.py:52}}
Jul 01 01:49:43.220212 np0000004064 devstack@neutron-api.service[90440]: DEBUG neutron_lib.callbacks.manager [None req-2d5ae1ce-3aad-496c-8e05-22f35c3a5d3a None None] Subscribe: > port after_update 55550000, False {{(pid=90440) subscribe /opt/stack/data/venv/lib/python3.12/site-packages/neutron_lib/callbacks/manager.py:52}}
Jul 01 01:49:43.220308 np0000004064 devstack@neutron-api.service[90437]: DEBUG neutron.api.extensions [None req-33cfe1c1-216a-447b-ba57-089628480f0d None None] Ext name="Ingress direction for QoS minimum bandwidth rule" alias="qos-bw-minimum-ingress" description="Allow to configure QoS minumum bandwidth rule with ingress direction." updated="2018-07-09T10:00:00-00:00" {{(pid=90437) _check_extension /opt/stack/neutron/neutron/api/extensions.py:415}}
Jul 01 01:49:43.220452 np0000004064 devstack@neutron-api.service[90440]: DEBUG neutron_lib.callbacks.manager [None req-2d5ae1ce-3aad-496c-8e05-22f35c3a5d3a None None] Subscribe: > port after_delete 55550000, False {{(pid=90440) subscribe /opt/stack/data/venv/lib/python3.12/site-packages/neutron_lib/callbacks/manager.py:52}}
Jul 01 01:49:43.220587 np0000004064 devstack@neutron-api.service[90438]: DEBUG neutron.api.extensions [None req-cf824109-1902-4660-bb90-e89b16fce5ee None None] Ext name="Neutron L3 Router" alias="router" description="Router abstraction for basic L3 forwarding between L2 Neutron networks and access to external networks via a NAT gateway." updated="2012-07-20T10:00:00-00:00" {{(pid=90438) _check_extension /opt/stack/neutron/neutron/api/extensions.py:415}}
Jul 01 01:49:43.220673 np0000004064 devstack@neutron-api.service[90440]: DEBUG neutron_lib.callbacks.manager [None req-2d5ae1ce-3aad-496c-8e05-22f35c3a5d3a None None] Subscribe: > subnet after_create 55550000, False {{(pid=90440) subscribe /opt/stack/data/venv/lib/python3.12/site-packages/neutron_lib/callbacks/manager.py:52}}
Jul 01 01:49:43.220723 np0000004064 devstack@neutron-api.service[90437]: INFO neutron.api.extensions [None req-33cfe1c1-216a-447b-ba57-089628480f0d None None] Extension qos-bw-minimum-ingress not supported by any of loaded plugins
Jul 01 01:49:43.220765 np0000004064 devstack@neutron-api.service[90440]: DEBUG neutron_lib.callbacks.manager [None req-2d5ae1ce-3aad-496c-8e05-22f35c3a5d3a None None] Subscribe: > subnet after_update 55550000, False {{(pid=90440) subscribe /opt/stack/data/venv/lib/python3.12/site-packages/neutron_lib/callbacks/manager.py:52}}
Jul 01 01:49:43.220813 np0000004064 devstack@neutron-api.service[90437]: DEBUG neutron.api.extensions [None req-33cfe1c1-216a-447b-ba57-089628480f0d None None] Loading extension file: qos_default.py {{(pid=90437) _load_all_extensions_from_path /opt/stack/neutron/neutron/api/extensions.py:449}}
Jul 01 01:49:43.220873 np0000004064 devstack@neutron-api.service[90438]: INFO neutron.api.extensions [None req-cf824109-1902-4660-bb90-e89b16fce5ee None None] Loaded extension: router
Jul 01 01:49:43.220912 np0000004064 devstack@neutron-api.service[90440]: DEBUG neutron_lib.callbacks.manager [None req-2d5ae1ce-3aad-496c-8e05-22f35c3a5d3a None None] Subscribe: > subnet after_delete 55550000, False {{(pid=90440) subscribe /opt/stack/data/venv/lib/python3.12/site-packages/neutron_lib/callbacks/manager.py:52}}
Jul 01 01:49:43.220953 np0000004064 devstack@neutron-api.service[90438]: DEBUG neutron.api.extensions [None req-cf824109-1902-4660-bb90-e89b16fce5ee None None] Loading extension file: l3_agent_scheduler_ha_chassis_priority.py {{(pid=90438) _load_all_extensions_from_path /opt/stack/neutron/neutron/api/extensions.py:449}}
Jul 01 01:49:43.220992 np0000004064 devstack@neutron-api.service[90440]: DEBUG neutron_lib.callbacks.manager [None req-2d5ae1ce-3aad-496c-8e05-22f35c3a5d3a None None] Subscribe: > network after_create 55550000, False {{(pid=90440) subscribe /opt/stack/data/venv/lib/python3.12/site-packages/neutron_lib/callbacks/manager.py:52}}
Jul 01 01:49:43.221073 np0000004064 devstack@neutron-api.service[90437]: DEBUG neutron.api.extensions [None req-33cfe1c1-216a-447b-ba57-089628480f0d None None] Ext name="QoS default policy" alias="qos-default" description="Expose the QoS default policy per project" updated="2017-041-06T10:00:00-00:00" {{(pid=90437) _check_extension /opt/stack/neutron/neutron/api/extensions.py:415}}
Jul 01 01:49:43.221171 np0000004064 devstack@neutron-api.service[90440]: DEBUG neutron_lib.callbacks.manager [None req-2d5ae1ce-3aad-496c-8e05-22f35c3a5d3a None None] Subscribe: > network after_update 55550000, False {{(pid=90440) subscribe /opt/stack/data/venv/lib/python3.12/site-packages/neutron_lib/callbacks/manager.py:52}}
Jul 01 01:49:43.221427 np0000004064 devstack@neutron-api.service[90437]: INFO neutron.api.extensions [None req-33cfe1c1-216a-447b-ba57-089628480f0d None None] Extension qos-default not supported by any of loaded plugins
Jul 01 01:49:43.221545 np0000004064 devstack@neutron-api.service[90438]: DEBUG neutron.api.extensions [None req-cf824109-1902-4660-bb90-e89b16fce5ee None None] Ext name="L3 Agent Scheduler HA Chassis Priority" alias="l3-agent-scheduler-ha-chassis-priority" description="Exposes the HA_Chassis priority in the L3 Agent Scheduler API responses and allows setting priority when scheduling a router to a chassis." updated="2026-03-31T00:00:00-00:00" {{(pid=90438) _check_extension /opt/stack/neutron/neutron/api/extensions.py:415}}
Jul 01 01:49:43.221671 np0000004064 devstack@neutron-api.service[90440]: DEBUG neutron_lib.callbacks.manager [None req-2d5ae1ce-3aad-496c-8e05-22f35c3a5d3a None None] Subscribe: > network after_delete 55550000, False {{(pid=90440) subscribe /opt/stack/data/venv/lib/python3.12/site-packages/neutron_lib/callbacks/manager.py:52}}
Jul 01 01:49:43.221754 np0000004064 devstack@neutron-api.service[90437]: DEBUG neutron.api.extensions [None req-33cfe1c1-216a-447b-ba57-089628480f0d None None] Loading extension file: qos_fip.py {{(pid=90437) _load_all_extensions_from_path /opt/stack/neutron/neutron/api/extensions.py:449}}
Jul 01 01:49:43.221887 np0000004064 devstack@neutron-api.service[90440]: DEBUG neutron_lib.callbacks.manager [None req-2d5ae1ce-3aad-496c-8e05-22f35c3a5d3a None None] Subscribe: > security_group after_create 55550000, False {{(pid=90440) subscribe /opt/stack/data/venv/lib/python3.12/site-packages/neutron_lib/callbacks/manager.py:52}}
Jul 01 01:49:43.221942 np0000004064 devstack@neutron-api.service[90438]: INFO neutron.api.extensions [None req-cf824109-1902-4660-bb90-e89b16fce5ee None None] Loaded extension: l3-agent-scheduler-ha-chassis-priority
Jul 01 01:49:43.221984 np0000004064 devstack@neutron-api.service[90440]: DEBUG neutron_lib.callbacks.manager [None req-2d5ae1ce-3aad-496c-8e05-22f35c3a5d3a None None] Subscribe: > security_group after_update 55550000, False {{(pid=90440) subscribe /opt/stack/data/venv/lib/python3.12/site-packages/neutron_lib/callbacks/manager.py:52}}
Jul 01 01:49:43.222108 np0000004064 devstack@neutron-api.service[90438]: DEBUG neutron.api.extensions [None req-cf824109-1902-4660-bb90-e89b16fce5ee None None] Loading extension file: l3_conntrack_helper.py {{(pid=90438) _load_all_extensions_from_path /opt/stack/neutron/neutron/api/extensions.py:449}}
Jul 01 01:49:43.222221 np0000004064 devstack@neutron-api.service[90437]: DEBUG neutron.api.extensions [None req-33cfe1c1-216a-447b-ba57-089628480f0d None None] Ext name="Floating IP QoS" alias="qos-fip" description="The floating IP Quality of Service extension" updated="2017-07-20T00:00:00-00:00" {{(pid=90437) _check_extension /opt/stack/neutron/neutron/api/extensions.py:415}}
Jul 01 01:49:43.222324 np0000004064 devstack@neutron-api.service[90440]: DEBUG neutron_lib.callbacks.manager [None req-2d5ae1ce-3aad-496c-8e05-22f35c3a5d3a None None] Subscribe: > security_group after_delete 55550000, False {{(pid=90440) subscribe /opt/stack/data/venv/lib/python3.12/site-packages/neutron_lib/callbacks/manager.py:52}}
Jul 01 01:49:43.222324 np0000004064 devstack@neutron-api.service[90440]: DEBUG neutron_lib.callbacks.manager [None req-2d5ae1ce-3aad-496c-8e05-22f35c3a5d3a None None] Subscribe: > security_group_rule after_create 55550000, False {{(pid=90440) subscribe /opt/stack/data/venv/lib/python3.12/site-packages/neutron_lib/callbacks/manager.py:52}}
Jul 01 01:49:43.222471 np0000004064 devstack@neutron-api.service[90437]: INFO neutron.api.extensions [None req-33cfe1c1-216a-447b-ba57-089628480f0d None None] Extension qos-fip not supported by any of loaded plugins
Jul 01 01:49:43.222553 np0000004064 devstack@neutron-api.service[90440]: DEBUG neutron_lib.callbacks.manager [None req-2d5ae1ce-3aad-496c-8e05-22f35c3a5d3a None None] Subscribe: > security_group_rule after_update 55550000, False {{(pid=90440) subscribe /opt/stack/data/venv/lib/python3.12/site-packages/neutron_lib/callbacks/manager.py:52}}
Jul 01 01:49:43.222684 np0000004064 devstack@neutron-api.service[90437]: DEBUG neutron.api.extensions [None req-33cfe1c1-216a-447b-ba57-089628480f0d None None] Loading extension file: qos_fip_network_policy.py {{(pid=90437) _load_all_extensions_from_path /opt/stack/neutron/neutron/api/extensions.py:449}}
Jul 01 01:49:43.222768 np0000004064 devstack@neutron-api.service[90440]: DEBUG neutron_lib.callbacks.manager [None req-2d5ae1ce-3aad-496c-8e05-22f35c3a5d3a None None] Subscribe: > security_group_rule after_delete 55550000, False {{(pid=90440) subscribe /opt/stack/data/venv/lib/python3.12/site-packages/neutron_lib/callbacks/manager.py:52}}
Jul 01 01:49:43.222768 np0000004064 devstack@neutron-api.service[90440]: DEBUG neutron_lib.callbacks.manager [None req-2d5ae1ce-3aad-496c-8e05-22f35c3a5d3a None None] Subscribe: > address_group after_create 55550000, False {{(pid=90440) subscribe /opt/stack/data/venv/lib/python3.12/site-packages/neutron_lib/callbacks/manager.py:52}}
Jul 01 01:49:43.222969 np0000004064 devstack@neutron-api.service[90437]: DEBUG neutron.api.extensions [None req-33cfe1c1-216a-447b-ba57-089628480f0d None None] Ext name="QoS floating IP network policy ID" alias="qos-fip-network-policy" description="Adds a the QoS network ID to the floating IP definition" updated="2021-11-15T10:00:00-00:00" {{(pid=90437) _check_extension /opt/stack/neutron/neutron/api/extensions.py:415}}
Jul 01 01:49:43.223092 np0000004064 devstack@neutron-api.service[90440]: DEBUG neutron_lib.callbacks.manager [None req-2d5ae1ce-3aad-496c-8e05-22f35c3a5d3a None None] Subscribe: > address_group after_update 55550000, False {{(pid=90440) subscribe /opt/stack/data/venv/lib/python3.12/site-packages/neutron_lib/callbacks/manager.py:52}}
Jul 01 01:49:43.223092 np0000004064 devstack@neutron-api.service[90440]: DEBUG neutron_lib.callbacks.manager [None req-2d5ae1ce-3aad-496c-8e05-22f35c3a5d3a None None] Subscribe: > address_group after_delete 55550000, False {{(pid=90440) subscribe /opt/stack/data/venv/lib/python3.12/site-packages/neutron_lib/callbacks/manager.py:52}}
Jul 01 01:49:43.223265 np0000004064 devstack@neutron-api.service[90437]: INFO neutron.api.extensions [None req-33cfe1c1-216a-447b-ba57-089628480f0d None None] Extension qos-fip-network-policy not supported by any of loaded plugins
Jul 01 01:49:43.223379 np0000004064 devstack@neutron-api.service[90438]: DEBUG neutron.api.extensions [None req-cf824109-1902-4660-bb90-e89b16fce5ee None None] Ext name="L3 Conntrack helper" alias="l3-conntrack-helper" description="Allow adding CT target rules for conntrack helper" updated="2019-04-04T10:00:00-00:00" {{(pid=90438) _check_extension /opt/stack/neutron/neutron/api/extensions.py:415}}
Jul 01 01:49:43.223496 np0000004064 devstack@neutron-api.service[90440]: DEBUG neutron.plugins.ml2.ovo_rpc [None req-2d5ae1ce-3aad-496c-8e05-22f35c3a5d3a None None] ML2 OVO RPC backend initialized. {{(pid=90440) __init__ /opt/stack/neutron/neutron/plugins/ml2/ovo_rpc.py:117}}
Jul 01 01:49:43.223587 np0000004064 devstack@neutron-api.service[90437]: DEBUG neutron.api.extensions [None req-33cfe1c1-216a-447b-ba57-089628480f0d None None] Loading extension file: qos_gateway_ip.py {{(pid=90437) _load_all_extensions_from_path /opt/stack/neutron/neutron/api/extensions.py:449}}
Jul 01 01:49:43.223680 np0000004064 devstack@neutron-api.service[90438]: INFO neutron.api.extensions [None req-cf824109-1902-4660-bb90-e89b16fce5ee None None] Extension l3-conntrack-helper not supported by any of loaded plugins
Jul 01 01:49:43.223769 np0000004064 devstack@neutron-api.service[90437]: DEBUG neutron.api.extensions [None req-33cfe1c1-216a-447b-ba57-089628480f0d None None] Ext name="Router gateway IP QoS" alias="qos-gateway-ip" description="The Router gateway IP Quality of Service extension" updated="2018-02-24T00:00:00-00:00" {{(pid=90437) _check_extension /opt/stack/neutron/neutron/api/extensions.py:415}}
Jul 01 01:49:43.223863 np0000004064 devstack@neutron-api.service[90438]: DEBUG neutron.api.extensions [None req-cf824109-1902-4660-bb90-e89b16fce5ee None None] Loading extension file: l3_enable_default_route_bfd.py {{(pid=90438) _load_all_extensions_from_path /opt/stack/neutron/neutron/api/extensions.py:449}}
Jul 01 01:49:43.223907 np0000004064 devstack@neutron-api.service[90437]: INFO neutron.api.extensions [None req-33cfe1c1-216a-447b-ba57-089628480f0d None None] Extension qos-gateway-ip not supported by any of loaded plugins
Jul 01 01:49:43.223907 np0000004064 devstack@neutron-api.service[90437]: DEBUG neutron.api.extensions [None req-33cfe1c1-216a-447b-ba57-089628480f0d None None] Loading extension file: qos_port_network_policy.py {{(pid=90437) _load_all_extensions_from_path /opt/stack/neutron/neutron/api/extensions.py:449}}
Jul 01 01:49:43.224074 np0000004064 devstack@neutron-api.service[90438]: DEBUG neutron.api.extensions [None req-cf824109-1902-4660-bb90-e89b16fce5ee None None] Ext name="Enable Default Route BFD" alias="enable-default-route-bfd" description="Enables configurable BFD behavior for default routes" updated="2023-02-27T00:00:00-00:00" {{(pid=90438) _check_extension /opt/stack/neutron/neutron/api/extensions.py:415}}
Jul 01 01:49:43.224074 np0000004064 devstack@neutron-api.service[90438]: INFO neutron.api.extensions [None req-cf824109-1902-4660-bb90-e89b16fce5ee None None] Loaded extension: enable-default-route-bfd
Jul 01 01:49:43.224226 np0000004064 devstack@neutron-api.service[90437]: DEBUG neutron.api.extensions [None req-33cfe1c1-216a-447b-ba57-089628480f0d None None] Ext name="QoS port network policy ID" alias="qos-port-network-policy" description="Adds a the QoS network ID to the port definition" updated="2019-11-01T10:00:00-00:00" {{(pid=90437) _check_extension /opt/stack/neutron/neutron/api/extensions.py:415}}
Jul 01 01:49:43.224371 np0000004064 devstack@neutron-api.service[90438]: DEBUG neutron.api.extensions [None req-cf824109-1902-4660-bb90-e89b16fce5ee None None] Loading extension file: l3_enable_default_route_ecmp.py {{(pid=90438) _load_all_extensions_from_path /opt/stack/neutron/neutron/api/extensions.py:449}}
Jul 01 01:49:43.224531 np0000004064 devstack@neutron-api.service[90437]: INFO neutron.api.extensions [None req-33cfe1c1-216a-447b-ba57-089628480f0d None None] Extension qos-port-network-policy not supported by any of loaded plugins
Jul 01 01:49:43.224652 np0000004064 devstack@neutron-api.service[90440]: INFO neutron.quota [None req-2d5ae1ce-3aad-496c-8e05-22f35c3a5d3a None None] Loaded quota_driver: .
Jul 01 01:49:43.224743 np0000004064 devstack@neutron-api.service[90437]: DEBUG neutron.api.extensions [None req-33cfe1c1-216a-447b-ba57-089628480f0d None None] Loading extension file: qos_pps_minimum_rule.py {{(pid=90437) _load_all_extensions_from_path /opt/stack/neutron/neutron/api/extensions.py:449}}
Jul 01 01:49:43.224873 np0000004064 devstack@neutron-api.service[90438]: DEBUG neutron.api.extensions [None req-cf824109-1902-4660-bb90-e89b16fce5ee None None] Ext name="Enable Default Route ECMP" alias="enable-default-route-ecmp" description="Enables configurable ECMP behavior for default routes" updated="2023-02-27T00:00:00-00:00" {{(pid=90438) _check_extension /opt/stack/neutron/neutron/api/extensions.py:415}}
Jul 01 01:49:43.224967 np0000004064 devstack@neutron-api.service[90440]: INFO neutron.plugins.ml2.plugin [None req-2d5ae1ce-3aad-496c-8e05-22f35c3a5d3a None None] Modular L2 Plugin initialization complete
Jul 01 01:49:43.224967 np0000004064 devstack@neutron-api.service[90440]: DEBUG neutron.manager [None req-2d5ae1ce-3aad-496c-8e05-22f35c3a5d3a None None] Loading services supported by the core plugin {{(pid=90440) _load_services_from_core_plugin /opt/stack/neutron/neutron/manager.py:167}}
Jul 01 01:49:43.225123 np0000004064 devstack@neutron-api.service[90438]: INFO neutron.api.extensions [None req-cf824109-1902-4660-bb90-e89b16fce5ee None None] Loaded extension: enable-default-route-ecmp
Jul 01 01:49:43.225170 np0000004064 devstack@neutron-api.service[90437]: DEBUG neutron.api.extensions [None req-33cfe1c1-216a-447b-ba57-089628480f0d None None] Ext name="QoS minimum packet rate rule" alias="qos-pps-minimum" description="Allow to configure QoS minimum packet rate rule." updated="2021-07-14T10:00:00-00:00" {{(pid=90437) _check_extension /opt/stack/neutron/neutron/api/extensions.py:415}}
Jul 01 01:49:43.225263 np0000004064 devstack@neutron-api.service[90438]: DEBUG neutron.api.extensions [None req-cf824109-1902-4660-bb90-e89b16fce5ee None None] Loading extension file: l3_ext_gw_mode.py {{(pid=90438) _load_all_extensions_from_path /opt/stack/neutron/neutron/api/extensions.py:449}}
Jul 01 01:49:43.225345 np0000004064 devstack@neutron-api.service[90440]: INFO neutron.plugins.ml2.managers [None req-2d5ae1ce-3aad-496c-8e05-22f35c3a5d3a None None] Got port-security extension from driver 'port_security'
Jul 01 01:49:43.225386 np0000004064 devstack@neutron-api.service[90437]: INFO neutron.api.extensions [None req-33cfe1c1-216a-447b-ba57-089628480f0d None None] Extension qos-pps-minimum not supported by any of loaded plugins
Jul 01 01:49:43.225386 np0000004064 devstack@neutron-api.service[90437]: DEBUG neutron.api.extensions [None req-33cfe1c1-216a-447b-ba57-089628480f0d None None] Loading extension file: qos_pps_minimum_rule_alias.py {{(pid=90437) _load_all_extensions_from_path /opt/stack/neutron/neutron/api/extensions.py:449}}
Jul 01 01:49:43.225541 np0000004064 devstack@neutron-api.service[90438]: DEBUG neutron.api.extensions [None req-cf824109-1902-4660-bb90-e89b16fce5ee None None] Ext name="Neutron L3 Configurable external gateway mode" alias="ext-gw-mode" description="Extension of the router abstraction for specifying whether SNAT should occur on the external gateway" updated="2013-03-28T10:00:00-00:00" {{(pid=90438) _check_extension /opt/stack/neutron/neutron/api/extensions.py:415}}
Jul 01 01:49:43.225624 np0000004064 devstack@neutron-api.service[90440]: DEBUG neutron.manager [None req-2d5ae1ce-3aad-496c-8e05-22f35c3a5d3a None None] Loading service plugins: ['ovn-router', 'auto_allocate', 'tag', 'timestamp', 'network_ip_availability', 'flavors', 'revisions'] {{(pid=90440) _load_service_plugins /opt/stack/neutron/neutron/manager.py:192}}
Jul 01 01:49:43.225676 np0000004064 devstack@neutron-api.service[90438]: INFO neutron.api.extensions [None req-cf824109-1902-4660-bb90-e89b16fce5ee None None] Loaded extension: ext-gw-mode
Jul 01 01:49:43.226275 np0000004064 devstack@neutron-api.service[90440]: INFO neutron.manager [None req-2d5ae1ce-3aad-496c-8e05-22f35c3a5d3a None None] Loading Plugin: ovn-router
Jul 01 01:49:43.226479 np0000004064 devstack@neutron-api.service[90437]: DEBUG neutron.api.extensions [None req-33cfe1c1-216a-447b-ba57-089628480f0d None None] Ext name="QoS minimum packet rate rule alias" alias="qos-pps-minimum-rule-alias" description="API to enable GET, PUT and DELETE operations on QoS minimum packet rate rule without specifying policy ID" updated="2021-10-22T10:00:00-00:00" {{(pid=90437) _check_extension /opt/stack/neutron/neutron/api/extensions.py:415}}
Jul 01 01:49:43.227158 np0000004064 devstack@neutron-api.service[90438]: DEBUG neutron.api.extensions [None req-cf824109-1902-4660-bb90-e89b16fce5ee None None] Loading extension file: l3_ext_ha_mode.py {{(pid=90438) _load_all_extensions_from_path /opt/stack/neutron/neutron/api/extensions.py:449}}
Jul 01 01:49:43.227347 np0000004064 devstack@neutron-api.service[90437]: INFO neutron.api.extensions [None req-33cfe1c1-216a-447b-ba57-089628480f0d None None] Extension qos-pps-minimum-rule-alias not supported by any of loaded plugins
Jul 01 01:49:43.227347 np0000004064 devstack@neutron-api.service[90437]: DEBUG neutron.api.extensions [None req-33cfe1c1-216a-447b-ba57-089628480f0d None None] Loading extension file: qos_pps_rule.py {{(pid=90437) _load_all_extensions_from_path /opt/stack/neutron/neutron/api/extensions.py:449}}
Jul 01 01:49:43.227533 np0000004064 devstack@neutron-api.service[90438]: DEBUG neutron.api.extensions [None req-cf824109-1902-4660-bb90-e89b16fce5ee None None] Ext name="HA Router extension" alias="l3-ha" description="Adds HA capability to routers." updated="2014-04-26T00:00:00-00:00" {{(pid=90438) _check_extension /opt/stack/neutron/neutron/api/extensions.py:415}}
Jul 01 01:49:43.227533 np0000004064 devstack@neutron-api.service[90438]: INFO neutron.api.extensions [None req-cf824109-1902-4660-bb90-e89b16fce5ee None None] Loaded extension: l3-ha
Jul 01 01:49:43.227680 np0000004064 devstack@neutron-api.service[90437]: DEBUG neutron.api.extensions [None req-33cfe1c1-216a-447b-ba57-089628480f0d None None] Ext name="QoS Rule Type Packet per Second Extension" alias="qos-pps" description="Add QoS Rule Type Packet per Second" updated="2021-05-12T10:00:00-00:00" {{(pid=90437) _check_extension /opt/stack/neutron/neutron/api/extensions.py:415}}
Jul 01 01:49:43.227812 np0000004064 devstack@neutron-api.service[90438]: DEBUG neutron.api.extensions [None req-cf824109-1902-4660-bb90-e89b16fce5ee None None] Loading extension file: l3_ext_ndp_proxy.py {{(pid=90438) _load_all_extensions_from_path /opt/stack/neutron/neutron/api/extensions.py:449}}
Jul 01 01:49:43.227969 np0000004064 devstack@neutron-api.service[90437]: INFO neutron.api.extensions [None req-33cfe1c1-216a-447b-ba57-089628480f0d None None] Extension qos-pps not supported by any of loaded plugins
Jul 01 01:49:43.227969 np0000004064 devstack@neutron-api.service[90437]: DEBUG neutron.api.extensions [None req-33cfe1c1-216a-447b-ba57-089628480f0d None None] Loading extension file: qos_rule_type_details.py {{(pid=90437) _load_all_extensions_from_path /opt/stack/neutron/neutron/api/extensions.py:449}}
Jul 01 01:49:43.228117 np0000004064 devstack@neutron-api.service[90438]: DEBUG neutron.api.extensions [None req-cf824109-1902-4660-bb90-e89b16fce5ee None None] Ext name="Router support to enable NDP proxy" alias="l3-ext-ndp-proxy" description="Router extension to enable ndp proxy" updated="2020-08-25T00:00:00-00:00" {{(pid=90438) _check_extension /opt/stack/neutron/neutron/api/extensions.py:415}}
Jul 01 01:49:43.228117 np0000004064 devstack@neutron-api.service[90438]: INFO neutron.api.extensions [None req-cf824109-1902-4660-bb90-e89b16fce5ee None None] Extension l3-ext-ndp-proxy not supported by any of loaded plugins
Jul 01 01:49:43.228117 np0000004064 devstack@neutron-api.service[90438]: DEBUG neutron.api.extensions [None req-cf824109-1902-4660-bb90-e89b16fce5ee None None] Loading extension file: l3_extra_gws.py {{(pid=90438) _load_all_extensions_from_path /opt/stack/neutron/neutron/api/extensions.py:449}}
Jul 01 01:49:43.228420 np0000004064 devstack@neutron-api.service[90437]: DEBUG neutron.api.extensions [None req-33cfe1c1-216a-447b-ba57-089628480f0d None None] Ext name="Details of QoS rule types" alias="qos-rule-type-details" description="Expose details about QoS rule types supported by loaded backend drivers" updated="2017-06-22T10:00:00-00:00" {{(pid=90437) _check_extension /opt/stack/neutron/neutron/api/extensions.py:415}}
Jul 01 01:49:43.228420 np0000004064 devstack@neutron-api.service[90437]: INFO neutron.api.extensions [None req-33cfe1c1-216a-447b-ba57-089628480f0d None None] Extension qos-rule-type-details not supported by any of loaded plugins
Jul 01 01:49:43.228667 np0000004064 devstack@neutron-api.service[90438]: DEBUG neutron.api.extensions [None req-cf824109-1902-4660-bb90-e89b16fce5ee None None] Ext name="Neutron L3 External Gateway Multihoming" alias="external-gateway-multihoming" description="Allow multiple external gateway ports per router" updated="2023-01-18T00:00:00-00:00" {{(pid=90438) _check_extension /opt/stack/neutron/neutron/api/extensions.py:415}}
Jul 01 01:49:43.228809 np0000004064 devstack@neutron-api.service[90437]: DEBUG neutron.api.extensions [None req-33cfe1c1-216a-447b-ba57-089628480f0d None None] Loading extension file: qos_rule_type_filter.py {{(pid=90437) _load_all_extensions_from_path /opt/stack/neutron/neutron/api/extensions.py:449}}
Jul 01 01:49:43.229027 np0000004064 devstack@neutron-api.service[90438]: INFO neutron.api.extensions [None req-cf824109-1902-4660-bb90-e89b16fce5ee None None] Loaded extension: external-gateway-multihoming
Jul 01 01:49:43.229175 np0000004064 devstack@neutron-api.service[90437]: DEBUG neutron.api.extensions [None req-33cfe1c1-216a-447b-ba57-089628480f0d None None] Ext name="Allow to filter the list of QoS rule types" alias="qos-rule-type-filter" description="Allows to filter the QoS rule type list adding two new flags. "all_rules" prints all implemented QoS rule types."all_supported" prints all supported QoS rule types by the loaded mechanism drivers" updated="2022-02-02T10:00:00-00:00" {{(pid=90437) _check_extension /opt/stack/neutron/neutron/api/extensions.py:415}}
Jul 01 01:49:43.229477 np0000004064 devstack@neutron-api.service[90438]: DEBUG neutron.api.extensions [None req-cf824109-1902-4660-bb90-e89b16fce5ee None None] Loading extension file: l3_flavors.py {{(pid=90438) _load_all_extensions_from_path /opt/stack/neutron/neutron/api/extensions.py:449}}
Jul 01 01:49:43.229751 np0000004064 devstack@neutron-api.service[90437]: INFO neutron.api.extensions [None req-33cfe1c1-216a-447b-ba57-089628480f0d None None] Extension qos-rule-type-filter not supported by any of loaded plugins
Jul 01 01:49:43.229751 np0000004064 devstack@neutron-api.service[90437]: DEBUG neutron.api.extensions [None req-33cfe1c1-216a-447b-ba57-089628480f0d None None] Loading extension file: qos_rules_alias.py {{(pid=90437) _load_all_extensions_from_path /opt/stack/neutron/neutron/api/extensions.py:449}}
Jul 01 01:49:43.230103 np0000004064 devstack@neutron-api.service[90438]: DEBUG neutron.api.extensions [None req-cf824109-1902-4660-bb90-e89b16fce5ee None None] Ext name="Router Flavor Extension" alias="l3-flavors" description="Flavor support for routers." updated="2016-05-17T00:00:00-00:00" {{(pid=90438) _check_extension /opt/stack/neutron/neutron/api/extensions.py:415}}
Jul 01 01:49:43.230103 np0000004064 devstack@neutron-api.service[90438]: INFO neutron.api.extensions [None req-cf824109-1902-4660-bb90-e89b16fce5ee None None] Loaded extension: l3-flavors
Jul 01 01:49:43.230452 np0000004064 devstack@neutron-api.service[90437]: DEBUG neutron.api.extensions [None req-33cfe1c1-216a-447b-ba57-089628480f0d None None] Ext name="Quality of Service rules alias API" alias="qos-rules-alias" description="API to enable GET, PUT and DELETE operations on QoS policy rules without specifying policy ID" updated="2018-10-07T10:00:00-00:00" {{(pid=90437) _check_extension /opt/stack/neutron/neutron/api/extensions.py:415}}
Jul 01 01:49:43.230803 np0000004064 devstack@neutron-api.service[90438]: DEBUG neutron.api.extensions [None req-cf824109-1902-4660-bb90-e89b16fce5ee None None] Loading extension file: l3_ndp_proxy.py {{(pid=90438) _load_all_extensions_from_path /opt/stack/neutron/neutron/api/extensions.py:449}}
Jul 01 01:49:43.231197 np0000004064 devstack@neutron-api.service[90437]: INFO neutron.api.extensions [None req-33cfe1c1-216a-447b-ba57-089628480f0d None None] Extension qos-rules-alias not supported by any of loaded plugins
Jul 01 01:49:43.231197 np0000004064 devstack@neutron-api.service[90437]: DEBUG neutron.api.extensions [None req-33cfe1c1-216a-447b-ba57-089628480f0d None None] Loading extension file: quota_check_limit.py {{(pid=90437) _load_all_extensions_from_path /opt/stack/neutron/neutron/api/extensions.py:449}}
Jul 01 01:49:43.231645 np0000004064 devstack@neutron-api.service[90438]: DEBUG neutron.api.extensions [None req-cf824109-1902-4660-bb90-e89b16fce5ee None None] Ext name="name" alias="l3-ndp-proxy" description="description" updated="2021-06-29T10:00:00-00:00" {{(pid=90438) _check_extension /opt/stack/neutron/neutron/api/extensions.py:415}}
Jul 01 01:49:43.231645 np0000004064 devstack@neutron-api.service[90438]: INFO neutron.api.extensions [None req-cf824109-1902-4660-bb90-e89b16fce5ee None None] Extension l3-ndp-proxy not supported by any of loaded plugins
Jul 01 01:49:43.231972 np0000004064 devstack@neutron-api.service[90437]: DEBUG neutron.api.extensions [None req-33cfe1c1-216a-447b-ba57-089628480f0d None None] Ext name="Quota engine limit check" alias="quota-check-limit" description="Support for checking the resource usage before applying a new quota limit" updated="2021-09-08T16:00:00-00:00" {{(pid=90437) _check_extension /opt/stack/neutron/neutron/api/extensions.py:415}}
Jul 01 01:49:43.232158 np0000004064 devstack@neutron-api.service[90438]: DEBUG neutron.api.extensions [None req-cf824109-1902-4660-bb90-e89b16fce5ee None None] Loading extension file: l3_port_ip_change_not_allowed.py {{(pid=90438) _load_all_extensions_from_path /opt/stack/neutron/neutron/api/extensions.py:449}}
Jul 01 01:49:43.232232 np0000004064 devstack@neutron-api.service[90437]: INFO neutron.api.extensions [None req-33cfe1c1-216a-447b-ba57-089628480f0d None None] Loaded extension: quota-check-limit
Jul 01 01:49:43.232344 np0000004064 devstack@neutron-api.service[90438]: DEBUG neutron.api.extensions [None req-cf824109-1902-4660-bb90-e89b16fce5ee None None] Ext name="Prevent L3 router ports IP address change extension" alias="l3-port-ip-change-not-allowed" description="Prevent change of IP address for some L3 router ports" updated="2018-10-09T10:00:00-00:00" {{(pid=90438) _check_extension /opt/stack/neutron/neutron/api/extensions.py:415}}
Jul 01 01:49:43.232452 np0000004064 devstack@neutron-api.service[90437]: DEBUG neutron.api.extensions [None req-33cfe1c1-216a-447b-ba57-089628480f0d None None] Loading extension file: quota_check_limit_default.py {{(pid=90437) _load_all_extensions_from_path /opt/stack/neutron/neutron/api/extensions.py:449}}
Jul 01 01:49:43.232543 np0000004064 devstack@neutron-api.service[90438]: INFO neutron.api.extensions [None req-cf824109-1902-4660-bb90-e89b16fce5ee None None] Extension l3-port-ip-change-not-allowed not supported by any of loaded plugins
Jul 01 01:49:43.232543 np0000004064 devstack@neutron-api.service[90438]: DEBUG neutron.api.extensions [None req-cf824109-1902-4660-bb90-e89b16fce5ee None None] Loading extension file: l3agentscheduler.py {{(pid=90438) _load_all_extensions_from_path /opt/stack/neutron/neutron/api/extensions.py:449}}
Jul 01 01:49:43.232691 np0000004064 devstack@neutron-api.service[90437]: DEBUG neutron.api.extensions [None req-33cfe1c1-216a-447b-ba57-089628480f0d None None] Ext name="Quota engine limit check by default" alias="quota-check-limit-default" description="By default, the Neutron quota engine checks the resource usage before applying a new quota limit" updated="2024-08-21T16:00:00-00:00" {{(pid=90437) _check_extension /opt/stack/neutron/neutron/api/extensions.py:415}}
Jul 01 01:49:43.232691 np0000004064 devstack@neutron-api.service[90437]: INFO neutron.api.extensions [None req-33cfe1c1-216a-447b-ba57-089628480f0d None None] Loaded extension: quota-check-limit-default
Jul 01 01:49:43.232691 np0000004064 devstack@neutron-api.service[90437]: DEBUG neutron.api.extensions [None req-33cfe1c1-216a-447b-ba57-089628480f0d None None] Loading extension file: quotasv2.py {{(pid=90437) _load_all_extensions_from_path /opt/stack/neutron/neutron/api/extensions.py:449}}
Jul 01 01:49:43.232901 np0000004064 devstack@neutron-api.service[90438]: DEBUG neutron.api.extensions [None req-cf824109-1902-4660-bb90-e89b16fce5ee None None] Ext name="L3 Agent Scheduler" alias="l3_agent_scheduler" description="Schedule routers among l3 agents" updated="2013-02-07T10:00:00-00:00" {{(pid=90438) _check_extension /opt/stack/neutron/neutron/api/extensions.py:415}}
Jul 01 01:49:43.232901 np0000004064 devstack@neutron-api.service[90438]: INFO neutron.api.extensions [None req-cf824109-1902-4660-bb90-e89b16fce5ee None None] Loaded extension: l3_agent_scheduler
Jul 01 01:49:43.232901 np0000004064 devstack@neutron-api.service[90438]: DEBUG neutron.api.extensions [None req-cf824109-1902-4660-bb90-e89b16fce5ee None None] Loading extension file: local_ip.py {{(pid=90438) _load_all_extensions_from_path /opt/stack/neutron/neutron/api/extensions.py:449}}
Jul 01 01:49:43.232901 np0000004064 devstack@neutron-api.service[90438]: DEBUG neutron.api.extensions [None req-cf824109-1902-4660-bb90-e89b16fce5ee None None] Ext name="Local IP" alias="local_ip" description="Support Node Local Virtual IP" updated="2021-07-26T10:00:00-00:00" {{(pid=90438) _check_extension /opt/stack/neutron/neutron/api/extensions.py:415}}
Jul 01 01:49:43.233154 np0000004064 devstack@neutron-api.service[90437]: DEBUG neutron.api.extensions [None req-33cfe1c1-216a-447b-ba57-089628480f0d None None] Ext name="Quota management support" alias="quotas" description="Expose functions for quotas management per project" updated="2012-07-29T10:00:00-00:00" {{(pid=90437) _check_extension /opt/stack/neutron/neutron/api/extensions.py:415}}
Jul 01 01:49:43.233154 np0000004064 devstack@neutron-api.service[90437]: INFO neutron.api.extensions [None req-33cfe1c1-216a-447b-ba57-089628480f0d None None] Loaded extension: quotas
Jul 01 01:49:43.233409 np0000004064 devstack@neutron-api.service[90438]: INFO neutron.api.extensions [None req-cf824109-1902-4660-bb90-e89b16fce5ee None None] Extension local_ip not supported by any of loaded plugins
Jul 01 01:49:43.233560 np0000004064 devstack@neutron-api.service[90437]: DEBUG neutron.api.extensions [None req-33cfe1c1-216a-447b-ba57-089628480f0d None None] Loading extension file: quotasv2_detail.py {{(pid=90437) _load_all_extensions_from_path /opt/stack/neutron/neutron/api/extensions.py:449}}
Jul 01 01:49:43.233653 np0000004064 devstack@neutron-api.service[90438]: DEBUG neutron.api.extensions [None req-cf824109-1902-4660-bb90-e89b16fce5ee None None] Loading extension file: logging.py {{(pid=90438) _load_all_extensions_from_path /opt/stack/neutron/neutron/api/extensions.py:449}}
Jul 01 01:49:43.233653 np0000004064 devstack@neutron-api.service[90438]: DEBUG neutron.api.extensions [None req-cf824109-1902-4660-bb90-e89b16fce5ee None None] Ext name="Logging API Extension" alias="logging" description="Provides a logging API for resources such as security group and firewall." updated="2017-01-01T10:00:00-00:00" {{(pid=90438) _check_extension /opt/stack/neutron/neutron/api/extensions.py:415}}
Jul 01 01:49:43.233787 np0000004064 devstack@neutron-api.service[90437]: DEBUG neutron.api.extensions [None req-33cfe1c1-216a-447b-ba57-089628480f0d None None] Ext name="Quota details management support" alias="quota_details" description="Expose functions for quotas usage statistics per project" updated="2017-02-10T10:00:00-00:00" {{(pid=90437) _check_extension /opt/stack/neutron/neutron/api/extensions.py:415}}
Jul 01 01:49:43.233787 np0000004064 devstack@neutron-api.service[90437]: INFO neutron.api.extensions [None req-33cfe1c1-216a-447b-ba57-089628480f0d None None] Loaded extension: quota_details
Jul 01 01:49:43.233964 np0000004064 devstack@neutron-api.service[90438]: INFO neutron.api.extensions [None req-cf824109-1902-4660-bb90-e89b16fce5ee None None] Extension logging not supported by any of loaded plugins
Jul 01 01:49:43.234037 np0000004064 devstack@neutron-api.service[90437]: DEBUG neutron.api.extensions [None req-33cfe1c1-216a-447b-ba57-089628480f0d None None] Loading extension file: rbac.py {{(pid=90437) _load_all_extensions_from_path /opt/stack/neutron/neutron/api/extensions.py:449}}
Jul 01 01:49:43.234104 np0000004064 devstack@neutron-api.service[90438]: DEBUG neutron.api.extensions [None req-cf824109-1902-4660-bb90-e89b16fce5ee None None] Loading extension file: metering.py {{(pid=90438) _load_all_extensions_from_path /opt/stack/neutron/neutron/api/extensions.py:449}}
Jul 01 01:49:43.234104 np0000004064 devstack@neutron-api.service[90438]: DEBUG neutron.api.extensions [None req-cf824109-1902-4660-bb90-e89b16fce5ee None None] Ext name="Neutron Metering" alias="metering" description="Neutron Metering extension." updated="2013-06-12T10:00:00-00:00" {{(pid=90438) _check_extension /opt/stack/neutron/neutron/api/extensions.py:415}}
Jul 01 01:49:43.234104 np0000004064 devstack@neutron-api.service[90438]: INFO neutron.api.extensions [None req-cf824109-1902-4660-bb90-e89b16fce5ee None None] Extension metering not supported by any of loaded plugins
Jul 01 01:49:43.234301 np0000004064 devstack@neutron-api.service[90437]: DEBUG neutron.api.extensions [None req-33cfe1c1-216a-447b-ba57-089628480f0d None None] Ext name="RBAC Policies" alias="rbac-policies" description="Allows creation and modification of policies that control project access to resources." updated="2015-06-17T12:15:12-00:00" {{(pid=90437) _check_extension /opt/stack/neutron/neutron/api/extensions.py:415}}
Jul 01 01:49:43.234375 np0000004064 devstack@neutron-api.service[90438]: DEBUG neutron.api.extensions [None req-cf824109-1902-4660-bb90-e89b16fce5ee None None] Loading extension file: metering_source_and_destination_fields.py {{(pid=90438) _load_all_extensions_from_path /opt/stack/neutron/neutron/api/extensions.py:449}}
Jul 01 01:49:43.234713 np0000004064 devstack@neutron-api.service[90437]: INFO neutron.api.extensions [None req-33cfe1c1-216a-447b-ba57-089628480f0d None None] Loaded extension: rbac-policies
Jul 01 01:49:43.234713 np0000004064 devstack@neutron-api.service[90437]: DEBUG neutron.api.extensions [None req-33cfe1c1-216a-447b-ba57-089628480f0d None None] Loading extension file: rbac_address_group.py {{(pid=90437) _load_all_extensions_from_path /opt/stack/neutron/neutron/api/extensions.py:449}}
Jul 01 01:49:43.234921 np0000004064 devstack@neutron-api.service[90438]: DEBUG neutron.api.extensions [None req-cf824109-1902-4660-bb90-e89b16fce5ee None None] Ext name="Neutron Metering with source and destination filtering" alias="metering_source_and_destination_fields" description="Neutron Metering extension that enables the use of source and destination IP prefixes to create metering label rules." updated="2020-08-21T08:12:00-00:00" {{(pid=90438) _check_extension /opt/stack/neutron/neutron/api/extensions.py:415}}
