Jun 19 08:36:09.791403 np0000003260 nova-scheduler[95825]: DEBUG cotyledon.oslo_config_glue [-] oslo_limit.auth_type = None {{(pid=95825) log_opt_values /opt/stack/data/venv/lib/python3.12/site-packages/oslo_config/cfg.py:3253}}
Jun 19 08:36:09.791403 np0000003260 nova-scheduler[95825]: DEBUG cotyledon.oslo_config_glue [-] oslo_limit.cafile = None {{(pid=95825) log_opt_values /opt/stack/data/venv/lib/python3.12/site-packages/oslo_config/cfg.py:3253}}
Jun 19 08:36:09.791665 np0000003260 nova-scheduler[95825]: DEBUG cotyledon.oslo_config_glue [-] oslo_limit.certfile = None {{(pid=95825) log_opt_values /opt/stack/data/venv/lib/python3.12/site-packages/oslo_config/cfg.py:3253}}
Jun 19 08:36:09.791665 np0000003260 nova-scheduler[95825]: DEBUG cotyledon.oslo_config_glue [-] oslo_limit.collect_timing = False {{(pid=95825) log_opt_values /opt/stack/data/venv/lib/python3.12/site-packages/oslo_config/cfg.py:3253}}
Jun 19 08:36:09.791665 np0000003260 nova-scheduler[95825]: DEBUG cotyledon.oslo_config_glue [-] oslo_limit.connect_retries = None {{(pid=95825) log_opt_values /opt/stack/data/venv/lib/python3.12/site-packages/oslo_config/cfg.py:3253}}
Jun 19 08:36:09.791665 np0000003260 nova-scheduler[95825]: DEBUG cotyledon.oslo_config_glue [-] oslo_limit.connect_retry_delay = None {{(pid=95825) log_opt_values /opt/stack/data/venv/lib/python3.12/site-packages/oslo_config/cfg.py:3253}}
Jun 19 08:36:09.791665 np0000003260 nova-scheduler[95825]: DEBUG cotyledon.oslo_config_glue [-] oslo_limit.endpoint_id = None {{(pid=95825) log_opt_values /opt/stack/data/venv/lib/python3.12/site-packages/oslo_config/cfg.py:3253}}
Jun 19 08:36:09.791665 np0000003260 nova-scheduler[95825]: DEBUG cotyledon.oslo_config_glue [-] oslo_limit.endpoint_interface = public {{(pid=95825) log_opt_values /opt/stack/data/venv/lib/python3.12/site-packages/oslo_config/cfg.py:3253}}
Jun 19 08:36:09.791665 np0000003260 nova-scheduler[95825]: DEBUG cotyledon.oslo_config_glue [-] oslo_limit.endpoint_override = None {{(pid=95825) log_opt_values /opt/stack/data/venv/lib/python3.12/site-packages/oslo_config/cfg.py:3253}}
Jun 19 08:36:09.791665 np0000003260 nova-scheduler[95825]: DEBUG cotyledon.oslo_config_glue [-] oslo_limit.endpoint_region_name = None {{(pid=95825) log_opt_values /opt/stack/data/venv/lib/python3.12/site-packages/oslo_config/cfg.py:3253}}
Jun 19 08:36:09.791665 np0000003260 nova-scheduler[95825]: DEBUG cotyledon.oslo_config_glue [-] oslo_limit.endpoint_service_name = None {{(pid=95825) log_opt_values /opt/stack/data/venv/lib/python3.12/site-packages/oslo_config/cfg.py:3253}}
Jun 19 08:36:09.791970 np0000003260 nova-scheduler[95825]: DEBUG cotyledon.oslo_config_glue [-] oslo_limit.endpoint_service_type = None {{(pid=95825) log_opt_values /opt/stack/data/venv/lib/python3.12/site-packages/oslo_config/cfg.py:3253}}
Jun 19 08:36:09.791970 np0000003260 nova-scheduler[95825]: DEBUG cotyledon.oslo_config_glue [-] oslo_limit.insecure = False {{(pid=95825) log_opt_values /opt/stack/data/venv/lib/python3.12/site-packages/oslo_config/cfg.py:3253}}
Jun 19 08:36:09.791970 np0000003260 nova-scheduler[95825]: DEBUG cotyledon.oslo_config_glue [-] oslo_limit.keyfile = None {{(pid=95825) log_opt_values /opt/stack/data/venv/lib/python3.12/site-packages/oslo_config/cfg.py:3253}}
Jun 19 08:36:09.791970 np0000003260 nova-scheduler[95825]: DEBUG cotyledon.oslo_config_glue [-] oslo_limit.max_version = None {{(pid=95825) log_opt_values /opt/stack/data/venv/lib/python3.12/site-packages/oslo_config/cfg.py:3253}}
Jun 19 08:36:09.791970 np0000003260 nova-scheduler[95825]: DEBUG cotyledon.oslo_config_glue [-] oslo_limit.min_version = None {{(pid=95825) log_opt_values /opt/stack/data/venv/lib/python3.12/site-packages/oslo_config/cfg.py:3253}}
Jun 19 08:36:09.791970 np0000003260 nova-scheduler[95825]: DEBUG cotyledon.oslo_config_glue [-] oslo_limit.region_name = None {{(pid=95825) log_opt_values /opt/stack/data/venv/lib/python3.12/site-packages/oslo_config/cfg.py:3253}}
Jun 19 08:36:09.791970 np0000003260 nova-scheduler[95825]: DEBUG cotyledon.oslo_config_glue [-] oslo_limit.retriable_status_codes = None {{(pid=95825) log_opt_values /opt/stack/data/venv/lib/python3.12/site-packages/oslo_config/cfg.py:3253}}
Jun 19 08:36:09.791970 np0000003260 nova-scheduler[95825]: DEBUG cotyledon.oslo_config_glue [-] oslo_limit.service_name = None {{(pid=95825) log_opt_values /opt/stack/data/venv/lib/python3.12/site-packages/oslo_config/cfg.py:3253}}
Jun 19 08:36:09.791970 np0000003260 nova-scheduler[95825]: DEBUG cotyledon.oslo_config_glue [-] oslo_limit.service_type = None {{(pid=95825) log_opt_values /opt/stack/data/venv/lib/python3.12/site-packages/oslo_config/cfg.py:3253}}
Jun 19 08:36:09.792250 np0000003260 nova-scheduler[95825]: DEBUG cotyledon.oslo_config_glue [-] oslo_limit.split_loggers = False {{(pid=95825) log_opt_values /opt/stack/data/venv/lib/python3.12/site-packages/oslo_config/cfg.py:3253}}
Jun 19 08:36:09.792250 np0000003260 nova-scheduler[95825]: DEBUG cotyledon.oslo_config_glue [-] oslo_limit.status_code_retries = None {{(pid=95825) log_opt_values /opt/stack/data/venv/lib/python3.12/site-packages/oslo_config/cfg.py:3253}}
Jun 19 08:36:09.792250 np0000003260 nova-scheduler[95825]: DEBUG cotyledon.oslo_config_glue [-] oslo_limit.status_code_retry_delay = None {{(pid=95825) log_opt_values /opt/stack/data/venv/lib/python3.12/site-packages/oslo_config/cfg.py:3253}}
Jun 19 08:36:09.792250 np0000003260 nova-scheduler[95825]: DEBUG cotyledon.oslo_config_glue [-] oslo_limit.timeout = None {{(pid=95825) log_opt_values /opt/stack/data/venv/lib/python3.12/site-packages/oslo_config/cfg.py:3253}}
Jun 19 08:36:09.792250 np0000003260 nova-scheduler[95825]: DEBUG cotyledon.oslo_config_glue [-] oslo_limit.valid_interfaces = None {{(pid=95825) log_opt_values /opt/stack/data/venv/lib/python3.12/site-packages/oslo_config/cfg.py:3253}}
Jun 19 08:36:09.792250 np0000003260 nova-scheduler[95825]: DEBUG cotyledon.oslo_config_glue [-] oslo_limit.version = None {{(pid=95825) log_opt_values /opt/stack/data/venv/lib/python3.12/site-packages/oslo_config/cfg.py:3253}}
Jun 19 08:36:09.792250 np0000003260 nova-scheduler[95825]: DEBUG cotyledon.oslo_config_glue [-] oslo_reports.file_event_handler = None {{(pid=95825) log_opt_values /opt/stack/data/venv/lib/python3.12/site-packages/oslo_config/cfg.py:3253}}
Jun 19 08:36:09.792250 np0000003260 nova-scheduler[95825]: DEBUG cotyledon.oslo_config_glue [-] oslo_reports.file_event_handler_interval = 1 {{(pid=95825) log_opt_values /opt/stack/data/venv/lib/python3.12/site-packages/oslo_config/cfg.py:3253}}
Jun 19 08:36:09.792250 np0000003260 nova-scheduler[95825]: DEBUG cotyledon.oslo_config_glue [-] oslo_reports.log_dir = None {{(pid=95825) log_opt_values /opt/stack/data/venv/lib/python3.12/site-packages/oslo_config/cfg.py:3253}}
Jun 19 08:36:09.792556 np0000003260 nova-scheduler[95825]: DEBUG cotyledon.oslo_config_glue [-] ******************************************************************************** {{(pid=95825) log_opt_values /opt/stack/data/venv/lib/python3.12/site-packages/oslo_config/cfg.py:3260}}
Jun 19 08:36:09.792556 np0000003260 nova-scheduler[95825]: DEBUG cotyledon._service_worker [-] Run service ServiceWrapper(2) [95825] {{(pid=95825) wait_forever /opt/stack/data/venv/lib/python3.12/site-packages/cotyledon/_service_worker.py:218}}
Jun 19 08:36:09.792556 np0000003260 nova-scheduler[95825]: INFO nova.service [-] Starting scheduler node (version 33.1.0)
Jun 19 08:36:09.792556 np0000003260 nova-scheduler[95825]: INFO dbcounter [None req-ffda858b-cdc2-4bcb-aeb7-dcdbbba0fbd7 None None] Registered counter for database nova_cell0
Jun 19 08:36:09.797286 np0000003260 nova-scheduler[95777]: DEBUG oslo_db.sqlalchemy.engines [None req-cf9259de-005d-4001-b47c-8df5bde94b6b None None] MySQL server mode set to STRICT_TRANS_TABLES,STRICT_ALL_TABLES,NO_ZERO_IN_DATE,NO_ZERO_DATE,ERROR_FOR_DIVISION_BY_ZERO,TRADITIONAL,NO_ENGINE_SUBSTITUTION {{(pid=95777) _check_effective_sql_mode /opt/stack/data/venv/lib/python3.12/site-packages/oslo_db/sqlalchemy/engines.py:325}}
Jun 19 08:36:09.807251 np0000003260 nova-scheduler[95777]: DEBUG dbcounter [-] [95777] Writer thread running {{(pid=95777) stat_writer /opt/stack/data/venv/lib/python3.12/site-packages/dbcounter.py:102}}
Jun 19 08:36:09.820319 np0000003260 nova-scheduler[95800]: DEBUG oslo_db.sqlalchemy.engines [None req-11f14c42-5401-4f41-b7e1-9512659dc824 None None] MySQL server mode set to STRICT_TRANS_TABLES,STRICT_ALL_TABLES,NO_ZERO_IN_DATE,NO_ZERO_DATE,ERROR_FOR_DIVISION_BY_ZERO,TRADITIONAL,NO_ENGINE_SUBSTITUTION {{(pid=95800) _check_effective_sql_mode /opt/stack/data/venv/lib/python3.12/site-packages/oslo_db/sqlalchemy/engines.py:325}}
Jun 19 08:36:09.822257 np0000003260 nova-scheduler[95777]: DEBUG nova.service [None req-cf9259de-005d-4001-b47c-8df5bde94b6b None None] Creating RPC server for service: nova-scheduler on topic: scheduler {{(pid=95777) start /opt/stack/nova/nova/service.py:196}}
Jun 19 08:36:09.831750 np0000003260 nova-scheduler[95800]: DEBUG dbcounter [-] [95800] Writer thread running {{(pid=95800) stat_writer /opt/stack/data/venv/lib/python3.12/site-packages/dbcounter.py:102}}
Jun 19 08:36:09.833405 np0000003260 nova-scheduler[95825]: DEBUG oslo_db.sqlalchemy.engines [None req-ffda858b-cdc2-4bcb-aeb7-dcdbbba0fbd7 None None] MySQL server mode set to STRICT_TRANS_TABLES,STRICT_ALL_TABLES,NO_ZERO_IN_DATE,NO_ZERO_DATE,ERROR_FOR_DIVISION_BY_ZERO,TRADITIONAL,NO_ENGINE_SUBSTITUTION {{(pid=95825) _check_effective_sql_mode /opt/stack/data/venv/lib/python3.12/site-packages/oslo_db/sqlalchemy/engines.py:325}}
Jun 19 08:36:09.834721 np0000003260 nova-scheduler[95800]: DEBUG nova.service [None req-11f14c42-5401-4f41-b7e1-9512659dc824 None None] Creating RPC server for service: nova-scheduler on topic: scheduler {{(pid=95800) start /opt/stack/nova/nova/service.py:196}}
Jun 19 08:36:09.845586 np0000003260 nova-scheduler[95825]: DEBUG dbcounter [-] [95825] Writer thread running {{(pid=95825) stat_writer /opt/stack/data/venv/lib/python3.12/site-packages/dbcounter.py:102}}
Jun 19 08:36:09.849652 np0000003260 nova-scheduler[95825]: DEBUG nova.service [None req-ffda858b-cdc2-4bcb-aeb7-dcdbbba0fbd7 None None] Creating RPC server for service: nova-scheduler on topic: scheduler {{(pid=95825) start /opt/stack/nova/nova/service.py:196}}
Jun 19 08:36:09.854860 np0000003260 nova-scheduler[95777]: DEBUG nova.service [None req-cf9259de-005d-4001-b47c-8df5bde94b6b None None] Join ServiceGroup membership for this service scheduler {{(pid=95777) start /opt/stack/nova/nova/service.py:222}}
Jun 19 08:36:09.855132 np0000003260 nova-scheduler[95777]: DEBUG nova.servicegroup.drivers.db [None req-cf9259de-005d-4001-b47c-8df5bde94b6b None None] DB_Driver: join new ServiceGroup member np0000003260 to the scheduler group, service = {{(pid=95777) join /opt/stack/nova/nova/servicegroup/drivers/db.py:44}}
Jun 19 08:36:09.855907 np0000003260 nova-scheduler[95800]: DEBUG nova.service [None req-11f14c42-5401-4f41-b7e1-9512659dc824 None None] Join ServiceGroup membership for this service scheduler {{(pid=95800) start /opt/stack/nova/nova/service.py:222}}
Jun 19 08:36:09.856151 np0000003260 nova-scheduler[95800]: DEBUG nova.servicegroup.drivers.db [None req-11f14c42-5401-4f41-b7e1-9512659dc824 None None] DB_Driver: join new ServiceGroup member np0000003260 to the scheduler group, service = {{(pid=95800) join /opt/stack/nova/nova/servicegroup/drivers/db.py:44}}
Jun 19 08:36:09.871572 np0000003260 nova-scheduler[95825]: DEBUG nova.service [None req-ffda858b-cdc2-4bcb-aeb7-dcdbbba0fbd7 None None] Join ServiceGroup membership for this service scheduler {{(pid=95825) start /opt/stack/nova/nova/service.py:222}}
Jun 19 08:36:09.871760 np0000003260 nova-scheduler[95825]: DEBUG nova.servicegroup.drivers.db [None req-ffda858b-cdc2-4bcb-aeb7-dcdbbba0fbd7 None None] DB_Driver: join new ServiceGroup member np0000003260 to the scheduler group, service = {{(pid=95825) join /opt/stack/nova/nova/servicegroup/drivers/db.py:44}}
Jun 19 08:36:11.858680 np0000003260 nova-scheduler[95800]: DEBUG oslo.service.backend._threading.loopingcall [None req-e96e0dfe-f1d8-411a-8bf9-4c7f3984ab42 None None] Dynamic interval looping call 'nova.service.Service.periodic_tasks' sleeping for 60.00 seconds {{(pid=95800) _run_loop /opt/stack/data/venv/lib/python3.12/site-packages/oslo_service/backend/_threading/loopingcall.py:125}}
Jun 19 08:36:14.870432 np0000003260 nova-scheduler[95777]: DEBUG oslo.service.backend._threading.loopingcall [-] Fixed interval looping call 'nova.servicegroup.drivers.db.DbDriver._report_state' sleeping for 119.99 seconds {{(pid=95777) _run_loop /opt/stack/data/venv/lib/python3.12/site-packages/oslo_service/backend/_threading/loopingcall.py:125}}
Jun 19 08:36:14.871567 np0000003260 nova-scheduler[95800]: DEBUG oslo.service.backend._threading.loopingcall [-] Fixed interval looping call 'nova.servicegroup.drivers.db.DbDriver._report_state' sleeping for 119.99 seconds {{(pid=95800) _run_loop /opt/stack/data/venv/lib/python3.12/site-packages/oslo_service/backend/_threading/loopingcall.py:125}}
Jun 19 08:36:14.883153 np0000003260 nova-scheduler[95825]: DEBUG oslo.service.backend._threading.loopingcall [-] Fixed interval looping call 'nova.servicegroup.drivers.db.DbDriver._report_state' sleeping for 119.99 seconds {{(pid=95825) _run_loop /opt/stack/data/venv/lib/python3.12/site-packages/oslo_service/backend/_threading/loopingcall.py:125}}
Jun 19 08:36:16.857276 np0000003260 nova-scheduler[95777]: DEBUG oslo.service.backend._threading.loopingcall [None req-1769b08b-8f53-4402-8f45-32408e045c81 None None] Dynamic interval looping call 'nova.service.Service.periodic_tasks' sleeping for 60.00 seconds {{(pid=95777) _run_loop /opt/stack/data/venv/lib/python3.12/site-packages/oslo_service/backend/_threading/loopingcall.py:125}}
Jun 19 08:36:18.442970 np0000003260 nova-scheduler[94495]: DEBUG dbcounter [-] [94495] Writing DB stats nova_api:SELECT=3 {{(pid=94495) stat_writer /opt/stack/data/venv/lib/python3.12/site-packages/dbcounter.py:115}}
Jun 19 08:36:18.570628 np0000003260 nova-scheduler[94495]: DEBUG dbcounter [-] [94495] Writing DB stats nova_cell0:SELECT=1 {{(pid=94495) stat_writer /opt/stack/data/venv/lib/python3.12/site-packages/dbcounter.py:115}}
Jun 19 08:36:18.583821 np0000003260 nova-scheduler[94495]: DEBUG dbcounter [-] [94495] Writing DB stats nova_cell1:SELECT=1 {{(pid=94495) stat_writer /opt/stack/data/venv/lib/python3.12/site-packages/dbcounter.py:115}}
Jun 19 08:36:24.867379 np0000003260 nova-scheduler[95800]: DEBUG dbcounter [-] [95800] Writing DB stats nova_cell0:SELECT=3,nova_cell0:UPDATE=1 {{(pid=95800) stat_writer /opt/stack/data/venv/lib/python3.12/site-packages/dbcounter.py:115}}
Jun 19 08:36:24.869036 np0000003260 nova-scheduler[95777]: DEBUG dbcounter [-] [95777] Writing DB stats nova_cell0:SELECT=4,nova_cell0:INSERT=1,nova_cell0:UPDATE=1 {{(pid=95777) stat_writer /opt/stack/data/venv/lib/python3.12/site-packages/dbcounter.py:115}}
Jun 19 08:36:24.880365 np0000003260 nova-scheduler[95825]: DEBUG dbcounter [-] [95825] Writing DB stats nova_cell0:SELECT=3 {{(pid=95825) stat_writer /opt/stack/data/venv/lib/python3.12/site-packages/dbcounter.py:115}}
Jun 19 08:36:48.873974 np0000003260 nova-scheduler[95825]: DEBUG oslo.service.backend._threading.loopingcall [None req-ab78b85f-340d-4ed5-b069-19ccad250ac9 None None] Dynamic interval looping call 'nova.service.Service.periodic_tasks' sleeping for 60.00 seconds {{(pid=95825) _run_loop /opt/stack/data/venv/lib/python3.12/site-packages/oslo_service/backend/_threading/loopingcall.py:125}}
Jun 19 08:37:11.859368 np0000003260 nova-scheduler[95800]: DEBUG oslo.service.backend._threading.loopingcall [None req-e96e0dfe-f1d8-411a-8bf9-4c7f3984ab42 None None] Dynamic interval looping call 'nova.service.Service.periodic_tasks' sleeping for 60.00 seconds {{(pid=95800) _run_loop /opt/stack/data/venv/lib/python3.12/site-packages/oslo_service/backend/_threading/loopingcall.py:125}}
Jun 19 08:37:16.857760 np0000003260 nova-scheduler[95777]: DEBUG oslo.service.backend._threading.loopingcall [None req-1769b08b-8f53-4402-8f45-32408e045c81 None None] Dynamic interval looping call 'nova.service.Service.periodic_tasks' sleeping for 60.00 seconds {{(pid=95777) _run_loop /opt/stack/data/venv/lib/python3.12/site-packages/oslo_service/backend/_threading/loopingcall.py:125}}
Jun 19 08:37:48.874552 np0000003260 nova-scheduler[95825]: DEBUG oslo.service.backend._threading.loopingcall [None req-ab78b85f-340d-4ed5-b069-19ccad250ac9 None None] Dynamic interval looping call 'nova.service.Service.periodic_tasks' sleeping for 60.00 seconds {{(pid=95825) _run_loop /opt/stack/data/venv/lib/python3.12/site-packages/oslo_service/backend/_threading/loopingcall.py:125}}
Jun 19 08:38:11.859834 np0000003260 nova-scheduler[95800]: DEBUG oslo.service.backend._threading.loopingcall [None req-e96e0dfe-f1d8-411a-8bf9-4c7f3984ab42 None None] Dynamic interval looping call 'nova.service.Service.periodic_tasks' sleeping for 60.00 seconds {{(pid=95800) _run_loop /opt/stack/data/venv/lib/python3.12/site-packages/oslo_service/backend/_threading/loopingcall.py:125}}
Jun 19 08:38:14.871178 np0000003260 nova-scheduler[95777]: DEBUG oslo.service.backend._threading.loopingcall [-] Fixed interval looping call 'nova.servicegroup.drivers.db.DbDriver._report_state' sleeping for 119.99 seconds {{(pid=95777) _run_loop /opt/stack/data/venv/lib/python3.12/site-packages/oslo_service/backend/_threading/loopingcall.py:125}}
Jun 19 08:38:14.872005 np0000003260 nova-scheduler[95800]: DEBUG oslo.service.backend._threading.loopingcall [-] Fixed interval looping call 'nova.servicegroup.drivers.db.DbDriver._report_state' sleeping for 119.99 seconds {{(pid=95800) _run_loop /opt/stack/data/venv/lib/python3.12/site-packages/oslo_service/backend/_threading/loopingcall.py:125}}
Jun 19 08:38:14.876580 np0000003260 nova-scheduler[95825]: DEBUG oslo.service.backend._threading.loopingcall [-] Fixed interval looping call 'nova.servicegroup.drivers.db.DbDriver._report_state' sleeping for 120.00 seconds {{(pid=95825) _run_loop /opt/stack/data/venv/lib/python3.12/site-packages/oslo_service/backend/_threading/loopingcall.py:125}}
Jun 19 08:38:16.858246 np0000003260 nova-scheduler[95777]: DEBUG oslo.service.backend._threading.loopingcall [None req-1769b08b-8f53-4402-8f45-32408e045c81 None None] Dynamic interval looping call 'nova.service.Service.periodic_tasks' sleeping for 60.00 seconds {{(pid=95777) _run_loop /opt/stack/data/venv/lib/python3.12/site-packages/oslo_service/backend/_threading/loopingcall.py:125}}
Jun 19 08:38:24.864039 np0000003260 nova-scheduler[95777]: DEBUG dbcounter [-] [95777] Writing DB stats nova_cell0:SELECT=1,nova_cell0:UPDATE=1 {{(pid=95777) stat_writer /opt/stack/data/venv/lib/python3.12/site-packages/dbcounter.py:115}}
Jun 19 08:38:24.865510 np0000003260 nova-scheduler[95800]: DEBUG dbcounter [-] [95800] Writing DB stats nova_cell0:SELECT=1,nova_cell0:UPDATE=1 {{(pid=95800) stat_writer /opt/stack/data/venv/lib/python3.12/site-packages/dbcounter.py:115}}
Jun 19 08:38:24.875434 np0000003260 nova-scheduler[95825]: DEBUG dbcounter [-] [95825] Writing DB stats nova_cell0:SELECT=1 {{(pid=95825) stat_writer /opt/stack/data/venv/lib/python3.12/site-packages/dbcounter.py:115}}
Jun 19 08:38:48.874992 np0000003260 nova-scheduler[95825]: DEBUG oslo.service.backend._threading.loopingcall [None req-ab78b85f-340d-4ed5-b069-19ccad250ac9 None None] Dynamic interval looping call 'nova.service.Service.periodic_tasks' sleeping for 60.00 seconds {{(pid=95825) _run_loop /opt/stack/data/venv/lib/python3.12/site-packages/oslo_service/backend/_threading/loopingcall.py:125}}
Jun 19 08:38:52.493324 np0000003260 nova-scheduler[95777]: DEBUG nova.scheduler.manager [None req-5b1a2cf6-7a57-4b9c-b13a-28fb13519095 tempest-DeleteServersTestJSON-210511522 tempest-DeleteServersTestJSON-210511522-project-member] Starting to schedule for instances: ['04160d32-c08f-4c48-8ec3-812ad72c506a'] {{(pid=95777) select_destinations /opt/stack/nova/nova/scheduler/manager.py:210}}
Jun 19 08:38:52.495131 np0000003260 nova-scheduler[95777]: DEBUG nova.scheduler.request_filter [None req-5b1a2cf6-7a57-4b9c-b13a-28fb13519095 tempest-DeleteServersTestJSON-210511522 tempest-DeleteServersTestJSON-210511522-project-member] compute_status_filter request filter added forbidden trait COMPUTE_STATUS_DISABLED {{(pid=95777) compute_status_filter /opt/stack/nova/nova/scheduler/request_filter.py:253}}
Jun 19 08:38:52.495131 np0000003260 nova-scheduler[95777]: DEBUG nova.scheduler.request_filter [None req-5b1a2cf6-7a57-4b9c-b13a-28fb13519095 tempest-DeleteServersTestJSON-210511522 tempest-DeleteServersTestJSON-210511522-project-member] Request filter 'compute_status_filter' took 0.0 seconds {{(pid=95777) wrapper /opt/stack/nova/nova/scheduler/request_filter.py:46}}
Jun 19 08:38:52.495131 np0000003260 nova-scheduler[95777]: DEBUG nova.scheduler.request_filter [None req-5b1a2cf6-7a57-4b9c-b13a-28fb13519095 tempest-DeleteServersTestJSON-210511522 tempest-DeleteServersTestJSON-210511522-project-member] Request filter 'accelerators_filter' took 0.0 seconds {{(pid=95777) wrapper /opt/stack/nova/nova/scheduler/request_filter.py:46}}
Jun 19 08:38:52.495131 np0000003260 nova-scheduler[95777]: DEBUG nova.scheduler.request_filter [None req-5b1a2cf6-7a57-4b9c-b13a-28fb13519095 tempest-DeleteServersTestJSON-210511522 tempest-DeleteServersTestJSON-210511522-project-member] Request filter 'packed_virtqueue_filter' took 0.0 seconds {{(pid=95777) wrapper /opt/stack/nova/nova/scheduler/request_filter.py:46}}
Jun 19 08:38:52.496089 np0000003260 nova-scheduler[95777]: DEBUG nova.scheduler.request_filter [None req-5b1a2cf6-7a57-4b9c-b13a-28fb13519095 tempest-DeleteServersTestJSON-210511522 tempest-DeleteServersTestJSON-210511522-project-member] Request filter 'remote_managed_ports_filter' took 0.0 seconds {{(pid=95777) wrapper /opt/stack/nova/nova/scheduler/request_filter.py:46}}
Jun 19 08:38:52.497094 np0000003260 nova-scheduler[95777]: DEBUG nova.scheduler.request_filter [None req-5b1a2cf6-7a57-4b9c-b13a-28fb13519095 tempest-DeleteServersTestJSON-210511522 tempest-DeleteServersTestJSON-210511522-project-member] ephemeral_encryption_filter skipped {{(pid=95777) ephemeral_encryption_filter /opt/stack/nova/nova/scheduler/request_filter.py:426}}
Jun 19 08:38:52.497094 np0000003260 nova-scheduler[95777]: DEBUG nova.scheduler.request_filter [None req-5b1a2cf6-7a57-4b9c-b13a-28fb13519095 tempest-DeleteServersTestJSON-210511522 tempest-DeleteServersTestJSON-210511522-project-member] virtio_sound_filter skipped {{(pid=95777) virtio_sound_filter /opt/stack/nova/nova/scheduler/request_filter.py:460}}
Jun 19 08:38:52.497285 np0000003260 nova-scheduler[95777]: DEBUG nova.scheduler.request_filter [None req-5b1a2cf6-7a57-4b9c-b13a-28fb13519095 tempest-DeleteServersTestJSON-210511522 tempest-DeleteServersTestJSON-210511522-project-member] tpm_secret_security_filter skipped {{(pid=95777) tpm_secret_security_filter /opt/stack/nova/nova/scheduler/request_filter.py:477}}
Jun 19 08:38:53.154884 np0000003260 nova-scheduler[95777]: INFO nova.utils [None req-5b1a2cf6-7a57-4b9c-b13a-28fb13519095 tempest-DeleteServersTestJSON-210511522 tempest-DeleteServersTestJSON-210511522-project-member] The cell worker thread pool ForkProcess-1.cell_worker is initialized
Jun 19 08:38:53.155489 np0000003260 nova-scheduler[95777]: DEBUG oslo_concurrency.lockutils [None req-5b1a2cf6-7a57-4b9c-b13a-28fb13519095 tempest-DeleteServersTestJSON-210511522 tempest-DeleteServersTestJSON-210511522-project-member] Acquiring lock "a700984a-c8af-4bd2-89f9-50aeb32ed753" by "nova.context.set_target_cell..get_or_set_cached_cell_and_set_connections" {{(pid=95777) inner /opt/stack/data/venv/lib/python3.12/site-packages/oslo_concurrency/lockutils.py:511}}
Jun 19 08:38:53.155981 np0000003260 nova-scheduler[95777]: DEBUG oslo_concurrency.lockutils [None req-5b1a2cf6-7a57-4b9c-b13a-28fb13519095 tempest-DeleteServersTestJSON-210511522 tempest-DeleteServersTestJSON-210511522-project-member] Lock "a700984a-c8af-4bd2-89f9-50aeb32ed753" acquired by "nova.context.set_target_cell..get_or_set_cached_cell_and_set_connections" :: waited 0.000s {{(pid=95777) inner /opt/stack/data/venv/lib/python3.12/site-packages/oslo_concurrency/lockutils.py:524}}
Jun 19 08:38:53.157819 np0000003260 nova-scheduler[95777]: DEBUG oslo_concurrency.lockutils [None req-5b1a2cf6-7a57-4b9c-b13a-28fb13519095 tempest-DeleteServersTestJSON-210511522 tempest-DeleteServersTestJSON-210511522-project-member] Lock "a700984a-c8af-4bd2-89f9-50aeb32ed753" "released" by "nova.context.set_target_cell..get_or_set_cached_cell_and_set_connections" :: held 0.002s {{(pid=95777) inner /opt/stack/data/venv/lib/python3.12/site-packages/oslo_concurrency/lockutils.py:543}}
Jun 19 08:38:53.160132 np0000003260 nova-scheduler[95777]: INFO dbcounter [None req-5b1a2cf6-7a57-4b9c-b13a-28fb13519095 tempest-DeleteServersTestJSON-210511522 tempest-DeleteServersTestJSON-210511522-project-member] Registered counter for database nova_cell1
Jun 19 08:38:53.226784 np0000003260 nova-scheduler[95777]: DEBUG oslo_db.sqlalchemy.engines [None req-5b1a2cf6-7a57-4b9c-b13a-28fb13519095 tempest-DeleteServersTestJSON-210511522 tempest-DeleteServersTestJSON-210511522-project-member] MySQL server mode set to STRICT_TRANS_TABLES,STRICT_ALL_TABLES,NO_ZERO_IN_DATE,NO_ZERO_DATE,ERROR_FOR_DIVISION_BY_ZERO,TRADITIONAL,NO_ENGINE_SUBSTITUTION {{(pid=95777) _check_effective_sql_mode /opt/stack/data/venv/lib/python3.12/site-packages/oslo_db/sqlalchemy/engines.py:325}}
Jun 19 08:38:53.235718 np0000003260 nova-scheduler[95777]: DEBUG dbcounter [-] [95777] Writer thread running {{(pid=95777) stat_writer /opt/stack/data/venv/lib/python3.12/site-packages/dbcounter.py:102}}
Jun 19 08:38:53.250846 np0000003260 nova-scheduler[95777]: DEBUG oslo_db.sqlalchemy.engines [None req-5b1a2cf6-7a57-4b9c-b13a-28fb13519095 tempest-DeleteServersTestJSON-210511522 tempest-DeleteServersTestJSON-210511522-project-member] Parent process 94495 forked (95777) with an open database connection, which is being discarded and recreated. {{(pid=95777) checkout /opt/stack/data/venv/lib/python3.12/site-packages/oslo_db/sqlalchemy/engines.py:402}}
Jun 19 08:38:53.308790 np0000003260 nova-scheduler[95777]: DEBUG dbcounter [-] [95777] Writer thread running {{(pid=95777) stat_writer /opt/stack/data/venv/lib/python3.12/site-packages/dbcounter.py:102}}
Jun 19 08:38:53.308790 np0000003260 nova-scheduler[95777]: DEBUG oslo_concurrency.lockutils [None req-5b1a2cf6-7a57-4b9c-b13a-28fb13519095 tempest-DeleteServersTestJSON-210511522 tempest-DeleteServersTestJSON-210511522-project-member] Acquiring lock "a700984a-c8af-4bd2-89f9-50aeb32ed753" by "nova.context.set_target_cell..get_or_set_cached_cell_and_set_connections" {{(pid=95777) inner /opt/stack/data/venv/lib/python3.12/site-packages/oslo_concurrency/lockutils.py:511}}
Jun 19 08:38:53.308790 np0000003260 nova-scheduler[95777]: DEBUG oslo_concurrency.lockutils [None req-5b1a2cf6-7a57-4b9c-b13a-28fb13519095 tempest-DeleteServersTestJSON-210511522 tempest-DeleteServersTestJSON-210511522-project-member] Lock "a700984a-c8af-4bd2-89f9-50aeb32ed753" acquired by "nova.context.set_target_cell..get_or_set_cached_cell_and_set_connections" :: waited 0.000s {{(pid=95777) inner /opt/stack/data/venv/lib/python3.12/site-packages/oslo_concurrency/lockutils.py:524}}
Jun 19 08:38:53.308790 np0000003260 nova-scheduler[95777]: DEBUG oslo_concurrency.lockutils [None req-5b1a2cf6-7a57-4b9c-b13a-28fb13519095 tempest-DeleteServersTestJSON-210511522 tempest-DeleteServersTestJSON-210511522-project-member] Lock "a700984a-c8af-4bd2-89f9-50aeb32ed753" "released" by "nova.context.set_target_cell..get_or_set_cached_cell_and_set_connections" :: held 0.000s {{(pid=95777) inner /opt/stack/data/venv/lib/python3.12/site-packages/oslo_concurrency/lockutils.py:543}}
Jun 19 08:38:53.308790 np0000003260 nova-scheduler[95777]: DEBUG oslo_concurrency.lockutils [None req-5b1a2cf6-7a57-4b9c-b13a-28fb13519095 tempest-DeleteServersTestJSON-210511522 tempest-DeleteServersTestJSON-210511522-project-member] Acquiring lock "('np0000003260', 'np0000003260')" by "nova.scheduler.host_manager.HostState.update.._locked_update" {{(pid=95777) inner /opt/stack/data/venv/lib/python3.12/site-packages/oslo_concurrency/lockutils.py:511}}
Jun 19 08:38:53.309201 np0000003260 nova-scheduler[95777]: DEBUG oslo_concurrency.lockutils [None req-5b1a2cf6-7a57-4b9c-b13a-28fb13519095 tempest-DeleteServersTestJSON-210511522 tempest-DeleteServersTestJSON-210511522-project-member] Lock "('np0000003260', 'np0000003260')" acquired by "nova.scheduler.host_manager.HostState.update.._locked_update" :: waited 0.000s {{(pid=95777) inner /opt/stack/data/venv/lib/python3.12/site-packages/oslo_concurrency/lockutils.py:524}}
Jun 19 08:38:53.309472 np0000003260 nova-scheduler[95777]: DEBUG nova.scheduler.host_manager [None req-5b1a2cf6-7a57-4b9c-b13a-28fb13519095 tempest-DeleteServersTestJSON-210511522 tempest-DeleteServersTestJSON-210511522-project-member] Update host state from compute node: ComputeNode(cpu_allocation_ratio=4.0,cpu_info='{"arch": "x86_64", "model": "EPYC-Milan", "vendor": "AMD", "topology": {"cells": 1, "sockets": 12, "cores": 1, "threads": 1}, "maxphysaddr": {"mode": "emulate", "bits": 40}, "features": ["xsaves", "popcnt", "sse2", "xsaveerptr", "rdseed", "pschange-mc-no", "flushbyasid", "ssbd", "pse", "amd-ssbd", "topoext", "de", "syscall", "ssse3", "fpu", "adx", "invpcid", "smap", "sse4.1", "tsc-deadline", "wbnoinvd", "lm", "umip", "xsavec", "aes", "3dnowprefetch", "svm", "bmi1", "apic", "amd-psfd", "pni", "xsave", "fxsr", "gds-no", "abm", "pause-filter", "pdpe1gb", "msr", "sse4.2", "vme", "tsc-scale", "mtrr", "pae", "sep", "f16c", "pclmuldq", "ibpb", "mmx", "null-sel-clr-base", "v-vmsave-vmload", "sse4a", "mmxext", "clzero", "xgetbv1", "x2apic", "fsrm", "cmov", "cx8", "avx2", "avx", "mce", "fma", "lahf_lm", "vpclmulqdq", "virt-ssbd", "vgif", "pat", "sse", "osvw", "perfctr_core", "pku", "rdctl-no", "pse36", "clflushopt", "stibp", "xsaveopt", "sha-ni", "fsgsbase", "tsc_adjust", "pge", "skip-l1dfl-vmentry", "hypervisor", "nx", "clwb", "npt", "vaes", "clflush", "nrip-save", "erms", "no-nested-data-bp", "tsc", "ibrs", "amd-stibp", "movbe", "misalignsse", "arch-capabilities", "svme-addr-chk", "cr8legacy", "lfence-always-serializing", "smep", "rdpid", "fxsr_opt", "mca", "rdrand", "spec-ctrl", "bmi2", "rdtscp", "pcid", "vmcb-clean", "lbrv", "pfthreshold", "cx16", "mds-no", "stibp-always-on", "arat", "cmp_legacy"]}',created_at=2026-06-19T08:36:35Z,current_workload=0,deleted=False,deleted_at=None,disk_allocation_ratio=1.0,disk_available_least=74,free_disk_gb=95,free_ram_mb=23518,host='np0000003260',host_ip=10.4.3.117,hypervisor_hostname='np0000003260',hypervisor_type='QEMU',hypervisor_version=8002002,id=1,local_gb=95,local_gb_used=0,mapped=1,memory_mb=24030,memory_mb_used=512,metrics='[]',numa_topology='{"nova_object.name": "NUMATopology", "nova_object.namespace": "nova", "nova_object.version": "1.2", "nova_object.data": {"cells": [{"nova_object.name": "NUMACell", "nova_object.namespace": "nova", "nova_object.version": "1.5", "nova_object.data": {"id": 0, "cpuset": [0, 1, 2, 3, 4, 5, 6, 7, 8, 9, 10, 11], "pcpuset": [0, 1, 2, 3, 4, 5, 6, 7, 8, 9, 10, 11], "memory": 24030, "cpu_usage": 0, "memory_usage": 0, "pinned_cpus": [], "siblings": [[6], [2], [5], [11], [8], [4], [1], [7], [10], [0], [3], [9]], "mempages": [{"nova_object.name": "NUMAPagesTopology", "nova_object.namespace": "nova", "nova_object.version": "1.1", "nova_object.data": {"size_kb": 4, "total": 6151798, "used": 0, "reserved": 0}, "nova_object.changes": ["reserved", "used", "size_kb", "total"]}, {"nova_object.name": "NUMAPagesTopology", "nova_object.namespace": "nova", "nova_object.version": "1.1", "nova_object.data": {"size_kb": 2048, "total": 0, "used": 0, "reserved": 0}, "nova_object.changes": ["reserved", "used", "size_kb", "total"]}, {"nova_object.name": "NUMAPagesTopology", "nova_object.namespace": "nova", "nova_object.version": "1.1", "nova_object.data": {"size_kb": 1048576, "total": 0, "used": 0, "reserved": 0}, "nova_object.changes": ["reserved", "used", "size_kb", "total"]}], "network_metadata": {"nova_object.name": "NetworkMetadata", "nova_object.namespace": "nova", "nova_object.version": "1.0", "nova_object.data": {"physnets": [], "tunneled": false}, "nova_object.changes": ["physnets", "tunneled"]}, "socket": null}, "nova_object.changes": ["cpuset", "siblings", "network_metadata", "socket", "cpu_usage", "mempages", "memory", "memory_usage", "pinned_cpus", "id", "pcpuset"]}]}, "nova_object.changes": ["cells"]}',pci_device_pools=PciDevicePoolList,ram_allocation_ratio=1.0,running_vms=0,service_id=2,stats={failed_builds='0',uptime=' 08:38:20 up 24 min, 2 users, load average: 1.31, 1.44, 0.83
Jun 19 08:38:53.309472 np0000003260 nova-scheduler[95777]: '},supported_hv_specs=[HVSpec,HVSpec,HVSpec,HVSpec,HVSpec,HVSpec,HVSpec,HVSpec,HVSpec,HVSpec,HVSpec,HVSpec,HVSpec,HVSpec,HVSpec,HVSpec,HVSpec,HVSpec,HVSpec,HVSpec,HVSpec,HVSpec,HVSpec,HVSpec,HVSpec],updated_at=2026-06-19T08:38:22Z,uuid=147af65f-1fa1-4d18-b0e7-48476083ec8b,vcpus=12,vcpus_used=0) {{(pid=95777) _locked_update /opt/stack/nova/nova/scheduler/host_manager.py:168}}
Jun 19 08:38:53.309472 np0000003260 nova-scheduler[95777]: DEBUG nova.scheduler.host_manager [None req-5b1a2cf6-7a57-4b9c-b13a-28fb13519095 tempest-DeleteServersTestJSON-210511522 tempest-DeleteServersTestJSON-210511522-project-member] Update host state with aggregates: [] {{(pid=95777) _locked_update /opt/stack/nova/nova/scheduler/host_manager.py:171}}
Jun 19 08:38:53.309929 np0000003260 nova-scheduler[95777]: DEBUG nova.scheduler.host_manager [None req-5b1a2cf6-7a57-4b9c-b13a-28fb13519095 tempest-DeleteServersTestJSON-210511522 tempest-DeleteServersTestJSON-210511522-project-member] Update host state with service dict: {'id': 2, 'uuid': 'c0152d00-923a-405f-a919-d049de3c82e4', 'host': 'np0000003260', 'binary': 'nova-compute', 'topic': 'compute', 'report_count': 2, 'disabled': False, 'disabled_reason': None, 'last_seen_up': datetime.datetime(2026, 6, 19, 8, 38, 44, tzinfo=datetime.timezone.utc), 'forced_down': False, 'version': 72, 'created_at': datetime.datetime(2026, 6, 19, 8, 36, 33, tzinfo=datetime.timezone.utc), 'updated_at': datetime.datetime(2026, 6, 19, 8, 38, 44, tzinfo=datetime.timezone.utc), 'deleted_at': None, 'deleted': False} {{(pid=95777) _locked_update /opt/stack/nova/nova/scheduler/host_manager.py:174}}
Jun 19 08:38:53.309929 np0000003260 nova-scheduler[95777]: DEBUG nova.scheduler.host_manager [None req-5b1a2cf6-7a57-4b9c-b13a-28fb13519095 tempest-DeleteServersTestJSON-210511522 tempest-DeleteServersTestJSON-210511522-project-member] Update host state with instances: [] {{(pid=95777) _locked_update /opt/stack/nova/nova/scheduler/host_manager.py:177}}
Jun 19 08:38:53.309929 np0000003260 nova-scheduler[95777]: DEBUG oslo_concurrency.lockutils [None req-5b1a2cf6-7a57-4b9c-b13a-28fb13519095 tempest-DeleteServersTestJSON-210511522 tempest-DeleteServersTestJSON-210511522-project-member] Lock "('np0000003260', 'np0000003260')" "released" by "nova.scheduler.host_manager.HostState.update.._locked_update" :: held 0.003s {{(pid=95777) inner /opt/stack/data/venv/lib/python3.12/site-packages/oslo_concurrency/lockutils.py:543}}
Jun 19 08:38:53.310718 np0000003260 nova-scheduler[95777]: DEBUG nova.filters [None req-5b1a2cf6-7a57-4b9c-b13a-28fb13519095 tempest-DeleteServersTestJSON-210511522 tempest-DeleteServersTestJSON-210511522-project-member] Starting with 1 host(s) {{(pid=95777) get_filtered_objects /opt/stack/nova/nova/filters.py:70}}
Jun 19 08:38:53.310718 np0000003260 nova-scheduler[95777]: DEBUG nova.filters [None req-5b1a2cf6-7a57-4b9c-b13a-28fb13519095 tempest-DeleteServersTestJSON-210511522 tempest-DeleteServersTestJSON-210511522-project-member] Filter ComputeFilter returned 1 host(s) {{(pid=95777) get_filtered_objects /opt/stack/nova/nova/filters.py:102}}
Jun 19 08:38:53.310718 np0000003260 nova-scheduler[95777]: DEBUG nova.filters [None req-5b1a2cf6-7a57-4b9c-b13a-28fb13519095 tempest-DeleteServersTestJSON-210511522 tempest-DeleteServersTestJSON-210511522-project-member] Filter ComputeCapabilitiesFilter returned 1 host(s) {{(pid=95777) get_filtered_objects /opt/stack/nova/nova/filters.py:102}}
Jun 19 08:38:53.310935 np0000003260 nova-scheduler[95777]: DEBUG nova.filters [None req-5b1a2cf6-7a57-4b9c-b13a-28fb13519095 tempest-DeleteServersTestJSON-210511522 tempest-DeleteServersTestJSON-210511522-project-member] Filter ImagePropertiesFilter returned 1 host(s) {{(pid=95777) get_filtered_objects /opt/stack/nova/nova/filters.py:102}}
Jun 19 08:38:53.310935 np0000003260 nova-scheduler[95777]: DEBUG nova.filters [None req-5b1a2cf6-7a57-4b9c-b13a-28fb13519095 tempest-DeleteServersTestJSON-210511522 tempest-DeleteServersTestJSON-210511522-project-member] Filter ServerGroupAntiAffinityFilter returned 1 host(s) {{(pid=95777) get_filtered_objects /opt/stack/nova/nova/filters.py:102}}
Jun 19 08:38:53.311047 np0000003260 nova-scheduler[95777]: DEBUG nova.filters [None req-5b1a2cf6-7a57-4b9c-b13a-28fb13519095 tempest-DeleteServersTestJSON-210511522 tempest-DeleteServersTestJSON-210511522-project-member] Filter ServerGroupAffinityFilter returned 1 host(s) {{(pid=95777) get_filtered_objects /opt/stack/nova/nova/filters.py:102}}
Jun 19 08:38:53.311568 np0000003260 nova-scheduler[95777]: DEBUG nova.filters [None req-5b1a2cf6-7a57-4b9c-b13a-28fb13519095 tempest-DeleteServersTestJSON-210511522 tempest-DeleteServersTestJSON-210511522-project-member] Filter SameHostFilter returned 1 host(s) {{(pid=95777) get_filtered_objects /opt/stack/nova/nova/filters.py:102}}
Jun 19 08:38:53.311568 np0000003260 nova-scheduler[95777]: DEBUG nova.filters [None req-5b1a2cf6-7a57-4b9c-b13a-28fb13519095 tempest-DeleteServersTestJSON-210511522 tempest-DeleteServersTestJSON-210511522-project-member] Filter DifferentHostFilter returned 1 host(s) {{(pid=95777) get_filtered_objects /opt/stack/nova/nova/filters.py:102}}
Jun 19 08:38:53.313258 np0000003260 nova-scheduler[95777]: DEBUG nova.scheduler.manager [None req-5b1a2cf6-7a57-4b9c-b13a-28fb13519095 tempest-DeleteServersTestJSON-210511522 tempest-DeleteServersTestJSON-210511522-project-member] Filtered [(np0000003260, np0000003260) ram: 23518MB disk: 75776MB io_ops: 0 instances: 0, allocation_candidates: 1] {{(pid=95777) _get_sorted_hosts /opt/stack/nova/nova/scheduler/manager.py:743}}
Jun 19 08:38:53.313258 np0000003260 nova-scheduler[95777]: DEBUG nova.scheduler.manager [None req-5b1a2cf6-7a57-4b9c-b13a-28fb13519095 tempest-DeleteServersTestJSON-210511522 tempest-DeleteServersTestJSON-210511522-project-member] Weighed [WeighedHost [host: (np0000003260, np0000003260) ram: 23518MB disk: 75776MB io_ops: 0 instances: 0, allocation_candidates: 1, weight: 0.0]] {{(pid=95777) _get_sorted_hosts /opt/stack/nova/nova/scheduler/manager.py:765}}
Jun 19 08:38:53.313258 np0000003260 nova-scheduler[95777]: DEBUG nova.scheduler.utils [None req-5b1a2cf6-7a57-4b9c-b13a-28fb13519095 tempest-DeleteServersTestJSON-210511522 tempest-DeleteServersTestJSON-210511522-project-member] Attempting to claim resources in the placement API for instance 04160d32-c08f-4c48-8ec3-812ad72c506a {{(pid=95777) claim_resources /opt/stack/nova/nova/scheduler/utils.py:1345}}
Jun 19 08:38:53.500116 np0000003260 nova-scheduler[95777]: DEBUG nova.scheduler.manager [None req-5b1a2cf6-7a57-4b9c-b13a-28fb13519095 tempest-DeleteServersTestJSON-210511522 tempest-DeleteServersTestJSON-210511522-project-member] [instance: 04160d32-c08f-4c48-8ec3-812ad72c506a] Selected host: (np0000003260, np0000003260) ram: 23518MB disk: 75776MB io_ops: 0 instances: 0, allocation_candidates: 1 {{(pid=95777) _consume_selected_host /opt/stack/nova/nova/scheduler/manager.py:625}}
Jun 19 08:38:53.500566 np0000003260 nova-scheduler[95777]: DEBUG oslo_concurrency.lockutils [None req-5b1a2cf6-7a57-4b9c-b13a-28fb13519095 tempest-DeleteServersTestJSON-210511522 tempest-DeleteServersTestJSON-210511522-project-member] Acquiring lock "('np0000003260', 'np0000003260')" by "nova.scheduler.host_manager.HostState.consume_from_request.._locked" {{(pid=95777) inner /opt/stack/data/venv/lib/python3.12/site-packages/oslo_concurrency/lockutils.py:511}}
Jun 19 08:38:53.500890 np0000003260 nova-scheduler[95777]: DEBUG oslo_concurrency.lockutils [None req-5b1a2cf6-7a57-4b9c-b13a-28fb13519095 tempest-DeleteServersTestJSON-210511522 tempest-DeleteServersTestJSON-210511522-project-member] Lock "('np0000003260', 'np0000003260')" acquired by "nova.scheduler.host_manager.HostState.consume_from_request.._locked" :: waited 0.000s {{(pid=95777) inner /opt/stack/data/venv/lib/python3.12/site-packages/oslo_concurrency/lockutils.py:524}}
Jun 19 08:38:53.501198 np0000003260 nova-scheduler[95777]: DEBUG oslo_concurrency.lockutils [None req-5b1a2cf6-7a57-4b9c-b13a-28fb13519095 tempest-DeleteServersTestJSON-210511522 tempest-DeleteServersTestJSON-210511522-project-member] Lock "('np0000003260', 'np0000003260')" "released" by "nova.scheduler.host_manager.HostState.consume_from_request.._locked" :: held 0.000s {{(pid=95777) inner /opt/stack/data/venv/lib/python3.12/site-packages/oslo_concurrency/lockutils.py:543}}
Jun 19 08:38:54.300955 np0000003260 nova-scheduler[95800]: DEBUG nova.scheduler.manager [None req-febf21cc-57db-4156-9d7f-4b3ee0da0ec7 tempest-ServerStableDeviceRescueTest-624009287 tempest-ServerStableDeviceRescueTest-624009287-project-member] Starting to schedule for instances: ['12443fd0-b77f-4c80-93ad-607b1d3929d3'] {{(pid=95800) select_destinations /opt/stack/nova/nova/scheduler/manager.py:210}}
Jun 19 08:38:54.301714 np0000003260 nova-scheduler[95800]: DEBUG nova.scheduler.request_filter [None req-febf21cc-57db-4156-9d7f-4b3ee0da0ec7 tempest-ServerStableDeviceRescueTest-624009287 tempest-ServerStableDeviceRescueTest-624009287-project-member] compute_status_filter request filter added forbidden trait COMPUTE_STATUS_DISABLED {{(pid=95800) compute_status_filter /opt/stack/nova/nova/scheduler/request_filter.py:253}}
Jun 19 08:38:54.302198 np0000003260 nova-scheduler[95800]: DEBUG nova.scheduler.request_filter [None req-febf21cc-57db-4156-9d7f-4b3ee0da0ec7 tempest-ServerStableDeviceRescueTest-624009287 tempest-ServerStableDeviceRescueTest-624009287-project-member] Request filter 'compute_status_filter' took 0.0 seconds {{(pid=95800) wrapper /opt/stack/nova/nova/scheduler/request_filter.py:46}}
Jun 19 08:38:54.302560 np0000003260 nova-scheduler[95800]: DEBUG nova.scheduler.request_filter [None req-febf21cc-57db-4156-9d7f-4b3ee0da0ec7 tempest-ServerStableDeviceRescueTest-624009287 tempest-ServerStableDeviceRescueTest-624009287-project-member] Request filter 'accelerators_filter' took 0.0 seconds {{(pid=95800) wrapper /opt/stack/nova/nova/scheduler/request_filter.py:46}}
Jun 19 08:38:54.302658 np0000003260 nova-scheduler[95800]: DEBUG nova.scheduler.request_filter [None req-febf21cc-57db-4156-9d7f-4b3ee0da0ec7 tempest-ServerStableDeviceRescueTest-624009287 tempest-ServerStableDeviceRescueTest-624009287-project-member] Request filter 'packed_virtqueue_filter' took 0.0 seconds {{(pid=95800) wrapper /opt/stack/nova/nova/scheduler/request_filter.py:46}}
Jun 19 08:38:54.303024 np0000003260 nova-scheduler[95800]: DEBUG nova.scheduler.request_filter [None req-febf21cc-57db-4156-9d7f-4b3ee0da0ec7 tempest-ServerStableDeviceRescueTest-624009287 tempest-ServerStableDeviceRescueTest-624009287-project-member] Request filter 'remote_managed_ports_filter' took 0.0 seconds {{(pid=95800) wrapper /opt/stack/nova/nova/scheduler/request_filter.py:46}}
Jun 19 08:38:54.303218 np0000003260 nova-scheduler[95800]: DEBUG nova.scheduler.request_filter [None req-febf21cc-57db-4156-9d7f-4b3ee0da0ec7 tempest-ServerStableDeviceRescueTest-624009287 tempest-ServerStableDeviceRescueTest-624009287-project-member] ephemeral_encryption_filter skipped {{(pid=95800) ephemeral_encryption_filter /opt/stack/nova/nova/scheduler/request_filter.py:426}}
Jun 19 08:38:54.303435 np0000003260 nova-scheduler[95800]: DEBUG nova.scheduler.request_filter [None req-febf21cc-57db-4156-9d7f-4b3ee0da0ec7 tempest-ServerStableDeviceRescueTest-624009287 tempest-ServerStableDeviceRescueTest-624009287-project-member] virtio_sound_filter skipped {{(pid=95800) virtio_sound_filter /opt/stack/nova/nova/scheduler/request_filter.py:460}}
Jun 19 08:38:54.303598 np0000003260 nova-scheduler[95800]: DEBUG nova.scheduler.request_filter [None req-febf21cc-57db-4156-9d7f-4b3ee0da0ec7 tempest-ServerStableDeviceRescueTest-624009287 tempest-ServerStableDeviceRescueTest-624009287-project-member] tpm_secret_security_filter skipped {{(pid=95800) tpm_secret_security_filter /opt/stack/nova/nova/scheduler/request_filter.py:477}}
Jun 19 08:38:54.423181 np0000003260 nova-scheduler[95800]: INFO nova.utils [None req-febf21cc-57db-4156-9d7f-4b3ee0da0ec7 tempest-ServerStableDeviceRescueTest-624009287 tempest-ServerStableDeviceRescueTest-624009287-project-member] The cell worker thread pool ForkProcess-2.cell_worker is initialized
Jun 19 08:38:54.423552 np0000003260 nova-scheduler[95800]: DEBUG oslo_concurrency.lockutils [None req-febf21cc-57db-4156-9d7f-4b3ee0da0ec7 tempest-ServerStableDeviceRescueTest-624009287 tempest-ServerStableDeviceRescueTest-624009287-project-member] Acquiring lock "a700984a-c8af-4bd2-89f9-50aeb32ed753" by "nova.context.set_target_cell..get_or_set_cached_cell_and_set_connections" {{(pid=95800) inner /opt/stack/data/venv/lib/python3.12/site-packages/oslo_concurrency/lockutils.py:511}}
Jun 19 08:38:54.423840 np0000003260 nova-scheduler[95800]: DEBUG oslo_concurrency.lockutils [None req-febf21cc-57db-4156-9d7f-4b3ee0da0ec7 tempest-ServerStableDeviceRescueTest-624009287 tempest-ServerStableDeviceRescueTest-624009287-project-member] Lock "a700984a-c8af-4bd2-89f9-50aeb32ed753" acquired by "nova.context.set_target_cell..get_or_set_cached_cell_and_set_connections" :: waited 0.000s {{(pid=95800) inner /opt/stack/data/venv/lib/python3.12/site-packages/oslo_concurrency/lockutils.py:524}}
Jun 19 08:38:54.425329 np0000003260 nova-scheduler[95800]: DEBUG oslo_concurrency.lockutils [None req-febf21cc-57db-4156-9d7f-4b3ee0da0ec7 tempest-ServerStableDeviceRescueTest-624009287 tempest-ServerStableDeviceRescueTest-624009287-project-member] Lock "a700984a-c8af-4bd2-89f9-50aeb32ed753" "released" by "nova.context.set_target_cell..get_or_set_cached_cell_and_set_connections" :: held 0.001s {{(pid=95800) inner /opt/stack/data/venv/lib/python3.12/site-packages/oslo_concurrency/lockutils.py:543}}
Jun 19 08:38:54.428777 np0000003260 nova-scheduler[95800]: INFO dbcounter [None req-febf21cc-57db-4156-9d7f-4b3ee0da0ec7 tempest-ServerStableDeviceRescueTest-624009287 tempest-ServerStableDeviceRescueTest-624009287-project-member] Registered counter for database nova_cell1
Jun 19 08:38:54.472418 np0000003260 nova-scheduler[95800]: DEBUG oslo_db.sqlalchemy.engines [None req-febf21cc-57db-4156-9d7f-4b3ee0da0ec7 tempest-ServerStableDeviceRescueTest-624009287 tempest-ServerStableDeviceRescueTest-624009287-project-member] MySQL server mode set to STRICT_TRANS_TABLES,STRICT_ALL_TABLES,NO_ZERO_IN_DATE,NO_ZERO_DATE,ERROR_FOR_DIVISION_BY_ZERO,TRADITIONAL,NO_ENGINE_SUBSTITUTION {{(pid=95800) _check_effective_sql_mode /opt/stack/data/venv/lib/python3.12/site-packages/oslo_db/sqlalchemy/engines.py:325}}
Jun 19 08:38:54.480515 np0000003260 nova-scheduler[95800]: DEBUG dbcounter [-] [95800] Writer thread running {{(pid=95800) stat_writer /opt/stack/data/venv/lib/python3.12/site-packages/dbcounter.py:102}}
Jun 19 08:38:54.536620 np0000003260 nova-scheduler[95800]: DEBUG dbcounter [-] [95800] Writer thread running {{(pid=95800) stat_writer /opt/stack/data/venv/lib/python3.12/site-packages/dbcounter.py:102}}
Jun 19 08:38:54.539463 np0000003260 nova-scheduler[95800]: DEBUG oslo_concurrency.lockutils [None req-febf21cc-57db-4156-9d7f-4b3ee0da0ec7 tempest-ServerStableDeviceRescueTest-624009287 tempest-ServerStableDeviceRescueTest-624009287-project-member] Acquiring lock "a700984a-c8af-4bd2-89f9-50aeb32ed753" by "nova.context.set_target_cell..get_or_set_cached_cell_and_set_connections" {{(pid=95800) inner /opt/stack/data/venv/lib/python3.12/site-packages/oslo_concurrency/lockutils.py:511}}
Jun 19 08:38:54.539671 np0000003260 nova-scheduler[95800]: DEBUG oslo_concurrency.lockutils [None req-febf21cc-57db-4156-9d7f-4b3ee0da0ec7 tempest-ServerStableDeviceRescueTest-624009287 tempest-ServerStableDeviceRescueTest-624009287-project-member] Lock "a700984a-c8af-4bd2-89f9-50aeb32ed753" acquired by "nova.context.set_target_cell..get_or_set_cached_cell_and_set_connections" :: waited 0.000s {{(pid=95800) inner /opt/stack/data/venv/lib/python3.12/site-packages/oslo_concurrency/lockutils.py:524}}
Jun 19 08:38:54.539782 np0000003260 nova-scheduler[95800]: DEBUG oslo_concurrency.lockutils [None req-febf21cc-57db-4156-9d7f-4b3ee0da0ec7 tempest-ServerStableDeviceRescueTest-624009287 tempest-ServerStableDeviceRescueTest-624009287-project-member] Lock "a700984a-c8af-4bd2-89f9-50aeb32ed753" "released" by "nova.context.set_target_cell..get_or_set_cached_cell_and_set_connections" :: held 0.000s {{(pid=95800) inner /opt/stack/data/venv/lib/python3.12/site-packages/oslo_concurrency/lockutils.py:543}}
Jun 19 08:38:54.543884 np0000003260 nova-scheduler[95800]: DEBUG oslo_concurrency.lockutils [None req-febf21cc-57db-4156-9d7f-4b3ee0da0ec7 tempest-ServerStableDeviceRescueTest-624009287 tempest-ServerStableDeviceRescueTest-624009287-project-member] Acquiring lock "('np0000003260', 'np0000003260')" by "nova.scheduler.host_manager.HostState.update.._locked_update" {{(pid=95800) inner /opt/stack/data/venv/lib/python3.12/site-packages/oslo_concurrency/lockutils.py:511}}
